[INFO] fetching crate geobacter-vk-core 1.0.1...
[INFO] checking geobacter-vk-core-1.0.1 against nightly-2024-02-05 for check-cfg
[INFO] extracting crate geobacter-vk-core 1.0.1 into /workspace/builds/worker-1-tc1/source
[INFO] validating manifest of crates.io crate geobacter-vk-core 1.0.1 on toolchain nightly-2024-02-05
[INFO] running `Command { std: CARGO_HOME="/workspace/cargo-home" RUSTUP_HOME="/workspace/rustup-home" "/workspace/cargo-home/bin/cargo" "+nightly-2024-02-05" "metadata" "--manifest-path" "Cargo.toml" "--no-deps", kill_on_drop: false }`
[INFO] started tweaking crates.io crate geobacter-vk-core 1.0.1
[INFO] finished tweaking crates.io crate geobacter-vk-core 1.0.1
[INFO] tweaked toml for crates.io crate geobacter-vk-core 1.0.1 written to /workspace/builds/worker-1-tc1/source/Cargo.toml
[INFO] running `Command { std: CARGO_HOME="/workspace/cargo-home" RUSTUP_HOME="/workspace/rustup-home" "/workspace/cargo-home/bin/cargo" "+nightly-2024-02-05" "generate-lockfile" "--manifest-path" "Cargo.toml", kill_on_drop: false }`
[INFO] [stderr]     Blocking waiting for file lock on package cache
[INFO] [stderr]     Updating crates.io index
[INFO] running `Command { std: CARGO_HOME="/workspace/cargo-home" RUSTUP_HOME="/workspace/rustup-home" "/workspace/cargo-home/bin/cargo" "+nightly-2024-02-05" "fetch" "--manifest-path" "Cargo.toml", kill_on_drop: false }`
[INFO] [stderr]     Blocking waiting for file lock on package cache
[INFO] running `Command { std: "docker" "create" "-v" "/var/lib/crater-agent-workspace/builds/worker-1-tc1/target:/opt/rustwide/target:rw,Z" "-v" "/var/lib/crater-agent-workspace/builds/worker-1-tc1/source:/opt/rustwide/workdir:ro,Z" "-v" "/var/lib/crater-agent-workspace/cargo-home:/opt/rustwide/cargo-home:ro,Z" "-v" "/var/lib/crater-agent-workspace/rustup-home:/opt/rustwide/rustup-home:ro,Z" "-e" "SOURCE_DIR=/opt/rustwide/workdir" "-e" "CARGO_TARGET_DIR=/opt/rustwide/target" "-e" "CARGO_HOME=/opt/rustwide/cargo-home" "-e" "RUSTUP_HOME=/opt/rustwide/rustup-home" "-w" "/opt/rustwide/workdir" "-m" "1610612736" "--user" "0:0" "--network" "none" "ghcr.io/rust-lang/crates-build-env/linux@sha256:2788e3201cd34a07e3172128adcd8b3090168a8e3bcc40d7c032b9dda1df7d1c" "/opt/rustwide/cargo-home/bin/cargo" "+nightly-2024-02-05" "metadata" "--no-deps" "--format-version=1", kill_on_drop: false }`
[INFO] [stdout] e19e97c0f33f0ad7bbb7d4664ccb3358259a743364e5b76597fe3f7f49aa832c
[INFO] running `Command { std: "docker" "start" "-a" "e19e97c0f33f0ad7bbb7d4664ccb3358259a743364e5b76597fe3f7f49aa832c", kill_on_drop: false }`
[INFO] running `Command { std: "docker" "inspect" "e19e97c0f33f0ad7bbb7d4664ccb3358259a743364e5b76597fe3f7f49aa832c", kill_on_drop: false }`
[INFO] running `Command { std: "docker" "rm" "-f" "e19e97c0f33f0ad7bbb7d4664ccb3358259a743364e5b76597fe3f7f49aa832c", kill_on_drop: false }`
[INFO] [stdout] e19e97c0f33f0ad7bbb7d4664ccb3358259a743364e5b76597fe3f7f49aa832c
[INFO] running `Command { std: "docker" "create" "-v" "/var/lib/crater-agent-workspace/builds/worker-1-tc1/target:/opt/rustwide/target:rw,Z" "-v" "/var/lib/crater-agent-workspace/builds/worker-1-tc1/source:/opt/rustwide/workdir:ro,Z" "-v" "/var/lib/crater-agent-workspace/cargo-home:/opt/rustwide/cargo-home:ro,Z" "-v" "/var/lib/crater-agent-workspace/rustup-home:/opt/rustwide/rustup-home:ro,Z" "-e" "SOURCE_DIR=/opt/rustwide/workdir" "-e" "CARGO_TARGET_DIR=/opt/rustwide/target" "-e" "CARGO_INCREMENTAL=0" "-e" "RUST_BACKTRACE=full" "-e" "RUSTFLAGS=--cap-lints=forbid" "-e" "RUSTDOCFLAGS=--cap-lints=forbid" "-e" "CARGO_HOME=/opt/rustwide/cargo-home" "-e" "RUSTUP_HOME=/opt/rustwide/rustup-home" "-w" "/opt/rustwide/workdir" "-m" "1610612736" "--user" "0:0" "--network" "none" "ghcr.io/rust-lang/crates-build-env/linux@sha256:2788e3201cd34a07e3172128adcd8b3090168a8e3bcc40d7c032b9dda1df7d1c" "/opt/rustwide/cargo-home/bin/cargo" "+nightly-2024-02-05" "check" "--frozen" "--all" "--all-targets" "--message-format=json", kill_on_drop: false }`
[INFO] [stdout] 4116bfeb0f63f86374a5b55a03838a5a4b3eca0f9e950b6ac23dddba91a008a7
[INFO] running `Command { std: "docker" "start" "-a" "4116bfeb0f63f86374a5b55a03838a5a4b3eca0f9e950b6ac23dddba91a008a7", kill_on_drop: false }`
[INFO] [stderr]    Compiling vulkano v0.16.0
[INFO] [stderr]     Checking crossbeam-channel v0.4.4
[INFO] [stderr]     Checking vk-sys v0.5.3
[INFO] [stderr]     Checking shared_library v0.1.9
[INFO] [stderr]     Checking serde v1.0.196
[INFO] [stderr]     Checking crossbeam v0.7.3
[INFO] [stdout] error[E0609]: no field `shaderf3264` on type `PhysicalDeviceFeatures`
[INFO] [stdout]    --> /opt/rustwide/cargo-home/registry/src/index.crates.io-6f17d22bba15001f/vulkano-0.16.0/src/features.rs:164:21
[INFO] [stdout]     |
[INFO] [stdout] 164 |     shader_f3264 => shaderf3264,
[INFO] [stdout]     |                     ^^^^^^^^^^^ unknown field
[INFO] [stdout]     |
[INFO] [stdout] help: a field with a similar name exists
[INFO] [stdout]     |
[INFO] [stdout] 164 |     shader_f3264 => shaderInt64,
[INFO] [stdout]     |                     ~~~~~~~~~~~
[INFO] [stdout] 
[INFO] [stdout] 
[INFO] [stdout] error[E0560]: struct `PhysicalDeviceFeatures` has no field named `shaderf3264`
[INFO] [stdout]    --> /opt/rustwide/cargo-home/registry/src/index.crates.io-6f17d22bba15001f/vulkano-0.16.0/src/features.rs:164:21
[INFO] [stdout]     |
[INFO] [stdout] 164 |     shader_f3264 => shaderf3264,
[INFO] [stdout]     |                     ^^^^^^^^^^^ `PhysicalDeviceFeatures` does not have this field
[INFO] [stdout]     |
[INFO] [stdout]     = note: all struct fields are already assigned
[INFO] [stdout] 
[INFO] [stdout] 
[INFO] [stdout] error[E0308]: mismatched types
[INFO] [stdout]     --> /opt/rustwide/cargo-home/registry/src/index.crates.io-6f17d22bba15001f/vulkano-0.16.0/src/command_buffer/sys.rs:1303:38
[INFO] [stdout]      |
[INFO] [stdout] 1303 |         vk.CmdSetBlendConstants(cmd, constants); // TODO: correct to pass array?
[INFO] [stdout]      |            --------------------      ^^^^^^^^^ expected `&[f32; 4]`, found `[f32; 4]`
[INFO] [stdout]      |            |
[INFO] [stdout]      |            arguments to this method are incorrect
[INFO] [stdout]      |
[INFO] [stdout] note: method defined here
[INFO] [stdout]     --> /opt/rustwide/cargo-home/registry/src/index.crates.io-6f17d22bba15001f/vk-sys-0.5.3/src/lib.rs:3003:5
[INFO] [stdout]      |
[INFO] [stdout] 3003 |     CmdSetBlendConstants => (commandBuffer: CommandBuffer, blendConstants: &[f32; 4]) -> (),
[INFO] [stdout]      |     ^^^^^^^^^^^^^^^^^^^^
[INFO] [stdout] help: consider borrowing here
[INFO] [stdout]      |
[INFO] [stdout] 1303 |         vk.CmdSetBlendConstants(cmd, &constants); // TODO: correct to pass array?
[INFO] [stdout]      |                                      +
[INFO] [stdout] 
[INFO] [stdout] 
[INFO] [stderr]     Checking geobacter-shared-defs v1.0.0
[INFO] [stderr]     Checking geobacter-core v1.0.0
[INFO] [stdout] error[E0557]: feature has been removed
[INFO] [stdout]  --> /opt/rustwide/cargo-home/registry/src/index.crates.io-6f17d22bba15001f/geobacter-core-1.0.0/src/lib.rs:9:12
[INFO] [stdout]   |
[INFO] [stdout] 9 | #![feature(const_fn, const_transmute)]
[INFO] [stdout]   |            ^^^^^^^^ feature has been removed
[INFO] [stdout]   |
[INFO] [stdout]   = note: split into finer-grained feature gates
[INFO] [stdout] 
[INFO] [stdout] 
[INFO] [stdout] error[E0093]: unrecognized intrinsic function: `__geobacter_kill`
[INFO] [stdout]  --> /opt/rustwide/cargo-home/registry/src/index.crates.io-6f17d22bba15001f/geobacter-core-1.0.0/src/intrinsics.rs:4:3
[INFO] [stdout]   |
[INFO] [stdout] 4 |   pub fn __geobacter_kill() -> !;
[INFO] [stdout]   |   ^^^^^^^^^^^^^^^^^^^^^^^^^^^^^^^ unrecognized intrinsic
[INFO] [stdout] 
[INFO] [stdout] 
[INFO] [stdout] error[E0059]: type parameter to bare `std::ops::Fn` trait must be a tuple
[INFO] [stdout]   --> /opt/rustwide/cargo-home/registry/src/index.crates.io-6f17d22bba15001f/geobacter-core-1.0.0/src/kernel.rs:93:12
[INFO] [stdout]    |
[INFO] [stdout] 93 |   where F: Fn<Args>,
[INFO] [stdout]    |            ^^^^^^^^ the trait `Tuple` is not implemented for `Args`
[INFO] [stdout]    |
[INFO] [stdout] note: required by a bound in `std::ops::Fn`
[INFO] [stdout]   --> /rustc/268dbbbc4b3fd71c5f360a4d0728295252430b5b/library/core/src/ops/function.rs:76:1
[INFO] [stdout] help: consider further restricting type parameter `Args`
[INFO] [stdout]    |
[INFO] [stdout] 93 |   where F: Fn<Args>, Args: std::marker::Tuple
[INFO] [stdout]    |                    ~~~~~~~~~~~~~~~~~~~~~~~~~~
[INFO] [stdout] 
[INFO] [stdout] 
[INFO] [stdout] error[E0059]: type parameter to bare `std::ops::Fn` trait must be a tuple
[INFO] [stdout]    --> /opt/rustwide/cargo-home/registry/src/index.crates.io-6f17d22bba15001f/geobacter-core-1.0.0/src/kernel.rs:125:12
[INFO] [stdout]     |
[INFO] [stdout] 125 |   where F: Fn<Args, Output=Ret>
[INFO] [stdout]     |            ^^^^^^^^^^^^^^^^^^^^ the trait `Tuple` is not implemented for `Args`
[INFO] [stdout]     |
[INFO] [stdout] note: required by a bound in `std::ops::Fn`
[INFO] [stdout]    --> /rustc/268dbbbc4b3fd71c5f360a4d0728295252430b5b/library/core/src/ops/function.rs:76:1
[INFO] [stdout] help: consider further restricting type parameter `Args`
[INFO] [stdout]     |
[INFO] [stdout] 125 |   where F: Fn<Args, Output=Ret>, Args: std::marker::Tuple
[INFO] [stdout]     |                                ++++++++++++++++++++++++++
[INFO] [stdout] 
[INFO] [stdout] 
[INFO] [stdout] error[E0059]: type parameter to bare `std::ops::Fn` trait must be a tuple
[INFO] [stdout]   --> /opt/rustwide/cargo-home/registry/src/index.crates.io-6f17d22bba15001f/geobacter-core-1.0.0/src/kernel.rs:34:14
[INFO] [stdout]    |
[INFO] [stdout] 34 |     where F: Fn<Args, Output=Ret> + OptionalFn<Args, Output=Ret>,
[INFO] [stdout]    |              ^^^^^^^^^^^^^^^^^^^^ the trait `Tuple` is not implemented for `Args`
[INFO] [stdout]    |
[INFO] [stdout] note: required by a bound in `std::ops::Fn`
[INFO] [stdout]   --> /rustc/268dbbbc4b3fd71c5f360a4d0728295252430b5b/library/core/src/ops/function.rs:76:1
[INFO] [stdout] help: consider further restricting type parameter `Args`
[INFO] [stdout]    |
[INFO] [stdout] 34 |     where F: Fn<Args, Output=Ret> + OptionalFn<Args, Output=Ret>, Args: std::marker::Tuple
[INFO] [stdout]    |                                                                 ~~~~~~~~~~~~~~~~~~~~~~~~~~
[INFO] [stdout] 
[INFO] [stdout] 
[INFO] [stdout] error[E0059]: type parameter to bare `std::ops::FnOnce` trait must be a tuple
[INFO] [stdout]   --> /opt/rustwide/cargo-home/registry/src/index.crates.io-6f17d22bba15001f/geobacter-core-1.0.0/src/kernel.rs:95:17
[INFO] [stdout]    |
[INFO] [stdout] 95 |   type Output = <F as FnOnce<Args>>::Output;
[INFO] [stdout]    |                 ^^^^^^^^^^^^^^^^^^^^^^^^^^^ the trait `Tuple` is not implemented for `Args`
[INFO] [stdout]    |
[INFO] [stdout] note: required by a bound in `std::ops::FnOnce`
[INFO] [stdout]   --> /rustc/268dbbbc4b3fd71c5f360a4d0728295252430b5b/library/core/src/ops/function.rs:242:1
[INFO] [stdout] help: consider further restricting type parameter `Args`
[INFO] [stdout]    |
[INFO] [stdout] 93 |   where F: Fn<Args>, Args: std::marker::Tuple
[INFO] [stdout]    |                    ~~~~~~~~~~~~~~~~~~~~~~~~~~
[INFO] [stdout] 
[INFO] [stdout] 
[INFO] [stdout] error[E0093]: unrecognized intrinsic function: `kernel_instance`
[INFO] [stdout]    --> /opt/rustwide/cargo-home/registry/src/index.crates.io-6f17d22bba15001f/geobacter-core-1.0.0/src/kernel.rs:111:5
[INFO] [stdout]     |
[INFO] [stdout] 111 | /     pub fn kernel_instance<'upvar, F, Args, Ret>(f: &'upvar F)
[INFO] [stdout] 112 | |       -> &'static [(&'static str, &'static [u8])]
[INFO] [stdout] 113 | |       where F: OptionalFn<Args, Output=Ret>;
[INFO] [stdout]     | |____________________________________________^ unrecognized intrinsic
[INFO] [stdout] 
[INFO] [stdout] 
[INFO] [stdout] error[E0093]: unrecognized intrinsic function: `kernel_context_data_id`
[INFO] [stdout]    --> /opt/rustwide/cargo-home/registry/src/index.crates.io-6f17d22bba15001f/geobacter-core-1.0.0/src/kernel.rs:114:5
[INFO] [stdout]     |
[INFO] [stdout] 114 | /     pub fn kernel_context_data_id<'upvar, F, Args, Ret>(f: &'upvar F)
[INFO] [stdout] 115 | |       -> &'static usize
[INFO] [stdout] 116 | |       where F: Fn<Args, Output=Ret>;
[INFO] [stdout]     | |____________________________________^ unrecognized intrinsic
[INFO] [stdout] 
[INFO] [stdout] 
[INFO] [stdout] error[E0059]: type parameter to bare `std::ops::Fn` trait must be a tuple
[INFO] [stdout]    --> /opt/rustwide/cargo-home/registry/src/index.crates.io-6f17d22bba15001f/geobacter-core-1.0.0/src/kernel.rs:116:16
[INFO] [stdout]     |
[INFO] [stdout] 116 |       where F: Fn<Args, Output=Ret>;
[INFO] [stdout]     |                ^^^^^^^^^^^^^^^^^^^^ the trait `Tuple` is not implemented for `Args`
[INFO] [stdout]     |
[INFO] [stdout] note: required by a bound in `std::ops::Fn`
[INFO] [stdout]    --> /rustc/268dbbbc4b3fd71c5f360a4d0728295252430b5b/library/core/src/ops/function.rs:76:1
[INFO] [stdout] 
[INFO] [stdout] 
[INFO] [stdout] error[E0093]: unrecognized intrinsic function: `__geobacter_current_platform`
[INFO] [stdout]   --> /opt/rustwide/cargo-home/registry/src/index.crates.io-6f17d22bba15001f/geobacter-core-1.0.0/src/platform.rs:16:5
[INFO] [stdout]    |
[INFO] [stdout] 16 |     fn __geobacter_current_platform() -> &'static [u8; size_of::<Platform>()];
[INFO] [stdout]    |     ^^^^^^^^^^^^^^^^^^^^^^^^^^^^^^^^^^^^^^^^^^^^^^^^^^^^^^^^^^^^^^^^^^^^^^^^^^ unrecognized intrinsic
[INFO] [stdout] 
[INFO] [stdout] 
[INFO] [stdout] error: aborting due to 10 previous errors
[INFO] [stdout] 
[INFO] [stdout] 
[INFO] [stdout] Some errors have detailed explanations: E0059, E0093, E0557.
[INFO] [stdout] 
[INFO] [stdout] For more information about an error, try `rustc --explain E0059`.
[INFO] [stdout] 
[INFO] [stderr] error: could not compile `geobacter-core` (lib) due to 11 previous errors
[INFO] [stderr] warning: build failed, waiting for other jobs to finish...
[INFO] [stdout] error: aborting due to 3 previous errors
[INFO] [stdout] 
[INFO] [stdout] 
[INFO] [stdout] Some errors have detailed explanations: E0308, E0560, E0609.
[INFO] [stdout] 
[INFO] [stdout] For more information about an error, try `rustc --explain E0308`.
[INFO] [stdout] 
[INFO] [stderr] error: could not compile `vulkano` (lib) due to 4 previous errors
[INFO] running `Command { std: "docker" "inspect" "4116bfeb0f63f86374a5b55a03838a5a4b3eca0f9e950b6ac23dddba91a008a7", kill_on_drop: false }`
[INFO] running `Command { std: "docker" "rm" "-f" "4116bfeb0f63f86374a5b55a03838a5a4b3eca0f9e950b6ac23dddba91a008a7", kill_on_drop: false }`
[INFO] [stdout] 4116bfeb0f63f86374a5b55a03838a5a4b3eca0f9e950b6ac23dddba91a008a7
[INFO] checking geobacter-vk-core-1.0.1 against nightly-2024-02-05+rustflags=-Dunexpected_cfgs+cargoflags=-Zcheck-cfg for check-cfg
[INFO] extracting crate geobacter-vk-core 1.0.1 into /workspace/builds/worker-1-tc2/source
[INFO] validating manifest of crates.io crate geobacter-vk-core 1.0.1 on toolchain nightly-2024-02-05
[INFO] running `Command { std: CARGO_HOME="/workspace/cargo-home" RUSTUP_HOME="/workspace/rustup-home" "/workspace/cargo-home/bin/cargo" "+nightly-2024-02-05" "metadata" "--manifest-path" "Cargo.toml" "--no-deps", kill_on_drop: false }`
[INFO] started tweaking crates.io crate geobacter-vk-core 1.0.1
[INFO] finished tweaking crates.io crate geobacter-vk-core 1.0.1
[INFO] tweaked toml for crates.io crate geobacter-vk-core 1.0.1 written to /workspace/builds/worker-1-tc2/source/Cargo.toml
[INFO] running `Command { std: CARGO_HOME="/workspace/cargo-home" RUSTUP_HOME="/workspace/rustup-home" "/workspace/cargo-home/bin/cargo" "+nightly-2024-02-05" "generate-lockfile" "--manifest-path" "Cargo.toml", kill_on_drop: false }`
[INFO] [stderr]     Updating crates.io index
[INFO] running `Command { std: CARGO_HOME="/workspace/cargo-home" RUSTUP_HOME="/workspace/rustup-home" "/workspace/cargo-home/bin/cargo" "+nightly-2024-02-05" "fetch" "--manifest-path" "Cargo.toml", kill_on_drop: false }`
[INFO] running `Command { std: "docker" "create" "-v" "/var/lib/crater-agent-workspace/builds/worker-1-tc2/target:/opt/rustwide/target:rw,Z" "-v" "/var/lib/crater-agent-workspace/builds/worker-1-tc2/source:/opt/rustwide/workdir:ro,Z" "-v" "/var/lib/crater-agent-workspace/cargo-home:/opt/rustwide/cargo-home:ro,Z" "-v" "/var/lib/crater-agent-workspace/rustup-home:/opt/rustwide/rustup-home:ro,Z" "-e" "SOURCE_DIR=/opt/rustwide/workdir" "-e" "CARGO_TARGET_DIR=/opt/rustwide/target" "-e" "CARGO_HOME=/opt/rustwide/cargo-home" "-e" "RUSTUP_HOME=/opt/rustwide/rustup-home" "-w" "/opt/rustwide/workdir" "-m" "1610612736" "--user" "0:0" "--network" "none" "ghcr.io/rust-lang/crates-build-env/linux@sha256:2788e3201cd34a07e3172128adcd8b3090168a8e3bcc40d7c032b9dda1df7d1c" "/opt/rustwide/cargo-home/bin/cargo" "+nightly-2024-02-05" "metadata" "--no-deps" "--format-version=1", kill_on_drop: false }`
[INFO] [stdout] 95096490bbbccd18534e71f5e89ba49ba0062c4510c4643e95960295d0e2def1
[INFO] running `Command { std: "docker" "start" "-a" "95096490bbbccd18534e71f5e89ba49ba0062c4510c4643e95960295d0e2def1", kill_on_drop: false }`
[INFO] running `Command { std: "docker" "inspect" "95096490bbbccd18534e71f5e89ba49ba0062c4510c4643e95960295d0e2def1", kill_on_drop: false }`
[INFO] running `Command { std: "docker" "rm" "-f" "95096490bbbccd18534e71f5e89ba49ba0062c4510c4643e95960295d0e2def1", kill_on_drop: false }`
[INFO] [stdout] 95096490bbbccd18534e71f5e89ba49ba0062c4510c4643e95960295d0e2def1
[INFO] running `Command { std: "docker" "create" "-v" "/var/lib/crater-agent-workspace/builds/worker-1-tc2/target:/opt/rustwide/target:rw,Z" "-v" "/var/lib/crater-agent-workspace/builds/worker-1-tc2/source:/opt/rustwide/workdir:ro,Z" "-v" "/var/lib/crater-agent-workspace/cargo-home:/opt/rustwide/cargo-home:ro,Z" "-v" "/var/lib/crater-agent-workspace/rustup-home:/opt/rustwide/rustup-home:ro,Z" "-e" "SOURCE_DIR=/opt/rustwide/workdir" "-e" "CARGO_TARGET_DIR=/opt/rustwide/target" "-e" "CARGO_INCREMENTAL=0" "-e" "RUST_BACKTRACE=full" "-e" "RUSTFLAGS=--cap-lints=forbid -Dunexpected_cfgs" "-e" "RUSTDOCFLAGS=--cap-lints=forbid" "-e" "CARGO_HOME=/opt/rustwide/cargo-home" "-e" "RUSTUP_HOME=/opt/rustwide/rustup-home" "-w" "/opt/rustwide/workdir" "-m" "1610612736" "--user" "0:0" "--network" "none" "ghcr.io/rust-lang/crates-build-env/linux@sha256:2788e3201cd34a07e3172128adcd8b3090168a8e3bcc40d7c032b9dda1df7d1c" "/opt/rustwide/cargo-home/bin/cargo" "+nightly-2024-02-05" "check" "--frozen" "--all" "--all-targets" "--message-format=json" "-Zcheck-cfg", kill_on_drop: false }`
[INFO] [stdout] 2493486f9d11b348f198107da4ab1c8b6a2ccc2ac746adfb77f0554d9bfd53de
[INFO] running `Command { std: "docker" "start" "-a" "2493486f9d11b348f198107da4ab1c8b6a2ccc2ac746adfb77f0554d9bfd53de", kill_on_drop: false }`
[INFO] [stderr]    Compiling vulkano v0.16.0
[INFO] [stderr]     Checking crossbeam-channel v0.4.4
[INFO] [stderr]     Checking vk-sys v0.5.3
[INFO] [stderr]     Checking shared_library v0.1.9
[INFO] [stderr]     Checking serde v1.0.196
[INFO] [stderr]     Checking crossbeam v0.7.3
[INFO] [stdout] error[E0609]: no field `shaderf3264` on type `PhysicalDeviceFeatures`
[INFO] [stdout]    --> /opt/rustwide/cargo-home/registry/src/index.crates.io-6f17d22bba15001f/vulkano-0.16.0/src/features.rs:164:21
[INFO] [stdout]     |
[INFO] [stdout] 164 |     shader_f3264 => shaderf3264,
[INFO] [stdout]     |                     ^^^^^^^^^^^ unknown field
[INFO] [stdout]     |
[INFO] [stdout] help: a field with a similar name exists
[INFO] [stdout]     |
[INFO] [stdout] 164 |     shader_f3264 => shaderInt64,
[INFO] [stdout]     |                     ~~~~~~~~~~~
[INFO] [stdout] 
[INFO] [stdout] 
[INFO] [stdout] error[E0560]: struct `PhysicalDeviceFeatures` has no field named `shaderf3264`
[INFO] [stdout]    --> /opt/rustwide/cargo-home/registry/src/index.crates.io-6f17d22bba15001f/vulkano-0.16.0/src/features.rs:164:21
[INFO] [stdout]     |
[INFO] [stdout] 164 |     shader_f3264 => shaderf3264,
[INFO] [stdout]     |                     ^^^^^^^^^^^ `PhysicalDeviceFeatures` does not have this field
[INFO] [stdout]     |
[INFO] [stdout]     = note: all struct fields are already assigned
[INFO] [stdout] 
[INFO] [stdout] 
[INFO] [stdout] error[E0308]: mismatched types
[INFO] [stdout]     --> /opt/rustwide/cargo-home/registry/src/index.crates.io-6f17d22bba15001f/vulkano-0.16.0/src/command_buffer/sys.rs:1303:38
[INFO] [stdout]      |
[INFO] [stdout] 1303 |         vk.CmdSetBlendConstants(cmd, constants); // TODO: correct to pass array?
[INFO] [stdout]      |            --------------------      ^^^^^^^^^ expected `&[f32; 4]`, found `[f32; 4]`
[INFO] [stdout]      |            |
[INFO] [stdout]      |            arguments to this method are incorrect
[INFO] [stdout]      |
[INFO] [stdout] note: method defined here
[INFO] [stdout]     --> /opt/rustwide/cargo-home/registry/src/index.crates.io-6f17d22bba15001f/vk-sys-0.5.3/src/lib.rs:3003:5
[INFO] [stdout]      |
[INFO] [stdout] 3003 |     CmdSetBlendConstants => (commandBuffer: CommandBuffer, blendConstants: &[f32; 4]) -> (),
[INFO] [stdout]      |     ^^^^^^^^^^^^^^^^^^^^
[INFO] [stdout] help: consider borrowing here
[INFO] [stdout]      |
[INFO] [stdout] 1303 |         vk.CmdSetBlendConstants(cmd, &constants); // TODO: correct to pass array?
[INFO] [stdout]      |                                      +
[INFO] [stdout] 
[INFO] [stdout] 
[INFO] [stderr]     Checking geobacter-shared-defs v1.0.0
[INFO] [stderr]     Checking geobacter-core v1.0.0
[INFO] [stdout] error[E0557]: feature has been removed
[INFO] [stdout]  --> /opt/rustwide/cargo-home/registry/src/index.crates.io-6f17d22bba15001f/geobacter-core-1.0.0/src/lib.rs:9:12
[INFO] [stdout]   |
[INFO] [stdout] 9 | #![feature(const_fn, const_transmute)]
[INFO] [stdout]   |            ^^^^^^^^ feature has been removed
[INFO] [stdout]   |
[INFO] [stdout]   = note: split into finer-grained feature gates
[INFO] [stdout] 
[INFO] [stdout] 
[INFO] [stdout] error[E0093]: unrecognized intrinsic function: `__geobacter_kill`
[INFO] [stdout]  --> /opt/rustwide/cargo-home/registry/src/index.crates.io-6f17d22bba15001f/geobacter-core-1.0.0/src/intrinsics.rs:4:3
[INFO] [stdout]   |
[INFO] [stdout] 4 |   pub fn __geobacter_kill() -> !;
[INFO] [stdout]   |   ^^^^^^^^^^^^^^^^^^^^^^^^^^^^^^^ unrecognized intrinsic
[INFO] [stdout] 
[INFO] [stdout] 
[INFO] [stdout] error[E0059]: type parameter to bare `std::ops::Fn` trait must be a tuple
[INFO] [stdout]   --> /opt/rustwide/cargo-home/registry/src/index.crates.io-6f17d22bba15001f/geobacter-core-1.0.0/src/kernel.rs:93:12
[INFO] [stdout]    |
[INFO] [stdout] 93 |   where F: Fn<Args>,
[INFO] [stdout]    |            ^^^^^^^^ the trait `Tuple` is not implemented for `Args`
[INFO] [stdout]    |
[INFO] [stdout] note: required by a bound in `std::ops::Fn`
[INFO] [stdout]   --> /rustc/268dbbbc4b3fd71c5f360a4d0728295252430b5b/library/core/src/ops/function.rs:76:1
[INFO] [stdout] help: consider further restricting type parameter `Args`
[INFO] [stdout]    |
[INFO] [stdout] 93 |   where F: Fn<Args>, Args: std::marker::Tuple
[INFO] [stdout]    |                    ~~~~~~~~~~~~~~~~~~~~~~~~~~
[INFO] [stdout] 
[INFO] [stdout] 
[INFO] [stdout] error[E0059]: type parameter to bare `std::ops::Fn` trait must be a tuple
[INFO] [stdout]    --> /opt/rustwide/cargo-home/registry/src/index.crates.io-6f17d22bba15001f/geobacter-core-1.0.0/src/kernel.rs:125:12
[INFO] [stdout]     |
[INFO] [stdout] 125 |   where F: Fn<Args, Output=Ret>
[INFO] [stdout]     |            ^^^^^^^^^^^^^^^^^^^^ the trait `Tuple` is not implemented for `Args`
[INFO] [stdout]     |
[INFO] [stdout] note: required by a bound in `std::ops::Fn`
[INFO] [stdout]    --> /rustc/268dbbbc4b3fd71c5f360a4d0728295252430b5b/library/core/src/ops/function.rs:76:1
[INFO] [stdout] help: consider further restricting type parameter `Args`
[INFO] [stdout]     |
[INFO] [stdout] 125 |   where F: Fn<Args, Output=Ret>, Args: std::marker::Tuple
[INFO] [stdout]     |                                ++++++++++++++++++++++++++
[INFO] [stdout] 
[INFO] [stdout] 
[INFO] [stdout] error[E0059]: type parameter to bare `std::ops::Fn` trait must be a tuple
[INFO] [stdout]   --> /opt/rustwide/cargo-home/registry/src/index.crates.io-6f17d22bba15001f/geobacter-core-1.0.0/src/kernel.rs:34:14
[INFO] [stdout]    |
[INFO] [stdout] 34 |     where F: Fn<Args, Output=Ret> + OptionalFn<Args, Output=Ret>,
[INFO] [stdout]    |              ^^^^^^^^^^^^^^^^^^^^ the trait `Tuple` is not implemented for `Args`
[INFO] [stdout]    |
[INFO] [stdout] note: required by a bound in `std::ops::Fn`
[INFO] [stdout]   --> /rustc/268dbbbc4b3fd71c5f360a4d0728295252430b5b/library/core/src/ops/function.rs:76:1
[INFO] [stdout] help: consider further restricting type parameter `Args`
[INFO] [stdout]    |
[INFO] [stdout] 34 |     where F: Fn<Args, Output=Ret> + OptionalFn<Args, Output=Ret>, Args: std::marker::Tuple
[INFO] [stdout]    |                                                                 ~~~~~~~~~~~~~~~~~~~~~~~~~~
[INFO] [stdout] 
[INFO] [stdout] 
[INFO] [stdout] error[E0059]: type parameter to bare `std::ops::FnOnce` trait must be a tuple
[INFO] [stdout]   --> /opt/rustwide/cargo-home/registry/src/index.crates.io-6f17d22bba15001f/geobacter-core-1.0.0/src/kernel.rs:95:17
[INFO] [stdout]    |
[INFO] [stdout] 95 |   type Output = <F as FnOnce<Args>>::Output;
[INFO] [stdout]    |                 ^^^^^^^^^^^^^^^^^^^^^^^^^^^ the trait `Tuple` is not implemented for `Args`
[INFO] [stdout]    |
[INFO] [stdout] note: required by a bound in `std::ops::FnOnce`
[INFO] [stdout]   --> /rustc/268dbbbc4b3fd71c5f360a4d0728295252430b5b/library/core/src/ops/function.rs:242:1
[INFO] [stdout] help: consider further restricting type parameter `Args`
[INFO] [stdout]    |
[INFO] [stdout] 93 |   where F: Fn<Args>, Args: std::marker::Tuple
[INFO] [stdout]    |                    ~~~~~~~~~~~~~~~~~~~~~~~~~~
[INFO] [stdout] 
[INFO] [stdout] 
[INFO] [stdout] error[E0093]: unrecognized intrinsic function: `kernel_instance`
[INFO] [stdout]    --> /opt/rustwide/cargo-home/registry/src/index.crates.io-6f17d22bba15001f/geobacter-core-1.0.0/src/kernel.rs:111:5
[INFO] [stdout]     |
[INFO] [stdout] 111 | /     pub fn kernel_instance<'upvar, F, Args, Ret>(f: &'upvar F)
[INFO] [stdout] 112 | |       -> &'static [(&'static str, &'static [u8])]
[INFO] [stdout] 113 | |       where F: OptionalFn<Args, Output=Ret>;
[INFO] [stdout]     | |____________________________________________^ unrecognized intrinsic
[INFO] [stdout] 
[INFO] [stdout] 
[INFO] [stdout] error[E0093]: unrecognized intrinsic function: `kernel_context_data_id`
[INFO] [stdout]    --> /opt/rustwide/cargo-home/registry/src/index.crates.io-6f17d22bba15001f/geobacter-core-1.0.0/src/kernel.rs:114:5
[INFO] [stdout]     |
[INFO] [stdout] 114 | /     pub fn kernel_context_data_id<'upvar, F, Args, Ret>(f: &'upvar F)
[INFO] [stdout] 115 | |       -> &'static usize
[INFO] [stdout] 116 | |       where F: Fn<Args, Output=Ret>;
[INFO] [stdout]     | |____________________________________^ unrecognized intrinsic
[INFO] [stdout] 
[INFO] [stdout] 
[INFO] [stdout] error[E0059]: type parameter to bare `std::ops::Fn` trait must be a tuple
[INFO] [stdout]    --> /opt/rustwide/cargo-home/registry/src/index.crates.io-6f17d22bba15001f/geobacter-core-1.0.0/src/kernel.rs:116:16
[INFO] [stdout]     |
[INFO] [stdout] 116 |       where F: Fn<Args, Output=Ret>;
[INFO] [stdout]     |                ^^^^^^^^^^^^^^^^^^^^ the trait `Tuple` is not implemented for `Args`
[INFO] [stdout]     |
[INFO] [stdout] note: required by a bound in `std::ops::Fn`
[INFO] [stdout]    --> /rustc/268dbbbc4b3fd71c5f360a4d0728295252430b5b/library/core/src/ops/function.rs:76:1
[INFO] [stdout] 
[INFO] [stdout] 
[INFO] [stdout] error[E0093]: unrecognized intrinsic function: `__geobacter_current_platform`
[INFO] [stdout]   --> /opt/rustwide/cargo-home/registry/src/index.crates.io-6f17d22bba15001f/geobacter-core-1.0.0/src/platform.rs:16:5
[INFO] [stdout]    |
[INFO] [stdout] 16 |     fn __geobacter_current_platform() -> &'static [u8; size_of::<Platform>()];
[INFO] [stdout]    |     ^^^^^^^^^^^^^^^^^^^^^^^^^^^^^^^^^^^^^^^^^^^^^^^^^^^^^^^^^^^^^^^^^^^^^^^^^^ unrecognized intrinsic
[INFO] [stdout] 
[INFO] [stdout] 
[INFO] [stdout] error: aborting due to 10 previous errors
[INFO] [stdout] 
[INFO] [stdout] 
[INFO] [stdout] Some errors have detailed explanations: E0059, E0093, E0557.
[INFO] [stdout] 
[INFO] [stdout] For more information about an error, try `rustc --explain E0059`.
[INFO] [stdout] 
[INFO] [stderr] error: could not compile `geobacter-core` (lib) due to 11 previous errors
[INFO] [stderr] warning: build failed, waiting for other jobs to finish...
[INFO] [stdout] error: aborting due to 3 previous errors
[INFO] [stdout] 
[INFO] [stdout] 
[INFO] [stdout] Some errors have detailed explanations: E0308, E0560, E0609.
[INFO] [stdout] 
[INFO] [stdout] For more information about an error, try `rustc --explain E0308`.
[INFO] [stdout] 
[INFO] [stderr] error: could not compile `vulkano` (lib) due to 4 previous errors
[INFO] running `Command { std: "docker" "inspect" "2493486f9d11b348f198107da4ab1c8b6a2ccc2ac746adfb77f0554d9bfd53de", kill_on_drop: false }`
[INFO] running `Command { std: "docker" "rm" "-f" "2493486f9d11b348f198107da4ab1c8b6a2ccc2ac746adfb77f0554d9bfd53de", kill_on_drop: false }`
[INFO] [stdout] 2493486f9d11b348f198107da4ab1c8b6a2ccc2ac746adfb77f0554d9bfd53de
