[INFO] fetching crate geese_pool 0.3.0...
[INFO] checking geese_pool-0.3.0 against nightly-2024-02-05 for check-cfg
[INFO] extracting crate geese_pool 0.3.0 into /workspace/builds/worker-2-tc1/source
[INFO] validating manifest of crates.io crate geese_pool 0.3.0 on toolchain nightly-2024-02-05
[INFO] running `Command { std: CARGO_HOME="/workspace/cargo-home" RUSTUP_HOME="/workspace/rustup-home" "/workspace/cargo-home/bin/cargo" "+nightly-2024-02-05" "metadata" "--manifest-path" "Cargo.toml" "--no-deps", kill_on_drop: false }`
[INFO] started tweaking crates.io crate geese_pool 0.3.0
[INFO] finished tweaking crates.io crate geese_pool 0.3.0
[INFO] tweaked toml for crates.io crate geese_pool 0.3.0 written to /workspace/builds/worker-2-tc1/source/Cargo.toml
[INFO] running `Command { std: CARGO_HOME="/workspace/cargo-home" RUSTUP_HOME="/workspace/rustup-home" "/workspace/cargo-home/bin/cargo" "+nightly-2024-02-05" "generate-lockfile" "--manifest-path" "Cargo.toml", kill_on_drop: false }`
[INFO] [stderr]     Updating crates.io index
[INFO] running `Command { std: CARGO_HOME="/workspace/cargo-home" RUSTUP_HOME="/workspace/rustup-home" "/workspace/cargo-home/bin/cargo" "+nightly-2024-02-05" "fetch" "--manifest-path" "Cargo.toml", kill_on_drop: false }`
[INFO] [stderr]  Downloading crates ...
[INFO] [stderr]   Downloaded topological-sort v0.2.2
[INFO] [stderr]   Downloaded takecell v0.1.1
[INFO] [stderr]   Downloaded const_list v0.1.0
[INFO] [stderr]   Downloaded wasm_sync v0.1.2
[INFO] [stderr]   Downloaded geese v0.3.7
[INFO] [stderr]   Downloaded vecdeque-stableix v1.1.1
[INFO] running `Command { std: "docker" "create" "-v" "/var/lib/crater-agent-workspace/builds/worker-2-tc1/target:/opt/rustwide/target:rw,Z" "-v" "/var/lib/crater-agent-workspace/builds/worker-2-tc1/source:/opt/rustwide/workdir:ro,Z" "-v" "/var/lib/crater-agent-workspace/cargo-home:/opt/rustwide/cargo-home:ro,Z" "-v" "/var/lib/crater-agent-workspace/rustup-home:/opt/rustwide/rustup-home:ro,Z" "-e" "SOURCE_DIR=/opt/rustwide/workdir" "-e" "CARGO_TARGET_DIR=/opt/rustwide/target" "-e" "CARGO_HOME=/opt/rustwide/cargo-home" "-e" "RUSTUP_HOME=/opt/rustwide/rustup-home" "-w" "/opt/rustwide/workdir" "-m" "1610612736" "--user" "0:0" "--network" "none" "ghcr.io/rust-lang/crates-build-env/linux@sha256:2788e3201cd34a07e3172128adcd8b3090168a8e3bcc40d7c032b9dda1df7d1c" "/opt/rustwide/cargo-home/bin/cargo" "+nightly-2024-02-05" "metadata" "--no-deps" "--format-version=1", kill_on_drop: false }`
[INFO] [stdout] 8811453e4c3ebf873899f0de3303dcb98ef23a97c8f13983cd282b7b18bf2707
[INFO] running `Command { std: "docker" "start" "-a" "8811453e4c3ebf873899f0de3303dcb98ef23a97c8f13983cd282b7b18bf2707", kill_on_drop: false }`
[INFO] running `Command { std: "docker" "inspect" "8811453e4c3ebf873899f0de3303dcb98ef23a97c8f13983cd282b7b18bf2707", kill_on_drop: false }`
[INFO] running `Command { std: "docker" "rm" "-f" "8811453e4c3ebf873899f0de3303dcb98ef23a97c8f13983cd282b7b18bf2707", kill_on_drop: false }`
[INFO] [stdout] 8811453e4c3ebf873899f0de3303dcb98ef23a97c8f13983cd282b7b18bf2707
[INFO] running `Command { std: "docker" "create" "-v" "/var/lib/crater-agent-workspace/builds/worker-2-tc1/target:/opt/rustwide/target:rw,Z" "-v" "/var/lib/crater-agent-workspace/builds/worker-2-tc1/source:/opt/rustwide/workdir:ro,Z" "-v" "/var/lib/crater-agent-workspace/cargo-home:/opt/rustwide/cargo-home:ro,Z" "-v" "/var/lib/crater-agent-workspace/rustup-home:/opt/rustwide/rustup-home:ro,Z" "-e" "SOURCE_DIR=/opt/rustwide/workdir" "-e" "CARGO_TARGET_DIR=/opt/rustwide/target" "-e" "CARGO_INCREMENTAL=0" "-e" "RUST_BACKTRACE=full" "-e" "RUSTFLAGS=--cap-lints=forbid" "-e" "RUSTDOCFLAGS=--cap-lints=forbid" "-e" "CARGO_HOME=/opt/rustwide/cargo-home" "-e" "RUSTUP_HOME=/opt/rustwide/rustup-home" "-w" "/opt/rustwide/workdir" "-m" "1610612736" "--user" "0:0" "--network" "none" "ghcr.io/rust-lang/crates-build-env/linux@sha256:2788e3201cd34a07e3172128adcd8b3090168a8e3bcc40d7c032b9dda1df7d1c" "/opt/rustwide/cargo-home/bin/cargo" "+nightly-2024-02-05" "check" "--frozen" "--all" "--all-targets" "--message-format=json", kill_on_drop: false }`
[INFO] [stdout] 907c3820e808ffd14295ab6400bb9f210f4feee6025350c0bbac70a21cea12bc
[INFO] running `Command { std: "docker" "start" "-a" "907c3820e808ffd14295ab6400bb9f210f4feee6025350c0bbac70a21cea12bc", kill_on_drop: false }`
[INFO] [stderr]     Checking topological-sort v0.2.2
[INFO] [stderr]     Checking const_list v0.1.0
[INFO] [stderr]     Checking wasm_sync v0.1.2
[INFO] [stderr]     Checking fxhash v0.2.1
[INFO] [stderr]    Compiling geese v0.3.7
[INFO] [stderr]     Checking takecell v0.1.1
[INFO] [stderr]     Checking bitvec v1.0.1
[INFO] [stderr]     Checking vecdeque-stableix v1.1.1
[INFO] [stderr]     Checking geese_pool v0.3.0 (/opt/rustwide/workdir)
[INFO] [stdout] error[E0407]: method `register` is not a member of trait `GeeseSystem`
[INFO] [stdout]    --> src/lib.rs:553:9
[INFO] [stdout]     |
[INFO] [stdout] 553 | /         fn register(with: &mut GeeseSystemData<Self>) {
[INFO] [stdout] 554 | |             with.event(Self::respond);
[INFO] [stdout] 555 | |         }
[INFO] [stdout]     | |_________^ not a member of trait `GeeseSystem`
[INFO] [stdout] 
[INFO] [stdout] 
[INFO] [stdout] error[E0412]: cannot find type `GeeseSystemData` in this scope
[INFO] [stdout]    --> src/lib.rs:553:32
[INFO] [stdout]     |
[INFO] [stdout] 553 |         fn register(with: &mut GeeseSystemData<Self>) {
[INFO] [stdout]     |                                ^^^^^^^^^^^^^^^ help: a trait with a similar name exists: `GeeseSystem`
[INFO] [stdout]     |
[INFO] [stdout]    ::: /opt/rustwide/cargo-home/registry/src/index.crates.io-6f17d22bba15001f/geese-0.3.7/src/traits.rs:44:1
[INFO] [stdout]     |
[INFO] [stdout] 44  | pub trait GeeseSystem: 'static + Sized {
[INFO] [stdout]     | -------------------------------------- similarly named trait `GeeseSystem` defined here
[INFO] [stdout] 
[INFO] [stdout] 
[INFO] [stdout] error[E0107]: missing generics for struct `geese::GeeseContextHandle`
[INFO] [stdout]    --> src/lib.rs:549:19
[INFO] [stdout]     |
[INFO] [stdout] 549 |         fn new(_: GeeseContextHandle) -> Self {
[INFO] [stdout]     |                   ^^^^^^^^^^^^^^^^^^ expected 1 generic argument
[INFO] [stdout]     |
[INFO] [stdout] note: struct defined here, with 1 generic parameter: `S`
[INFO] [stdout]    --> /opt/rustwide/cargo-home/registry/src/index.crates.io-6f17d22bba15001f/geese-0.3.7/src/lib.rs:143:12
[INFO] [stdout]     |
[INFO] [stdout] 143 | pub struct GeeseContextHandle<S: GeeseSystem> {
[INFO] [stdout]     |            ^^^^^^^^^^^^^^^^^^ -
[INFO] [stdout] help: add missing generic argument
[INFO] [stdout]     |
[INFO] [stdout] 549 |         fn new(_: GeeseContextHandle<S>) -> Self {
[INFO] [stdout]     |                                     +++
[INFO] [stdout] 
[INFO] [stdout] 
[INFO] [stdout] error: aborting due to 3 previous errors
[INFO] [stdout] 
[INFO] [stdout] 
[INFO] [stdout] Some errors have detailed explanations: E0107, E0407, E0412.
[INFO] [stdout] 
[INFO] [stdout] For more information about an error, try `rustc --explain E0107`.
[INFO] [stdout] 
[INFO] [stderr] error: could not compile `geese_pool` (lib test) due to 4 previous errors
[INFO] [stderr] warning: build failed, waiting for other jobs to finish...
[INFO] running `Command { std: "docker" "inspect" "907c3820e808ffd14295ab6400bb9f210f4feee6025350c0bbac70a21cea12bc", kill_on_drop: false }`
[INFO] running `Command { std: "docker" "rm" "-f" "907c3820e808ffd14295ab6400bb9f210f4feee6025350c0bbac70a21cea12bc", kill_on_drop: false }`
[INFO] [stdout] 907c3820e808ffd14295ab6400bb9f210f4feee6025350c0bbac70a21cea12bc
[INFO] checking geese_pool-0.3.0 against nightly-2024-02-05+rustflags=-Dunexpected_cfgs+cargoflags=-Zcheck-cfg for check-cfg
[INFO] extracting crate geese_pool 0.3.0 into /workspace/builds/worker-2-tc2/source
[INFO] validating manifest of crates.io crate geese_pool 0.3.0 on toolchain nightly-2024-02-05
[INFO] running `Command { std: CARGO_HOME="/workspace/cargo-home" RUSTUP_HOME="/workspace/rustup-home" "/workspace/cargo-home/bin/cargo" "+nightly-2024-02-05" "metadata" "--manifest-path" "Cargo.toml" "--no-deps", kill_on_drop: false }`
[INFO] started tweaking crates.io crate geese_pool 0.3.0
[INFO] finished tweaking crates.io crate geese_pool 0.3.0
[INFO] tweaked toml for crates.io crate geese_pool 0.3.0 written to /workspace/builds/worker-2-tc2/source/Cargo.toml
[INFO] running `Command { std: CARGO_HOME="/workspace/cargo-home" RUSTUP_HOME="/workspace/rustup-home" "/workspace/cargo-home/bin/cargo" "+nightly-2024-02-05" "generate-lockfile" "--manifest-path" "Cargo.toml", kill_on_drop: false }`
[INFO] [stderr]     Blocking waiting for file lock on package cache
[INFO] [stderr]     Updating crates.io index
[INFO] running `Command { std: CARGO_HOME="/workspace/cargo-home" RUSTUP_HOME="/workspace/rustup-home" "/workspace/cargo-home/bin/cargo" "+nightly-2024-02-05" "fetch" "--manifest-path" "Cargo.toml", kill_on_drop: false }`
[INFO] [stderr]     Blocking waiting for file lock on package cache
[INFO] [stderr]     Blocking waiting for file lock on package cache
[INFO] running `Command { std: "docker" "create" "-v" "/var/lib/crater-agent-workspace/builds/worker-2-tc2/target:/opt/rustwide/target:rw,Z" "-v" "/var/lib/crater-agent-workspace/builds/worker-2-tc2/source:/opt/rustwide/workdir:ro,Z" "-v" "/var/lib/crater-agent-workspace/cargo-home:/opt/rustwide/cargo-home:ro,Z" "-v" "/var/lib/crater-agent-workspace/rustup-home:/opt/rustwide/rustup-home:ro,Z" "-e" "SOURCE_DIR=/opt/rustwide/workdir" "-e" "CARGO_TARGET_DIR=/opt/rustwide/target" "-e" "CARGO_HOME=/opt/rustwide/cargo-home" "-e" "RUSTUP_HOME=/opt/rustwide/rustup-home" "-w" "/opt/rustwide/workdir" "-m" "1610612736" "--user" "0:0" "--network" "none" "ghcr.io/rust-lang/crates-build-env/linux@sha256:2788e3201cd34a07e3172128adcd8b3090168a8e3bcc40d7c032b9dda1df7d1c" "/opt/rustwide/cargo-home/bin/cargo" "+nightly-2024-02-05" "metadata" "--no-deps" "--format-version=1", kill_on_drop: false }`
[INFO] [stdout] 204bfcff77953e9d19f0ae6c9dd98650b02dd768aef8f26f708319c8bf467899
[INFO] running `Command { std: "docker" "start" "-a" "204bfcff77953e9d19f0ae6c9dd98650b02dd768aef8f26f708319c8bf467899", kill_on_drop: false }`
[INFO] running `Command { std: "docker" "inspect" "204bfcff77953e9d19f0ae6c9dd98650b02dd768aef8f26f708319c8bf467899", kill_on_drop: false }`
[INFO] running `Command { std: "docker" "rm" "-f" "204bfcff77953e9d19f0ae6c9dd98650b02dd768aef8f26f708319c8bf467899", kill_on_drop: false }`
[INFO] [stdout] 204bfcff77953e9d19f0ae6c9dd98650b02dd768aef8f26f708319c8bf467899
[INFO] running `Command { std: "docker" "create" "-v" "/var/lib/crater-agent-workspace/builds/worker-2-tc2/target:/opt/rustwide/target:rw,Z" "-v" "/var/lib/crater-agent-workspace/builds/worker-2-tc2/source:/opt/rustwide/workdir:ro,Z" "-v" "/var/lib/crater-agent-workspace/cargo-home:/opt/rustwide/cargo-home:ro,Z" "-v" "/var/lib/crater-agent-workspace/rustup-home:/opt/rustwide/rustup-home:ro,Z" "-e" "SOURCE_DIR=/opt/rustwide/workdir" "-e" "CARGO_TARGET_DIR=/opt/rustwide/target" "-e" "CARGO_INCREMENTAL=0" "-e" "RUST_BACKTRACE=full" "-e" "RUSTFLAGS=--cap-lints=forbid -Dunexpected_cfgs" "-e" "RUSTDOCFLAGS=--cap-lints=forbid" "-e" "CARGO_HOME=/opt/rustwide/cargo-home" "-e" "RUSTUP_HOME=/opt/rustwide/rustup-home" "-w" "/opt/rustwide/workdir" "-m" "1610612736" "--user" "0:0" "--network" "none" "ghcr.io/rust-lang/crates-build-env/linux@sha256:2788e3201cd34a07e3172128adcd8b3090168a8e3bcc40d7c032b9dda1df7d1c" "/opt/rustwide/cargo-home/bin/cargo" "+nightly-2024-02-05" "check" "--frozen" "--all" "--all-targets" "--message-format=json" "-Zcheck-cfg", kill_on_drop: false }`
[INFO] [stdout] 962f493fa6233485d2930d188ebf16323099b1dbffa98ca55606127849b31685
[INFO] running `Command { std: "docker" "start" "-a" "962f493fa6233485d2930d188ebf16323099b1dbffa98ca55606127849b31685", kill_on_drop: false }`
[INFO] [stderr]     Checking topological-sort v0.2.2
[INFO] [stderr]     Checking wasm_sync v0.1.2
[INFO] [stderr]     Checking const_list v0.1.0
[INFO] [stderr]    Compiling geese v0.3.7
[INFO] [stderr]     Checking fxhash v0.2.1
[INFO] [stderr]     Checking takecell v0.1.1
[INFO] [stderr]     Checking bitvec v1.0.1
[INFO] [stderr]     Checking vecdeque-stableix v1.1.1
[INFO] [stderr]     Checking geese_pool v0.3.0 (/opt/rustwide/workdir)
[INFO] [stdout] error[E0407]: method `register` is not a member of trait `GeeseSystem`
[INFO] [stdout]    --> src/lib.rs:553:9
[INFO] [stdout]     |
[INFO] [stdout] 553 | /         fn register(with: &mut GeeseSystemData<Self>) {
[INFO] [stdout] 554 | |             with.event(Self::respond);
[INFO] [stdout] 555 | |         }
[INFO] [stdout]     | |_________^ not a member of trait `GeeseSystem`
[INFO] [stdout] 
[INFO] [stdout] 
[INFO] [stdout] error[E0412]: cannot find type `GeeseSystemData` in this scope
[INFO] [stdout]    --> src/lib.rs:553:32
[INFO] [stdout]     |
[INFO] [stdout] 553 |         fn register(with: &mut GeeseSystemData<Self>) {
[INFO] [stdout]     |                                ^^^^^^^^^^^^^^^ help: a trait with a similar name exists: `GeeseSystem`
[INFO] [stdout]     |
[INFO] [stdout]    ::: /opt/rustwide/cargo-home/registry/src/index.crates.io-6f17d22bba15001f/geese-0.3.7/src/traits.rs:44:1
[INFO] [stdout]     |
[INFO] [stdout] 44  | pub trait GeeseSystem: 'static + Sized {
[INFO] [stdout]     | -------------------------------------- similarly named trait `GeeseSystem` defined here
[INFO] [stdout] 
[INFO] [stdout] 
[INFO] [stdout] error[E0107]: missing generics for struct `geese::GeeseContextHandle`
[INFO] [stdout]    --> src/lib.rs:549:19
[INFO] [stdout]     |
[INFO] [stdout] 549 |         fn new(_: GeeseContextHandle) -> Self {
[INFO] [stdout]     |                   ^^^^^^^^^^^^^^^^^^ expected 1 generic argument
[INFO] [stdout]     |
[INFO] [stdout] note: struct defined here, with 1 generic parameter: `S`
[INFO] [stdout]    --> /opt/rustwide/cargo-home/registry/src/index.crates.io-6f17d22bba15001f/geese-0.3.7/src/lib.rs:143:12
[INFO] [stdout]     |
[INFO] [stdout] 143 | pub struct GeeseContextHandle<S: GeeseSystem> {
[INFO] [stdout]     |            ^^^^^^^^^^^^^^^^^^ -
[INFO] [stdout] help: add missing generic argument
[INFO] [stdout]     |
[INFO] [stdout] 549 |         fn new(_: GeeseContextHandle<S>) -> Self {
[INFO] [stdout]     |                                     +++
[INFO] [stdout] 
[INFO] [stdout] 
[INFO] [stdout] error: aborting due to 3 previous errors
[INFO] [stdout] 
[INFO] [stdout] 
[INFO] [stdout] Some errors have detailed explanations: E0107, E0407, E0412.
[INFO] [stdout] 
[INFO] [stdout] For more information about an error, try `rustc --explain E0107`.
[INFO] [stdout] 
[INFO] [stderr] error: could not compile `geese_pool` (lib test) due to 4 previous errors
[INFO] [stderr] warning: build failed, waiting for other jobs to finish...
[INFO] running `Command { std: "docker" "inspect" "962f493fa6233485d2930d188ebf16323099b1dbffa98ca55606127849b31685", kill_on_drop: false }`
[INFO] running `Command { std: "docker" "rm" "-f" "962f493fa6233485d2930d188ebf16323099b1dbffa98ca55606127849b31685", kill_on_drop: false }`
[INFO] [stdout] 962f493fa6233485d2930d188ebf16323099b1dbffa98ca55606127849b31685
