[INFO] fetching crate geese 0.3.7...
[INFO] checking geese-0.3.7 against nightly-2024-02-05 for check-cfg
[INFO] extracting crate geese 0.3.7 into /workspace/builds/worker-7-tc1/source
[INFO] validating manifest of crates.io crate geese 0.3.7 on toolchain nightly-2024-02-05
[INFO] running `Command { std: CARGO_HOME="/workspace/cargo-home" RUSTUP_HOME="/workspace/rustup-home" "/workspace/cargo-home/bin/cargo" "+nightly-2024-02-05" "metadata" "--manifest-path" "Cargo.toml" "--no-deps", kill_on_drop: false }`
[INFO] started tweaking crates.io crate geese 0.3.7
[INFO] finished tweaking crates.io crate geese 0.3.7
[INFO] tweaked toml for crates.io crate geese 0.3.7 written to /workspace/builds/worker-7-tc1/source/Cargo.toml
[INFO] crate crates.io crate geese 0.3.7 already has a lockfile, it will not be regenerated
[INFO] running `Command { std: CARGO_HOME="/workspace/cargo-home" RUSTUP_HOME="/workspace/rustup-home" "/workspace/cargo-home/bin/cargo" "+nightly-2024-02-05" "fetch" "--manifest-path" "Cargo.toml", kill_on_drop: false }`
[INFO] [stderr]     Updating crates.io index
[INFO] [stderr]  Downloading crates ...
[INFO] [stderr]   Downloaded ciborium-io v0.2.1
[INFO] [stderr]   Downloaded macroquad_macro v0.1.7
[INFO] [stderr]   Downloaded quad-rand v0.2.1
[INFO] [stderr]   Downloaded ciborium-ll v0.2.1
[INFO] [stderr]   Downloaded ciborium v0.2.1
[INFO] [stderr]   Downloaded topological-sort v0.2.2
[INFO] [stderr]   Downloaded syn v2.0.32
[INFO] [stderr]   Downloaded serde_json v1.0.106
[INFO] [stderr]   Downloaded macroquad v0.4.4
[INFO] [stderr]   Downloaded miniquad v0.4.0-alpha.10
[INFO] [stderr]   Downloaded geese v0.2.0
[INFO] [stderr]   Downloaded vecdeque-stableix v1.1.1
[INFO] [stderr]   Downloaded const_list v0.1.0
[INFO] [stderr]   Downloaded wasm_sync v0.1.0
[INFO] [stderr]   Downloaded wasm_thread v0.2.0
[INFO] running `Command { std: "docker" "create" "-v" "/var/lib/crater-agent-workspace/builds/worker-7-tc1/target:/opt/rustwide/target:rw,Z" "-v" "/var/lib/crater-agent-workspace/builds/worker-7-tc1/source:/opt/rustwide/workdir:ro,Z" "-v" "/var/lib/crater-agent-workspace/cargo-home:/opt/rustwide/cargo-home:ro,Z" "-v" "/var/lib/crater-agent-workspace/rustup-home:/opt/rustwide/rustup-home:ro,Z" "-e" "SOURCE_DIR=/opt/rustwide/workdir" "-e" "CARGO_TARGET_DIR=/opt/rustwide/target" "-e" "CARGO_HOME=/opt/rustwide/cargo-home" "-e" "RUSTUP_HOME=/opt/rustwide/rustup-home" "-w" "/opt/rustwide/workdir" "-m" "1610612736" "--user" "0:0" "--network" "none" "ghcr.io/rust-lang/crates-build-env/linux@sha256:2788e3201cd34a07e3172128adcd8b3090168a8e3bcc40d7c032b9dda1df7d1c" "/opt/rustwide/cargo-home/bin/cargo" "+nightly-2024-02-05" "metadata" "--no-deps" "--format-version=1", kill_on_drop: false }`
[INFO] [stdout] dacae4cd8551f7d9d5e7d46c9023e6412697f1eda505d5d786d5f803c2f3d49e
[INFO] running `Command { std: "docker" "start" "-a" "dacae4cd8551f7d9d5e7d46c9023e6412697f1eda505d5d786d5f803c2f3d49e", kill_on_drop: false }`
[INFO] running `Command { std: "docker" "inspect" "dacae4cd8551f7d9d5e7d46c9023e6412697f1eda505d5d786d5f803c2f3d49e", kill_on_drop: false }`
[INFO] running `Command { std: "docker" "rm" "-f" "dacae4cd8551f7d9d5e7d46c9023e6412697f1eda505d5d786d5f803c2f3d49e", kill_on_drop: false }`
[INFO] [stdout] dacae4cd8551f7d9d5e7d46c9023e6412697f1eda505d5d786d5f803c2f3d49e
[INFO] running `Command { std: "docker" "create" "-v" "/var/lib/crater-agent-workspace/builds/worker-7-tc1/target:/opt/rustwide/target:rw,Z" "-v" "/var/lib/crater-agent-workspace/builds/worker-7-tc1/source:/opt/rustwide/workdir:ro,Z" "-v" "/var/lib/crater-agent-workspace/cargo-home:/opt/rustwide/cargo-home:ro,Z" "-v" "/var/lib/crater-agent-workspace/rustup-home:/opt/rustwide/rustup-home:ro,Z" "-e" "SOURCE_DIR=/opt/rustwide/workdir" "-e" "CARGO_TARGET_DIR=/opt/rustwide/target" "-e" "CARGO_INCREMENTAL=0" "-e" "RUST_BACKTRACE=full" "-e" "RUSTFLAGS=--cap-lints=forbid" "-e" "RUSTDOCFLAGS=--cap-lints=forbid" "-e" "CARGO_HOME=/opt/rustwide/cargo-home" "-e" "RUSTUP_HOME=/opt/rustwide/rustup-home" "-w" "/opt/rustwide/workdir" "-m" "1610612736" "--user" "0:0" "--network" "none" "ghcr.io/rust-lang/crates-build-env/linux@sha256:2788e3201cd34a07e3172128adcd8b3090168a8e3bcc40d7c032b9dda1df7d1c" "/opt/rustwide/cargo-home/bin/cargo" "+nightly-2024-02-05" "check" "--frozen" "--all" "--all-targets" "--message-format=json", kill_on_drop: false }`
[INFO] [stdout] c76575581268b9731eebe83fa2a57902bb659b387dedc1e32808522fc98f18ba
[INFO] running `Command { std: "docker" "start" "-a" "c76575581268b9731eebe83fa2a57902bb659b387dedc1e32808522fc98f18ba", kill_on_drop: false }`
[INFO] [stderr]    Compiling num-traits v0.2.16
[INFO] [stderr]    Compiling proc-macro2 v1.0.66
[INFO] [stderr]    Compiling unicode-ident v1.0.11
[INFO] [stderr]    Compiling libc v0.2.147
[INFO] [stderr]    Compiling crossbeam-utils v0.8.16
[INFO] [stderr]    Compiling memoffset v0.9.0
[INFO] [stderr]    Compiling crossbeam-epoch v0.9.15
[INFO] [stderr]     Checking simd-adler32 v0.3.7
[INFO] [stderr]     Checking once_cell v1.17.1
[INFO] [stderr]    Compiling serde v1.0.188
[INFO] [stderr]    Compiling crc32fast v1.3.2
[INFO] [stderr]    Compiling num-integer v0.1.45
[INFO] [stderr]    Compiling rustversion v1.0.14
[INFO] [stderr]     Checking scopeguard v1.2.0
[INFO] [stderr]    Compiling ahash v0.8.3
[INFO] [stderr]    Compiling num-rational v0.4.1
[INFO] [stderr]     Checking either v1.9.0
[INFO] [stderr]    Compiling rustix v0.38.13
[INFO] [stderr]     Checking miniz_oxide v0.7.1
[INFO] [stderr]    Compiling rayon-core v1.11.0
[INFO] [stderr]    Compiling radium v0.7.0
[INFO] [stderr]    Compiling serde_json v1.0.106
[INFO] [stderr]     Checking fdeflate v0.3.0
[INFO] [stderr]    Compiling slotmap v1.0.6
[INFO] [stderr]     Checking bitflags v2.4.0
[INFO] [stderr]     Checking linux-raw-sys v0.4.7
[INFO] [stderr]     Checking anstyle v1.0.3
[INFO] [stderr]     Checking clap_lex v0.5.1
[INFO] [stderr]     Checking crossbeam-channel v0.5.8
[INFO] [stderr]     Checking half v1.8.2
[INFO] [stderr]    Compiling miniquad v0.4.0-alpha.10
[INFO] [stderr]     Checking plotters-backend v0.3.5
[INFO] [stderr]     Checking tap v1.0.1
[INFO] [stderr]     Checking regex-syntax v0.7.5
[INFO] [stderr]     Checking ciborium-io v0.2.1
[INFO] [stderr]     Checking itoa v1.0.9
[INFO] [stderr]     Checking flate2 v1.0.27
[INFO] [stderr]    Compiling quote v1.0.33
[INFO] [stderr]     Checking crossbeam-deque v0.8.3
[INFO] [stderr]     Checking ryu v1.0.15
[INFO] [stderr]     Checking clap_builder v4.4.2
[INFO] [stderr]     Checking plotters-svg v0.3.5
[INFO] [stderr]     Checking ciborium-ll v0.2.1
[INFO] [stderr]     Checking wyz v0.5.1
[INFO] [stderr]     Checking hashbrown v0.13.2
[INFO] [stderr]     Checking itertools v0.10.5
[INFO] [stderr]    Compiling syn v2.0.32
[INFO] [stderr]     Checking ttf-parser v0.15.2
[INFO] [stderr]     Checking same-file v1.0.6
[INFO] [stderr]     Checking funty v2.0.0
[INFO] [stderr]     Checking bytemuck v1.14.0
[INFO] [stderr]     Checking topological-sort v0.2.2
[INFO] [stderr]     Checking png v0.17.10
[INFO] [stderr]     Checking num_cpus v1.16.0
[INFO] [stderr]     Checking color_quant v1.1.0
[INFO] [stderr]     Checking cast v0.3.0
[INFO] [stderr]     Checking walkdir v2.4.0
[INFO] [stderr]     Checking glam v0.21.3
[INFO] [stderr]    Compiling geese v0.3.7 (/opt/rustwide/workdir)
[INFO] [stderr]     Checking const_list v0.1.0
[INFO] [stderr]     Checking plotters v0.3.5
[INFO] [stderr]     Checking vecdeque-stableix v1.1.1
[INFO] [stderr]     Checking wasm_sync v0.1.0
[INFO] [stderr]     Checking bitvec v1.0.1
[INFO] [stderr]     Checking regex-automata v0.3.8
[INFO] [stderr]     Checking fontdue v0.7.3
[INFO] [stderr]    Compiling macroquad_macro v0.1.7
[INFO] [stderr]     Checking quad-rand v0.2.1
[INFO] [stderr]     Checking bumpalo v3.13.0
[INFO] [stderr]     Checking anes v0.1.6
[INFO] [stderr]     Checking smallvec v1.11.0
[INFO] [stderr]     Checking is-terminal v0.4.9
[INFO] [stderr]     Checking oorandom v11.1.3
[INFO] [stderr]     Checking geese v0.2.0
[INFO] [stderr]     Checking rayon v1.7.0
[INFO] [stderr]     Checking image v0.24.7
[INFO] [stderr]     Checking clap v4.4.2
[INFO] [stderr]     Checking criterion-plot v0.5.0
[INFO] [stderr]     Checking regex v1.9.5
[INFO] [stderr]    Compiling serde_derive v1.0.188
[INFO] [stderr]     Checking macroquad v0.4.4
[INFO] [stderr]     Checking ciborium v0.2.1
[INFO] [stderr]     Checking tinytemplate v1.2.1
[INFO] [stderr]     Checking criterion v0.5.1
[INFO] [stdout] warning: unused import: `std::sync::atomic::*`
[INFO] [stdout]  --> benches/comparative_bench.rs:5:5
[INFO] [stdout]   |
[INFO] [stdout] 5 | use std::sync::atomic::*;
[INFO] [stdout]   |     ^^^^^^^^^^^^^^^^^^^^
[INFO] [stdout]   |
[INFO] [stdout]   = note: `#[warn(unused_imports)]` on by default
[INFO] [stdout] 
[INFO] [stdout] 
[INFO] [stdout] error[E0599]: no method named `raise_event` found for struct `geese::GeeseContext` in the current scope
[INFO] [stdout]   --> benches/comparative_bench.rs:89:9
[INFO] [stdout]    |
[INFO] [stdout] 89 |     ctx.raise_event(geese::notify::add_system::<SpinSystem<usize>>());
[INFO] [stdout]    |         ^^^^^^^^^^^ method not found in `GeeseContext`
[INFO] [stdout] 
[INFO] [stdout] 
[INFO] [stdout] error[E0599]: no method named `flush_events` found for struct `geese::GeeseContext` in the current scope
[INFO] [stdout]   --> benches/comparative_bench.rs:90:9
[INFO] [stdout]    |
[INFO] [stdout] 90 |     ctx.flush_events();
[INFO] [stdout]    |         ^^^^^^^^^^^^ method not found in `GeeseContext`
[INFO] [stdout] 
[INFO] [stdout] 
[INFO] [stdout] error[E0599]: no method named `raise_event` found for struct `geese::GeeseContext` in the current scope
[INFO] [stdout]   --> benches/comparative_bench.rs:94:17
[INFO] [stdout]    |
[INFO] [stdout] 94 |             ctx.raise_event(1000usize);
[INFO] [stdout]    |                 ^^^^^^^^^^^ method not found in `GeeseContext`
[INFO] [stdout] 
[INFO] [stdout] 
[INFO] [stdout] error[E0599]: no method named `flush_events` found for struct `geese::GeeseContext` in the current scope
[INFO] [stdout]   --> benches/comparative_bench.rs:95:17
[INFO] [stdout]    |
[INFO] [stdout] 95 |             ctx.flush_events();
[INFO] [stdout]    |                 ^^^^^^^^^^^^ method not found in `GeeseContext`
[INFO] [stdout] 
[INFO] [stdout] 
[INFO] [stdout] error[E0599]: no method named `raise_event` found for struct `geese::GeeseContext` in the current scope
[INFO] [stdout]    --> benches/comparative_bench.rs:115:9
[INFO] [stdout]     |
[INFO] [stdout] 115 |     ctx.raise_event(geese::notify::add_system::<SpinSystem<usize>>());
[INFO] [stdout]     |         ^^^^^^^^^^^ method not found in `GeeseContext`
[INFO] [stdout] 
[INFO] [stdout] 
[INFO] [stdout] error[E0599]: no method named `raise_event` found for struct `geese::GeeseContext` in the current scope
[INFO] [stdout]    --> benches/comparative_bench.rs:116:9
[INFO] [stdout]     |
[INFO] [stdout] 116 |     ctx.raise_event(geese::notify::add_system::<SpinSystem<isize>>());
[INFO] [stdout]     |         ^^^^^^^^^^^ method not found in `GeeseContext`
[INFO] [stdout] 
[INFO] [stdout] 
[INFO] [stdout] error[E0599]: no method named `flush_events` found for struct `geese::GeeseContext` in the current scope
[INFO] [stdout]    --> benches/comparative_bench.rs:117:9
[INFO] [stdout]     |
[INFO] [stdout] 117 |     ctx.flush_events();
[INFO] [stdout]     |         ^^^^^^^^^^^^ method not found in `GeeseContext`
[INFO] [stdout] 
[INFO] [stdout] 
[INFO] [stdout] error[E0599]: no method named `raise_event` found for struct `geese::GeeseContext` in the current scope
[INFO] [stdout]    --> benches/comparative_bench.rs:121:17
[INFO] [stdout]     |
[INFO] [stdout] 121 |             ctx.raise_event(1000usize);
[INFO] [stdout]     |                 ^^^^^^^^^^^ method not found in `GeeseContext`
[INFO] [stdout] 
[INFO] [stdout] 
[INFO] [stdout] error[E0599]: no method named `raise_event` found for struct `geese::GeeseContext` in the current scope
[INFO] [stdout]    --> benches/comparative_bench.rs:122:17
[INFO] [stdout]     |
[INFO] [stdout] 122 |             ctx.raise_event(1000isize);
[INFO] [stdout]     |                 ^^^^^^^^^^^ method not found in `GeeseContext`
[INFO] [stdout] 
[INFO] [stdout] 
[INFO] [stdout] error[E0599]: no method named `flush_events` found for struct `geese::GeeseContext` in the current scope
[INFO] [stdout]    --> benches/comparative_bench.rs:123:17
[INFO] [stdout]     |
[INFO] [stdout] 123 |             ctx.flush_events();
[INFO] [stdout]     |                 ^^^^^^^^^^^^ method not found in `GeeseContext`
[INFO] [stdout] 
[INFO] [stdout] 
[INFO] [stdout] error[E0599]: no method named `raise_event` found for struct `geese::GeeseContext` in the current scope
[INFO] [stdout]    --> benches/comparative_bench.rs:131:17
[INFO] [stdout]     |
[INFO] [stdout] 131 |             ctx.raise_event(1000usize);
[INFO] [stdout]     |                 ^^^^^^^^^^^ method not found in `GeeseContext`
[INFO] [stdout] 
[INFO] [stdout] 
[INFO] [stdout] error[E0599]: no method named `raise_event` found for struct `geese::GeeseContext` in the current scope
[INFO] [stdout]    --> benches/comparative_bench.rs:132:17
[INFO] [stdout]     |
[INFO] [stdout] 132 |             ctx.raise_event(1000isize);
[INFO] [stdout]     |                 ^^^^^^^^^^^ method not found in `GeeseContext`
[INFO] [stdout] 
[INFO] [stdout] 
[INFO] [stdout] error[E0599]: no method named `flush_events` found for struct `geese::GeeseContext` in the current scope
[INFO] [stdout]    --> benches/comparative_bench.rs:133:17
[INFO] [stdout]     |
[INFO] [stdout] 133 |             ctx.flush_events();
[INFO] [stdout]     |                 ^^^^^^^^^^^^ method not found in `GeeseContext`
[INFO] [stdout] 
[INFO] [stdout] 
[INFO] [stdout] error[E0599]: no method named `raise_event` found for struct `geese::GeeseContext` in the current scope
[INFO] [stdout]    --> benches/comparative_bench.rs:160:9
[INFO] [stdout]     |
[INFO] [stdout] 160 |     ctx.raise_event(geese::notify::add_system::<SpinSystem<usize>>());
[INFO] [stdout]     |         ^^^^^^^^^^^ method not found in `GeeseContext`
[INFO] [stdout] 
[INFO] [stdout] 
[INFO] [stdout] error[E0599]: no method named `raise_event` found for struct `geese::GeeseContext` in the current scope
[INFO] [stdout]    --> benches/comparative_bench.rs:161:9
[INFO] [stdout]     |
[INFO] [stdout] 161 |     ctx.raise_event(geese::notify::add_system::<SpinSystem<isize>>());
[INFO] [stdout]     |         ^^^^^^^^^^^ method not found in `GeeseContext`
[INFO] [stdout] 
[INFO] [stdout] 
[INFO] [stdout] error[E0599]: no method named `flush_events` found for struct `geese::GeeseContext` in the current scope
[INFO] [stdout]    --> benches/comparative_bench.rs:162:9
[INFO] [stdout]     |
[INFO] [stdout] 162 |     ctx.flush_events();
[INFO] [stdout]     |         ^^^^^^^^^^^^ method not found in `GeeseContext`
[INFO] [stdout] 
[INFO] [stdout] 
[INFO] [stdout] error[E0599]: no method named `system_mut` found for struct `geese::GeeseContext` in the current scope
[INFO] [stdout]    --> benches/comparative_bench.rs:164:9
[INFO] [stdout]     |
[INFO] [stdout] 164 |     ctx.system_mut::<SpinSystem<usize>>().on_spin = Some(work.clone());
[INFO] [stdout]     |         ^^^^^^^^^^ method not found in `GeeseContext`
[INFO] [stdout] 
[INFO] [stdout] 
[INFO] [stdout] error[E0599]: no method named `system_mut` found for struct `geese::GeeseContext` in the current scope
[INFO] [stdout]    --> benches/comparative_bench.rs:165:9
[INFO] [stdout]     |
[INFO] [stdout] 165 |     ctx.system_mut::<SpinSystem<isize>>().on_spin = Some(work.clone());
[INFO] [stdout]     |         ^^^^^^^^^^ method not found in `GeeseContext`
[INFO] [stdout] 
[INFO] [stdout] 
[INFO] [stdout] error[E0599]: no method named `raise_event` found for struct `geese::GeeseContext` in the current scope
[INFO] [stdout]    --> benches/comparative_bench.rs:169:17
[INFO] [stdout]     |
[INFO] [stdout] 169 |             ctx.raise_event(1000usize);
[INFO] [stdout]     |                 ^^^^^^^^^^^ method not found in `GeeseContext`
[INFO] [stdout] 
[INFO] [stdout] 
[INFO] [stdout] error[E0599]: no method named `raise_event` found for struct `geese::GeeseContext` in the current scope
[INFO] [stdout]    --> benches/comparative_bench.rs:170:17
[INFO] [stdout]     |
[INFO] [stdout] 170 |             ctx.raise_event(1000isize);
[INFO] [stdout]     |                 ^^^^^^^^^^^ method not found in `GeeseContext`
[INFO] [stdout] 
[INFO] [stdout] 
[INFO] [stdout] error[E0599]: no method named `flush_events` found for struct `geese::GeeseContext` in the current scope
[INFO] [stdout]    --> benches/comparative_bench.rs:171:17
[INFO] [stdout]     |
[INFO] [stdout] 171 |             ctx.flush_events();
[INFO] [stdout]     |                 ^^^^^^^^^^^^ method not found in `GeeseContext`
[INFO] [stdout] 
[INFO] [stdout] 
[INFO] [stdout] error[E0599]: no method named `raise_event` found for struct `geese::GeeseContext` in the current scope
[INFO] [stdout]    --> benches/comparative_bench.rs:179:17
[INFO] [stdout]     |
[INFO] [stdout] 179 |             ctx.raise_event(1000usize);
[INFO] [stdout]     |                 ^^^^^^^^^^^ method not found in `GeeseContext`
[INFO] [stdout] 
[INFO] [stdout] 
[INFO] [stdout] error[E0599]: no method named `raise_event` found for struct `geese::GeeseContext` in the current scope
[INFO] [stdout]    --> benches/comparative_bench.rs:180:17
[INFO] [stdout]     |
[INFO] [stdout] 180 |             ctx.raise_event(1000isize);
[INFO] [stdout]     |                 ^^^^^^^^^^^ method not found in `GeeseContext`
[INFO] [stdout] 
[INFO] [stdout] 
[INFO] [stdout] error[E0599]: no method named `flush_events` found for struct `geese::GeeseContext` in the current scope
[INFO] [stdout]    --> benches/comparative_bench.rs:181:17
[INFO] [stdout]     |
[INFO] [stdout] 181 |             ctx.flush_events();
[INFO] [stdout]     |                 ^^^^^^^^^^^^ method not found in `GeeseContext`
[INFO] [stdout] 
[INFO] [stdout] 
[INFO] [stdout] error[E0599]: no method named `raise_event` found for struct `geese::GeeseContext` in the current scope
[INFO] [stdout]    --> benches/comparative_bench.rs:290:9
[INFO] [stdout]     |
[INFO] [stdout] 290 |     ctx.raise_event(geese::notify::add_system::<TestDependency>());
[INFO] [stdout]     |         ^^^^^^^^^^^ method not found in `GeeseContext`
[INFO] [stdout] 
[INFO] [stdout] 
[INFO] [stdout] error[E0599]: no method named `flush_events` found for struct `geese::GeeseContext` in the current scope
[INFO] [stdout]    --> benches/comparative_bench.rs:291:9
[INFO] [stdout]     |
[INFO] [stdout] 291 |     ctx.flush_events();
[INFO] [stdout]     |         ^^^^^^^^^^^^ method not found in `GeeseContext`
[INFO] [stdout] 
[INFO] [stdout] 
[INFO] [stdout] error[E0599]: no method named `flush_events` found for struct `geese::GeeseContext` in the current scope
[INFO] [stdout]    --> benches/comparative_bench.rs:296:17
[INFO] [stdout]     |
[INFO] [stdout] 296 |             ctx.flush_events();
[INFO] [stdout]     |                 ^^^^^^^^^^^^ method not found in `GeeseContext`
[INFO] [stdout] 
[INFO] [stdout] 
[INFO] [stdout] error: aborting due to 27 previous errors; 1 warning emitted
[INFO] [stdout] 
[INFO] [stdout] 
[INFO] [stdout] For more information about this error, try `rustc --explain E0599`.
[INFO] [stdout] 
[INFO] [stderr] error: could not compile `geese` (bench "comparative_bench") due to 28 previous errors; 1 warning emitted
[INFO] running `Command { std: "docker" "inspect" "c76575581268b9731eebe83fa2a57902bb659b387dedc1e32808522fc98f18ba", kill_on_drop: false }`
[INFO] running `Command { std: "docker" "rm" "-f" "c76575581268b9731eebe83fa2a57902bb659b387dedc1e32808522fc98f18ba", kill_on_drop: false }`
[INFO] [stdout] c76575581268b9731eebe83fa2a57902bb659b387dedc1e32808522fc98f18ba
[INFO] checking geese-0.3.7 against nightly-2024-02-05+rustflags=-Dunexpected_cfgs+cargoflags=-Zcheck-cfg for check-cfg
[INFO] extracting crate geese 0.3.7 into /workspace/builds/worker-7-tc2/source
[INFO] validating manifest of crates.io crate geese 0.3.7 on toolchain nightly-2024-02-05
[INFO] running `Command { std: CARGO_HOME="/workspace/cargo-home" RUSTUP_HOME="/workspace/rustup-home" "/workspace/cargo-home/bin/cargo" "+nightly-2024-02-05" "metadata" "--manifest-path" "Cargo.toml" "--no-deps", kill_on_drop: false }`
[INFO] started tweaking crates.io crate geese 0.3.7
[INFO] finished tweaking crates.io crate geese 0.3.7
[INFO] tweaked toml for crates.io crate geese 0.3.7 written to /workspace/builds/worker-7-tc2/source/Cargo.toml
[INFO] crate crates.io crate geese 0.3.7 already has a lockfile, it will not be regenerated
[INFO] running `Command { std: CARGO_HOME="/workspace/cargo-home" RUSTUP_HOME="/workspace/rustup-home" "/workspace/cargo-home/bin/cargo" "+nightly-2024-02-05" "fetch" "--manifest-path" "Cargo.toml", kill_on_drop: false }`
[INFO] running `Command { std: "docker" "create" "-v" "/var/lib/crater-agent-workspace/builds/worker-7-tc2/target:/opt/rustwide/target:rw,Z" "-v" "/var/lib/crater-agent-workspace/builds/worker-7-tc2/source:/opt/rustwide/workdir:ro,Z" "-v" "/var/lib/crater-agent-workspace/cargo-home:/opt/rustwide/cargo-home:ro,Z" "-v" "/var/lib/crater-agent-workspace/rustup-home:/opt/rustwide/rustup-home:ro,Z" "-e" "SOURCE_DIR=/opt/rustwide/workdir" "-e" "CARGO_TARGET_DIR=/opt/rustwide/target" "-e" "CARGO_HOME=/opt/rustwide/cargo-home" "-e" "RUSTUP_HOME=/opt/rustwide/rustup-home" "-w" "/opt/rustwide/workdir" "-m" "1610612736" "--user" "0:0" "--network" "none" "ghcr.io/rust-lang/crates-build-env/linux@sha256:2788e3201cd34a07e3172128adcd8b3090168a8e3bcc40d7c032b9dda1df7d1c" "/opt/rustwide/cargo-home/bin/cargo" "+nightly-2024-02-05" "metadata" "--no-deps" "--format-version=1", kill_on_drop: false }`
[INFO] [stdout] 50aa027753f1b44988bbced375f2d56bf330b8a9a6e5a337a80b7c7e9df5888f
[INFO] running `Command { std: "docker" "start" "-a" "50aa027753f1b44988bbced375f2d56bf330b8a9a6e5a337a80b7c7e9df5888f", kill_on_drop: false }`
[INFO] running `Command { std: "docker" "inspect" "50aa027753f1b44988bbced375f2d56bf330b8a9a6e5a337a80b7c7e9df5888f", kill_on_drop: false }`
[INFO] running `Command { std: "docker" "rm" "-f" "50aa027753f1b44988bbced375f2d56bf330b8a9a6e5a337a80b7c7e9df5888f", kill_on_drop: false }`
[INFO] [stdout] 50aa027753f1b44988bbced375f2d56bf330b8a9a6e5a337a80b7c7e9df5888f
[INFO] running `Command { std: "docker" "create" "-v" "/var/lib/crater-agent-workspace/builds/worker-7-tc2/target:/opt/rustwide/target:rw,Z" "-v" "/var/lib/crater-agent-workspace/builds/worker-7-tc2/source:/opt/rustwide/workdir:ro,Z" "-v" "/var/lib/crater-agent-workspace/cargo-home:/opt/rustwide/cargo-home:ro,Z" "-v" "/var/lib/crater-agent-workspace/rustup-home:/opt/rustwide/rustup-home:ro,Z" "-e" "SOURCE_DIR=/opt/rustwide/workdir" "-e" "CARGO_TARGET_DIR=/opt/rustwide/target" "-e" "CARGO_INCREMENTAL=0" "-e" "RUST_BACKTRACE=full" "-e" "RUSTFLAGS=--cap-lints=forbid -Dunexpected_cfgs" "-e" "RUSTDOCFLAGS=--cap-lints=forbid" "-e" "CARGO_HOME=/opt/rustwide/cargo-home" "-e" "RUSTUP_HOME=/opt/rustwide/rustup-home" "-w" "/opt/rustwide/workdir" "-m" "1610612736" "--user" "0:0" "--network" "none" "ghcr.io/rust-lang/crates-build-env/linux@sha256:2788e3201cd34a07e3172128adcd8b3090168a8e3bcc40d7c032b9dda1df7d1c" "/opt/rustwide/cargo-home/bin/cargo" "+nightly-2024-02-05" "check" "--frozen" "--all" "--all-targets" "--message-format=json" "-Zcheck-cfg", kill_on_drop: false }`
[INFO] [stdout] eb031870a5c654af5b8ddd680f2b96f1207202b9b65df9ea315237262dee25dd
[INFO] running `Command { std: "docker" "start" "-a" "eb031870a5c654af5b8ddd680f2b96f1207202b9b65df9ea315237262dee25dd", kill_on_drop: false }`
[INFO] [stderr]    Compiling num-traits v0.2.16
[INFO] [stderr]    Compiling proc-macro2 v1.0.66
[INFO] [stderr]    Compiling unicode-ident v1.0.11
[INFO] [stderr]    Compiling libc v0.2.147
[INFO] [stderr]    Compiling crossbeam-utils v0.8.16
[INFO] [stderr]    Compiling memoffset v0.9.0
[INFO] [stderr]    Compiling crossbeam-epoch v0.9.15
[INFO] [stderr]    Compiling serde v1.0.188
[INFO] [stderr]     Checking once_cell v1.17.1
[INFO] [stderr]     Checking simd-adler32 v0.3.7
[INFO] [stderr]    Compiling crc32fast v1.3.2
[INFO] [stderr]    Compiling num-integer v0.1.45
[INFO] [stderr]    Compiling rustversion v1.0.14
[INFO] [stderr]     Checking scopeguard v1.2.0
[INFO] [stderr]    Compiling ahash v0.8.3
[INFO] [stderr]    Compiling num-rational v0.4.1
[INFO] [stderr]    Compiling rustix v0.38.13
[INFO] [stderr]    Compiling serde_json v1.0.106
[INFO] [stderr]     Checking miniz_oxide v0.7.1
[INFO] [stderr]     Checking either v1.9.0
[INFO] [stderr]    Compiling rayon-core v1.11.0
[INFO] [stderr]    Compiling radium v0.7.0
[INFO] [stderr]     Checking fdeflate v0.3.0
[INFO] [stderr]    Compiling slotmap v1.0.6
[INFO] [stderr]     Checking ryu v1.0.15
[INFO] [stderr]     Checking bitflags v2.4.0
[INFO] [stderr]     Checking flate2 v1.0.27
[INFO] [stderr]     Checking clap_lex v0.5.1
[INFO] [stderr]    Compiling miniquad v0.4.0-alpha.10
[INFO] [stderr]     Checking anstyle v1.0.3
[INFO] [stderr]     Checking tap v1.0.1
[INFO] [stderr]     Checking linux-raw-sys v0.4.7
[INFO] [stderr]     Checking ciborium-io v0.2.1
[INFO] [stderr]     Checking plotters-backend v0.3.5
[INFO] [stderr]     Checking half v1.8.2
[INFO] [stderr]     Checking regex-syntax v0.7.5
[INFO] [stderr]     Checking itoa v1.0.9
[INFO] [stderr]     Checking clap_builder v4.4.2
[INFO] [stderr]     Checking crossbeam-channel v0.5.8
[INFO] [stderr]     Checking wyz v0.5.1
[INFO] [stderr]     Checking ciborium-ll v0.2.1
[INFO] [stderr]     Checking plotters-svg v0.3.5
[INFO] [stderr]     Checking png v0.17.10
[INFO] [stderr]     Checking hashbrown v0.13.2
[INFO] [stderr]     Checking itertools v0.10.5
[INFO] [stderr]     Checking funty v2.0.0
[INFO] [stderr]     Checking color_quant v1.1.0
[INFO] [stderr]     Checking cast v0.3.0
[INFO] [stderr]     Checking topological-sort v0.2.2
[INFO] [stderr]     Checking crossbeam-deque v0.8.3
[INFO] [stderr]     Checking ttf-parser v0.15.2
[INFO] [stderr]     Checking same-file v1.0.6
[INFO] [stderr]    Compiling quote v1.0.33
[INFO] [stderr]     Checking bytemuck v1.14.0
[INFO] [stderr]     Checking walkdir v2.4.0
[INFO] [stderr]    Compiling geese v0.3.7 (/opt/rustwide/workdir)
[INFO] [stderr]     Checking num_cpus v1.16.0
[INFO] [stderr]     Checking bitvec v1.0.1
[INFO] [stderr]    Compiling syn v2.0.32
[INFO] [stderr]     Checking plotters v0.3.5
[INFO] [stderr]     Checking vecdeque-stableix v1.1.1
[INFO] [stderr]     Checking wasm_sync v0.1.0
[INFO] [stderr]     Checking glam v0.21.3
[INFO] [stderr]     Checking quad-rand v0.2.1
[INFO] [stderr]     Checking fontdue v0.7.3
[INFO] [stderr]     Checking const_list v0.1.0
[INFO] [stderr]     Checking rayon v1.7.0
[INFO] [stderr]     Checking regex-automata v0.3.8
[INFO] [stderr]     Checking oorandom v11.1.3
[INFO] [stderr]    Compiling macroquad_macro v0.1.7
[INFO] [stderr]     Checking anes v0.1.6
[INFO] [stderr]     Checking smallvec v1.11.0
[INFO] [stderr]     Checking is-terminal v0.4.9
[INFO] [stderr]     Checking bumpalo v3.13.0
[INFO] [stderr]     Checking geese v0.2.0
[INFO] [stderr]     Checking image v0.24.7
[INFO] [stderr]     Checking criterion-plot v0.5.0
[INFO] [stderr]     Checking clap v4.4.2
[INFO] [stderr]     Checking macroquad v0.4.4
[INFO] [stderr]     Checking regex v1.9.5
[INFO] [stderr]    Compiling serde_derive v1.0.188
[INFO] [stdout] error: unexpected `cfg` condition name: `unstable`
[INFO] [stdout]  --> src/lib.rs:1:13
[INFO] [stdout]   |
[INFO] [stdout] 1 | #![cfg_attr(unstable, feature(const_format_args))]
[INFO] [stdout]   |             ^^^^^^^^
[INFO] [stdout]   |
[INFO] [stdout]   = help: expected names are: `debug_assertions`, `doc`, `doctest`, `feature`, `miri`, `overflow_checks`, `panic`, `proc_macro`, `relocation_model`, `sanitize`, `sanitizer_cfi_generalize_pointers`, `sanitizer_cfi_normalize_integers`, `target_abi`, `target_arch`, `target_endian`, `target_env`, `target_family`, `target_feature`, `target_has_atomic`, `target_has_atomic_equal_alignment`, `target_has_atomic_load_store`, `target_os`, `target_pointer_width`, `target_thread_local`, `target_vendor`, `test`, `unix`, `windows`
[INFO] [stdout]   = help: consider using a Cargo feature instead or adding `println!("cargo:rustc-check-cfg=cfg(unstable)");` to the top of a `build.rs`
[INFO] [stdout]   = note: see <https://doc.rust-lang.org/nightly/cargo/reference/unstable.html#check-cfg> for more information about checking conditional configuration
[INFO] [stdout]   = note: requested on the command line with `-D unexpected-cfgs`
[INFO] [stdout] 
[INFO] [stdout] 
[INFO] [stdout] error: unexpected `cfg` condition name: `unstable`
[INFO] [stdout]  --> src/lib.rs:2:13
[INFO] [stdout]   |
[INFO] [stdout] 2 | #![cfg_attr(unstable, feature(const_type_id))]
[INFO] [stdout]   |             ^^^^^^^^
[INFO] [stdout]   |
[INFO] [stdout]   = help: consider using a Cargo feature instead or adding `println!("cargo:rustc-check-cfg=cfg(unstable)");` to the top of a `build.rs`
[INFO] [stdout]   = note: see <https://doc.rust-lang.org/nightly/cargo/reference/unstable.html#check-cfg> for more information about checking conditional configuration
[INFO] [stdout] 
[INFO] [stdout] 
[INFO] [stdout] error: unexpected `cfg` condition name: `unstable`
[INFO] [stdout]   --> src/lib.rs:93:12
[INFO] [stdout]    |
[INFO] [stdout] 93 | #[cfg_attr(unstable, path = "const_type_id/compiled.rs")]
[INFO] [stdout]    |            ^^^^^^^^
[INFO] [stdout]    |
[INFO] [stdout]    = help: consider using a Cargo feature instead or adding `println!("cargo:rustc-check-cfg=cfg(unstable)");` to the top of a `build.rs`
[INFO] [stdout]    = note: see <https://doc.rust-lang.org/nightly/cargo/reference/unstable.html#check-cfg> for more information about checking conditional configuration
[INFO] [stdout] 
[INFO] [stdout] 
[INFO] [stdout] error: unexpected `cfg` condition name: `unstable`
[INFO] [stdout]   --> src/lib.rs:94:16
[INFO] [stdout]    |
[INFO] [stdout] 94 | #[cfg_attr(not(unstable), path = "const_type_id/runtime.rs")]
[INFO] [stdout]    |                ^^^^^^^^
[INFO] [stdout]    |
[INFO] [stdout]    = help: consider using a Cargo feature instead or adding `println!("cargo:rustc-check-cfg=cfg(unstable)");` to the top of a `build.rs`
[INFO] [stdout]    = note: see <https://doc.rust-lang.org/nightly/cargo/reference/unstable.html#check-cfg> for more information about checking conditional configuration
[INFO] [stdout] 
[INFO] [stdout] 
[INFO] [stdout] error: unexpected `cfg` condition name: `unstable`
[INFO] [stdout]    --> src/static_eval.rs:7:19
[INFO] [stdout]     |
[INFO] [stdout] 7   |               #[cfg(unstable)]
[INFO] [stdout]     |                     ^^^^^^^^
[INFO] [stdout]     |
[INFO] [stdout]    ::: src/lib.rs:184:25
[INFO] [stdout]     |
[INFO] [stdout] 184 |               let index = static_eval!(
[INFO] [stdout]     |  _________________________-
[INFO] [stdout] 185 | |                 if let Some(index) = S::DEPENDENCIES.index_of::<T>() {
[INFO] [stdout] 186 | |                     index
[INFO] [stdout] 187 | |                 } else {
[INFO] [stdout] ...   |
[INFO] [stdout] 192 | |                 T
[INFO] [stdout] 193 | |             );
[INFO] [stdout]     | |_____________- in this macro invocation
[INFO] [stdout]     |
[INFO] [stdout]     = help: consider using a Cargo feature instead or adding `println!("cargo:rustc-check-cfg=cfg(unstable)");` to the top of a `build.rs`
[INFO] [stdout]     = note: see <https://doc.rust-lang.org/nightly/cargo/reference/unstable.html#check-cfg> for more information about checking conditional configuration
[INFO] [stdout]     = note: this error originates in the macro `static_eval` (in Nightly builds, run with -Z macro-backtrace for more info)
[INFO] [stdout] 
[INFO] [stdout] 
[INFO] [stdout] error: unexpected `cfg` condition name: `unstable`
[INFO] [stdout]    --> src/static_eval.rs:17:23
[INFO] [stdout]     |
[INFO] [stdout] 17  |               #[cfg(not(unstable))]
[INFO] [stdout]     |                         ^^^^^^^^
[INFO] [stdout]     |
[INFO] [stdout]    ::: src/lib.rs:184:25
[INFO] [stdout]     |
[INFO] [stdout] 184 |               let index = static_eval!(
[INFO] [stdout]     |  _________________________-
[INFO] [stdout] 185 | |                 if let Some(index) = S::DEPENDENCIES.index_of::<T>() {
[INFO] [stdout] 186 | |                     index
[INFO] [stdout] 187 | |                 } else {
[INFO] [stdout] ...   |
[INFO] [stdout] 192 | |                 T
[INFO] [stdout] 193 | |             );
[INFO] [stdout]     | |_____________- in this macro invocation
[INFO] [stdout]     |
[INFO] [stdout]     = help: consider using a Cargo feature instead or adding `println!("cargo:rustc-check-cfg=cfg(unstable)");` to the top of a `build.rs`
[INFO] [stdout]     = note: see <https://doc.rust-lang.org/nightly/cargo/reference/unstable.html#check-cfg> for more information about checking conditional configuration
[INFO] [stdout]     = note: this error originates in the macro `static_eval` (in Nightly builds, run with -Z macro-backtrace for more info)
[INFO] [stdout] 
[INFO] [stdout] 
[INFO] [stdout] error: unexpected `cfg` condition name: `unstable`
[INFO] [stdout]    --> src/static_eval.rs:7:19
[INFO] [stdout]     |
[INFO] [stdout] 7   |               #[cfg(unstable)]
[INFO] [stdout]     |                     ^^^^^^^^
[INFO] [stdout]     |
[INFO] [stdout]    ::: src/lib.rs:217:25
[INFO] [stdout]     |
[INFO] [stdout] 217 |               let index = static_eval!(
[INFO] [stdout]     |  _________________________-
[INFO] [stdout] 218 | |                 {
[INFO] [stdout] 219 | |                     if let Some(index) = S::DEPENDENCIES.index_of::<T>() {
[INFO] [stdout] 220 | |                         assert!(
[INFO] [stdout] ...   |
[INFO] [stdout] 231 | |                 T
[INFO] [stdout] 232 | |             );
[INFO] [stdout]     | |_____________- in this macro invocation
[INFO] [stdout]     |
[INFO] [stdout]     = help: consider using a Cargo feature instead or adding `println!("cargo:rustc-check-cfg=cfg(unstable)");` to the top of a `build.rs`
[INFO] [stdout]     = note: see <https://doc.rust-lang.org/nightly/cargo/reference/unstable.html#check-cfg> for more information about checking conditional configuration
[INFO] [stdout]     = note: this error originates in the macro `static_eval` (in Nightly builds, run with -Z macro-backtrace for more info)
[INFO] [stdout] 
[INFO] [stdout] 
[INFO] [stdout] error: unexpected `cfg` condition name: `unstable`
[INFO] [stdout]    --> src/static_eval.rs:17:23
[INFO] [stdout]     |
[INFO] [stdout] 17  |               #[cfg(not(unstable))]
[INFO] [stdout]     |                         ^^^^^^^^
[INFO] [stdout]     |
[INFO] [stdout]    ::: src/lib.rs:217:25
[INFO] [stdout]     |
[INFO] [stdout] 217 |               let index = static_eval!(
[INFO] [stdout]     |  _________________________-
[INFO] [stdout] 218 | |                 {
[INFO] [stdout] 219 | |                     if let Some(index) = S::DEPENDENCIES.index_of::<T>() {
[INFO] [stdout] 220 | |                         assert!(
[INFO] [stdout] ...   |
[INFO] [stdout] 231 | |                 T
[INFO] [stdout] 232 | |             );
[INFO] [stdout]     | |_____________- in this macro invocation
[INFO] [stdout]     |
[INFO] [stdout]     = help: consider using a Cargo feature instead or adding `println!("cargo:rustc-check-cfg=cfg(unstable)");` to the top of a `build.rs`
[INFO] [stdout]     = note: see <https://doc.rust-lang.org/nightly/cargo/reference/unstable.html#check-cfg> for more information about checking conditional configuration
[INFO] [stdout]     = note: this error originates in the macro `static_eval` (in Nightly builds, run with -Z macro-backtrace for more info)
[INFO] [stdout] 
[INFO] [stdout] 
[INFO] [stdout] error: unexpected `cfg` condition name: `unstable`
[INFO] [stdout]    --> src/static_eval.rs:7:19
[INFO] [stdout]     |
[INFO] [stdout] 7   |               #[cfg(unstable)]
[INFO] [stdout]     |                     ^^^^^^^^
[INFO] [stdout]     |
[INFO] [stdout]    ::: src/lib.rs:498:13
[INFO] [stdout]     |
[INFO] [stdout] 498 | /             static_eval!(
[INFO] [stdout] 499 | |                 assert!(
[INFO] [stdout] 500 | |                     !has_duplicate_dependencies(&S::DEPENDENCIES),
[INFO] [stdout] 501 | |                     "System had duplicate dependencies."
[INFO] [stdout] ...   |
[INFO] [stdout] 504 | |                 S
[INFO] [stdout] 505 | |             );
[INFO] [stdout]     | |_____________- in this macro invocation
[INFO] [stdout]     |
[INFO] [stdout]     = help: consider using a Cargo feature instead or adding `println!("cargo:rustc-check-cfg=cfg(unstable)");` to the top of a `build.rs`
[INFO] [stdout]     = note: see <https://doc.rust-lang.org/nightly/cargo/reference/unstable.html#check-cfg> for more information about checking conditional configuration
[INFO] [stdout]     = note: this error originates in the macro `static_eval` (in Nightly builds, run with -Z macro-backtrace for more info)
[INFO] [stdout] 
[INFO] [stdout] 
[INFO] [stdout] error: unexpected `cfg` condition name: `unstable`
[INFO] [stdout]    --> src/static_eval.rs:17:23
[INFO] [stdout]     |
[INFO] [stdout] 17  |               #[cfg(not(unstable))]
[INFO] [stdout]     |                         ^^^^^^^^
[INFO] [stdout]     |
[INFO] [stdout]    ::: src/lib.rs:498:13
[INFO] [stdout]     |
[INFO] [stdout] 498 | /             static_eval!(
[INFO] [stdout] 499 | |                 assert!(
[INFO] [stdout] 500 | |                     !has_duplicate_dependencies(&S::DEPENDENCIES),
[INFO] [stdout] 501 | |                     "System had duplicate dependencies."
[INFO] [stdout] ...   |
[INFO] [stdout] 504 | |                 S
[INFO] [stdout] 505 | |             );
[INFO] [stdout]     | |_____________- in this macro invocation
[INFO] [stdout]     |
[INFO] [stdout]     = help: consider using a Cargo feature instead or adding `println!("cargo:rustc-check-cfg=cfg(unstable)");` to the top of a `build.rs`
[INFO] [stdout]     = note: see <https://doc.rust-lang.org/nightly/cargo/reference/unstable.html#check-cfg> for more information about checking conditional configuration
[INFO] [stdout]     = note: this error originates in the macro `static_eval` (in Nightly builds, run with -Z macro-backtrace for more info)
[INFO] [stdout] 
[INFO] [stdout] 
[INFO] [stdout] error: aborting due to 10 previous errors
[INFO] [stdout] 
[INFO] [stdout] 
[INFO] [stderr] error: could not compile `geese` (lib) due to 11 previous errors
[INFO] [stderr] warning: build failed, waiting for other jobs to finish...
[INFO] running `Command { std: "docker" "inspect" "eb031870a5c654af5b8ddd680f2b96f1207202b9b65df9ea315237262dee25dd", kill_on_drop: false }`
[INFO] running `Command { std: "docker" "rm" "-f" "eb031870a5c654af5b8ddd680f2b96f1207202b9b65df9ea315237262dee25dd", kill_on_drop: false }`
[INFO] [stdout] eb031870a5c654af5b8ddd680f2b96f1207202b9b65df9ea315237262dee25dd
