[INFO] fetching crate geeks_event_sourcing_git 0.7.0...
[INFO] checking geeks_event_sourcing_git-0.7.0 against nightly-2024-02-05 for check-cfg
[INFO] extracting crate geeks_event_sourcing_git 0.7.0 into /workspace/builds/worker-1-tc1/source
[INFO] validating manifest of crates.io crate geeks_event_sourcing_git 0.7.0 on toolchain nightly-2024-02-05
[INFO] running `Command { std: CARGO_HOME="/workspace/cargo-home" RUSTUP_HOME="/workspace/rustup-home" "/workspace/cargo-home/bin/cargo" "+nightly-2024-02-05" "metadata" "--manifest-path" "Cargo.toml" "--no-deps", kill_on_drop: false }`
[INFO] started tweaking crates.io crate geeks_event_sourcing_git 0.7.0
[INFO] finished tweaking crates.io crate geeks_event_sourcing_git 0.7.0
[INFO] tweaked toml for crates.io crate geeks_event_sourcing_git 0.7.0 written to /workspace/builds/worker-1-tc1/source/Cargo.toml
[INFO] running `Command { std: CARGO_HOME="/workspace/cargo-home" RUSTUP_HOME="/workspace/rustup-home" "/workspace/cargo-home/bin/cargo" "+nightly-2024-02-05" "generate-lockfile" "--manifest-path" "Cargo.toml", kill_on_drop: false }`
[INFO] [stderr]     Updating crates.io index
[INFO] running `Command { std: CARGO_HOME="/workspace/cargo-home" RUSTUP_HOME="/workspace/rustup-home" "/workspace/cargo-home/bin/cargo" "+nightly-2024-02-05" "fetch" "--manifest-path" "Cargo.toml", kill_on_drop: false }`
[INFO] [stderr]  Downloading crates ...
[INFO] [stderr]   Downloaded geeks_event_sourcing v0.3.1
[INFO] [stderr]   Downloaded git2 v0.14.4
[INFO] [stderr]   Downloaded geeks_git v0.2.0
[INFO] [stderr]   Downloaded libgit2-sys v0.13.5+1.4.5
[INFO] running `Command { std: "docker" "create" "-v" "/var/lib/crater-agent-workspace/builds/worker-1-tc1/target:/opt/rustwide/target:rw,Z" "-v" "/var/lib/crater-agent-workspace/builds/worker-1-tc1/source:/opt/rustwide/workdir:ro,Z" "-v" "/var/lib/crater-agent-workspace/cargo-home:/opt/rustwide/cargo-home:ro,Z" "-v" "/var/lib/crater-agent-workspace/rustup-home:/opt/rustwide/rustup-home:ro,Z" "-e" "SOURCE_DIR=/opt/rustwide/workdir" "-e" "CARGO_TARGET_DIR=/opt/rustwide/target" "-e" "CARGO_HOME=/opt/rustwide/cargo-home" "-e" "RUSTUP_HOME=/opt/rustwide/rustup-home" "-w" "/opt/rustwide/workdir" "-m" "1610612736" "--user" "0:0" "--network" "none" "ghcr.io/rust-lang/crates-build-env/linux@sha256:2788e3201cd34a07e3172128adcd8b3090168a8e3bcc40d7c032b9dda1df7d1c" "/opt/rustwide/cargo-home/bin/cargo" "+nightly-2024-02-05" "metadata" "--no-deps" "--format-version=1", kill_on_drop: false }`
[INFO] [stdout] edb2832b142b6093b9aafa285a39cfa8811770d80dbeff1e798c98a2320d3b81
[INFO] running `Command { std: "docker" "start" "-a" "edb2832b142b6093b9aafa285a39cfa8811770d80dbeff1e798c98a2320d3b81", kill_on_drop: false }`
[INFO] running `Command { std: "docker" "inspect" "edb2832b142b6093b9aafa285a39cfa8811770d80dbeff1e798c98a2320d3b81", kill_on_drop: false }`
[INFO] running `Command { std: "docker" "rm" "-f" "edb2832b142b6093b9aafa285a39cfa8811770d80dbeff1e798c98a2320d3b81", kill_on_drop: false }`
[INFO] [stdout] edb2832b142b6093b9aafa285a39cfa8811770d80dbeff1e798c98a2320d3b81
[INFO] running `Command { std: "docker" "create" "-v" "/var/lib/crater-agent-workspace/builds/worker-1-tc1/target:/opt/rustwide/target:rw,Z" "-v" "/var/lib/crater-agent-workspace/builds/worker-1-tc1/source:/opt/rustwide/workdir:ro,Z" "-v" "/var/lib/crater-agent-workspace/cargo-home:/opt/rustwide/cargo-home:ro,Z" "-v" "/var/lib/crater-agent-workspace/rustup-home:/opt/rustwide/rustup-home:ro,Z" "-e" "SOURCE_DIR=/opt/rustwide/workdir" "-e" "CARGO_TARGET_DIR=/opt/rustwide/target" "-e" "CARGO_INCREMENTAL=0" "-e" "RUST_BACKTRACE=full" "-e" "RUSTFLAGS=--cap-lints=forbid" "-e" "RUSTDOCFLAGS=--cap-lints=forbid" "-e" "CARGO_HOME=/opt/rustwide/cargo-home" "-e" "RUSTUP_HOME=/opt/rustwide/rustup-home" "-w" "/opt/rustwide/workdir" "-m" "1610612736" "--user" "0:0" "--network" "none" "ghcr.io/rust-lang/crates-build-env/linux@sha256:2788e3201cd34a07e3172128adcd8b3090168a8e3bcc40d7c032b9dda1df7d1c" "/opt/rustwide/cargo-home/bin/cargo" "+nightly-2024-02-05" "check" "--frozen" "--all" "--all-targets" "--message-format=json", kill_on_drop: false }`
[INFO] [stdout] eb85d492d57017d4537ce9623f2accd3bd84c6085f970682830575e696bf666c
[INFO] running `Command { std: "docker" "start" "-a" "eb85d492d57017d4537ce9623f2accd3bd84c6085f970682830575e696bf666c", kill_on_drop: false }`
[INFO] [stderr]    Compiling jobserver v0.1.27
[INFO] [stderr]     Checking signal-hook-registry v1.4.1
[INFO] [stderr]     Checking num_cpus v1.16.0
[INFO] [stderr]    Compiling thiserror-impl v1.0.56
[INFO] [stderr]    Compiling tokio-macros v2.2.0
[INFO] [stderr]    Compiling async-trait v0.1.77
[INFO] [stderr]     Checking serde v1.0.196
[INFO] [stderr]    Compiling cc v1.0.83
[INFO] [stderr]     Checking tokio v1.36.0
[INFO] [stderr]    Compiling libz-sys v1.1.15
[INFO] [stderr]    Compiling openssl-sys v0.9.99
[INFO] [stderr]    Compiling libssh2-sys v0.2.23
[INFO] [stderr]    Compiling libgit2-sys v0.13.5+1.4.5
[INFO] [stderr]     Checking thiserror v1.0.56
[INFO] [stderr]     Checking serde_json v1.0.113
[INFO] [stderr]     Checking geeks_event_sourcing v0.3.1
[INFO] [stderr]     Checking git2 v0.14.4
[INFO] [stderr]     Checking geeks_git v0.2.0
[INFO] [stderr]     Checking geeks_event_sourcing_git v0.7.0 (/opt/rustwide/workdir)
[INFO] [stdout] error[E0432]: unresolved import `geeks_git_testing`
[INFO] [stdout]   --> src/commit_snapshot.rs:36:7
[INFO] [stdout]    |
[INFO] [stdout] 36 |   use geeks_git_testing::FixtureRepository;
[INFO] [stdout]    |       ^^^^^^^^^^^^^^^^^ use of undeclared crate or module `geeks_git_testing`
[INFO] [stdout] 
[INFO] [stdout] 
[INFO] [stdout] error[E0432]: unresolved import `geeks_git_testing`
[INFO] [stdout]    --> src/git_eventstore.rs:118:7
[INFO] [stdout]     |
[INFO] [stdout] 118 |   use geeks_git_testing::FixtureRepository;
[INFO] [stdout]     |       ^^^^^^^^^^^^^^^^^ use of undeclared crate or module `geeks_git_testing`
[INFO] [stdout] 
[INFO] [stdout] 
[INFO] [stdout] error: aborting due to 2 previous errors
[INFO] [stdout] 
[INFO] [stdout] 
[INFO] [stdout] For more information about this error, try `rustc --explain E0432`.
[INFO] [stdout] 
[INFO] [stderr] error: could not compile `geeks_event_sourcing_git` (lib test) due to 3 previous errors
[INFO] [stderr] warning: build failed, waiting for other jobs to finish...
[INFO] running `Command { std: "docker" "inspect" "eb85d492d57017d4537ce9623f2accd3bd84c6085f970682830575e696bf666c", kill_on_drop: false }`
[INFO] running `Command { std: "docker" "rm" "-f" "eb85d492d57017d4537ce9623f2accd3bd84c6085f970682830575e696bf666c", kill_on_drop: false }`
[INFO] [stdout] eb85d492d57017d4537ce9623f2accd3bd84c6085f970682830575e696bf666c
[INFO] checking geeks_event_sourcing_git-0.7.0 against nightly-2024-02-05+rustflags=-Dunexpected_cfgs+cargoflags=-Zcheck-cfg for check-cfg
[INFO] extracting crate geeks_event_sourcing_git 0.7.0 into /workspace/builds/worker-1-tc2/source
[INFO] validating manifest of crates.io crate geeks_event_sourcing_git 0.7.0 on toolchain nightly-2024-02-05
[INFO] running `Command { std: CARGO_HOME="/workspace/cargo-home" RUSTUP_HOME="/workspace/rustup-home" "/workspace/cargo-home/bin/cargo" "+nightly-2024-02-05" "metadata" "--manifest-path" "Cargo.toml" "--no-deps", kill_on_drop: false }`
[INFO] started tweaking crates.io crate geeks_event_sourcing_git 0.7.0
[INFO] finished tweaking crates.io crate geeks_event_sourcing_git 0.7.0
[INFO] tweaked toml for crates.io crate geeks_event_sourcing_git 0.7.0 written to /workspace/builds/worker-1-tc2/source/Cargo.toml
[INFO] running `Command { std: CARGO_HOME="/workspace/cargo-home" RUSTUP_HOME="/workspace/rustup-home" "/workspace/cargo-home/bin/cargo" "+nightly-2024-02-05" "generate-lockfile" "--manifest-path" "Cargo.toml", kill_on_drop: false }`
[INFO] [stderr]     Updating crates.io index
[INFO] running `Command { std: CARGO_HOME="/workspace/cargo-home" RUSTUP_HOME="/workspace/rustup-home" "/workspace/cargo-home/bin/cargo" "+nightly-2024-02-05" "fetch" "--manifest-path" "Cargo.toml", kill_on_drop: false }`
[INFO] running `Command { std: "docker" "create" "-v" "/var/lib/crater-agent-workspace/builds/worker-1-tc2/target:/opt/rustwide/target:rw,Z" "-v" "/var/lib/crater-agent-workspace/builds/worker-1-tc2/source:/opt/rustwide/workdir:ro,Z" "-v" "/var/lib/crater-agent-workspace/cargo-home:/opt/rustwide/cargo-home:ro,Z" "-v" "/var/lib/crater-agent-workspace/rustup-home:/opt/rustwide/rustup-home:ro,Z" "-e" "SOURCE_DIR=/opt/rustwide/workdir" "-e" "CARGO_TARGET_DIR=/opt/rustwide/target" "-e" "CARGO_HOME=/opt/rustwide/cargo-home" "-e" "RUSTUP_HOME=/opt/rustwide/rustup-home" "-w" "/opt/rustwide/workdir" "-m" "1610612736" "--user" "0:0" "--network" "none" "ghcr.io/rust-lang/crates-build-env/linux@sha256:2788e3201cd34a07e3172128adcd8b3090168a8e3bcc40d7c032b9dda1df7d1c" "/opt/rustwide/cargo-home/bin/cargo" "+nightly-2024-02-05" "metadata" "--no-deps" "--format-version=1", kill_on_drop: false }`
[INFO] [stdout] 1e81daa53c7fbdd31757a207cfd1f44f11c349736477f76cca63575bf5faa9a2
[INFO] running `Command { std: "docker" "start" "-a" "1e81daa53c7fbdd31757a207cfd1f44f11c349736477f76cca63575bf5faa9a2", kill_on_drop: false }`
[INFO] running `Command { std: "docker" "inspect" "1e81daa53c7fbdd31757a207cfd1f44f11c349736477f76cca63575bf5faa9a2", kill_on_drop: false }`
[INFO] running `Command { std: "docker" "rm" "-f" "1e81daa53c7fbdd31757a207cfd1f44f11c349736477f76cca63575bf5faa9a2", kill_on_drop: false }`
[INFO] [stdout] 1e81daa53c7fbdd31757a207cfd1f44f11c349736477f76cca63575bf5faa9a2
[INFO] running `Command { std: "docker" "create" "-v" "/var/lib/crater-agent-workspace/builds/worker-1-tc2/target:/opt/rustwide/target:rw,Z" "-v" "/var/lib/crater-agent-workspace/builds/worker-1-tc2/source:/opt/rustwide/workdir:ro,Z" "-v" "/var/lib/crater-agent-workspace/cargo-home:/opt/rustwide/cargo-home:ro,Z" "-v" "/var/lib/crater-agent-workspace/rustup-home:/opt/rustwide/rustup-home:ro,Z" "-e" "SOURCE_DIR=/opt/rustwide/workdir" "-e" "CARGO_TARGET_DIR=/opt/rustwide/target" "-e" "CARGO_INCREMENTAL=0" "-e" "RUST_BACKTRACE=full" "-e" "RUSTFLAGS=--cap-lints=forbid -Dunexpected_cfgs" "-e" "RUSTDOCFLAGS=--cap-lints=forbid" "-e" "CARGO_HOME=/opt/rustwide/cargo-home" "-e" "RUSTUP_HOME=/opt/rustwide/rustup-home" "-w" "/opt/rustwide/workdir" "-m" "1610612736" "--user" "0:0" "--network" "none" "ghcr.io/rust-lang/crates-build-env/linux@sha256:2788e3201cd34a07e3172128adcd8b3090168a8e3bcc40d7c032b9dda1df7d1c" "/opt/rustwide/cargo-home/bin/cargo" "+nightly-2024-02-05" "check" "--frozen" "--all" "--all-targets" "--message-format=json" "-Zcheck-cfg", kill_on_drop: false }`
[INFO] [stdout] 5e505fec98930e55850ab282e1d8a6dfc77f3d256181d25ca3bf33b5696333a5
[INFO] running `Command { std: "docker" "start" "-a" "5e505fec98930e55850ab282e1d8a6dfc77f3d256181d25ca3bf33b5696333a5", kill_on_drop: false }`
[INFO] [stderr]    Compiling jobserver v0.1.27
[INFO] [stderr]     Checking signal-hook-registry v1.4.1
[INFO] [stderr]     Checking num_cpus v1.16.0
[INFO] [stderr]    Compiling thiserror-impl v1.0.56
[INFO] [stderr]    Compiling tokio-macros v2.2.0
[INFO] [stderr]    Compiling async-trait v0.1.77
[INFO] [stderr]     Checking serde v1.0.196
[INFO] [stderr]    Compiling cc v1.0.83
[INFO] [stderr]     Checking tokio v1.36.0
[INFO] [stderr]    Compiling libz-sys v1.1.15
[INFO] [stderr]    Compiling openssl-sys v0.9.99
[INFO] [stderr]    Compiling libssh2-sys v0.2.23
[INFO] [stderr]    Compiling libgit2-sys v0.13.5+1.4.5
[INFO] [stderr]     Checking thiserror v1.0.56
[INFO] [stderr]     Checking serde_json v1.0.113
[INFO] [stderr]     Checking geeks_event_sourcing v0.3.1
[INFO] [stderr]     Checking git2 v0.14.4
[INFO] [stderr]     Checking geeks_git v0.2.0
[INFO] [stderr]     Checking geeks_event_sourcing_git v0.7.0 (/opt/rustwide/workdir)
[INFO] [stdout] error[E0432]: unresolved import `geeks_git_testing`
[INFO] [stdout]   --> src/commit_snapshot.rs:36:7
[INFO] [stdout]    |
[INFO] [stdout] 36 |   use geeks_git_testing::FixtureRepository;
[INFO] [stdout]    |       ^^^^^^^^^^^^^^^^^ use of undeclared crate or module `geeks_git_testing`
[INFO] [stdout] 
[INFO] [stdout] 
[INFO] [stdout] error[E0432]: unresolved import `geeks_git_testing`
[INFO] [stdout]    --> src/git_eventstore.rs:118:7
[INFO] [stdout]     |
[INFO] [stdout] 118 |   use geeks_git_testing::FixtureRepository;
[INFO] [stdout]     |       ^^^^^^^^^^^^^^^^^ use of undeclared crate or module `geeks_git_testing`
[INFO] [stdout] 
[INFO] [stdout] 
[INFO] [stdout] error: aborting due to 2 previous errors
[INFO] [stdout] 
[INFO] [stdout] 
[INFO] [stdout] For more information about this error, try `rustc --explain E0432`.
[INFO] [stdout] 
[INFO] [stderr] error: could not compile `geeks_event_sourcing_git` (lib test) due to 3 previous errors
[INFO] [stderr] warning: build failed, waiting for other jobs to finish...
[INFO] running `Command { std: "docker" "inspect" "5e505fec98930e55850ab282e1d8a6dfc77f3d256181d25ca3bf33b5696333a5", kill_on_drop: false }`
[INFO] running `Command { std: "docker" "rm" "-f" "5e505fec98930e55850ab282e1d8a6dfc77f3d256181d25ca3bf33b5696333a5", kill_on_drop: false }`
[INFO] [stdout] 5e505fec98930e55850ab282e1d8a6dfc77f3d256181d25ca3bf33b5696333a5
