[INFO] fetching crate gcli 1.0.2-354d660.10...
[INFO] checking gcli-1.0.2-354d660.10 against nightly-2024-02-05 for check-cfg
[INFO] extracting crate gcli 1.0.2-354d660.10 into /workspace/builds/worker-1-tc1/source
[INFO] validating manifest of crates.io crate gcli 1.0.2-354d660.10 on toolchain nightly-2024-02-05
[INFO] running `Command { std: CARGO_HOME="/workspace/cargo-home" RUSTUP_HOME="/workspace/rustup-home" "/workspace/cargo-home/bin/cargo" "+nightly-2024-02-05" "metadata" "--manifest-path" "Cargo.toml" "--no-deps", kill_on_drop: false }`
[INFO] started tweaking crates.io crate gcli 1.0.2-354d660.10
[INFO] removed 0 missing tests
[INFO] finished tweaking crates.io crate gcli 1.0.2-354d660.10
[INFO] tweaked toml for crates.io crate gcli 1.0.2-354d660.10 written to /workspace/builds/worker-1-tc1/source/Cargo.toml
[INFO] crate crates.io crate gcli 1.0.2-354d660.10 already has a lockfile, it will not be regenerated
[INFO] running `Command { std: CARGO_HOME="/workspace/cargo-home" RUSTUP_HOME="/workspace/rustup-home" "/workspace/cargo-home/bin/cargo" "+nightly-2024-02-05" "fetch" "--manifest-path" "Cargo.toml", kill_on_drop: false }`
[INFO] [stderr]     Updating crates.io index
[INFO] [stderr]     Blocking waiting for file lock on package cache
[INFO] [stderr]  Downloading crates ...
[INFO] [stderr]   Downloaded wasmparser-nostd v0.100.1
[INFO] [stderr]   Downloaded wasmi_core v0.2.1
[INFO] [stderr]   Downloaded sp-std v5.0.0
[INFO] [stderr]   Downloaded sp-externalities v0.13.0
[INFO] [stderr]   Downloaded sp-keystore v0.13.0
[INFO] [stderr]   Downloaded sp-io v7.0.0
[INFO] [stderr]   Downloaded hash-db v0.15.2
[INFO] [stderr]   Downloaded data-encoding-macro-internal v0.1.11
[INFO] [stderr]   Downloaded sp-core-hashing v5.0.0
[INFO] [stderr]   Downloaded indexmap-nostd v0.4.0
[INFO] [stderr]   Downloaded jsonrpsee-ws-client v0.16.3
[INFO] [stderr]   Downloaded memory-db v0.30.0
[INFO] [stderr]   Downloaded etc v0.1.16
[INFO] [stderr]   Downloaded lru v0.8.1
[INFO] [stderr]   Downloaded sp-panic-handler v5.0.0
[INFO] [stderr]   Downloaded multihash v0.16.3
[INFO] [stderr]   Downloaded sp-wasm-interface v7.0.0
[INFO] [stderr]   Downloaded intx v0.1.0
[INFO] [stderr]   Downloaded wasmi_core v0.12.0
[INFO] [stderr]   Downloaded subxt-metadata v0.32.1
[INFO] [stderr]   Downloaded sp-runtime-interface v7.0.0
[INFO] [stderr]   Downloaded jsonrpsee-http-client v0.20.1
[INFO] [stderr]   Downloaded trie-db v0.24.0
[INFO] [stderr]   Downloaded subxt v0.32.1
[INFO] [stderr]   Downloaded nacl v0.5.3
[INFO] [stderr]   Downloaded frame-metadata v15.1.0
[INFO] [stderr]   Downloaded schnorrkel v0.10.2
[INFO] [stderr]   Downloaded snow v0.9.3
[INFO] [stderr]   Downloaded libp2p v0.50.1
[INFO] [stderr]   Downloaded wasmi v0.30.0
[INFO] [stderr]   Downloaded yap v0.11.0
[INFO] [stderr]   Downloaded smoldot v0.8.0
[INFO] [stderr]   Downloaded gear-wasm-instrument v1.0.2-pre.15
[INFO] [stderr]   Downloaded subxt-macro v0.32.1
[INFO] [stderr]   Downloaded gmeta v1.0.2-pre.15
[INFO] [stderr]   Downloaded gwasm-instrument v0.2.3
[INFO] [stderr]   Downloaded gsys v1.0.2-pre.15
[INFO] [stderr]   Downloaded gear-core-errors v1.0.2
[INFO] [stderr]   Downloaded gsdk-codegen v1.0.2-pre.15
[INFO] [stderr]   Downloaded gear-core v1.0.2-pre.15
[INFO] [stderr]   Downloaded bip39 v2.0.0
[INFO] [stderr]   Downloaded no-std-net v0.6.0
[INFO] [stderr]   Downloaded aes-gcm v0.9.4
[INFO] [stderr]   Downloaded chacha20poly1305 v0.9.1
[INFO] [stderr]   Downloaded smoldot-light v0.6.0
[INFO] [stderr]   Downloaded libp2p-swarm v0.41.1
[INFO] [stderr]   Downloaded jsonrpsee v0.20.1
[INFO] [stderr]   Downloaded sp-trie v7.0.0
[INFO] [stderr]   Downloaded jsonrpsee-core v0.20.1
[INFO] [stderr]   Downloaded keyring v1.2.1
[INFO] [stderr]   Downloaded sp-state-machine v0.13.0
[INFO] [stderr]   Downloaded libp2p-metrics v0.11.0
[INFO] [stderr]   Downloaded sp-core v7.0.0
[INFO] [stderr]   Downloaded rustls-webpki v0.100.2
[INFO] [stderr]   Downloaded libp2p-core v0.38.0
[INFO] [stderr]   Downloaded gsdk v1.0.2-pre.15
[INFO] [stderr]   Downloaded sp-arithmetic v6.0.0
[INFO] [stderr]   Downloaded sp-runtime v7.0.0
[INFO] [stderr]   Downloaded scale-bits v0.4.0
[INFO] [stderr]   Downloaded scale-value v0.12.0
[INFO] [stderr]   Downloaded poly1305 v0.7.2
[INFO] [stderr]   Downloaded jsonrpsee-client-transport v0.16.3
[INFO] [stderr]   Downloaded libp2p-identify v0.41.1
[INFO] [stderr]   Downloaded gear-wasm v0.45.1
[INFO] [stderr]   Downloaded scale-decode v0.9.0
[INFO] [stderr]   Downloaded jsonrpsee-client-transport v0.20.1
[INFO] [stderr]   Downloaded jsonrpsee-http-client v0.16.3
[INFO] [stderr]   Downloaded parity-scale-codec-derive v3.6.4
[INFO] [stderr]   Downloaded prometheus-client v0.18.1
[INFO] [stderr]   Downloaded array-bytes v4.2.0
[INFO] [stderr]   Downloaded ghash v0.4.4
[INFO] [stderr]   Downloaded subxt-lightclient v0.32.1
[INFO] [stderr]   Downloaded jsonrpsee-types v0.20.1
[INFO] [stderr]   Downloaded subxt-codegen v0.32.1
[INFO] [stderr]   Downloaded scale-encode v0.5.0
[INFO] [stderr]   Downloaded enum-iterator v1.4.1
[INFO] [stderr]   Downloaded sp-application-crypto v7.0.0
[INFO] [stderr]   Downloaded sp-weights v4.0.0
[INFO] [stderr]   Downloaded scale-decode-derive v0.9.0
[INFO] [stderr]   Downloaded scale-encode-derive v0.5.0
[INFO] [stderr]   Downloaded constant_time_eq v0.2.6
[INFO] [stderr]   Downloaded prometheus-client-derive-text-encode v0.3.0
[INFO] [stderr]   Downloaded sp-core-hashing v9.0.0
[INFO] [stderr]   Downloaded scale-info-derive v2.9.0
[INFO] [stderr]   Downloaded scale-info v2.9.0
[INFO] [stderr]   Downloaded asn1_der v0.7.6
[INFO] [stderr]   Downloaded ss58-registry v1.43.0
[INFO] [stderr]   Downloaded enum-iterator-derive v1.2.1
[INFO] [stderr]   Downloaded wasmi v0.13.2
[INFO] [stderr]   Downloaded sp-debug-derive v5.0.0
[INFO] [stderr]   Downloaded sp-std v8.0.0
[INFO] [stderr]   Downloaded wasmi_arena v0.4.0
[INFO] [stderr]   Downloaded sp-tracing v6.0.0
[INFO] [stderr]   Downloaded parity-scale-codec v3.6.4
[INFO] [stderr]   Downloaded prost-codec v0.3.0
[INFO] [stderr]   Downloaded sp-storage v7.0.0
[INFO] [stderr]   Downloaded parity-util-mem-derive v0.1.0
[INFO] [stderr]   Downloaded multiaddr v0.16.0
[INFO] [stderr]   Downloaded data-encoding-macro v0.1.13
[INFO] [stderr]   Downloaded substrate-bip39 v0.4.4
[INFO] [stderr]   Downloaded trie-root v0.17.0
[INFO] [stderr]   Downloaded sp-runtime-interface-proc-macro v6.0.0
[INFO] [stderr]   Downloaded parity-util-mem v0.12.0
[INFO] [stderr]   Downloaded wasmi-validation v0.5.0
[INFO] running `Command { std: "docker" "create" "-v" "/var/lib/crater-agent-workspace/builds/worker-1-tc1/target:/opt/rustwide/target:rw,Z" "-v" "/var/lib/crater-agent-workspace/builds/worker-1-tc1/source:/opt/rustwide/workdir:ro,Z" "-v" "/var/lib/crater-agent-workspace/cargo-home:/opt/rustwide/cargo-home:ro,Z" "-v" "/var/lib/crater-agent-workspace/rustup-home:/opt/rustwide/rustup-home:ro,Z" "-e" "SOURCE_DIR=/opt/rustwide/workdir" "-e" "CARGO_TARGET_DIR=/opt/rustwide/target" "-e" "CARGO_HOME=/opt/rustwide/cargo-home" "-e" "RUSTUP_HOME=/opt/rustwide/rustup-home" "-w" "/opt/rustwide/workdir" "-m" "1610612736" "--user" "0:0" "--network" "none" "ghcr.io/rust-lang/crates-build-env/linux@sha256:2788e3201cd34a07e3172128adcd8b3090168a8e3bcc40d7c032b9dda1df7d1c" "/opt/rustwide/cargo-home/bin/cargo" "+nightly-2024-02-05" "metadata" "--no-deps" "--format-version=1", kill_on_drop: false }`
[INFO] [stdout] 206ce47a5972e8df6bb3d9018c8ef7797d7194cf4f96cfcefdf9fe5edcb6b316
[INFO] running `Command { std: "docker" "start" "-a" "206ce47a5972e8df6bb3d9018c8ef7797d7194cf4f96cfcefdf9fe5edcb6b316", kill_on_drop: false }`
[INFO] running `Command { std: "docker" "inspect" "206ce47a5972e8df6bb3d9018c8ef7797d7194cf4f96cfcefdf9fe5edcb6b316", kill_on_drop: false }`
[INFO] running `Command { std: "docker" "rm" "-f" "206ce47a5972e8df6bb3d9018c8ef7797d7194cf4f96cfcefdf9fe5edcb6b316", kill_on_drop: false }`
[INFO] [stdout] 206ce47a5972e8df6bb3d9018c8ef7797d7194cf4f96cfcefdf9fe5edcb6b316
[INFO] running `Command { std: "docker" "create" "-v" "/var/lib/crater-agent-workspace/builds/worker-1-tc1/target:/opt/rustwide/target:rw,Z" "-v" "/var/lib/crater-agent-workspace/builds/worker-1-tc1/source:/opt/rustwide/workdir:ro,Z" "-v" "/var/lib/crater-agent-workspace/cargo-home:/opt/rustwide/cargo-home:ro,Z" "-v" "/var/lib/crater-agent-workspace/rustup-home:/opt/rustwide/rustup-home:ro,Z" "-e" "SOURCE_DIR=/opt/rustwide/workdir" "-e" "CARGO_TARGET_DIR=/opt/rustwide/target" "-e" "CARGO_INCREMENTAL=0" "-e" "RUST_BACKTRACE=full" "-e" "RUSTFLAGS=--cap-lints=forbid" "-e" "RUSTDOCFLAGS=--cap-lints=forbid" "-e" "CARGO_HOME=/opt/rustwide/cargo-home" "-e" "RUSTUP_HOME=/opt/rustwide/rustup-home" "-w" "/opt/rustwide/workdir" "-m" "1610612736" "--user" "0:0" "--network" "none" "ghcr.io/rust-lang/crates-build-env/linux@sha256:2788e3201cd34a07e3172128adcd8b3090168a8e3bcc40d7c032b9dda1df7d1c" "/opt/rustwide/cargo-home/bin/cargo" "+nightly-2024-02-05" "check" "--frozen" "--all" "--all-targets" "--message-format=json", kill_on_drop: false }`
[INFO] [stdout] ad2b835dbddf61a2023746dd1312ab09b434d42510047b2065eb7dfa67be590f
[INFO] running `Command { std: "docker" "start" "-a" "ad2b835dbddf61a2023746dd1312ab09b434d42510047b2065eb7dfa67be590f", kill_on_drop: false }`
[INFO] [stderr]    Compiling proc-macro2 v1.0.69
[INFO] [stderr]    Compiling unicode-ident v1.0.11
[INFO] [stderr]    Compiling version_check v0.9.4
[INFO] [stderr]    Compiling libc v0.2.150
[INFO] [stderr]    Compiling serde v1.0.192
[INFO] [stderr]    Compiling typenum v1.16.0
[INFO] [stderr]    Compiling thiserror v1.0.50
[INFO] [stderr]    Compiling memchr v2.5.0
[INFO] [stderr]    Compiling syn v1.0.109
[INFO] [stderr]     Checking once_cell v1.18.0
[INFO] [stderr]    Compiling generic-array v0.14.7
[INFO] [stderr]    Compiling futures-core v0.3.29
[INFO] [stderr]     Checking bytes v1.4.0
[INFO] [stderr]    Compiling futures-channel v0.3.29
[INFO] [stderr]    Compiling quote v1.0.33
[INFO] [stderr]    Compiling futures-task v0.3.29
[INFO] [stderr]    Compiling futures-util v0.3.29
[INFO] [stderr]    Compiling syn v2.0.39
[INFO] [stderr]     Checking ppv-lite86 v0.2.17
[INFO] [stderr]     Checking smallvec v1.11.0
[INFO] [stderr]    Compiling cc v1.0.83
[INFO] [stderr]     Checking subtle v2.4.1
[INFO] [stderr]    Compiling serde_json v1.0.108
[INFO] [stderr]     Checking arrayvec v0.7.4
[INFO] [stderr]     Checking tracing-core v0.1.32
[INFO] [stderr]     Checking getrandom v0.2.10
[INFO] [stderr]     Checking byteorder v1.5.0
[INFO] [stderr]     Checking rand_core v0.6.4
[INFO] [stderr]     Checking log v0.4.20
[INFO] [stderr]     Checking itoa v1.0.9
[INFO] [stderr]     Checking rand_chacha v0.3.1
[INFO] [stderr]     Checking futures-io v0.3.29
[INFO] [stderr]    Compiling convert_case v0.4.0
[INFO] [stderr]     Checking byte-slice-cast v1.2.2
[INFO] [stderr]     Checking rand v0.8.5
[INFO] [stderr]     Checking num_cpus v1.16.0
[INFO] [stderr]    Compiling num-traits v0.2.17
[INFO] [stderr]     Checking futures-sink v0.3.29
[INFO] [stderr]    Compiling anyhow v1.0.75
[INFO] [stderr]     Checking digest v0.9.0
[INFO] [stderr]    Compiling ring v0.16.20
[INFO] [stderr]    Compiling lock_api v0.4.10
[INFO] [stderr]    Compiling parking_lot_core v0.9.8
[INFO] [stderr]    Compiling radium v0.7.0
[INFO] [stderr]     Checking static_assertions v1.1.0
[INFO] [stderr]     Checking scopeguard v1.2.0
[INFO] [stderr]     Checking cpufeatures v0.2.9
[INFO] [stderr]     Checking tap v1.0.1
[INFO] [stderr]     Checking wyz v0.5.1
[INFO] [stderr]    Compiling ahash v0.7.6
[INFO] [stderr]     Checking parking_lot v0.12.1
[INFO] [stderr]     Checking funty v2.0.0
[INFO] [stderr]     Checking ryu v1.0.15
[INFO] [stderr]    Compiling httparse v1.8.0
[INFO] [stderr]     Checking opaque-debug v0.3.0
[INFO] [stderr]     Checking block-buffer v0.9.0
[INFO] [stderr]    Compiling fnv v1.0.7
[INFO] [stderr]    Compiling indexmap v1.9.3
[INFO] [stderr]    Compiling crunchy v0.2.2
[INFO] [stderr]     Checking hashbrown v0.12.3
[INFO] [stderr]     Checking bitvec v1.0.1
[INFO] [stderr]    Compiling getrandom v0.1.16
[INFO] [stderr]    Compiling async-trait v0.1.74
[INFO] [stderr]    Compiling num-integer v0.1.45
[INFO] [stderr]     Checking hex v0.4.3
[INFO] [stderr]    Compiling pin-project-lite v0.2.13
[INFO] [stderr]     Checking crypto-common v0.1.6
[INFO] [stderr]     Checking block-buffer v0.10.4
[INFO] [stderr]    Compiling num-bigint v0.4.4
[INFO] [stderr]     Checking rand_core v0.5.1
[INFO] [stderr]     Checking rustc-hex v2.1.0
[INFO] [stderr]     Checking rustc-hash v1.1.0
[INFO] [stderr]     Checking digest v0.10.7
[INFO] [stderr]    Compiling num-rational v0.4.1
[INFO] [stderr]     Checking tinyvec_macros v0.1.1
[INFO] [stderr]    Compiling cfg-if v1.0.0
[INFO] [stderr]     Checking tinyvec v1.6.0
[INFO] [stderr]     Checking fixed-hash v0.8.0
[INFO] [stderr]     Checking uint v0.9.5
[INFO] [stderr]    Compiling aho-corasick v1.0.4
[INFO] [stderr]     Checking mio v0.8.9
[INFO] [stderr]     Checking signal-hook-registry v1.4.1
[INFO] [stderr]     Checking socket2 v0.5.5
[INFO] [stderr]    Compiling regex-syntax v0.7.5
[INFO] [stderr]     Checking keccak v0.1.4
[INFO] [stderr]     Checking base64 v0.13.1
[INFO] [stderr]    Compiling libm v0.2.7
[INFO] [stderr]     Checking spin v0.5.2
[INFO] [stderr]     Checking untrusted v0.7.1
[INFO] [stderr]     Checking unicode-normalization v0.1.22
[INFO] [stderr]     Checking sharded-slab v0.1.4
[INFO] [stderr]     Checking thread_local v1.1.7
[INFO] [stderr]    Compiling unicode-xid v0.2.4
[INFO] [stderr]     Checking arrayref v0.3.7
[INFO] [stderr]     Checking sp-std v5.0.0
[INFO] [stderr]     Checking sha2 v0.9.9
[INFO] [stderr]    Compiling serde_derive v1.0.192
[INFO] [stderr]    Compiling thiserror-impl v1.0.50
[INFO] [stderr]    Compiling tracing-attributes v0.1.27
[INFO] [stderr]    Compiling futures-macro v0.3.29
[INFO] [stderr]    Compiling impl-trait-for-tuples v0.2.2
[INFO] [stderr]    Compiling derive_more v0.99.17
[INFO] [stderr]    Compiling tokio-macros v2.2.0
[INFO] [stderr]    Compiling zeroize_derive v1.4.2
[INFO] [stderr]     Checking tokio v1.34.0
[INFO] [stderr]     Checking tracing v0.1.40
[INFO] [stderr]    Compiling regex-automata v0.3.7
[INFO] [stderr]     Checking zeroize v1.6.0
[INFO] [stderr]    Compiling pin-project-internal v1.1.3
[INFO] [stderr]     Checking futures-executor v0.3.29
[INFO] [stderr]     Checking futures v0.3.29
[INFO] [stderr]     Checking crypto-mac v0.11.1
[INFO] [stderr]     Checking generic-array v0.12.4
[INFO] [stderr]    Compiling regex v1.9.4
[INFO] [stderr]    Compiling slab v0.4.9
[INFO] [stderr]    Compiling lazy_static v1.4.0
[INFO] [stderr]    Compiling pin-utils v0.1.0
[INFO] [stderr]     Checking event-listener v2.5.3
[INFO] [stderr]     Checking downcast-rs v1.2.0
[INFO] [stderr]    Compiling libsecp256k1-core v0.3.0
[INFO] [stderr]     Checking async-lock v2.8.0
[INFO] [stderr]    Compiling Inflector v0.11.4
[INFO] [stderr]     Checking http v0.2.9
[INFO] [stderr]     Checking crypto-mac v0.8.0
[INFO] [stderr]     Checking socket2 v0.4.9
[INFO] [stderr]    Compiling ref-cast v1.0.20
[INFO] [stderr]     Checking regex-syntax v0.6.29
[INFO] [stderr]    Compiling ident_case v1.0.1
[INFO] [stderr]    Compiling strsim v0.10.0
[INFO] [stderr]     Checking byte-tools v0.3.1
[INFO] [stderr]     Checking block-padding v0.1.5
[INFO] [stderr]     Checking tokio-util v0.7.8
[INFO] [stderr]     Checking digest v0.8.1
[INFO] [stderr]     Checking hmac v0.11.0
[INFO] [stderr]    Compiling sp-debug-derive v5.0.0
[INFO] [stderr]    Compiling ref-cast-impl v1.0.20
[INFO] [stderr]     Checking sha3 v0.10.8
[INFO] [stderr]     Checking impl-serde v0.4.0
[INFO] [stderr]     Checking sha2 v0.10.8
[INFO] [stderr]     Checking twox-hash v1.6.3
[INFO] [stderr]     Checking regex-automata v0.1.10
[INFO] [stderr]    Compiling toml v0.5.11
[INFO] [stderr]     Checking rand_pcg v0.2.1
[INFO] [stderr]     Checking rand_chacha v0.2.2
[INFO] [stderr]     Checking parity-wasm v0.45.0
[INFO] [stderr]     Checking memory_units v0.4.0
[INFO] [stderr]     Checking iana-time-zone v0.1.57
[INFO] [stderr]    Compiling rustls v0.21.6
[INFO] [stderr]     Checking chrono v0.4.31
[INFO] [stderr]     Checking matchers v0.0.1
[INFO] [stderr]     Checking wasmi_core v0.2.1
[INFO] [stderr]     Checking rand v0.7.3
[INFO] [stderr]    Compiling proc-macro-crate v1.1.3
[INFO] [stderr]     Checking wasmi-validation v0.5.0
[INFO] [stderr]     Checking beef v0.5.2
[INFO] [stderr]     Checking tracing-serde v0.1.3
[INFO] [stderr]     Checking block-buffer v0.7.3
[INFO] [stderr]    Compiling libsecp256k1-gen-ecmult v0.3.0
[INFO] [stderr]    Compiling libsecp256k1-gen-genmult v0.3.0
[INFO] [stderr]     Checking hmac v0.8.1
[INFO] [stderr]     Checking sct v0.7.0
[INFO] [stderr]     Checking rustls-webpki v0.101.4
[INFO] [stderr]     Checking blake2 v0.10.6
[INFO] [stderr]     Checking tracing-log v0.1.3
[INFO] [stderr]    Compiling secp256k1-sys v0.6.1
[INFO] [stderr]     Checking fake-simd v0.1.2
[INFO] [stderr]    Compiling parity-scale-codec-derive v3.6.4
[INFO] [stderr]    Compiling scale-info-derive v2.9.0
[INFO] [stderr]     Checking opaque-debug v0.2.3
[INFO] [stderr]     Checking ansi_term v0.12.1
[INFO] [stderr]     Checking base64 v0.21.5
[INFO] [stderr]     Checking hash-db v0.15.2
[INFO] [stderr]     Checking rustls-pemfile v1.0.3
[INFO] [stderr]     Checking tracing-subscriber v0.2.25
[INFO] [stderr]     Checking sha2 v0.8.2
[INFO] [stderr]    Compiling libsecp256k1 v0.7.1
[INFO] [stderr]     Checking wasmi v0.13.2
[INFO] [stderr]    Compiling ss58-registry v1.43.0
[INFO] [stderr]     Checking curve25519-dalek v2.1.3
[INFO] [stderr]     Checking merlin v2.0.1
[INFO] [stderr]     Checking arrayvec v0.5.2
[INFO] [stderr]     Checking base58 v0.2.0
[INFO] [stderr]     Checking environmental v1.1.4
[INFO] [stderr]    Compiling try-lock v0.2.4
[INFO] [stderr]    Compiling tower-service v0.3.2
[INFO] [stderr]     Checking openssl-probe v0.1.5
[INFO] [stderr]    Compiling want v0.3.1
[INFO] [stderr]     Checking schnorrkel v0.9.1
[INFO] [stderr]     Checking tokio-rustls v0.24.1
[INFO] [stderr]     Checking rustls-native-certs v0.6.3
[INFO] [stderr]     Checking parity-scale-codec v3.6.4
[INFO] [stderr]    Compiling h2 v0.3.21
[INFO] [stderr]    Compiling http-body v0.4.5
[INFO] [stderr]    Compiling sp-runtime-interface-proc-macro v6.0.0
[INFO] [stderr]     Checking hmac-drbg v0.3.0
[INFO] [stderr]     Checking scale-info v2.9.0
[INFO] [stderr]     Checking impl-codec v0.6.0
[INFO] [stderr]     Checking sp-storage v7.0.0
[INFO] [stderr]     Checking sp-wasm-interface v7.0.0
[INFO] [stderr]     Checking sp-externalities v0.13.0
[INFO] [stderr]     Checking sp-tracing v6.0.0
[INFO] [stderr]     Checking pbkdf2 v0.4.0
[INFO] [stderr]     Checking pbkdf2 v0.8.0
[INFO] [stderr]     Checking curve25519-dalek v3.2.0
[INFO] [stderr]    Compiling dyn-clonable-impl v0.9.0
[INFO] [stderr]     Checking primitive-types v0.12.2
[INFO] [stderr]     Checking num-format v0.4.4
[INFO] [stderr]    Compiling httpdate v1.0.3
[INFO] [stderr]     Checking futures-timer v3.0.2
[INFO] [stderr]     Checking dyn-clone v1.0.13
[INFO] [stderr]     Checking dyn-clonable v0.9.0
[INFO] [stderr]     Checking ed25519-zebra v3.1.0
[INFO] [stderr]     Checking secp256k1 v0.24.3
[INFO] [stderr]     Checking substrate-bip39 v0.4.4
[INFO] [stderr]     Checking tiny-bip39 v0.8.2
[INFO] [stderr]     Checking sp-core-hashing v5.0.0
[INFO] [stderr]    Compiling darling_core v0.14.4
[INFO] [stderr]     Checking secrecy v0.8.0
[INFO] [stderr]    Compiling synstructure v0.12.6
[INFO] [stderr]     Checking hash256-std-hasher v0.15.2
[INFO] [stderr]    Compiling hyper v0.14.27
[INFO] [stderr]    Compiling backtrace v0.3.69
[INFO] [stderr]     Checking sp-runtime-interface v7.0.0
[INFO] [stderr]     Checking array-bytes v4.2.0
[INFO] [stderr]     Checking gimli v0.28.0
[INFO] [stderr]    Compiling unicode-bidi v0.3.13
[INFO] [stderr]    Compiling percent-encoding v2.3.0
[INFO] [stderr]    Compiling parity-util-mem v0.12.0
[INFO] [stderr]     Checking adler v1.0.2
[INFO] [stderr]     Checking miniz_oxide v0.7.1
[INFO] [stderr]    Compiling form_urlencoded v1.2.0
[INFO] [stderr]    Compiling darling_macro v0.14.4
[INFO] [stderr]    Compiling idna v0.4.0
[INFO] [stderr]     Checking addr2line v0.21.0
[INFO] [stderr]    Compiling parity-util-mem-derive v0.1.0
[INFO] [stderr]    Compiling jsonrpsee-types v0.20.1
[INFO] [stderr]    Compiling pin-project v1.1.3
[INFO] [stderr]     Checking sha-1 v0.9.8
[INFO] [stderr]     Checking object v0.32.0
[INFO] [stderr]     Checking sp-core v7.0.0
[INFO] [stderr]     Checking rustc-demangle v0.1.23
[INFO] [stderr]    Compiling jsonrpsee-core v0.20.1
[INFO] [stderr]     Checking soketto v0.7.1
[INFO] [stderr]    Compiling darling v0.14.4
[INFO] [stderr]    Compiling url v2.4.1
[INFO] [stderr]    Compiling io-lifetimes v1.0.11
[INFO] [stderr]    Compiling crossbeam-utils v0.8.16
[INFO] [stderr]    Compiling constant_time_eq v0.2.6
[INFO] [stderr]    Compiling paste v1.0.14
[INFO] [stderr]    Compiling tower-layer v0.3.2
[INFO] [stderr]    Compiling tower v0.4.13
[INFO] [stderr]    Compiling blake2b_simd v1.0.1
[INFO] [stderr]     Checking memory-db v0.30.0
[INFO] [stderr]    Compiling hyper-rustls v0.24.1
[INFO] [stderr]     Checking trie-root v0.17.0
[INFO] [stderr]     Checking trie-db v0.24.0
[INFO] [stderr]     Checking jsonrpsee-types v0.16.3
[INFO] [stderr]     Checking rustls-webpki v0.100.2
[INFO] [stderr]     Checking lru v0.8.1
[INFO] [stderr]    Compiling proc-macro-error-attr v1.0.4
[INFO] [stderr]    Compiling ahash v0.8.3
[INFO] [stderr]    Compiling polling v2.8.0
[INFO] [stderr]    Compiling memoffset v0.6.5
[INFO] [stderr]    Compiling rustix v0.37.23
[INFO] [stderr]    Compiling arrayvec v0.4.12
[INFO] [stderr]    Compiling heck v0.4.1
[INFO] [stderr]    Compiling sp-std v8.0.0
[INFO] [stderr]     Checking nohash-hasher v0.2.0
[INFO] [stderr]    Compiling sp-core-hashing v9.0.0
[INFO] [stderr]    Compiling frame-metadata v16.0.0
[INFO] [stderr]     Checking sp-trie v7.0.0
[INFO] [stderr]     Checking jsonrpsee-core v0.16.3
[INFO] [stderr]     Checking sp-panic-handler v5.0.0
[INFO] [stderr]     Checking webpki-roots v0.23.1
[INFO] [stderr]    Compiling jsonrpsee-http-client v0.20.1
[INFO] [stderr]    Compiling jsonrpsee-client-transport v0.20.1
[INFO] [stderr]     Checking scale-bits v0.4.0
[INFO] [stderr]    Compiling darling_core v0.20.3
[INFO] [stderr]    Compiling derivative v2.2.0
[INFO] [stderr]    Compiling enumflags2_derive v0.6.4
[INFO] [stderr]    Compiling enum-iterator-derive v1.2.1
[INFO] [stderr]    Compiling proc-macro-error v1.0.4
[INFO] [stderr]    Compiling num-iter v0.1.43
[INFO] [stderr]    Compiling async-io v1.13.0
[INFO] [stderr]     Checking nodrop v0.1.14
[INFO] [stderr]     Checking webpki-roots v0.25.2
[INFO] [stderr]     Checking parking v2.1.0
[INFO] [stderr]     Checking waker-fn v1.1.0
[INFO] [stderr]     Checking linux-raw-sys v0.3.8
[INFO] [stderr]     Checking fastrand v1.9.0
[INFO] [stderr]     Checking futures-lite v1.13.0
[INFO] [stderr]     Checking enumflags2 v0.6.4
[INFO] [stderr]    Compiling subxt-metadata v0.32.1
[INFO] [stderr]    Compiling jsonrpsee v0.20.1
[INFO] [stderr]     Checking concurrent-queue v2.2.0
[INFO] [stderr]     Checking sp-state-machine v0.13.0
[INFO] [stderr]     Checking enum-iterator v1.4.1
[INFO] [stderr]     Checking sp-keystore v0.13.0
[INFO] [stderr]    Compiling scale-decode-derive v0.9.0
[INFO] [stderr]    Compiling scale-encode-derive v0.5.0
[INFO] [stderr]    Compiling zvariant_derive v2.10.0
[INFO] [stderr]    Compiling proc-macro-crate v0.1.5
[INFO] [stderr]     Checking integer-sqrt v0.1.5
[INFO] [stderr]    Compiling darling_macro v0.20.3
[INFO] [stderr]     Checking cipher v0.3.0
[INFO] [stderr]     Checking gear-wasm v0.45.1
[INFO] [stderr]     Checking allocator-api2 v0.2.16
[INFO] [stderr]     Checking utf8parse v0.2.1
[INFO] [stderr]    Compiling rustix v0.38.25
[INFO] [stderr]     Checking indexmap-nostd v0.4.0
[INFO] [stderr]     Checking constant_time_eq v0.1.5
[INFO] [stderr]     Checking either v1.9.0
[INFO] [stderr]    Compiling darling v0.20.3
[INFO] [stderr]     Checking wasmparser-nostd v0.100.1
[INFO] [stderr]     Checking scale-decode v0.9.0
[INFO] [stderr]     Checking scale-encode v0.5.0
[INFO] [stderr]     Checking blake2-rfc v0.2.18
[INFO] [stderr]    Compiling subxt-codegen v0.32.1
[INFO] [stderr]     Checking gwasm-instrument v0.2.3
[INFO] [stderr]     Checking hashbrown v0.14.2
[INFO] [stderr]     Checking anstyle-parse v0.2.1
[INFO] [stderr]    Compiling zbus_macros v1.9.3
[INFO] [stderr]     Checking sp-arithmetic v6.0.0
[INFO] [stderr]     Checking zvariant v2.10.0
[INFO] [stderr]     Checking sp-io v7.0.0
[INFO] [stderr]     Checking nix v0.22.3
[INFO] [stderr]     Checking jsonrpsee-client-transport v0.16.3
[INFO] [stderr]     Checking frame-metadata v15.1.0
[INFO] [stderr]     Checking nb-connect v1.2.0
[INFO] [stderr]    Compiling serde_repr v0.1.16
[INFO] [stderr]     Checking tracing-subscriber v0.3.18
[INFO] [stderr]     Checking num-complex v0.4.4
[INFO] [stderr]     Checking colorchoice v1.0.0
[INFO] [stderr]     Checking bitflags v2.4.0
[INFO] [stderr]     Checking scoped-tls v1.0.1
[INFO] [stderr]     Checking yap v0.11.0
[INFO] [stderr]     Checking anstyle v1.0.2
[INFO] [stderr]     Checking block-padding v0.2.1
[INFO] [stderr]    Compiling eyre v0.6.8
[INFO] [stderr]     Checking linux-raw-sys v0.4.11
[INFO] [stderr]     Checking anstyle-query v1.0.0
[INFO] [stderr]     Checking block-modes v0.8.1
[INFO] [stderr]     Checking anstream v0.6.4
[INFO] [stderr]     Checking scale-value v0.12.0
[INFO] [stderr]     Checking num v0.4.1
[INFO] [stderr]     Checking tracing-error v0.2.0
[INFO] [stderr]     Checking sp-application-crypto v7.0.0
[INFO] [stderr]     Checking jsonrpsee-ws-client v0.16.3
[INFO] [stderr]     Checking sp-weights v4.0.0
[INFO] [stderr]     Checking gear-wasm-instrument v1.0.2-pre.15
[INFO] [stderr]     Checking gear-core-errors v1.0.2
[INFO] [stderr]     Checking aes v0.7.5
[INFO] [stderr]     Checking jsonrpsee-http-client v0.16.3
[INFO] [stderr]     Checking hkdf v0.11.0
[INFO] [stderr]     Checking gsys v1.0.2-pre.15
[INFO] [stderr]     Checking indenter v0.3.3
[INFO] [stderr]    Compiling gsdk v1.0.2-pre.15
[INFO] [stderr]     Checking equivalent v1.0.1
[INFO] [stderr]     Checking owo-colors v3.5.0
[INFO] [stderr]     Checking clap_lex v0.6.0
[INFO] [stderr]     Checking indexmap v2.1.0
[INFO] [stderr]     Checking is-terminal v0.4.9
[INFO] [stderr]     Checking zbus v1.9.3
[INFO] [stderr]     Checking clap_builder v4.4.8
[INFO] [stderr]     Checking gear-core v1.0.2-pre.15
[INFO] [stderr]     Checking sp-runtime v7.0.0
[INFO] [stderr]     Checking jsonrpsee v0.16.3
[INFO] [stderr]     Checking wasmi_core v0.12.0
[INFO] [stderr]    Compiling clap_derive v4.4.7
[INFO] [stderr]     Checking serde_urlencoded v0.7.1
[INFO] [stderr]     Checking color-spantrace v0.2.0
[INFO] [stderr]    Compiling gsdk-codegen v1.0.2-pre.15
[INFO] [stderr]     Checking dirs-sys v0.3.7
[INFO] [stderr]     Checking secret-service v2.0.2
[INFO] [stderr]     Checking encoding_rs v0.8.33
[INFO] [stderr]     Checking wasmi_arena v0.4.0
[INFO] [stderr]     Checking mime v0.3.17
[INFO] [stderr]     Checking intx v0.1.0
[INFO] [stderr]     Checking spin v0.9.8
[INFO] [stderr]     Checking ipnet v2.8.0
[INFO] [stderr]     Checking termcolor v1.2.0
[INFO] [stderr]     Checking humantime v2.1.0
[INFO] [stderr]     Checking keyring v1.2.1
[INFO] [stderr]     Checking env_logger v0.10.1
[INFO] [stderr]     Checking dirs v4.0.0
[INFO] [stderr]     Checking color-eyre v0.6.2
[INFO] [stderr]     Checking gmeta v1.0.2-pre.15
[INFO] [stderr]     Checking etc v0.1.16
[INFO] [stderr]     Checking whoami v1.4.1
[INFO] [stderr]     Checking reqwest v0.11.22
[INFO] [stderr]     Checking nacl v0.5.3
[INFO] [stderr]     Checking wasmi v0.30.0
[INFO] [stderr]     Checking clap v4.4.8
[INFO] [stderr]    Compiling subxt-macro v0.32.1
[INFO] [stderr]     Checking subxt v0.32.1
[INFO] [stderr]     Checking gcli v1.0.2-354d660.10 (/opt/rustwide/workdir)
[INFO] [stdout] error[E0432]: unresolved import `demo_new_meta`
[INFO] [stdout]    --> src/meta/tests.rs:118:9
[INFO] [stdout]     |
[INFO] [stdout] 118 |     use demo_new_meta::WASM_METADATA;
[INFO] [stdout]     |         ^^^^^^^^^^^^^ use of undeclared crate or module `demo_new_meta`
[INFO] [stdout] 
[INFO] [stdout] 
[INFO] [stdout] error[E0432]: unresolved import `demo_new_meta`
[INFO] [stdout]    --> src/meta/tests.rs:125:9
[INFO] [stdout]     |
[INFO] [stdout] 125 |     use demo_new_meta::META_WASM_V1;
[INFO] [stdout]     |         ^^^^^^^^^^^^^ use of undeclared crate or module `demo_new_meta`
[INFO] [stdout] 
[INFO] [stdout] 
[INFO] [stdout] error[E0432]: unresolved import `demo_new_meta`
[INFO] [stdout]    --> src/meta/tests.rs:132:9
[INFO] [stdout]     |
[INFO] [stdout] 132 |     use demo_new_meta::META_WASM_V2;
[INFO] [stdout]     |         ^^^^^^^^^^^^^ use of undeclared crate or module `demo_new_meta`
[INFO] [stdout] 
[INFO] [stdout] 
[INFO] [stdout] error[E0432]: unresolved import `demo_new_meta`
[INFO] [stdout]    --> src/meta/tests.rs:139:9
[INFO] [stdout]     |
[INFO] [stdout] 139 |     use demo_new_meta::META_WASM_V3;
[INFO] [stdout]     |         ^^^^^^^^^^^^^ use of undeclared crate or module `demo_new_meta`
[INFO] [stdout] 
[INFO] [stdout] 
[INFO] [stdout] error: aborting due to 4 previous errors
[INFO] [stdout] 
[INFO] [stdout] 
[INFO] [stdout] For more information about this error, try `rustc --explain E0432`.
[INFO] [stdout] 
[INFO] [stderr] error: could not compile `gcli` (lib test) due to 5 previous errors
[INFO] [stderr] warning: build failed, waiting for other jobs to finish...
[INFO] running `Command { std: "docker" "inspect" "ad2b835dbddf61a2023746dd1312ab09b434d42510047b2065eb7dfa67be590f", kill_on_drop: false }`
[INFO] running `Command { std: "docker" "rm" "-f" "ad2b835dbddf61a2023746dd1312ab09b434d42510047b2065eb7dfa67be590f", kill_on_drop: false }`
[INFO] [stdout] ad2b835dbddf61a2023746dd1312ab09b434d42510047b2065eb7dfa67be590f
