[INFO] fetching crate garnet 0.0.0...
[INFO] checking garnet-0.0.0 against nightly-2024-02-05 for check-cfg
[INFO] extracting crate garnet 0.0.0 into /workspace/builds/worker-6-tc1/source
[INFO] validating manifest of crates.io crate garnet 0.0.0 on toolchain nightly-2024-02-05
[INFO] running `Command { std: CARGO_HOME="/workspace/cargo-home" RUSTUP_HOME="/workspace/rustup-home" "/workspace/cargo-home/bin/cargo" "+nightly-2024-02-05" "metadata" "--manifest-path" "Cargo.toml" "--no-deps", kill_on_drop: false }`
[INFO] started tweaking crates.io crate garnet 0.0.0
[INFO] finished tweaking crates.io crate garnet 0.0.0
[INFO] tweaked toml for crates.io crate garnet 0.0.0 written to /workspace/builds/worker-6-tc1/source/Cargo.toml
[INFO] crate crates.io crate garnet 0.0.0 already has a lockfile, it will not be regenerated
[INFO] running `Command { std: CARGO_HOME="/workspace/cargo-home" RUSTUP_HOME="/workspace/rustup-home" "/workspace/cargo-home/bin/cargo" "+nightly-2024-02-05" "fetch" "--manifest-path" "Cargo.toml", kill_on_drop: false }`
[INFO] [stderr]  Downloading crates ...
[INFO] [stderr]   Downloaded intl-memoizer v0.5.0
[INFO] [stderr]   Downloaded type-map v0.3.0
[INFO] [stderr]   Downloaded yaml-rust v0.3.5
[INFO] [stderr]   Downloaded unic-langid-impl v0.9.0
[INFO] [stderr]   Downloaded rental-impl v0.5.5
[INFO] [stderr]   Downloaded fluent v0.12.0
[INFO] [stderr]   Downloaded unic-langid v0.9.0
[INFO] [stderr]   Downloaded proc-macro-hack v0.5.15
[INFO] [stderr]   Downloaded intl_pluralrules v7.0.0
[INFO] [stderr]   Downloaded fluent-bundle v0.12.0
[INFO] [stderr]   Downloaded proc-macro2 v1.0.13
[INFO] [stderr]   Downloaded rental v0.5.5
[INFO] [stderr]   Downloaded tinystr v0.3.2
[INFO] [stderr]   Downloaded fluent-syntax v0.9.3
[INFO] [stderr]   Downloaded syn v1.0.22
[INFO] [stderr]   Downloaded libc v0.2.70
[INFO] [stderr]   Downloaded anyhow v1.0.31
[INFO] [stderr]   Downloaded unic-langid-macros v0.9.0
[INFO] [stderr]   Downloaded unic-langid-macros-impl v0.9.0
[INFO] running `Command { std: "docker" "create" "-v" "/var/lib/crater-agent-workspace/builds/worker-6-tc1/target:/opt/rustwide/target:rw,Z" "-v" "/var/lib/crater-agent-workspace/builds/worker-6-tc1/source:/opt/rustwide/workdir:ro,Z" "-v" "/var/lib/crater-agent-workspace/cargo-home:/opt/rustwide/cargo-home:ro,Z" "-v" "/var/lib/crater-agent-workspace/rustup-home:/opt/rustwide/rustup-home:ro,Z" "-e" "SOURCE_DIR=/opt/rustwide/workdir" "-e" "CARGO_TARGET_DIR=/opt/rustwide/target" "-e" "CARGO_HOME=/opt/rustwide/cargo-home" "-e" "RUSTUP_HOME=/opt/rustwide/rustup-home" "-w" "/opt/rustwide/workdir" "-m" "1610612736" "--user" "0:0" "--network" "none" "ghcr.io/rust-lang/crates-build-env/linux@sha256:2788e3201cd34a07e3172128adcd8b3090168a8e3bcc40d7c032b9dda1df7d1c" "/opt/rustwide/cargo-home/bin/cargo" "+nightly-2024-02-05" "metadata" "--no-deps" "--format-version=1", kill_on_drop: false }`
[INFO] [stdout] 185981b891b8559fe3125af003ddb1e4fc1e5e84ee8a67bcd3c6643e8a232ea3
[INFO] running `Command { std: "docker" "start" "-a" "185981b891b8559fe3125af003ddb1e4fc1e5e84ee8a67bcd3c6643e8a232ea3", kill_on_drop: false }`
[INFO] running `Command { std: "docker" "inspect" "185981b891b8559fe3125af003ddb1e4fc1e5e84ee8a67bcd3c6643e8a232ea3", kill_on_drop: false }`
[INFO] running `Command { std: "docker" "rm" "-f" "185981b891b8559fe3125af003ddb1e4fc1e5e84ee8a67bcd3c6643e8a232ea3", kill_on_drop: false }`
[INFO] [stdout] 185981b891b8559fe3125af003ddb1e4fc1e5e84ee8a67bcd3c6643e8a232ea3
[INFO] running `Command { std: "docker" "create" "-v" "/var/lib/crater-agent-workspace/builds/worker-6-tc1/target:/opt/rustwide/target:rw,Z" "-v" "/var/lib/crater-agent-workspace/builds/worker-6-tc1/source:/opt/rustwide/workdir:ro,Z" "-v" "/var/lib/crater-agent-workspace/cargo-home:/opt/rustwide/cargo-home:ro,Z" "-v" "/var/lib/crater-agent-workspace/rustup-home:/opt/rustwide/rustup-home:ro,Z" "-e" "SOURCE_DIR=/opt/rustwide/workdir" "-e" "CARGO_TARGET_DIR=/opt/rustwide/target" "-e" "CARGO_INCREMENTAL=0" "-e" "RUST_BACKTRACE=full" "-e" "RUSTFLAGS=--cap-lints=forbid" "-e" "RUSTDOCFLAGS=--cap-lints=forbid" "-e" "CARGO_HOME=/opt/rustwide/cargo-home" "-e" "RUSTUP_HOME=/opt/rustwide/rustup-home" "-w" "/opt/rustwide/workdir" "-m" "1610612736" "--user" "0:0" "--network" "none" "ghcr.io/rust-lang/crates-build-env/linux@sha256:2788e3201cd34a07e3172128adcd8b3090168a8e3bcc40d7c032b9dda1df7d1c" "/opt/rustwide/cargo-home/bin/cargo" "+nightly-2024-02-05" "check" "--frozen" "--all" "--all-targets" "--message-format=json", kill_on_drop: false }`
[INFO] [stdout] 63721c17111fd266b1cbb5a76163c1b6a03838c6c1655ce79a107ef4a8d69bb1
[INFO] running `Command { std: "docker" "start" "-a" "63721c17111fd266b1cbb5a76163c1b6a03838c6c1655ce79a107ef4a8d69bb1", kill_on_drop: false }`
[INFO] [stderr]    Compiling proc-macro2 v1.0.13
[INFO] [stderr]    Compiling unicode-xid v0.2.0
[INFO] [stderr]    Compiling syn v1.0.22
[INFO] [stderr]    Compiling tinystr v0.3.2
[INFO] [stderr]    Compiling proc-macro-hack v0.5.15
[INFO] [stderr]    Compiling byteorder v1.3.4
[INFO] [stderr]    Compiling anyhow v1.0.31
[INFO] [stderr]    Compiling libc v0.2.70
[INFO] [stderr]     Checking stable_deref_trait v1.1.1
[INFO] [stderr]     Checking unicode-width v0.1.7
[INFO] [stderr]    Compiling winapi v0.3.8
[INFO] [stderr]     Checking smallvec v1.4.0
[INFO] [stderr]     Checking fluent-syntax v0.9.3
[INFO] [stderr]     Checking strsim v0.8.0
[INFO] [stderr]     Checking vec_map v0.8.2
[INFO] [stderr]    Compiling unic-langid-impl v0.9.0
[INFO] [stderr]     Checking ansi_term v0.11.0
[INFO] [stderr]     Checking yaml-rust v0.3.5
[INFO] [stderr]     Checking textwrap v0.11.0
[INFO] [stderr]    Compiling garnet v0.0.0 (/opt/rustwide/workdir)
[INFO] [stderr]     Checking fxhash v0.2.1
[INFO] [stderr]     Checking type-map v0.3.0
[INFO] [stderr]    Compiling quote v1.0.5
[INFO] [stderr]     Checking atty v0.2.14
[INFO] [stderr]     Checking clap v2.33.1
[INFO] [stderr]    Compiling unic-langid-macros-impl v0.9.0
[INFO] [stderr]    Compiling rental-impl v0.5.5
[INFO] [stderr]     Checking unic-langid-macros v0.9.0
[INFO] [stderr]     Checking unic-langid v0.9.0
[INFO] [stderr]     Checking intl-memoizer v0.5.0
[INFO] [stderr]     Checking fluent-langneg v0.13.0
[INFO] [stderr]     Checking intl_pluralrules v7.0.0
[INFO] [stderr]     Checking rental v0.5.5
[INFO] [stderr]     Checking fluent-bundle v0.12.0
[INFO] [stderr]     Checking fluent v0.12.0
[INFO] [stdout] error[E0425]: cannot find function `get_current_locale` in this scope
[INFO] [stdout]   --> src/localize.rs:30:23
[INFO] [stdout]    |
[INFO] [stdout] 30 |         let system_locale = get_current_locale()?;
[INFO] [stdout]    |                             ^^^^^^^^^^^^^^^^^^ not found in this scope
[INFO] [stdout] 
[INFO] [stdout] 
[INFO] [stdout] error[E0425]: cannot find function `get_current_locale` in this scope
[INFO] [stdout]   --> src/localize.rs:30:23
[INFO] [stdout]    |
[INFO] [stdout] 30 |         let system_locale = get_current_locale()?;
[INFO] [stdout]    |                             ^^^^^^^^^^^^^^^^^^ not found in this scope
[INFO] [stdout] 
[INFO] [stdout] 
[INFO] [stdout] error: aborting due to 1 previous error
[INFO] [stdout] 
[INFO] [stdout] 
[INFO] [stdout] For more information about this error, try `rustc --explain E0425`.
[INFO] [stdout] 
[INFO] [stdout] error: aborting due to 1 previous error
[INFO] [stdout] 
[INFO] [stdout] 
[INFO] [stdout] For more information about this error, try `rustc --explain E0425`.
[INFO] [stdout] 
[INFO] [stderr] error: could not compile `garnet` (bin "garnet") due to 2 previous errors
[INFO] [stderr] warning: build failed, waiting for other jobs to finish...
[INFO] [stderr] error: could not compile `garnet` (bin "garnet" test) due to 2 previous errors
[INFO] running `Command { std: "docker" "inspect" "63721c17111fd266b1cbb5a76163c1b6a03838c6c1655ce79a107ef4a8d69bb1", kill_on_drop: false }`
[INFO] running `Command { std: "docker" "rm" "-f" "63721c17111fd266b1cbb5a76163c1b6a03838c6c1655ce79a107ef4a8d69bb1", kill_on_drop: false }`
[INFO] [stdout] 63721c17111fd266b1cbb5a76163c1b6a03838c6c1655ce79a107ef4a8d69bb1
[INFO] checking garnet-0.0.0 against nightly-2024-02-05+rustflags=-Dunexpected_cfgs+cargoflags=-Zcheck-cfg for check-cfg
[INFO] extracting crate garnet 0.0.0 into /workspace/builds/worker-6-tc2/source
[INFO] validating manifest of crates.io crate garnet 0.0.0 on toolchain nightly-2024-02-05
[INFO] running `Command { std: CARGO_HOME="/workspace/cargo-home" RUSTUP_HOME="/workspace/rustup-home" "/workspace/cargo-home/bin/cargo" "+nightly-2024-02-05" "metadata" "--manifest-path" "Cargo.toml" "--no-deps", kill_on_drop: false }`
[INFO] started tweaking crates.io crate garnet 0.0.0
[INFO] finished tweaking crates.io crate garnet 0.0.0
[INFO] tweaked toml for crates.io crate garnet 0.0.0 written to /workspace/builds/worker-6-tc2/source/Cargo.toml
[INFO] crate crates.io crate garnet 0.0.0 already has a lockfile, it will not be regenerated
[INFO] running `Command { std: CARGO_HOME="/workspace/cargo-home" RUSTUP_HOME="/workspace/rustup-home" "/workspace/cargo-home/bin/cargo" "+nightly-2024-02-05" "fetch" "--manifest-path" "Cargo.toml", kill_on_drop: false }`
[INFO] running `Command { std: "docker" "create" "-v" "/var/lib/crater-agent-workspace/builds/worker-6-tc2/target:/opt/rustwide/target:rw,Z" "-v" "/var/lib/crater-agent-workspace/builds/worker-6-tc2/source:/opt/rustwide/workdir:ro,Z" "-v" "/var/lib/crater-agent-workspace/cargo-home:/opt/rustwide/cargo-home:ro,Z" "-v" "/var/lib/crater-agent-workspace/rustup-home:/opt/rustwide/rustup-home:ro,Z" "-e" "SOURCE_DIR=/opt/rustwide/workdir" "-e" "CARGO_TARGET_DIR=/opt/rustwide/target" "-e" "CARGO_HOME=/opt/rustwide/cargo-home" "-e" "RUSTUP_HOME=/opt/rustwide/rustup-home" "-w" "/opt/rustwide/workdir" "-m" "1610612736" "--user" "0:0" "--network" "none" "ghcr.io/rust-lang/crates-build-env/linux@sha256:2788e3201cd34a07e3172128adcd8b3090168a8e3bcc40d7c032b9dda1df7d1c" "/opt/rustwide/cargo-home/bin/cargo" "+nightly-2024-02-05" "metadata" "--no-deps" "--format-version=1", kill_on_drop: false }`
[INFO] [stdout] 648ab1c5b139ccebcbfba852f0959c4ed6ead88acd719645f4a9681ec6f14bb8
[INFO] running `Command { std: "docker" "start" "-a" "648ab1c5b139ccebcbfba852f0959c4ed6ead88acd719645f4a9681ec6f14bb8", kill_on_drop: false }`
[INFO] running `Command { std: "docker" "inspect" "648ab1c5b139ccebcbfba852f0959c4ed6ead88acd719645f4a9681ec6f14bb8", kill_on_drop: false }`
[INFO] running `Command { std: "docker" "rm" "-f" "648ab1c5b139ccebcbfba852f0959c4ed6ead88acd719645f4a9681ec6f14bb8", kill_on_drop: false }`
[INFO] [stdout] 648ab1c5b139ccebcbfba852f0959c4ed6ead88acd719645f4a9681ec6f14bb8
[INFO] running `Command { std: "docker" "create" "-v" "/var/lib/crater-agent-workspace/builds/worker-6-tc2/target:/opt/rustwide/target:rw,Z" "-v" "/var/lib/crater-agent-workspace/builds/worker-6-tc2/source:/opt/rustwide/workdir:ro,Z" "-v" "/var/lib/crater-agent-workspace/cargo-home:/opt/rustwide/cargo-home:ro,Z" "-v" "/var/lib/crater-agent-workspace/rustup-home:/opt/rustwide/rustup-home:ro,Z" "-e" "SOURCE_DIR=/opt/rustwide/workdir" "-e" "CARGO_TARGET_DIR=/opt/rustwide/target" "-e" "CARGO_INCREMENTAL=0" "-e" "RUST_BACKTRACE=full" "-e" "RUSTFLAGS=--cap-lints=forbid -Dunexpected_cfgs" "-e" "RUSTDOCFLAGS=--cap-lints=forbid" "-e" "CARGO_HOME=/opt/rustwide/cargo-home" "-e" "RUSTUP_HOME=/opt/rustwide/rustup-home" "-w" "/opt/rustwide/workdir" "-m" "1610612736" "--user" "0:0" "--network" "none" "ghcr.io/rust-lang/crates-build-env/linux@sha256:2788e3201cd34a07e3172128adcd8b3090168a8e3bcc40d7c032b9dda1df7d1c" "/opt/rustwide/cargo-home/bin/cargo" "+nightly-2024-02-05" "check" "--frozen" "--all" "--all-targets" "--message-format=json" "-Zcheck-cfg", kill_on_drop: false }`
[INFO] [stdout] 33b095c2ac2d60ea17dce6f4605669ac2aec0e6ce35e492dd9bf6db221b8de70
[INFO] running `Command { std: "docker" "start" "-a" "33b095c2ac2d60ea17dce6f4605669ac2aec0e6ce35e492dd9bf6db221b8de70", kill_on_drop: false }`
[INFO] [stderr]    Compiling proc-macro2 v1.0.13
[INFO] [stderr]    Compiling unicode-xid v0.2.0
[INFO] [stderr]    Compiling syn v1.0.22
[INFO] [stderr]    Compiling tinystr v0.3.2
[INFO] [stderr]    Compiling proc-macro-hack v0.5.15
[INFO] [stderr]    Compiling byteorder v1.3.4
[INFO] [stderr]    Compiling anyhow v1.0.31
[INFO] [stderr]    Compiling libc v0.2.70
[INFO] [stderr]     Checking stable_deref_trait v1.1.1
[INFO] [stderr]    Compiling winapi v0.3.8
[INFO] [stderr]     Checking unicode-width v0.1.7
[INFO] [stderr]     Checking smallvec v1.4.0
[INFO] [stderr]     Checking fluent-syntax v0.9.3
[INFO] [stderr]     Checking yaml-rust v0.3.5
[INFO] [stderr]     Checking vec_map v0.8.2
[INFO] [stderr]     Checking ansi_term v0.11.0
[INFO] [stderr]     Checking strsim v0.8.0
[INFO] [stderr]    Compiling unic-langid-impl v0.9.0
[INFO] [stderr]     Checking textwrap v0.11.0
[INFO] [stderr]    Compiling garnet v0.0.0 (/opt/rustwide/workdir)
[INFO] [stderr]     Checking fxhash v0.2.1
[INFO] [stderr]     Checking type-map v0.3.0
[INFO] [stderr]    Compiling quote v1.0.5
[INFO] [stderr]     Checking atty v0.2.14
[INFO] [stderr]     Checking clap v2.33.1
[INFO] [stderr]    Compiling unic-langid-macros-impl v0.9.0
[INFO] [stderr]    Compiling rental-impl v0.5.5
[INFO] [stderr]     Checking unic-langid-macros v0.9.0
[INFO] [stderr]     Checking unic-langid v0.9.0
[INFO] [stderr]     Checking intl_pluralrules v7.0.0
[INFO] [stderr]     Checking fluent-langneg v0.13.0
[INFO] [stderr]     Checking intl-memoizer v0.5.0
[INFO] [stderr]     Checking rental v0.5.5
[INFO] [stderr]     Checking fluent-bundle v0.12.0
[INFO] [stderr]     Checking fluent v0.12.0
[INFO] [stdout] error: unexpected `cfg` condition name: `system_install`
[INFO] [stdout]   --> src/localize.rs:89:11
[INFO] [stdout]    |
[INFO] [stdout] 89 | #[cfg(not(system_install))]
[INFO] [stdout]    |           ^^^^^^^^^^^^^^
[INFO] [stdout]    |
[INFO] [stdout]    = help: expected names are: `debug_assertions`, `doc`, `doctest`, `feature`, `miri`, `overflow_checks`, `panic`, `proc_macro`, `relocation_model`, `sanitize`, `sanitizer_cfi_generalize_pointers`, `sanitizer_cfi_normalize_integers`, `target_abi`, `target_arch`, `target_endian`, `target_env`, `target_family`, `target_feature`, `target_has_atomic`, `target_has_atomic_equal_alignment`, `target_has_atomic_load_store`, `target_os`, `target_pointer_width`, `target_thread_local`, `target_vendor`, `test`, `unix`, `windows`
[INFO] [stdout]    = help: consider using a Cargo feature instead or adding `println!("cargo:rustc-check-cfg=cfg(system_install)");` to the top of a `build.rs`
[INFO] [stdout]    = note: see <https://doc.rust-lang.org/nightly/cargo/reference/unstable.html#check-cfg> for more information about checking conditional configuration
[INFO] [stdout]    = note: requested on the command line with `-D unexpected-cfgs`
[INFO] [stdout] 
[INFO] [stdout] 
[INFO] [stdout] error[E0425]: cannot find function `get_current_locale` in this scope
[INFO] [stdout]   --> src/localize.rs:30:23
[INFO] [stdout]    |
[INFO] [stdout] 30 |         let system_locale = get_current_locale()?;
[INFO] [stdout]    |                             ^^^^^^^^^^^^^^^^^^ not found in this scope
[INFO] [stdout] 
[INFO] [stdout] 
[INFO] [stdout] error: unexpected `cfg` condition name: `system_install`
[INFO] [stdout]   --> src/localize.rs:89:11
[INFO] [stdout]    |
[INFO] [stdout] 89 | #[cfg(not(system_install))]
[INFO] [stdout]    |           ^^^^^^^^^^^^^^
[INFO] [stdout]    |
[INFO] [stdout]    = help: expected names are: `debug_assertions`, `doc`, `doctest`, `feature`, `miri`, `overflow_checks`, `panic`, `proc_macro`, `relocation_model`, `sanitize`, `sanitizer_cfi_generalize_pointers`, `sanitizer_cfi_normalize_integers`, `target_abi`, `target_arch`, `target_endian`, `target_env`, `target_family`, `target_feature`, `target_has_atomic`, `target_has_atomic_equal_alignment`, `target_has_atomic_load_store`, `target_os`, `target_pointer_width`, `target_thread_local`, `target_vendor`, `test`, `unix`, `windows`
[INFO] [stdout]    = help: consider using a Cargo feature instead or adding `println!("cargo:rustc-check-cfg=cfg(system_install)");` to the top of a `build.rs`
[INFO] [stdout]    = note: see <https://doc.rust-lang.org/nightly/cargo/reference/unstable.html#check-cfg> for more information about checking conditional configuration
[INFO] [stdout]    = note: requested on the command line with `-D unexpected-cfgs`
[INFO] [stdout] 
[INFO] [stdout] 
[INFO] [stdout] error[E0425]: cannot find function `get_current_locale` in this scope
[INFO] [stdout]   --> src/localize.rs:30:23
[INFO] [stdout]    |
[INFO] [stdout] 30 |         let system_locale = get_current_locale()?;
[INFO] [stdout]    |                             ^^^^^^^^^^^^^^^^^^ not found in this scope
[INFO] [stdout] 
[INFO] [stdout] 
[INFO] [stdout] error: aborting due to 2 previous errors
[INFO] [stdout] 
[INFO] [stdout] 
[INFO] [stdout] For more information about this error, try `rustc --explain E0425`.
[INFO] [stdout] 
[INFO] [stderr] error: could not compile `garnet` (bin "garnet" test) due to 3 previous errors
[INFO] [stderr] warning: build failed, waiting for other jobs to finish...
[INFO] [stdout] error: aborting due to 2 previous errors
[INFO] [stdout] 
[INFO] [stdout] 
[INFO] [stdout] For more information about this error, try `rustc --explain E0425`.
[INFO] [stdout] 
[INFO] [stderr] error: could not compile `garnet` (bin "garnet") due to 3 previous errors
[INFO] running `Command { std: "docker" "inspect" "33b095c2ac2d60ea17dce6f4605669ac2aec0e6ce35e492dd9bf6db221b8de70", kill_on_drop: false }`
[INFO] running `Command { std: "docker" "rm" "-f" "33b095c2ac2d60ea17dce6f4605669ac2aec0e6ce35e492dd9bf6db221b8de70", kill_on_drop: false }`
[INFO] [stdout] 33b095c2ac2d60ea17dce6f4605669ac2aec0e6ce35e492dd9bf6db221b8de70
