[INFO] fetching crate fuzzcheck 0.12.1...
[INFO] checking fuzzcheck-0.12.1 against nightly-2024-02-05 for check-cfg
[INFO] extracting crate fuzzcheck 0.12.1 into /workspace/builds/worker-7-tc1/source
[INFO] validating manifest of crates.io crate fuzzcheck 0.12.1 on toolchain nightly-2024-02-05
[INFO] running `Command { std: CARGO_HOME="/workspace/cargo-home" RUSTUP_HOME="/workspace/rustup-home" "/workspace/cargo-home/bin/cargo" "+nightly-2024-02-05" "metadata" "--manifest-path" "Cargo.toml" "--no-deps", kill_on_drop: false }`
[INFO] started tweaking crates.io crate fuzzcheck 0.12.1
[INFO] finished tweaking crates.io crate fuzzcheck 0.12.1
[INFO] tweaked toml for crates.io crate fuzzcheck 0.12.1 written to /workspace/builds/worker-7-tc1/source/Cargo.toml
[INFO] running `Command { std: CARGO_HOME="/workspace/cargo-home" RUSTUP_HOME="/workspace/rustup-home" "/workspace/cargo-home/bin/cargo" "+nightly-2024-02-05" "generate-lockfile" "--manifest-path" "Cargo.toml", kill_on_drop: false }`
[INFO] [stderr]     Updating crates.io index
[INFO] running `Command { std: CARGO_HOME="/workspace/cargo-home" RUSTUP_HOME="/workspace/rustup-home" "/workspace/cargo-home/bin/cargo" "+nightly-2024-02-05" "fetch" "--manifest-path" "Cargo.toml", kill_on_drop: false }`
[INFO] [stderr]  Downloading crates ...
[INFO] [stderr]   Downloaded fuzzcheck_common v0.12.0
[INFO] [stderr]   Downloaded fuzzcheck_mutators_derive v0.12.0
[INFO] [stderr]   Downloaded nu-ansi-term v0.39.0
[INFO] running `Command { std: "docker" "create" "-v" "/var/lib/crater-agent-workspace/builds/worker-7-tc1/target:/opt/rustwide/target:rw,Z" "-v" "/var/lib/crater-agent-workspace/builds/worker-7-tc1/source:/opt/rustwide/workdir:ro,Z" "-v" "/var/lib/crater-agent-workspace/cargo-home:/opt/rustwide/cargo-home:ro,Z" "-v" "/var/lib/crater-agent-workspace/rustup-home:/opt/rustwide/rustup-home:ro,Z" "-e" "SOURCE_DIR=/opt/rustwide/workdir" "-e" "CARGO_TARGET_DIR=/opt/rustwide/target" "-e" "CARGO_HOME=/opt/rustwide/cargo-home" "-e" "RUSTUP_HOME=/opt/rustwide/rustup-home" "-w" "/opt/rustwide/workdir" "-m" "1610612736" "--user" "0:0" "--network" "none" "ghcr.io/rust-lang/crates-build-env/linux@sha256:2788e3201cd34a07e3172128adcd8b3090168a8e3bcc40d7c032b9dda1df7d1c" "/opt/rustwide/cargo-home/bin/cargo" "+nightly-2024-02-05" "metadata" "--no-deps" "--format-version=1", kill_on_drop: false }`
[INFO] [stdout] 732185d7ff90075b4a3acd66907f5f71e1c5007d59817aeadc31879f672d0602
[INFO] running `Command { std: "docker" "start" "-a" "732185d7ff90075b4a3acd66907f5f71e1c5007d59817aeadc31879f672d0602", kill_on_drop: false }`
[INFO] running `Command { std: "docker" "inspect" "732185d7ff90075b4a3acd66907f5f71e1c5007d59817aeadc31879f672d0602", kill_on_drop: false }`
[INFO] running `Command { std: "docker" "rm" "-f" "732185d7ff90075b4a3acd66907f5f71e1c5007d59817aeadc31879f672d0602", kill_on_drop: false }`
[INFO] [stdout] 732185d7ff90075b4a3acd66907f5f71e1c5007d59817aeadc31879f672d0602
[INFO] running `Command { std: "docker" "create" "-v" "/var/lib/crater-agent-workspace/builds/worker-7-tc1/target:/opt/rustwide/target:rw,Z" "-v" "/var/lib/crater-agent-workspace/builds/worker-7-tc1/source:/opt/rustwide/workdir:ro,Z" "-v" "/var/lib/crater-agent-workspace/cargo-home:/opt/rustwide/cargo-home:ro,Z" "-v" "/var/lib/crater-agent-workspace/rustup-home:/opt/rustwide/rustup-home:ro,Z" "-e" "SOURCE_DIR=/opt/rustwide/workdir" "-e" "CARGO_TARGET_DIR=/opt/rustwide/target" "-e" "CARGO_INCREMENTAL=0" "-e" "RUST_BACKTRACE=full" "-e" "RUSTFLAGS=--cap-lints=forbid" "-e" "RUSTDOCFLAGS=--cap-lints=forbid" "-e" "CARGO_HOME=/opt/rustwide/cargo-home" "-e" "RUSTUP_HOME=/opt/rustwide/rustup-home" "-w" "/opt/rustwide/workdir" "-m" "1610612736" "--user" "0:0" "--network" "none" "ghcr.io/rust-lang/crates-build-env/linux@sha256:2788e3201cd34a07e3172128adcd8b3090168a8e3bcc40d7c032b9dda1df7d1c" "/opt/rustwide/cargo-home/bin/cargo" "+nightly-2024-02-05" "check" "--frozen" "--all" "--all-targets" "--message-format=json", kill_on_drop: false }`
[INFO] [stdout] 5ce8dd6bab8e8fe43711b1c480176e3bdf137618a3aff1f59da20b47135bd1da
[INFO] running `Command { std: "docker" "start" "-a" "5ce8dd6bab8e8fe43711b1c480176e3bdf137618a3aff1f59da20b47135bd1da", kill_on_drop: false }`
[INFO] [stderr]    Compiling syn v1.0.109
[INFO] [stderr]     Checking object v0.27.1
[INFO] [stderr]     Checking nu-ansi-term v0.39.0
[INFO] [stderr]     Checking md5 v0.7.0
[INFO] [stderr]     Checking getrandom v0.2.12
[INFO] [stderr]     Checking fuzzcheck_common v0.12.0
[INFO] [stderr]    Compiling libz-sys v1.1.15
[INFO] [stderr]    Compiling fuzzcheck v0.12.1 (/opt/rustwide/workdir)
[INFO] [stderr]    Compiling syn v2.0.48
[INFO] [stdout] error[E0557]: feature has been removed
[INFO] [stdout]  --> /opt/rustwide/cargo-home/registry/src/index.crates.io-6f17d22bba15001f/fuzzcheck_common-0.12.0/src/lib.rs:1:12
[INFO] [stdout]   |
[INFO] [stdout] 1 | #![feature(no_coverage)]
[INFO] [stdout]   |            ^^^^^^^^^^^ feature has been removed
[INFO] [stdout]   |
[INFO] [stdout]   = note: renamed to `coverage_attribute`
[INFO] [stdout] 
[INFO] [stdout] 
[INFO] [stdout] error[E0658]: attributes on expressions are experimental
[INFO] [stdout]    --> /opt/rustwide/cargo-home/registry/src/index.crates.io-6f17d22bba15001f/fuzzcheck_common-0.12.0/src/arg.rs:193:13
[INFO] [stdout]     |
[INFO] [stdout] 193 |             #[no_coverage]
[INFO] [stdout]     |             ^^^^^^^^^^^^^^
[INFO] [stdout]     |
[INFO] [stdout]     = note: see issue #15701 <https://github.com/rust-lang/rust/issues/15701> for more information
[INFO] [stdout]     = help: add `#![feature(stmt_expr_attributes)]` to the crate attributes to enable
[INFO] [stdout]     = note: this compiler was built on 2024-02-04; consider upgrading it if it is out of date
[INFO] [stdout] 
[INFO] [stdout] 
[INFO] [stdout] error[E0658]: attributes on expressions are experimental
[INFO] [stdout]    --> /opt/rustwide/cargo-home/registry/src/index.crates.io-6f17d22bba15001f/fuzzcheck_common-0.12.0/src/arg.rs:211:17
[INFO] [stdout]     |
[INFO] [stdout] 211 |                 #[no_coverage]
[INFO] [stdout]     |                 ^^^^^^^^^^^^^^
[INFO] [stdout]     |
[INFO] [stdout]     = note: see issue #15701 <https://github.com/rust-lang/rust/issues/15701> for more information
[INFO] [stdout]     = help: add `#![feature(stmt_expr_attributes)]` to the crate attributes to enable
[INFO] [stdout]     = note: this compiler was built on 2024-02-04; consider upgrading it if it is out of date
[INFO] [stdout] 
[INFO] [stdout] 
[INFO] [stdout] error[E0658]: attributes on expressions are experimental
[INFO] [stdout]    --> /opt/rustwide/cargo-home/registry/src/index.crates.io-6f17d22bba15001f/fuzzcheck_common-0.12.0/src/arg.rs:215:17
[INFO] [stdout]     |
[INFO] [stdout] 215 |                 #[no_coverage]
[INFO] [stdout]     |                 ^^^^^^^^^^^^^^
[INFO] [stdout]     |
[INFO] [stdout]     = note: see issue #15701 <https://github.com/rust-lang/rust/issues/15701> for more information
[INFO] [stdout]     = help: add `#![feature(stmt_expr_attributes)]` to the crate attributes to enable
[INFO] [stdout]     = note: this compiler was built on 2024-02-04; consider upgrading it if it is out of date
[INFO] [stdout] 
[INFO] [stdout] 
[INFO] [stdout] error[E0658]: attributes on expressions are experimental
[INFO] [stdout]    --> /opt/rustwide/cargo-home/registry/src/index.crates.io-6f17d22bba15001f/fuzzcheck_common-0.12.0/src/arg.rs:222:13
[INFO] [stdout]     |
[INFO] [stdout] 222 |             #[no_coverage]
[INFO] [stdout]     |             ^^^^^^^^^^^^^^
[INFO] [stdout]     |
[INFO] [stdout]     = note: see issue #15701 <https://github.com/rust-lang/rust/issues/15701> for more information
[INFO] [stdout]     = help: add `#![feature(stmt_expr_attributes)]` to the crate attributes to enable
[INFO] [stdout]     = note: this compiler was built on 2024-02-04; consider upgrading it if it is out of date
[INFO] [stdout] 
[INFO] [stdout] 
[INFO] [stdout] error[E0658]: attributes on expressions are experimental
[INFO] [stdout]    --> /opt/rustwide/cargo-home/registry/src/index.crates.io-6f17d22bba15001f/fuzzcheck_common-0.12.0/src/arg.rs:233:13
[INFO] [stdout]     |
[INFO] [stdout] 233 |             #[no_coverage]
[INFO] [stdout]     |             ^^^^^^^^^^^^^^
[INFO] [stdout]     |
[INFO] [stdout]     = note: see issue #15701 <https://github.com/rust-lang/rust/issues/15701> for more information
[INFO] [stdout]     = help: add `#![feature(stmt_expr_attributes)]` to the crate attributes to enable
[INFO] [stdout]     = note: this compiler was built on 2024-02-04; consider upgrading it if it is out of date
[INFO] [stdout] 
[INFO] [stdout] 
[INFO] [stdout] error[E0658]: attributes on expressions are experimental
[INFO] [stdout]    --> /opt/rustwide/cargo-home/registry/src/index.crates.io-6f17d22bba15001f/fuzzcheck_common-0.12.0/src/arg.rs:244:13
[INFO] [stdout]     |
[INFO] [stdout] 244 |             #[no_coverage]
[INFO] [stdout]     |             ^^^^^^^^^^^^^^
[INFO] [stdout]     |
[INFO] [stdout]     = note: see issue #15701 <https://github.com/rust-lang/rust/issues/15701> for more information
[INFO] [stdout]     = help: add `#![feature(stmt_expr_attributes)]` to the crate attributes to enable
[INFO] [stdout]     = note: this compiler was built on 2024-02-04; consider upgrading it if it is out of date
[INFO] [stdout] 
[INFO] [stdout] 
[INFO] [stdout] error[E0658]: attributes on expressions are experimental
[INFO] [stdout]    --> /opt/rustwide/cargo-home/registry/src/index.crates.io-6f17d22bba15001f/fuzzcheck_common-0.12.0/src/arg.rs:255:13
[INFO] [stdout]     |
[INFO] [stdout] 255 |             #[no_coverage]
[INFO] [stdout]     |             ^^^^^^^^^^^^^^
[INFO] [stdout]     |
[INFO] [stdout]     = note: see issue #15701 <https://github.com/rust-lang/rust/issues/15701> for more information
[INFO] [stdout]     = help: add `#![feature(stmt_expr_attributes)]` to the crate attributes to enable
[INFO] [stdout]     = note: this compiler was built on 2024-02-04; consider upgrading it if it is out of date
[INFO] [stdout] 
[INFO] [stdout] 
[INFO] [stdout] error[E0658]: attributes on expressions are experimental
[INFO] [stdout]    --> /opt/rustwide/cargo-home/registry/src/index.crates.io-6f17d22bba15001f/fuzzcheck_common-0.12.0/src/arg.rs:266:13
[INFO] [stdout]     |
[INFO] [stdout] 266 |             #[no_coverage]
[INFO] [stdout]     |             ^^^^^^^^^^^^^^
[INFO] [stdout]     |
[INFO] [stdout]     = note: see issue #15701 <https://github.com/rust-lang/rust/issues/15701> for more information
[INFO] [stdout]     = help: add `#![feature(stmt_expr_attributes)]` to the crate attributes to enable
[INFO] [stdout]     = note: this compiler was built on 2024-02-04; consider upgrading it if it is out of date
[INFO] [stdout] 
[INFO] [stdout] 
[INFO] [stdout] error[E0658]: attributes on expressions are experimental
[INFO] [stdout]    --> /opt/rustwide/cargo-home/registry/src/index.crates.io-6f17d22bba15001f/fuzzcheck_common-0.12.0/src/arg.rs:276:21
[INFO] [stdout]     |
[INFO] [stdout] 276 |                     #[no_coverage]
[INFO] [stdout]     |                     ^^^^^^^^^^^^^^
[INFO] [stdout]     |
[INFO] [stdout]     = note: see issue #15701 <https://github.com/rust-lang/rust/issues/15701> for more information
[INFO] [stdout]     = help: add `#![feature(stmt_expr_attributes)]` to the crate attributes to enable
[INFO] [stdout]     = note: this compiler was built on 2024-02-04; consider upgrading it if it is out of date
[INFO] [stdout] 
[INFO] [stdout] 
[INFO] [stdout] error[E0658]: attributes on expressions are experimental
[INFO] [stdout]    --> /opt/rustwide/cargo-home/registry/src/index.crates.io-6f17d22bba15001f/fuzzcheck_common-0.12.0/src/arg.rs:288:21
[INFO] [stdout]     |
[INFO] [stdout] 288 |                     #[no_coverage]
[INFO] [stdout]     |                     ^^^^^^^^^^^^^^
[INFO] [stdout]     |
[INFO] [stdout]     = note: see issue #15701 <https://github.com/rust-lang/rust/issues/15701> for more information
[INFO] [stdout]     = help: add `#![feature(stmt_expr_attributes)]` to the crate attributes to enable
[INFO] [stdout]     = note: this compiler was built on 2024-02-04; consider upgrading it if it is out of date
[INFO] [stdout] 
[INFO] [stdout] 
[INFO] [stdout] error[E0658]: attributes on expressions are experimental
[INFO] [stdout]    --> /opt/rustwide/cargo-home/registry/src/index.crates.io-6f17d22bba15001f/fuzzcheck_common-0.12.0/src/arg.rs:305:21
[INFO] [stdout]     |
[INFO] [stdout] 305 |                     #[no_coverage]
[INFO] [stdout]     |                     ^^^^^^^^^^^^^^
[INFO] [stdout]     |
[INFO] [stdout]     = note: see issue #15701 <https://github.com/rust-lang/rust/issues/15701> for more information
[INFO] [stdout]     = help: add `#![feature(stmt_expr_attributes)]` to the crate attributes to enable
[INFO] [stdout]     = note: this compiler was built on 2024-02-04; consider upgrading it if it is out of date
[INFO] [stdout] 
[INFO] [stdout] 
[INFO] [stdout] error[E0658]: attributes on expressions are experimental
[INFO] [stdout]    --> /opt/rustwide/cargo-home/registry/src/index.crates.io-6f17d22bba15001f/fuzzcheck_common-0.12.0/src/arg.rs:314:17
[INFO] [stdout]     |
[INFO] [stdout] 314 |                 #[no_coverage]
[INFO] [stdout]     |                 ^^^^^^^^^^^^^^
[INFO] [stdout]     |
[INFO] [stdout]     = note: see issue #15701 <https://github.com/rust-lang/rust/issues/15701> for more information
[INFO] [stdout]     = help: add `#![feature(stmt_expr_attributes)]` to the crate attributes to enable
[INFO] [stdout]     = note: this compiler was built on 2024-02-04; consider upgrading it if it is out of date
[INFO] [stdout] 
[INFO] [stdout] 
[INFO] [stdout] error: cannot find attribute `no_coverage` in this scope
[INFO] [stdout]   --> /opt/rustwide/cargo-home/registry/src/index.crates.io-6f17d22bba15001f/fuzzcheck_common-0.12.0/src/arg.rs:35:7
[INFO] [stdout]    |
[INFO] [stdout] 35 |     #[no_coverage]
[INFO] [stdout]    |       ^^^^^^^^^^^ help: a built-in attribute with a similar name exists: `coverage`
[INFO] [stdout] 
[INFO] [stdout] 
[INFO] [stdout] error: cannot find attribute `no_coverage` in this scope
[INFO] [stdout]   --> /opt/rustwide/cargo-home/registry/src/index.crates.io-6f17d22bba15001f/fuzzcheck_common-0.12.0/src/arg.rs:87:3
[INFO] [stdout]    |
[INFO] [stdout] 87 | #[no_coverage]
[INFO] [stdout]    |   ^^^^^^^^^^^ help: a built-in attribute with a similar name exists: `coverage`
[INFO] [stdout] 
[INFO] [stdout] 
[INFO] [stdout] error: cannot find attribute `no_coverage` in this scope
[INFO] [stdout]    --> /opt/rustwide/cargo-home/registry/src/index.crates.io-6f17d22bba15001f/fuzzcheck_common-0.12.0/src/arg.rs:180:7
[INFO] [stdout]     |
[INFO] [stdout] 180 |     #[no_coverage]
[INFO] [stdout]     |       ^^^^^^^^^^^ help: a built-in attribute with a similar name exists: `coverage`
[INFO] [stdout] 
[INFO] [stdout] 
[INFO] [stdout] error: cannot find attribute `no_coverage` in this scope
[INFO] [stdout]    --> /opt/rustwide/cargo-home/registry/src/index.crates.io-6f17d22bba15001f/fuzzcheck_common-0.12.0/src/arg.rs:193:15
[INFO] [stdout]     |
[INFO] [stdout] 193 |             #[no_coverage]
[INFO] [stdout]     |               ^^^^^^^^^^^ help: a built-in attribute with a similar name exists: `coverage`
[INFO] [stdout] 
[INFO] [stdout] 
[INFO] [stdout] error: cannot find attribute `no_coverage` in this scope
[INFO] [stdout]    --> /opt/rustwide/cargo-home/registry/src/index.crates.io-6f17d22bba15001f/fuzzcheck_common-0.12.0/src/arg.rs:211:19
[INFO] [stdout]     |
[INFO] [stdout] 211 |                 #[no_coverage]
[INFO] [stdout]     |                   ^^^^^^^^^^^ help: a built-in attribute with a similar name exists: `coverage`
[INFO] [stdout] 
[INFO] [stdout] 
[INFO] [stdout] error: cannot find attribute `no_coverage` in this scope
[INFO] [stdout]    --> /opt/rustwide/cargo-home/registry/src/index.crates.io-6f17d22bba15001f/fuzzcheck_common-0.12.0/src/arg.rs:215:19
[INFO] [stdout]     |
[INFO] [stdout] 215 |                 #[no_coverage]
[INFO] [stdout]     |                   ^^^^^^^^^^^ help: a built-in attribute with a similar name exists: `coverage`
[INFO] [stdout] 
[INFO] [stdout] 
[INFO] [stdout] error: cannot find attribute `no_coverage` in this scope
[INFO] [stdout]    --> /opt/rustwide/cargo-home/registry/src/index.crates.io-6f17d22bba15001f/fuzzcheck_common-0.12.0/src/arg.rs:222:15
[INFO] [stdout]     |
[INFO] [stdout] 222 |             #[no_coverage]
[INFO] [stdout]     |               ^^^^^^^^^^^ help: a built-in attribute with a similar name exists: `coverage`
[INFO] [stdout] 
[INFO] [stdout] 
[INFO] [stdout] error: cannot find attribute `no_coverage` in this scope
[INFO] [stdout]    --> /opt/rustwide/cargo-home/registry/src/index.crates.io-6f17d22bba15001f/fuzzcheck_common-0.12.0/src/arg.rs:233:15
[INFO] [stdout]     |
[INFO] [stdout] 233 |             #[no_coverage]
[INFO] [stdout]     |               ^^^^^^^^^^^ help: a built-in attribute with a similar name exists: `coverage`
[INFO] [stdout] 
[INFO] [stdout] 
[INFO] [stdout] error: cannot find attribute `no_coverage` in this scope
[INFO] [stdout]    --> /opt/rustwide/cargo-home/registry/src/index.crates.io-6f17d22bba15001f/fuzzcheck_common-0.12.0/src/arg.rs:244:15
[INFO] [stdout]     |
[INFO] [stdout] 244 |             #[no_coverage]
[INFO] [stdout]     |               ^^^^^^^^^^^ help: a built-in attribute with a similar name exists: `coverage`
[INFO] [stdout] 
[INFO] [stdout] 
[INFO] [stdout] error: cannot find attribute `no_coverage` in this scope
[INFO] [stdout]    --> /opt/rustwide/cargo-home/registry/src/index.crates.io-6f17d22bba15001f/fuzzcheck_common-0.12.0/src/arg.rs:255:15
[INFO] [stdout]     |
[INFO] [stdout] 255 |             #[no_coverage]
[INFO] [stdout]     |               ^^^^^^^^^^^ help: a built-in attribute with a similar name exists: `coverage`
[INFO] [stdout] 
[INFO] [stdout] 
[INFO] [stdout] error: cannot find attribute `no_coverage` in this scope
[INFO] [stdout]    --> /opt/rustwide/cargo-home/registry/src/index.crates.io-6f17d22bba15001f/fuzzcheck_common-0.12.0/src/arg.rs:266:15
[INFO] [stdout]     |
[INFO] [stdout] 266 |             #[no_coverage]
[INFO] [stdout]     |               ^^^^^^^^^^^ help: a built-in attribute with a similar name exists: `coverage`
[INFO] [stdout] 
[INFO] [stdout] 
[INFO] [stdout] error: cannot find attribute `no_coverage` in this scope
[INFO] [stdout]    --> /opt/rustwide/cargo-home/registry/src/index.crates.io-6f17d22bba15001f/fuzzcheck_common-0.12.0/src/arg.rs:276:23
[INFO] [stdout]     |
[INFO] [stdout] 276 |                     #[no_coverage]
[INFO] [stdout]     |                       ^^^^^^^^^^^ help: a built-in attribute with a similar name exists: `coverage`
[INFO] [stdout] 
[INFO] [stdout] 
[INFO] [stdout] error: cannot find attribute `no_coverage` in this scope
[INFO] [stdout]    --> /opt/rustwide/cargo-home/registry/src/index.crates.io-6f17d22bba15001f/fuzzcheck_common-0.12.0/src/arg.rs:288:23
[INFO] [stdout]     |
[INFO] [stdout] 288 |                     #[no_coverage]
[INFO] [stdout]     |                       ^^^^^^^^^^^ help: a built-in attribute with a similar name exists: `coverage`
[INFO] [stdout] 
[INFO] [stdout] 
[INFO] [stdout] error: cannot find attribute `no_coverage` in this scope
[INFO] [stdout]    --> /opt/rustwide/cargo-home/registry/src/index.crates.io-6f17d22bba15001f/fuzzcheck_common-0.12.0/src/arg.rs:305:23
[INFO] [stdout]     |
[INFO] [stdout] 305 |                     #[no_coverage]
[INFO] [stdout]     |                       ^^^^^^^^^^^ help: a built-in attribute with a similar name exists: `coverage`
[INFO] [stdout] 
[INFO] [stdout] 
[INFO] [stdout] error: cannot find attribute `no_coverage` in this scope
[INFO] [stdout]    --> /opt/rustwide/cargo-home/registry/src/index.crates.io-6f17d22bba15001f/fuzzcheck_common-0.12.0/src/arg.rs:314:19
[INFO] [stdout]     |
[INFO] [stdout] 314 |                 #[no_coverage]
[INFO] [stdout]     |                   ^^^^^^^^^^^ help: a built-in attribute with a similar name exists: `coverage`
[INFO] [stdout] 
[INFO] [stdout] 
[INFO] [stdout] error: cannot find attribute `no_coverage` in this scope
[INFO] [stdout]    --> /opt/rustwide/cargo-home/registry/src/index.crates.io-6f17d22bba15001f/fuzzcheck_common-0.12.0/src/arg.rs:344:3
[INFO] [stdout]     |
[INFO] [stdout] 344 | #[no_coverage]
[INFO] [stdout]     |   ^^^^^^^^^^^ help: a built-in attribute with a similar name exists: `coverage`
[INFO] [stdout] 
[INFO] [stdout] 
[INFO] [stdout] error: cannot find attribute `no_coverage` in this scope
[INFO] [stdout]    --> /opt/rustwide/cargo-home/registry/src/index.crates.io-6f17d22bba15001f/fuzzcheck_common-0.12.0/src/arg.rs:411:7
[INFO] [stdout]     |
[INFO] [stdout] 411 |     #[no_coverage]
[INFO] [stdout]     |       ^^^^^^^^^^^ help: a built-in attribute with a similar name exists: `coverage`
[INFO] [stdout] 
[INFO] [stdout] 
[INFO] [stdout] error: cannot find attribute `no_coverage` in this scope
[INFO] [stdout]    --> /opt/rustwide/cargo-home/registry/src/index.crates.io-6f17d22bba15001f/fuzzcheck_common-0.12.0/src/arg.rs:417:7
[INFO] [stdout]     |
[INFO] [stdout] 417 |     #[no_coverage]
[INFO] [stdout]     |       ^^^^^^^^^^^ help: a built-in attribute with a similar name exists: `coverage`
[INFO] [stdout] 
[INFO] [stdout] 
[INFO] [stdout] error: cannot find attribute `no_coverage` in this scope
[INFO] [stdout]    --> /opt/rustwide/cargo-home/registry/src/index.crates.io-6f17d22bba15001f/fuzzcheck_common-0.12.0/src/arg.rs:450:7
[INFO] [stdout]     |
[INFO] [stdout] 450 |     #[no_coverage]
[INFO] [stdout]     |       ^^^^^^^^^^^ help: a built-in attribute with a similar name exists: `coverage`
[INFO] [stdout] 
[INFO] [stdout] 
[INFO] [stdout] error: aborting due to 32 previous errors
[INFO] [stdout] 
[INFO] [stdout] 
[INFO] [stdout] Some errors have detailed explanations: E0557, E0658.
[INFO] [stdout] 
[INFO] [stdout] For more information about an error, try `rustc --explain E0557`.
[INFO] [stdout] 
[INFO] [stderr] error: could not compile `fuzzcheck_common` (lib) due to 33 previous errors
[INFO] [stderr] warning: build failed, waiting for other jobs to finish...
[INFO] running `Command { std: "docker" "inspect" "5ce8dd6bab8e8fe43711b1c480176e3bdf137618a3aff1f59da20b47135bd1da", kill_on_drop: false }`
[INFO] running `Command { std: "docker" "rm" "-f" "5ce8dd6bab8e8fe43711b1c480176e3bdf137618a3aff1f59da20b47135bd1da", kill_on_drop: false }`
[INFO] [stdout] 5ce8dd6bab8e8fe43711b1c480176e3bdf137618a3aff1f59da20b47135bd1da
[INFO] checking fuzzcheck-0.12.1 against nightly-2024-02-05+rustflags=-Dunexpected_cfgs+cargoflags=-Zcheck-cfg for check-cfg
[INFO] extracting crate fuzzcheck 0.12.1 into /workspace/builds/worker-7-tc2/source
[INFO] validating manifest of crates.io crate fuzzcheck 0.12.1 on toolchain nightly-2024-02-05
[INFO] running `Command { std: CARGO_HOME="/workspace/cargo-home" RUSTUP_HOME="/workspace/rustup-home" "/workspace/cargo-home/bin/cargo" "+nightly-2024-02-05" "metadata" "--manifest-path" "Cargo.toml" "--no-deps", kill_on_drop: false }`
[INFO] started tweaking crates.io crate fuzzcheck 0.12.1
[INFO] finished tweaking crates.io crate fuzzcheck 0.12.1
[INFO] tweaked toml for crates.io crate fuzzcheck 0.12.1 written to /workspace/builds/worker-7-tc2/source/Cargo.toml
[INFO] running `Command { std: CARGO_HOME="/workspace/cargo-home" RUSTUP_HOME="/workspace/rustup-home" "/workspace/cargo-home/bin/cargo" "+nightly-2024-02-05" "generate-lockfile" "--manifest-path" "Cargo.toml", kill_on_drop: false }`
[INFO] [stderr]     Updating crates.io index
[INFO] running `Command { std: CARGO_HOME="/workspace/cargo-home" RUSTUP_HOME="/workspace/rustup-home" "/workspace/cargo-home/bin/cargo" "+nightly-2024-02-05" "fetch" "--manifest-path" "Cargo.toml", kill_on_drop: false }`
[INFO] running `Command { std: "docker" "create" "-v" "/var/lib/crater-agent-workspace/builds/worker-7-tc2/target:/opt/rustwide/target:rw,Z" "-v" "/var/lib/crater-agent-workspace/builds/worker-7-tc2/source:/opt/rustwide/workdir:ro,Z" "-v" "/var/lib/crater-agent-workspace/cargo-home:/opt/rustwide/cargo-home:ro,Z" "-v" "/var/lib/crater-agent-workspace/rustup-home:/opt/rustwide/rustup-home:ro,Z" "-e" "SOURCE_DIR=/opt/rustwide/workdir" "-e" "CARGO_TARGET_DIR=/opt/rustwide/target" "-e" "CARGO_HOME=/opt/rustwide/cargo-home" "-e" "RUSTUP_HOME=/opt/rustwide/rustup-home" "-w" "/opt/rustwide/workdir" "-m" "1610612736" "--user" "0:0" "--network" "none" "ghcr.io/rust-lang/crates-build-env/linux@sha256:2788e3201cd34a07e3172128adcd8b3090168a8e3bcc40d7c032b9dda1df7d1c" "/opt/rustwide/cargo-home/bin/cargo" "+nightly-2024-02-05" "metadata" "--no-deps" "--format-version=1", kill_on_drop: false }`
[INFO] [stdout] 9107546ceacc0d942f51eacd48472bcd52c0df8856786e4a2ec57b0c22e95286
[INFO] running `Command { std: "docker" "start" "-a" "9107546ceacc0d942f51eacd48472bcd52c0df8856786e4a2ec57b0c22e95286", kill_on_drop: false }`
[INFO] running `Command { std: "docker" "inspect" "9107546ceacc0d942f51eacd48472bcd52c0df8856786e4a2ec57b0c22e95286", kill_on_drop: false }`
[INFO] running `Command { std: "docker" "rm" "-f" "9107546ceacc0d942f51eacd48472bcd52c0df8856786e4a2ec57b0c22e95286", kill_on_drop: false }`
[INFO] [stdout] 9107546ceacc0d942f51eacd48472bcd52c0df8856786e4a2ec57b0c22e95286
[INFO] running `Command { std: "docker" "create" "-v" "/var/lib/crater-agent-workspace/builds/worker-7-tc2/target:/opt/rustwide/target:rw,Z" "-v" "/var/lib/crater-agent-workspace/builds/worker-7-tc2/source:/opt/rustwide/workdir:ro,Z" "-v" "/var/lib/crater-agent-workspace/cargo-home:/opt/rustwide/cargo-home:ro,Z" "-v" "/var/lib/crater-agent-workspace/rustup-home:/opt/rustwide/rustup-home:ro,Z" "-e" "SOURCE_DIR=/opt/rustwide/workdir" "-e" "CARGO_TARGET_DIR=/opt/rustwide/target" "-e" "CARGO_INCREMENTAL=0" "-e" "RUST_BACKTRACE=full" "-e" "RUSTFLAGS=--cap-lints=forbid -Dunexpected_cfgs" "-e" "RUSTDOCFLAGS=--cap-lints=forbid" "-e" "CARGO_HOME=/opt/rustwide/cargo-home" "-e" "RUSTUP_HOME=/opt/rustwide/rustup-home" "-w" "/opt/rustwide/workdir" "-m" "1610612736" "--user" "0:0" "--network" "none" "ghcr.io/rust-lang/crates-build-env/linux@sha256:2788e3201cd34a07e3172128adcd8b3090168a8e3bcc40d7c032b9dda1df7d1c" "/opt/rustwide/cargo-home/bin/cargo" "+nightly-2024-02-05" "check" "--frozen" "--all" "--all-targets" "--message-format=json" "-Zcheck-cfg", kill_on_drop: false }`
[INFO] [stdout] a8aad34e15bb39efc65eb1017a48c35e50e373b5961ebad81c440890e4a8070b
[INFO] running `Command { std: "docker" "start" "-a" "a8aad34e15bb39efc65eb1017a48c35e50e373b5961ebad81c440890e4a8070b", kill_on_drop: false }`
[INFO] [stderr]    Compiling syn v1.0.109
[INFO] [stderr]     Checking object v0.27.1
[INFO] [stderr]     Checking nu-ansi-term v0.39.0
[INFO] [stderr]     Checking md5 v0.7.0
[INFO] [stderr]     Checking getrandom v0.2.12
[INFO] [stderr]     Checking fuzzcheck_common v0.12.0
[INFO] [stderr]    Compiling libz-sys v1.1.15
[INFO] [stderr]    Compiling fuzzcheck v0.12.1 (/opt/rustwide/workdir)
[INFO] [stderr]    Compiling syn v2.0.48
[INFO] [stdout] error[E0557]: feature has been removed
[INFO] [stdout]  --> /opt/rustwide/cargo-home/registry/src/index.crates.io-6f17d22bba15001f/fuzzcheck_common-0.12.0/src/lib.rs:1:12
[INFO] [stdout]   |
[INFO] [stdout] 1 | #![feature(no_coverage)]
[INFO] [stdout]   |            ^^^^^^^^^^^ feature has been removed
[INFO] [stdout]   |
[INFO] [stdout]   = note: renamed to `coverage_attribute`
[INFO] [stdout] 
[INFO] [stdout] 
[INFO] [stdout] error[E0658]: attributes on expressions are experimental
[INFO] [stdout]    --> /opt/rustwide/cargo-home/registry/src/index.crates.io-6f17d22bba15001f/fuzzcheck_common-0.12.0/src/arg.rs:193:13
[INFO] [stdout]     |
[INFO] [stdout] 193 |             #[no_coverage]
[INFO] [stdout]     |             ^^^^^^^^^^^^^^
[INFO] [stdout]     |
[INFO] [stdout]     = note: see issue #15701 <https://github.com/rust-lang/rust/issues/15701> for more information
[INFO] [stdout]     = help: add `#![feature(stmt_expr_attributes)]` to the crate attributes to enable
[INFO] [stdout]     = note: this compiler was built on 2024-02-04; consider upgrading it if it is out of date
[INFO] [stdout] 
[INFO] [stdout] 
[INFO] [stdout] error[E0658]: attributes on expressions are experimental
[INFO] [stdout]    --> /opt/rustwide/cargo-home/registry/src/index.crates.io-6f17d22bba15001f/fuzzcheck_common-0.12.0/src/arg.rs:211:17
[INFO] [stdout]     |
[INFO] [stdout] 211 |                 #[no_coverage]
[INFO] [stdout]     |                 ^^^^^^^^^^^^^^
[INFO] [stdout]     |
[INFO] [stdout]     = note: see issue #15701 <https://github.com/rust-lang/rust/issues/15701> for more information
[INFO] [stdout]     = help: add `#![feature(stmt_expr_attributes)]` to the crate attributes to enable
[INFO] [stdout]     = note: this compiler was built on 2024-02-04; consider upgrading it if it is out of date
[INFO] [stdout] 
[INFO] [stdout] 
[INFO] [stdout] error[E0658]: attributes on expressions are experimental
[INFO] [stdout]    --> /opt/rustwide/cargo-home/registry/src/index.crates.io-6f17d22bba15001f/fuzzcheck_common-0.12.0/src/arg.rs:215:17
[INFO] [stdout]     |
[INFO] [stdout] 215 |                 #[no_coverage]
[INFO] [stdout]     |                 ^^^^^^^^^^^^^^
[INFO] [stdout]     |
[INFO] [stdout]     = note: see issue #15701 <https://github.com/rust-lang/rust/issues/15701> for more information
[INFO] [stdout]     = help: add `#![feature(stmt_expr_attributes)]` to the crate attributes to enable
[INFO] [stdout]     = note: this compiler was built on 2024-02-04; consider upgrading it if it is out of date
[INFO] [stdout] 
[INFO] [stdout] 
[INFO] [stdout] error[E0658]: attributes on expressions are experimental
[INFO] [stdout]    --> /opt/rustwide/cargo-home/registry/src/index.crates.io-6f17d22bba15001f/fuzzcheck_common-0.12.0/src/arg.rs:222:13
[INFO] [stdout]     |
[INFO] [stdout] 222 |             #[no_coverage]
[INFO] [stdout]     |             ^^^^^^^^^^^^^^
[INFO] [stdout]     |
[INFO] [stdout]     = note: see issue #15701 <https://github.com/rust-lang/rust/issues/15701> for more information
[INFO] [stdout]     = help: add `#![feature(stmt_expr_attributes)]` to the crate attributes to enable
[INFO] [stdout]     = note: this compiler was built on 2024-02-04; consider upgrading it if it is out of date
[INFO] [stdout] 
[INFO] [stdout] 
[INFO] [stdout] error[E0658]: attributes on expressions are experimental
[INFO] [stdout]    --> /opt/rustwide/cargo-home/registry/src/index.crates.io-6f17d22bba15001f/fuzzcheck_common-0.12.0/src/arg.rs:233:13
[INFO] [stdout]     |
[INFO] [stdout] 233 |             #[no_coverage]
[INFO] [stdout]     |             ^^^^^^^^^^^^^^
[INFO] [stdout]     |
[INFO] [stdout]     = note: see issue #15701 <https://github.com/rust-lang/rust/issues/15701> for more information
[INFO] [stdout]     = help: add `#![feature(stmt_expr_attributes)]` to the crate attributes to enable
[INFO] [stdout]     = note: this compiler was built on 2024-02-04; consider upgrading it if it is out of date
[INFO] [stdout] 
[INFO] [stdout] 
[INFO] [stdout] error[E0658]: attributes on expressions are experimental
[INFO] [stdout]    --> /opt/rustwide/cargo-home/registry/src/index.crates.io-6f17d22bba15001f/fuzzcheck_common-0.12.0/src/arg.rs:244:13
[INFO] [stdout]     |
[INFO] [stdout] 244 |             #[no_coverage]
[INFO] [stdout]     |             ^^^^^^^^^^^^^^
[INFO] [stdout]     |
[INFO] [stdout]     = note: see issue #15701 <https://github.com/rust-lang/rust/issues/15701> for more information
[INFO] [stdout]     = help: add `#![feature(stmt_expr_attributes)]` to the crate attributes to enable
[INFO] [stdout]     = note: this compiler was built on 2024-02-04; consider upgrading it if it is out of date
[INFO] [stdout] 
[INFO] [stdout] 
[INFO] [stdout] error[E0658]: attributes on expressions are experimental
[INFO] [stdout]    --> /opt/rustwide/cargo-home/registry/src/index.crates.io-6f17d22bba15001f/fuzzcheck_common-0.12.0/src/arg.rs:255:13
[INFO] [stdout]     |
[INFO] [stdout] 255 |             #[no_coverage]
[INFO] [stdout]     |             ^^^^^^^^^^^^^^
[INFO] [stdout]     |
[INFO] [stdout]     = note: see issue #15701 <https://github.com/rust-lang/rust/issues/15701> for more information
[INFO] [stdout]     = help: add `#![feature(stmt_expr_attributes)]` to the crate attributes to enable
[INFO] [stdout]     = note: this compiler was built on 2024-02-04; consider upgrading it if it is out of date
[INFO] [stdout] 
[INFO] [stdout] 
[INFO] [stdout] error[E0658]: attributes on expressions are experimental
[INFO] [stdout]    --> /opt/rustwide/cargo-home/registry/src/index.crates.io-6f17d22bba15001f/fuzzcheck_common-0.12.0/src/arg.rs:266:13
[INFO] [stdout]     |
[INFO] [stdout] 266 |             #[no_coverage]
[INFO] [stdout]     |             ^^^^^^^^^^^^^^
[INFO] [stdout]     |
[INFO] [stdout]     = note: see issue #15701 <https://github.com/rust-lang/rust/issues/15701> for more information
[INFO] [stdout]     = help: add `#![feature(stmt_expr_attributes)]` to the crate attributes to enable
[INFO] [stdout]     = note: this compiler was built on 2024-02-04; consider upgrading it if it is out of date
[INFO] [stdout] 
[INFO] [stdout] 
[INFO] [stdout] error[E0658]: attributes on expressions are experimental
[INFO] [stdout]    --> /opt/rustwide/cargo-home/registry/src/index.crates.io-6f17d22bba15001f/fuzzcheck_common-0.12.0/src/arg.rs:276:21
[INFO] [stdout]     |
[INFO] [stdout] 276 |                     #[no_coverage]
[INFO] [stdout]     |                     ^^^^^^^^^^^^^^
[INFO] [stdout]     |
[INFO] [stdout]     = note: see issue #15701 <https://github.com/rust-lang/rust/issues/15701> for more information
[INFO] [stdout]     = help: add `#![feature(stmt_expr_attributes)]` to the crate attributes to enable
[INFO] [stdout]     = note: this compiler was built on 2024-02-04; consider upgrading it if it is out of date
[INFO] [stdout] 
[INFO] [stdout] 
[INFO] [stdout] error[E0658]: attributes on expressions are experimental
[INFO] [stdout]    --> /opt/rustwide/cargo-home/registry/src/index.crates.io-6f17d22bba15001f/fuzzcheck_common-0.12.0/src/arg.rs:288:21
[INFO] [stdout]     |
[INFO] [stdout] 288 |                     #[no_coverage]
[INFO] [stdout]     |                     ^^^^^^^^^^^^^^
[INFO] [stdout]     |
[INFO] [stdout]     = note: see issue #15701 <https://github.com/rust-lang/rust/issues/15701> for more information
[INFO] [stdout]     = help: add `#![feature(stmt_expr_attributes)]` to the crate attributes to enable
[INFO] [stdout]     = note: this compiler was built on 2024-02-04; consider upgrading it if it is out of date
[INFO] [stdout] 
[INFO] [stdout] 
[INFO] [stdout] error[E0658]: attributes on expressions are experimental
[INFO] [stdout]    --> /opt/rustwide/cargo-home/registry/src/index.crates.io-6f17d22bba15001f/fuzzcheck_common-0.12.0/src/arg.rs:305:21
[INFO] [stdout]     |
[INFO] [stdout] 305 |                     #[no_coverage]
[INFO] [stdout]     |                     ^^^^^^^^^^^^^^
[INFO] [stdout]     |
[INFO] [stdout]     = note: see issue #15701 <https://github.com/rust-lang/rust/issues/15701> for more information
[INFO] [stdout]     = help: add `#![feature(stmt_expr_attributes)]` to the crate attributes to enable
[INFO] [stdout]     = note: this compiler was built on 2024-02-04; consider upgrading it if it is out of date
[INFO] [stdout] 
[INFO] [stdout] 
[INFO] [stdout] error[E0658]: attributes on expressions are experimental
[INFO] [stdout]    --> /opt/rustwide/cargo-home/registry/src/index.crates.io-6f17d22bba15001f/fuzzcheck_common-0.12.0/src/arg.rs:314:17
[INFO] [stdout]     |
[INFO] [stdout] 314 |                 #[no_coverage]
[INFO] [stdout]     |                 ^^^^^^^^^^^^^^
[INFO] [stdout]     |
[INFO] [stdout]     = note: see issue #15701 <https://github.com/rust-lang/rust/issues/15701> for more information
[INFO] [stdout]     = help: add `#![feature(stmt_expr_attributes)]` to the crate attributes to enable
[INFO] [stdout]     = note: this compiler was built on 2024-02-04; consider upgrading it if it is out of date
[INFO] [stdout] 
[INFO] [stdout] 
[INFO] [stdout] error: cannot find attribute `no_coverage` in this scope
[INFO] [stdout]   --> /opt/rustwide/cargo-home/registry/src/index.crates.io-6f17d22bba15001f/fuzzcheck_common-0.12.0/src/arg.rs:35:7
[INFO] [stdout]    |
[INFO] [stdout] 35 |     #[no_coverage]
[INFO] [stdout]    |       ^^^^^^^^^^^ help: a built-in attribute with a similar name exists: `coverage`
[INFO] [stdout] 
[INFO] [stdout] 
[INFO] [stdout] error: cannot find attribute `no_coverage` in this scope
[INFO] [stdout]   --> /opt/rustwide/cargo-home/registry/src/index.crates.io-6f17d22bba15001f/fuzzcheck_common-0.12.0/src/arg.rs:87:3
[INFO] [stdout]    |
[INFO] [stdout] 87 | #[no_coverage]
[INFO] [stdout]    |   ^^^^^^^^^^^ help: a built-in attribute with a similar name exists: `coverage`
[INFO] [stdout] 
[INFO] [stdout] 
[INFO] [stdout] error: cannot find attribute `no_coverage` in this scope
[INFO] [stdout]    --> /opt/rustwide/cargo-home/registry/src/index.crates.io-6f17d22bba15001f/fuzzcheck_common-0.12.0/src/arg.rs:180:7
[INFO] [stdout]     |
[INFO] [stdout] 180 |     #[no_coverage]
[INFO] [stdout]     |       ^^^^^^^^^^^ help: a built-in attribute with a similar name exists: `coverage`
[INFO] [stdout] 
[INFO] [stdout] 
[INFO] [stdout] error: cannot find attribute `no_coverage` in this scope
[INFO] [stdout]    --> /opt/rustwide/cargo-home/registry/src/index.crates.io-6f17d22bba15001f/fuzzcheck_common-0.12.0/src/arg.rs:193:15
[INFO] [stdout]     |
[INFO] [stdout] 193 |             #[no_coverage]
[INFO] [stdout]     |               ^^^^^^^^^^^ help: a built-in attribute with a similar name exists: `coverage`
[INFO] [stdout] 
[INFO] [stdout] 
[INFO] [stdout] error: cannot find attribute `no_coverage` in this scope
[INFO] [stdout]    --> /opt/rustwide/cargo-home/registry/src/index.crates.io-6f17d22bba15001f/fuzzcheck_common-0.12.0/src/arg.rs:211:19
[INFO] [stdout]     |
[INFO] [stdout] 211 |                 #[no_coverage]
[INFO] [stdout]     |                   ^^^^^^^^^^^ help: a built-in attribute with a similar name exists: `coverage`
[INFO] [stdout] 
[INFO] [stdout] 
[INFO] [stdout] error: cannot find attribute `no_coverage` in this scope
[INFO] [stdout]    --> /opt/rustwide/cargo-home/registry/src/index.crates.io-6f17d22bba15001f/fuzzcheck_common-0.12.0/src/arg.rs:215:19
[INFO] [stdout]     |
[INFO] [stdout] 215 |                 #[no_coverage]
[INFO] [stdout]     |                   ^^^^^^^^^^^ help: a built-in attribute with a similar name exists: `coverage`
[INFO] [stdout] 
[INFO] [stdout] 
[INFO] [stdout] error: cannot find attribute `no_coverage` in this scope
[INFO] [stdout]    --> /opt/rustwide/cargo-home/registry/src/index.crates.io-6f17d22bba15001f/fuzzcheck_common-0.12.0/src/arg.rs:222:15
[INFO] [stdout]     |
[INFO] [stdout] 222 |             #[no_coverage]
[INFO] [stdout]     |               ^^^^^^^^^^^ help: a built-in attribute with a similar name exists: `coverage`
[INFO] [stdout] 
[INFO] [stdout] 
[INFO] [stdout] error: cannot find attribute `no_coverage` in this scope
[INFO] [stdout]    --> /opt/rustwide/cargo-home/registry/src/index.crates.io-6f17d22bba15001f/fuzzcheck_common-0.12.0/src/arg.rs:233:15
[INFO] [stdout]     |
[INFO] [stdout] 233 |             #[no_coverage]
[INFO] [stdout]     |               ^^^^^^^^^^^ help: a built-in attribute with a similar name exists: `coverage`
[INFO] [stdout] 
[INFO] [stdout] 
[INFO] [stdout] error: cannot find attribute `no_coverage` in this scope
[INFO] [stdout]    --> /opt/rustwide/cargo-home/registry/src/index.crates.io-6f17d22bba15001f/fuzzcheck_common-0.12.0/src/arg.rs:244:15
[INFO] [stdout]     |
[INFO] [stdout] 244 |             #[no_coverage]
[INFO] [stdout]     |               ^^^^^^^^^^^ help: a built-in attribute with a similar name exists: `coverage`
[INFO] [stdout] 
[INFO] [stdout] 
[INFO] [stdout] error: cannot find attribute `no_coverage` in this scope
[INFO] [stdout]    --> /opt/rustwide/cargo-home/registry/src/index.crates.io-6f17d22bba15001f/fuzzcheck_common-0.12.0/src/arg.rs:255:15
[INFO] [stdout]     |
[INFO] [stdout] 255 |             #[no_coverage]
[INFO] [stdout]     |               ^^^^^^^^^^^ help: a built-in attribute with a similar name exists: `coverage`
[INFO] [stdout] 
[INFO] [stdout] 
[INFO] [stdout] error: cannot find attribute `no_coverage` in this scope
[INFO] [stdout]    --> /opt/rustwide/cargo-home/registry/src/index.crates.io-6f17d22bba15001f/fuzzcheck_common-0.12.0/src/arg.rs:266:15
[INFO] [stdout]     |
[INFO] [stdout] 266 |             #[no_coverage]
[INFO] [stdout]     |               ^^^^^^^^^^^ help: a built-in attribute with a similar name exists: `coverage`
[INFO] [stdout] 
[INFO] [stdout] 
[INFO] [stdout] error: cannot find attribute `no_coverage` in this scope
[INFO] [stdout]    --> /opt/rustwide/cargo-home/registry/src/index.crates.io-6f17d22bba15001f/fuzzcheck_common-0.12.0/src/arg.rs:276:23
[INFO] [stdout]     |
[INFO] [stdout] 276 |                     #[no_coverage]
[INFO] [stdout]     |                       ^^^^^^^^^^^ help: a built-in attribute with a similar name exists: `coverage`
[INFO] [stdout] 
[INFO] [stdout] 
[INFO] [stdout] error: cannot find attribute `no_coverage` in this scope
[INFO] [stdout]    --> /opt/rustwide/cargo-home/registry/src/index.crates.io-6f17d22bba15001f/fuzzcheck_common-0.12.0/src/arg.rs:288:23
[INFO] [stdout]     |
[INFO] [stdout] 288 |                     #[no_coverage]
[INFO] [stdout]     |                       ^^^^^^^^^^^ help: a built-in attribute with a similar name exists: `coverage`
[INFO] [stdout] 
[INFO] [stdout] 
[INFO] [stdout] error: cannot find attribute `no_coverage` in this scope
[INFO] [stdout]    --> /opt/rustwide/cargo-home/registry/src/index.crates.io-6f17d22bba15001f/fuzzcheck_common-0.12.0/src/arg.rs:305:23
[INFO] [stdout]     |
[INFO] [stdout] 305 |                     #[no_coverage]
[INFO] [stdout]     |                       ^^^^^^^^^^^ help: a built-in attribute with a similar name exists: `coverage`
[INFO] [stdout] 
[INFO] [stdout] 
[INFO] [stdout] error: cannot find attribute `no_coverage` in this scope
[INFO] [stdout]    --> /opt/rustwide/cargo-home/registry/src/index.crates.io-6f17d22bba15001f/fuzzcheck_common-0.12.0/src/arg.rs:314:19
[INFO] [stdout]     |
[INFO] [stdout] 314 |                 #[no_coverage]
[INFO] [stdout]     |                   ^^^^^^^^^^^ help: a built-in attribute with a similar name exists: `coverage`
[INFO] [stdout] 
[INFO] [stdout] 
[INFO] [stdout] error: cannot find attribute `no_coverage` in this scope
[INFO] [stdout]    --> /opt/rustwide/cargo-home/registry/src/index.crates.io-6f17d22bba15001f/fuzzcheck_common-0.12.0/src/arg.rs:344:3
[INFO] [stdout]     |
[INFO] [stdout] 344 | #[no_coverage]
[INFO] [stdout]     |   ^^^^^^^^^^^ help: a built-in attribute with a similar name exists: `coverage`
[INFO] [stdout] 
[INFO] [stdout] 
[INFO] [stdout] error: cannot find attribute `no_coverage` in this scope
[INFO] [stdout]    --> /opt/rustwide/cargo-home/registry/src/index.crates.io-6f17d22bba15001f/fuzzcheck_common-0.12.0/src/arg.rs:411:7
[INFO] [stdout]     |
[INFO] [stdout] 411 |     #[no_coverage]
[INFO] [stdout]     |       ^^^^^^^^^^^ help: a built-in attribute with a similar name exists: `coverage`
[INFO] [stdout] 
[INFO] [stdout] 
[INFO] [stdout] error: cannot find attribute `no_coverage` in this scope
[INFO] [stdout]    --> /opt/rustwide/cargo-home/registry/src/index.crates.io-6f17d22bba15001f/fuzzcheck_common-0.12.0/src/arg.rs:417:7
[INFO] [stdout]     |
[INFO] [stdout] 417 |     #[no_coverage]
[INFO] [stdout]     |       ^^^^^^^^^^^ help: a built-in attribute with a similar name exists: `coverage`
[INFO] [stdout] 
[INFO] [stdout] 
[INFO] [stdout] error: cannot find attribute `no_coverage` in this scope
[INFO] [stdout]    --> /opt/rustwide/cargo-home/registry/src/index.crates.io-6f17d22bba15001f/fuzzcheck_common-0.12.0/src/arg.rs:450:7
[INFO] [stdout]     |
[INFO] [stdout] 450 |     #[no_coverage]
[INFO] [stdout]     |       ^^^^^^^^^^^ help: a built-in attribute with a similar name exists: `coverage`
[INFO] [stdout] 
[INFO] [stdout] 
[INFO] [stdout] error: aborting due to 32 previous errors
[INFO] [stdout] 
[INFO] [stdout] 
[INFO] [stdout] Some errors have detailed explanations: E0557, E0658.
[INFO] [stdout] 
[INFO] [stdout] For more information about an error, try `rustc --explain E0557`.
[INFO] [stdout] 
[INFO] [stderr] error: could not compile `fuzzcheck_common` (lib) due to 33 previous errors
[INFO] [stderr] warning: build failed, waiting for other jobs to finish...
[INFO] running `Command { std: "docker" "inspect" "a8aad34e15bb39efc65eb1017a48c35e50e373b5961ebad81c440890e4a8070b", kill_on_drop: false }`
[INFO] running `Command { std: "docker" "rm" "-f" "a8aad34e15bb39efc65eb1017a48c35e50e373b5961ebad81c440890e4a8070b", kill_on_drop: false }`
[INFO] [stdout] a8aad34e15bb39efc65eb1017a48c35e50e373b5961ebad81c440890e4a8070b
