[INFO] fetching crate fuel-core-e2e-client 0.21.0...
[INFO] checking fuel-core-e2e-client-0.21.0 against nightly-2024-02-05 for check-cfg
[INFO] extracting crate fuel-core-e2e-client 0.21.0 into /workspace/builds/worker-5-tc1/source
[INFO] validating manifest of crates.io crate fuel-core-e2e-client 0.21.0 on toolchain nightly-2024-02-05
[INFO] running `Command { std: CARGO_HOME="/workspace/cargo-home" RUSTUP_HOME="/workspace/rustup-home" "/workspace/cargo-home/bin/cargo" "+nightly-2024-02-05" "metadata" "--manifest-path" "Cargo.toml" "--no-deps", kill_on_drop: false }`
[INFO] started tweaking crates.io crate fuel-core-e2e-client 0.21.0
[INFO] finished tweaking crates.io crate fuel-core-e2e-client 0.21.0
[INFO] tweaked toml for crates.io crate fuel-core-e2e-client 0.21.0 written to /workspace/builds/worker-5-tc1/source/Cargo.toml
[INFO] crate crates.io crate fuel-core-e2e-client 0.21.0 already has a lockfile, it will not be regenerated
[INFO] running `Command { std: CARGO_HOME="/workspace/cargo-home" RUSTUP_HOME="/workspace/rustup-home" "/workspace/cargo-home/bin/cargo" "+nightly-2024-02-05" "fetch" "--manifest-path" "Cargo.toml", kill_on_drop: false }`
[INFO] [stderr]     Updating crates.io index
[INFO] [stderr]  Downloading crates ...
[INFO] [stderr]   Downloaded libtest-mimic v0.6.1
[INFO] [stderr]   Downloaded fuel-asm v0.43.0
[INFO] [stderr]   Downloaded psl-types v2.0.11
[INFO] [stderr]   Downloaded primeorder v0.13.6
[INFO] [stderr]   Downloaded cynic-proc-macros v2.2.8
[INFO] [stderr]   Downloaded fuel-derive v0.43.0
[INFO] [stderr]   Downloaded embedded-io v0.4.0
[INFO] [stderr]   Downloaded tokio-rayon v2.1.0
[INFO] [stderr]   Downloaded libp2p-yamux v0.42.0
[INFO] [stderr]   Downloaded fuel-storage v0.43.0
[INFO] [stderr]   Downloaded pbkdf2 v0.12.2
[INFO] [stderr]   Downloaded libp2p-dns v0.38.0
[INFO] [stderr]   Downloaded libp2p-mdns v0.42.0
[INFO] [stderr]   Downloaded sdp v0.5.3
[INFO] [stderr]   Downloaded fuel-crypto v0.43.0
[INFO] [stderr]   Downloaded libp2p-tcp v0.38.0
[INFO] [stderr]   Downloaded k256 v0.13.2
[INFO] [stderr]   Downloaded libp2p-identity v0.1.3
[INFO] [stderr]   Downloaded rtp v0.6.8
[INFO] [stderr]   Downloaded snow v0.9.4
[INFO] [stderr]   Downloaded libz-sys v1.1.12
[INFO] [stderr]   Downloaded ring v0.17.5
[INFO] [stderr]   Downloaded fuel-core-txpool v0.21.0
[INFO] [stderr]   Downloaded librocksdb-sys v0.11.0+8.1.1
[INFO] [stderr]   Downloaded libp2p-gossipsub v0.43.0
[INFO] [stderr]   Downloaded libp2p-kad v0.42.0
[INFO] [stderr]   Downloaded windows v0.51.1
[INFO] [stderr]   Downloaded fuel-core-sync v0.21.0
[INFO] [stderr]   Downloaded bstr v1.8.0
[INFO] [stderr]   Downloaded async-graphql v4.0.16
[INFO] [stderr]   Downloaded x509-parser v0.14.0
[INFO] [stderr]   Downloaded quinn-proto v0.9.6
[INFO] [stderr]   Downloaded interceptor v0.8.2
[INFO] [stderr]   Downloaded asn1-rs v0.3.1
[INFO] [stderr]   Downloaded async-graphql-derive v4.0.16
[INFO] [stderr]   Downloaded x25519-dalek v2.0.0
[INFO] [stderr]   Downloaded x509-parser v0.13.2
[INFO] [stderr]   Downloaded webrtc v0.6.0
[INFO] [stderr]   Downloaded webrtc-ice v0.9.1
[INFO] [stderr]   Downloaded widestring v1.0.2
[INFO] [stderr]   Downloaded webrtc-dtls v0.7.2
[INFO] [stderr]   Downloaded rtcp v0.7.2
[INFO] [stderr]   Downloaded coins-bip39 v0.8.7
[INFO] [stderr]   Downloaded der-parser v7.0.0
[INFO] [stderr]   Downloaded eventsource-client v0.10.2
[INFO] [stderr]   Downloaded libp2p-swarm v0.41.1
[INFO] [stderr]   Downloaded webrtc-sctp v0.7.0
[INFO] [stderr]   Downloaded webrtc-srtp v0.9.1
[INFO] [stderr]   Downloaded fuel-tx v0.43.0
[INFO] [stderr]   Downloaded webrtc-util v0.7.0
[INFO] [stderr]   Downloaded libp2p v0.50.0
[INFO] [stderr]   Downloaded tokio v1.34.0
[INFO] [stderr]   Downloaded insta v1.34.0
[INFO] [stderr]   Downloaded fiat-crypto v0.2.5
[INFO] [stderr]   Downloaded tikv-jemalloc-sys v0.5.4+5.3.0-patched
[INFO] [stderr]   Downloaded fuel-core-consensus-module v0.21.0
[INFO] [stderr]   Downloaded ip_network v0.4.1
[INFO] [stderr]   Downloaded libp2p-quic v0.7.0-alpha.3
[INFO] [stderr]   Downloaded multihash v0.17.0
[INFO] [stderr]   Downloaded quick-protobuf v0.8.1
[INFO] [stderr]   Downloaded rcgen v0.9.3
[INFO] [stderr]   Downloaded derive_builder_macro v0.11.2
[INFO] [stderr]   Downloaded webrtc-data v0.6.0
[INFO] [stderr]   Downloaded asn1-rs-derive v0.4.0
[INFO] [stderr]   Downloaded der-parser v8.2.0
[INFO] [stderr]   Downloaded oid-registry v0.4.0
[INFO] [stderr]   Downloaded stun v0.4.4
[INFO] [stderr]   Downloaded webrtc-mdns v0.5.2
[INFO] [stderr]   Downloaded webrtc-media v0.5.1
[INFO] [stderr]   Downloaded event-listener-strategy v0.3.0
[INFO] [stderr]   Downloaded libsecp256k1 v0.7.1
[INFO] [stderr]   Downloaded uuid v1.6.1
[INFO] [stderr]   Downloaded multer v2.1.0
[INFO] [stderr]   Downloaded multiaddr v0.17.1
[INFO] [stderr]   Downloaded cookie_store v0.16.2
[INFO] [stderr]   Downloaded oid-registry v0.6.1
[INFO] [stderr]   Downloaded enum-iterator-derive v1.2.1
[INFO] [stderr]   Downloaded multiaddr v0.16.0
[INFO] [stderr]   Downloaded libp2p-tls v0.1.0
[INFO] [stderr]   Downloaded wasm-timer v0.2.5
[INFO] [stderr]   Downloaded rusticata-macros v4.1.0
[INFO] [stderr]   Downloaded fuel-core-producer v0.21.0
[INFO] [stderr]   Downloaded atomic-polyfill v0.1.11
[INFO] [stderr]   Downloaded arc-swap v1.6.0
[INFO] [stderr]   Downloaded quicksink v0.1.2
[INFO] [stderr]   Downloaded fuel-core-importer v0.21.0
[INFO] [stderr]   Downloaded libp2p-metrics v0.11.0
[INFO] [stderr]   Downloaded asn1-rs v0.5.2
[INFO] [stderr]   Downloaded waitgroup v0.1.2
[INFO] [stderr]   Downloaded libsecp256k1-gen-ecmult v0.3.0
[INFO] [stderr]   Downloaded rw-stream-sink v0.3.0
[INFO] [stderr]   Downloaded libp2p-mplex v0.38.0
[INFO] [stderr]   Downloaded prost-codec v0.3.0
[INFO] [stderr]   Downloaded fuel-core-executor v0.21.0
[INFO] [stderr]   Downloaded derive_builder v0.11.2
[INFO] [stderr]   Downloaded libp2p-core v0.39.2
[INFO] [stderr]   Downloaded libsecp256k1-gen-genmult v0.3.0
[INFO] [stderr]   Downloaded block-modes v0.7.0
[INFO] [stderr]   Downloaded rustls v0.21.9
[INFO] [stderr]   Downloaded fuel-core v0.21.0
[INFO] [stderr]   Downloaded lz4-sys v1.9.4
[INFO] [stderr]   Downloaded h2 v0.3.22
[INFO] [stderr]   Downloaded webpki-roots v0.25.3
[INFO] [stderr]   Downloaded rocksdb v0.21.0
[INFO] [stderr]   Downloaded curve25519-dalek v4.1.1
[INFO] [stderr]   Downloaded fuel-vm v0.43.0
[INFO] [stderr]   Downloaded async-graphql-parser v4.0.16
[INFO] [stderr]   Downloaded enum-iterator v1.4.1
[INFO] [stderr]   Downloaded libp2p-noise v0.42.2
[INFO] [stderr]   Downloaded derive_builder_core v0.11.2
[INFO] [stderr]   Downloaded turn v0.6.1
[INFO] [stderr]   Downloaded x25519-dalek v1.1.1
[INFO] [stderr]   Downloaded prometheus-client v0.20.0
[INFO] [stderr]   Downloaded fuel-core-metrics v0.21.0
[INFO] [stderr]   Downloaded netlink-packet-route v0.12.0
[INFO] [stderr]   Downloaded ipconfig v0.3.2
[INFO] [stderr]   Downloaded polling v3.3.0
[INFO] [stderr]   Downloaded ccm v0.3.0
[INFO] [stderr]   Downloaded futures-rustls v0.22.2
[INFO] [stderr]   Downloaded futures-lite v2.0.1
[INFO] [stderr]   Downloaded async-lock v3.1.1
[INFO] [stderr]   Downloaded clang-sys v1.6.1
[INFO] [stderr]   Downloaded secp256k1 v0.26.0
[INFO] [stderr]   Downloaded fuel-core-client v0.21.0
[INFO] [stderr]   Downloaded ethnum v1.5.0
[INFO] [stderr]   Downloaded postcard v1.0.8
[INFO] [stderr]   Downloaded cynic v2.2.8
[INFO] [stderr]   Downloaded cynic-codegen v2.2.8
[INFO] [stderr]   Downloaded parity-scale-codec v3.6.5
[INFO] [stderr]   Downloaded fuel-merkle v0.43.0
[INFO] [stderr]   Downloaded ed25519-dalek v2.1.0
[INFO] [stderr]   Downloaded async-graphql-value v4.0.16
[INFO] [stderr]   Downloaded fuel-core-database v0.21.0
[INFO] [stderr]   Downloaded asn1-rs-derive v0.1.0
[INFO] [stderr]   Downloaded asn1-rs-impl v0.1.0
[INFO] [stderr]   Downloaded libp2p-webrtc v0.4.0-alpha.4
[INFO] [stderr]   Downloaded libp2p-identify v0.41.0
[INFO] [stderr]   Downloaded async-io v2.2.0
[INFO] [stderr]   Downloaded asn1_der v0.7.6
[INFO] [stderr]   Downloaded multihash v0.16.3
[INFO] [stderr]   Downloaded libp2p-core v0.38.0
[INFO] [stderr]   Downloaded yamux v0.10.2
[INFO] [stderr]   Downloaded fuel-core-p2p v0.21.0
[INFO] [stderr]   Downloaded prometheus-client v0.18.1
[INFO] [stderr]   Downloaded synstructure v0.13.0
[INFO] [stderr]   Downloaded fuel-types v0.43.0
[INFO] [stderr]   Downloaded termcolor v1.4.0
[INFO] [stderr]   Downloaded tai64 v4.0.0
[INFO] [stderr]   Downloaded critical-section v1.1.2
[INFO] [stderr]   Downloaded netlink-sys v0.8.5
[INFO] [stderr]   Downloaded platforms v3.2.0
[INFO] [stderr]   Downloaded rtnetlink v0.10.1
[INFO] [stderr]   Downloaded graphql-parser v0.4.0
[INFO] [stderr]   Downloaded lru v0.8.1
[INFO] [stderr]   Downloaded libp2p-noise v0.41.0
[INFO] [stderr]   Downloaded multistream-select v0.12.1
[INFO] [stderr]   Downloaded asynchronous-codec v0.6.2
[INFO] [stderr]   Downloaded netlink-packet-core v0.4.2
[INFO] [stderr]   Downloaded cobs v0.2.3
[INFO] [stderr]   Downloaded if-addrs v0.10.2
[INFO] [stderr]   Downloaded coins-bip32 v0.8.7
[INFO] [stderr]   Downloaded curve25519-dalek-derive v0.1.1
[INFO] [stderr]   Downloaded fuel-core-chain-config v0.21.0
[INFO] [stderr]   Downloaded ed25519 v2.2.3
[INFO] [stderr]   Downloaded libp2p-request-response v0.23.0
[INFO] [stderr]   Downloaded libp2p-swarm-derive v0.31.0
[INFO] [stderr]   Downloaded fuel-core-poa v0.21.0
[INFO] [stderr]   Downloaded prometheus-client-derive-text-encode v0.3.0
[INFO] [stderr]   Downloaded prometheus-client-derive-encode v0.4.2
[INFO] [stderr]   Downloaded fuel-core-services v0.21.0
[INFO] [stderr]   Downloaded shlex v1.2.0
[INFO] [stderr]   Downloaded fuel-core-storage v0.21.0
[INFO] [stderr]   Downloaded cookie v0.16.2
[INFO] [stderr]   Downloaded publicsuffix v2.2.3
[INFO] [stderr]   Downloaded libsecp256k1-core v0.3.0
[INFO] [stderr]   Downloaded quick-protobuf-codec v0.1.0
[INFO] [stderr]   Downloaded libp2p-websocket v0.40.0
[INFO] [stderr]   Downloaded netlink-proto v0.10.0
[INFO] [stderr]   Downloaded tikv-jemallocator v0.5.4
[INFO] [stderr]   Downloaded coins-core v0.8.7
[INFO] [stderr]   Downloaded if-watch v3.2.0
[INFO] [stderr]   Downloaded counter v0.5.7
[INFO] [stderr]   Downloaded smallvec v1.11.2
[INFO] [stderr]   Downloaded fuel-core-types v0.21.0
[INFO] [stderr]   Downloaded time-macros v0.2.15
[INFO] [stderr]   Downloaded schemafy_core v0.5.2
[INFO] [stderr]   Downloaded schemafy_lib v0.5.2
[INFO] [stderr]   Downloaded secrecy v0.8.0
[INFO] [stderr]   Downloaded netlink-packet-utils v0.5.2
[INFO] [stderr]   Downloaded p256 v0.13.2
[INFO] [stderr]   Downloaded tokio-io-timeout v1.2.0
[INFO] [stderr]   Downloaded hyper-timeout v0.4.1
[INFO] [stderr]   Downloaded parity-scale-codec-derive v3.6.5
[INFO] running `Command { std: "docker" "create" "-v" "/var/lib/crater-agent-workspace/builds/worker-5-tc1/target:/opt/rustwide/target:rw,Z" "-v" "/var/lib/crater-agent-workspace/builds/worker-5-tc1/source:/opt/rustwide/workdir:ro,Z" "-v" "/var/lib/crater-agent-workspace/cargo-home:/opt/rustwide/cargo-home:ro,Z" "-v" "/var/lib/crater-agent-workspace/rustup-home:/opt/rustwide/rustup-home:ro,Z" "-e" "SOURCE_DIR=/opt/rustwide/workdir" "-e" "CARGO_TARGET_DIR=/opt/rustwide/target" "-e" "CARGO_HOME=/opt/rustwide/cargo-home" "-e" "RUSTUP_HOME=/opt/rustwide/rustup-home" "-w" "/opt/rustwide/workdir" "-m" "1610612736" "--user" "0:0" "--network" "none" "ghcr.io/rust-lang/crates-build-env/linux@sha256:2788e3201cd34a07e3172128adcd8b3090168a8e3bcc40d7c032b9dda1df7d1c" "/opt/rustwide/cargo-home/bin/cargo" "+nightly-2024-02-05" "metadata" "--no-deps" "--format-version=1", kill_on_drop: false }`
[INFO] [stdout] d370cf2c7e54f335a95315ecbc9ac0f4a66c4c064a13e8675d05901f59898dac
[INFO] running `Command { std: "docker" "start" "-a" "d370cf2c7e54f335a95315ecbc9ac0f4a66c4c064a13e8675d05901f59898dac", kill_on_drop: false }`
[INFO] running `Command { std: "docker" "inspect" "d370cf2c7e54f335a95315ecbc9ac0f4a66c4c064a13e8675d05901f59898dac", kill_on_drop: false }`
[INFO] running `Command { std: "docker" "rm" "-f" "d370cf2c7e54f335a95315ecbc9ac0f4a66c4c064a13e8675d05901f59898dac", kill_on_drop: false }`
[INFO] [stdout] d370cf2c7e54f335a95315ecbc9ac0f4a66c4c064a13e8675d05901f59898dac
[INFO] running `Command { std: "docker" "create" "-v" "/var/lib/crater-agent-workspace/builds/worker-5-tc1/target:/opt/rustwide/target:rw,Z" "-v" "/var/lib/crater-agent-workspace/builds/worker-5-tc1/source:/opt/rustwide/workdir:ro,Z" "-v" "/var/lib/crater-agent-workspace/cargo-home:/opt/rustwide/cargo-home:ro,Z" "-v" "/var/lib/crater-agent-workspace/rustup-home:/opt/rustwide/rustup-home:ro,Z" "-e" "SOURCE_DIR=/opt/rustwide/workdir" "-e" "CARGO_TARGET_DIR=/opt/rustwide/target" "-e" "CARGO_INCREMENTAL=0" "-e" "RUST_BACKTRACE=full" "-e" "RUSTFLAGS=--cap-lints=forbid" "-e" "RUSTDOCFLAGS=--cap-lints=forbid" "-e" "CARGO_HOME=/opt/rustwide/cargo-home" "-e" "RUSTUP_HOME=/opt/rustwide/rustup-home" "-w" "/opt/rustwide/workdir" "-m" "1610612736" "--user" "0:0" "--network" "none" "ghcr.io/rust-lang/crates-build-env/linux@sha256:2788e3201cd34a07e3172128adcd8b3090168a8e3bcc40d7c032b9dda1df7d1c" "/opt/rustwide/cargo-home/bin/cargo" "+nightly-2024-02-05" "check" "--frozen" "--all" "--all-targets" "--message-format=json", kill_on_drop: false }`
[INFO] [stdout] c52b0c1e9907925a61cbdc4d14b6a5d3bf64a0d158fc5fb64f30533d30ecfb14
[INFO] running `Command { std: "docker" "start" "-a" "c52b0c1e9907925a61cbdc4d14b6a5d3bf64a0d158fc5fb64f30533d30ecfb14", kill_on_drop: false }`
[INFO] [stderr]    Compiling serde v1.0.193
[INFO] [stderr]     Checking const-oid v0.9.5
[INFO] [stderr]     Checking subtle v2.4.1
[INFO] [stderr]     Checking zerocopy v0.7.26
[INFO] [stderr]    Compiling ahash v0.8.6
[INFO] [stderr]    Compiling semver v1.0.20
[INFO] [stderr]     Checking cpufeatures v0.2.11
[INFO] [stderr]    Compiling thiserror v1.0.50
[INFO] [stderr]    Compiling syn v2.0.39
[INFO] [stderr]     Checking getrandom v0.2.11
[INFO] [stderr]    Compiling syn v1.0.109
[INFO] [stderr]    Compiling futures-channel v0.3.29
[INFO] [stderr]     Checking tokio v1.34.0
[INFO] [stderr]    Compiling memchr v2.6.4
[INFO] [stderr]    Compiling futures-util v0.3.29
[INFO] [stderr]     Checking tracing-core v0.1.32
[INFO] [stderr]    Compiling ring v0.16.20
[INFO] [stderr]    Compiling ring v0.17.5
[INFO] [stderr]    Compiling platforms v3.2.0
[INFO] [stderr]     Checking rand_core v0.6.4
[INFO] [stderr]    Compiling serde_json v1.0.108
[INFO] [stderr]     Checking http v0.2.11
[INFO] [stderr]     Checking ff v0.13.0
[INFO] [stderr]     Checking rand_chacha v0.3.1
[INFO] [stderr]    Compiling secp256k1-sys v0.8.1
[INFO] [stderr]     Checking byteorder v1.5.0
[INFO] [stderr]    Compiling crunchy v0.2.2
[INFO] [stderr]     Checking group v0.13.0
[INFO] [stderr]     Checking rand v0.8.5
[INFO] [stderr]    Compiling rustc_version v0.4.0
[INFO] [stderr]    Compiling aho-corasick v1.1.2
[INFO] [stderr]     Checking hashbrown v0.13.2
[INFO] [stderr]    Compiling libm v0.2.8
[INFO] [stderr]    Compiling void v1.0.2
[INFO] [stderr]    Compiling rustls v0.21.9
[INFO] [stderr]     Checking fuel-storage v0.43.0
[INFO] [stderr]     Checking deranged v0.3.9
[INFO] [stderr]    Compiling curve25519-dalek v4.1.1
[INFO] [stderr]    Compiling time-macros v0.2.15
[INFO] [stderr]    Compiling unreachable v1.0.0
[INFO] [stderr]    Compiling num-traits v0.2.17
[INFO] [stderr]     Checking fixed-hash v0.8.0
[INFO] [stderr]    Compiling cookie v0.16.2
[INFO] [stderr]     Checking http-body v0.4.5
[INFO] [stderr]    Compiling ryu v1.0.15
[INFO] [stderr]    Compiling ascii v0.9.3
[INFO] [stderr]    Compiling itoa v1.0.9
[INFO] [stderr]     Checking idna v0.5.0
[INFO] [stderr]     Checking idna v0.3.0
[INFO] [stderr]     Checking rustls-pemfile v1.0.4
[INFO] [stderr]     Checking ethnum v1.5.0
[INFO] [stderr]     Checking psl-types v2.0.11
[INFO] [stderr]    Compiling combine v3.8.1
[INFO] [stderr]     Checking matches v0.1.10
[INFO] [stderr]     Checking idna v0.2.3
[INFO] [stderr]     Checking rustls-native-certs v0.6.3
[INFO] [stderr]     Checking publicsuffix v2.2.3
[INFO] [stderr]     Checking url v2.5.0
[INFO] [stderr]    Compiling heapless v0.7.16
[INFO] [stderr]    Compiling regex-automata v0.4.3
[INFO] [stderr]     Checking webpki-roots v0.25.3
[INFO] [stderr]     Checking hash32 v0.2.1
[INFO] [stderr]    Compiling tikv-jemalloc-sys v0.5.4+5.3.0-patched
[INFO] [stderr]     Checking embedded-io v0.4.0
[INFO] [stderr]     Checking cobs v0.2.3
[INFO] [stderr]     Checking threadpool v1.8.1
[INFO] [stderr]     Checking predicates-core v1.0.6
[INFO] [stderr]     Checking termcolor v1.4.0
[INFO] [stderr]    Compiling rustix v0.38.25
[INFO] [stderr]     Checking itertools v0.11.0
[INFO] [stderr]    Compiling counter v0.5.7
[INFO] [stderr]     Checking linux-raw-sys v0.4.11
[INFO] [stderr]     Checking termtree v0.4.1
[INFO] [stderr]     Checking difflib v0.4.0
[INFO] [stderr]     Checking predicates-tree v1.0.9
[INFO] [stderr]     Checking console v0.15.7
[INFO] [stderr]     Checking wait-timeout v0.2.0
[INFO] [stderr]     Checking similar v2.3.0
[INFO] [stderr]     Checking time v0.3.30
[INFO] [stderr]     Checking insta v1.34.0
[INFO] [stderr]     Checking bstr v1.8.0
[INFO] [stderr]    Compiling darling_core v0.13.4
[INFO] [stderr]     Checking predicates v3.0.4
[INFO] [stderr]     Checking tokio-io-timeout v1.2.0
[INFO] [stderr]     Checking sct v0.6.1
[INFO] [stderr]     Checking webpki v0.21.4
[INFO] [stderr]     Checking ct-logs v0.8.0
[INFO] [stderr]    Compiling synstructure v0.13.0
[INFO] [stderr]     Checking assert_cmd v2.0.12
[INFO] [stderr]     Checking rustls v0.19.1
[INFO] [stderr]    Compiling regex v1.10.2
[INFO] [stderr]     Checking secp256k1 v0.26.0
[INFO] [stderr]    Compiling strum_macros v0.24.3
[INFO] [stderr]    Compiling derive_more v0.99.17
[INFO] [stderr]    Compiling derivative v2.2.0
[INFO] [stderr]     Checking rustls-webpki v0.101.7
[INFO] [stderr]     Checking sct v0.7.1
[INFO] [stderr]    Compiling Inflector v0.11.4
[INFO] [stderr]    Compiling serde_derive v1.0.193
[INFO] [stderr]    Compiling zeroize_derive v1.4.2
[INFO] [stderr]    Compiling thiserror-impl v1.0.50
[INFO] [stderr]    Compiling futures-macro v0.3.29
[INFO] [stderr]    Compiling tracing-attributes v0.1.27
[INFO] [stderr]    Compiling fuel-derive v0.43.0
[INFO] [stderr]    Compiling curve25519-dalek-derive v0.1.1
[INFO] [stderr]    Compiling async-trait v0.1.74
[INFO] [stderr]     Checking tokio-rustls v0.22.0
[INFO] [stderr]     Checking rustls-native-certs v0.5.0
[INFO] [stderr]    Compiling pin-project-internal v1.1.3
[INFO] [stderr]    Compiling clap_derive v4.4.7
[INFO] [stderr]    Compiling darling_macro v0.13.4
[INFO] [stderr]     Checking zeroize v1.7.0
[INFO] [stderr]     Checking generic-array v0.14.7
[INFO] [stderr]     Checking der v0.7.8
[INFO] [stderr]     Checking secrecy v0.8.0
[INFO] [stderr]     Checking crypto-common v0.1.6
[INFO] [stderr]     Checking block-buffer v0.10.4
[INFO] [stderr]     Checking crypto-bigint v0.5.5
[INFO] [stderr]     Checking tokio-rustls v0.24.1
[INFO] [stderr]     Checking digest v0.10.7
[INFO] [stderr]     Checking strum v0.24.1
[INFO] [stderr]    Compiling darling v0.13.4
[INFO] [stderr]    Compiling serde_with_macros v1.5.2
[INFO] [stderr]    Compiling graphql-parser v0.4.0
[INFO] [stderr]     Checking sha2 v0.10.8
[INFO] [stderr]     Checking signature v2.2.0
[INFO] [stderr]     Checking spki v0.7.2
[INFO] [stderr]     Checking sec1 v0.7.3
[INFO] [stderr]     Checking hmac v0.12.1
[INFO] [stderr]     Checking tracing v0.1.40
[INFO] [stderr]     Checking pkcs8 v0.10.2
[INFO] [stderr]     Checking bs58 v0.5.0
[INFO] [stderr]     Checking sha3 v0.10.8
[INFO] [stderr]     Checking ripemd v0.1.3
[INFO] [stderr]     Checking rfc6979 v0.4.0
[INFO] [stderr]     Checking pbkdf2 v0.12.2
[INFO] [stderr]     Checking ed25519 v2.2.3
[INFO] [stderr]     Checking tokio-util v0.7.10
[INFO] [stderr]     Checking pin-project v1.1.3
[INFO] [stderr]     Checking clap v4.4.8
[INFO] [stderr]     Checking libtest-mimic v0.6.1
[INFO] [stderr]     Checking elliptic-curve v0.13.8
[INFO] [stderr]     Checking ed25519-dalek v2.1.0
[INFO] [stderr]     Checking ecdsa v0.16.9
[INFO] [stderr]     Checking primeorder v0.13.6
[INFO] [stderr]    Compiling cynic-codegen v2.2.8
[INFO] [stderr]     Checking k256 v0.13.2
[INFO] [stderr]     Checking p256 v0.13.2
[INFO] [stderr]     Checking futures-executor v0.3.29
[INFO] [stderr]     Checking futures v0.3.29
[INFO] [stderr]     Checking hashbrown v0.14.2
[INFO] [stderr]     Checking hex v0.4.3
[INFO] [stderr]     Checking bitflags v2.4.1
[INFO] [stderr]     Checking tai64 v4.0.0
[INFO] [stderr]     Checking serde_urlencoded v0.7.1
[INFO] [stderr]     Checking serde_with v1.14.0
[INFO] [stderr]     Checking humantime-serde v1.1.1
[INFO] [stderr]     Checking toml v0.5.11
[INFO] [stderr]     Checking coins-core v0.8.7
[INFO] [stderr]     Checking fuel-types v0.43.0
[INFO] [stderr]     Checking fuel-merkle v0.43.0
[INFO] [stderr]     Checking uint v0.9.5
[INFO] [stderr]     Checking primitive-types v0.12.2
[INFO] [stderr]     Checking coins-bip32 v0.8.7
[INFO] [stderr]     Checking indexmap v2.1.0
[INFO] [stderr]     Checking postcard v1.0.8
[INFO] [stderr]     Checking fuel-asm v0.43.0
[INFO] [stderr]     Checking cookie_store v0.16.2
[INFO] [stderr]     Checking coins-bip39 v0.8.7
[INFO] [stderr]     Checking fuel-crypto v0.43.0
[INFO] [stderr]     Checking h2 v0.3.22
[INFO] [stderr]    Compiling cynic-proc-macros v2.2.8
[INFO] [stderr]    Compiling schemafy_core v0.5.2
[INFO] [stderr]    Compiling schemafy_lib v0.5.2
[INFO] [stderr]     Checking tempfile v3.8.1
[INFO] [stderr]    Compiling fuel-core-client v0.21.0
[INFO] [stderr]     Checking fuel-tx v0.43.0
[INFO] [stderr]     Checking hyper v0.14.27
[INFO] [stderr]     Checking hyper-rustls v0.24.2
[INFO] [stderr]     Checking hyper-rustls v0.22.1
[INFO] [stderr]     Checking hyper-timeout v0.4.1
[INFO] [stderr]     Checking fuel-vm v0.43.0
[INFO] [stderr]     Checking eventsource-client v0.10.2
[INFO] [stderr]     Checking reqwest v0.11.22
[INFO] [stderr]     Checking cynic v2.2.8
[INFO] [stderr]     Checking fuel-core-types v0.21.0
[INFO] [stderr]     Checking fuel-core-storage v0.21.0
[INFO] [stderr]     Checking fuel-core-chain-config v0.21.0
[INFO] [stderr] error: could not compile `fuel-core-client` (lib)
[INFO] [stderr] 
[INFO] [stderr] Caused by:
[INFO] [stderr]   process didn't exit successfully: `/opt/rustwide/rustup-home/toolchains/nightly-2024-02-05-x86_64-unknown-linux-gnu/bin/rustc --crate-name fuel_core_client --edition=2021 /opt/rustwide/cargo-home/registry/src/index.crates.io-6f17d22bba15001f/fuel-core-client-0.21.0/src/lib.rs --error-format=json --json=diagnostic-rendered-ansi,artifacts,future-incompat --crate-type lib --emit=dep-info,metadata -C embed-bitcode=no -C debuginfo=2 --cfg 'feature="default"' --cfg 'feature="eventsource-client"' --cfg 'feature="futures"' --cfg 'feature="hyper-rustls"' --cfg 'feature="subscriptions"' -C metadata=e72e7230651652d1 -C extra-filename=-e72e7230651652d1 --out-dir /opt/rustwide/target/debug/deps -L dependency=/opt/rustwide/target/debug/deps --extern anyhow=/opt/rustwide/target/debug/deps/libanyhow-56a0ff5018aa83f8.rmeta --extern cynic=/opt/rustwide/target/debug/deps/libcynic-8b7c6d430afa28f7.rmeta --extern derive_more=/opt/rustwide/target/debug/deps/libderive_more-773a3773058bf184.so --extern eventsource_client=/opt/rustwide/target/debug/deps/libeventsource_client-52d76eb49c1dd992.rmeta --extern fuel_core_types=/opt/rustwide/target/debug/deps/libfuel_core_types-fe5aa2c380bb5770.rmeta --extern futures=/opt/rustwide/target/debug/deps/libfutures-2e0d00e9f560947d.rmeta --extern hex=/opt/rustwide/target/debug/deps/libhex-42dbb5a6689dce09.rmeta --extern hyper_rustls=/opt/rustwide/target/debug/deps/libhyper_rustls-91e3fcfc11b03d98.rmeta --extern itertools=/opt/rustwide/target/debug/deps/libitertools-904e36b04e683d83.rmeta --extern reqwest=/opt/rustwide/target/debug/deps/libreqwest-f8c6a3cd73bf8d3b.rmeta --extern serde=/opt/rustwide/target/debug/deps/libserde-31396672cb2a1922.rmeta --extern serde_json=/opt/rustwide/target/debug/deps/libserde_json-da9793e8b98eb812.rmeta --extern tai64=/opt/rustwide/target/debug/deps/libtai64-024c4352cb7fe01f.rmeta --extern thiserror=/opt/rustwide/target/debug/deps/libthiserror-a02a913d9e931b0a.rmeta --extern tracing=/opt/rustwide/target/debug/deps/libtracing-700901f84c7c915c.rmeta --cap-lints allow --cap-lints=forbid -L native=/opt/rustwide/target/debug/build/ring-6c499e0b122bdaaa/out -L native=/opt/rustwide/target/debug/build/ring-ab1e0abc1b1e2755/out -L native=/opt/rustwide/target/debug/build/secp256k1-sys-e5774cefed34b40b/out` (signal: 9, SIGKILL: kill)
[INFO] [stderr] warning: build failed, waiting for other jobs to finish...
[INFO] running `Command { std: "docker" "inspect" "c52b0c1e9907925a61cbdc4d14b6a5d3bf64a0d158fc5fb64f30533d30ecfb14", kill_on_drop: false }`
[INFO] running `Command { std: "docker" "rm" "-f" "c52b0c1e9907925a61cbdc4d14b6a5d3bf64a0d158fc5fb64f30533d30ecfb14", kill_on_drop: false }`
[INFO] [stdout] c52b0c1e9907925a61cbdc4d14b6a5d3bf64a0d158fc5fb64f30533d30ecfb14
[INFO] checking fuel-core-e2e-client-0.21.0 against nightly-2024-02-05+rustflags=-Dunexpected_cfgs+cargoflags=-Zcheck-cfg for check-cfg
[INFO] extracting crate fuel-core-e2e-client 0.21.0 into /workspace/builds/worker-5-tc2/source
[INFO] validating manifest of crates.io crate fuel-core-e2e-client 0.21.0 on toolchain nightly-2024-02-05
[INFO] running `Command { std: CARGO_HOME="/workspace/cargo-home" RUSTUP_HOME="/workspace/rustup-home" "/workspace/cargo-home/bin/cargo" "+nightly-2024-02-05" "metadata" "--manifest-path" "Cargo.toml" "--no-deps", kill_on_drop: false }`
[INFO] started tweaking crates.io crate fuel-core-e2e-client 0.21.0
[INFO] finished tweaking crates.io crate fuel-core-e2e-client 0.21.0
[INFO] tweaked toml for crates.io crate fuel-core-e2e-client 0.21.0 written to /workspace/builds/worker-5-tc2/source/Cargo.toml
[INFO] crate crates.io crate fuel-core-e2e-client 0.21.0 already has a lockfile, it will not be regenerated
[INFO] running `Command { std: CARGO_HOME="/workspace/cargo-home" RUSTUP_HOME="/workspace/rustup-home" "/workspace/cargo-home/bin/cargo" "+nightly-2024-02-05" "fetch" "--manifest-path" "Cargo.toml", kill_on_drop: false }`
[INFO] running `Command { std: "docker" "create" "-v" "/var/lib/crater-agent-workspace/builds/worker-5-tc2/target:/opt/rustwide/target:rw,Z" "-v" "/var/lib/crater-agent-workspace/builds/worker-5-tc2/source:/opt/rustwide/workdir:ro,Z" "-v" "/var/lib/crater-agent-workspace/cargo-home:/opt/rustwide/cargo-home:ro,Z" "-v" "/var/lib/crater-agent-workspace/rustup-home:/opt/rustwide/rustup-home:ro,Z" "-e" "SOURCE_DIR=/opt/rustwide/workdir" "-e" "CARGO_TARGET_DIR=/opt/rustwide/target" "-e" "CARGO_HOME=/opt/rustwide/cargo-home" "-e" "RUSTUP_HOME=/opt/rustwide/rustup-home" "-w" "/opt/rustwide/workdir" "-m" "1610612736" "--user" "0:0" "--network" "none" "ghcr.io/rust-lang/crates-build-env/linux@sha256:2788e3201cd34a07e3172128adcd8b3090168a8e3bcc40d7c032b9dda1df7d1c" "/opt/rustwide/cargo-home/bin/cargo" "+nightly-2024-02-05" "metadata" "--no-deps" "--format-version=1", kill_on_drop: false }`
[INFO] [stdout] ccbcbeafdd93155a97d78999c48ad9d55fbf537b38528e88f1561d01f6952142
[INFO] running `Command { std: "docker" "start" "-a" "ccbcbeafdd93155a97d78999c48ad9d55fbf537b38528e88f1561d01f6952142", kill_on_drop: false }`
[INFO] running `Command { std: "docker" "inspect" "ccbcbeafdd93155a97d78999c48ad9d55fbf537b38528e88f1561d01f6952142", kill_on_drop: false }`
[INFO] running `Command { std: "docker" "rm" "-f" "ccbcbeafdd93155a97d78999c48ad9d55fbf537b38528e88f1561d01f6952142", kill_on_drop: false }`
[INFO] [stdout] ccbcbeafdd93155a97d78999c48ad9d55fbf537b38528e88f1561d01f6952142
[INFO] running `Command { std: "docker" "create" "-v" "/var/lib/crater-agent-workspace/builds/worker-5-tc2/target:/opt/rustwide/target:rw,Z" "-v" "/var/lib/crater-agent-workspace/builds/worker-5-tc2/source:/opt/rustwide/workdir:ro,Z" "-v" "/var/lib/crater-agent-workspace/cargo-home:/opt/rustwide/cargo-home:ro,Z" "-v" "/var/lib/crater-agent-workspace/rustup-home:/opt/rustwide/rustup-home:ro,Z" "-e" "SOURCE_DIR=/opt/rustwide/workdir" "-e" "CARGO_TARGET_DIR=/opt/rustwide/target" "-e" "CARGO_INCREMENTAL=0" "-e" "RUST_BACKTRACE=full" "-e" "RUSTFLAGS=--cap-lints=forbid -Dunexpected_cfgs" "-e" "RUSTDOCFLAGS=--cap-lints=forbid" "-e" "CARGO_HOME=/opt/rustwide/cargo-home" "-e" "RUSTUP_HOME=/opt/rustwide/rustup-home" "-w" "/opt/rustwide/workdir" "-m" "1610612736" "--user" "0:0" "--network" "none" "ghcr.io/rust-lang/crates-build-env/linux@sha256:2788e3201cd34a07e3172128adcd8b3090168a8e3bcc40d7c032b9dda1df7d1c" "/opt/rustwide/cargo-home/bin/cargo" "+nightly-2024-02-05" "check" "--frozen" "--all" "--all-targets" "--message-format=json" "-Zcheck-cfg", kill_on_drop: false }`
[INFO] [stdout] 708b681c48dc268a9f6f9b90fc1ab2bd0198ffaee541f8b08625ceb578f60042
[INFO] running `Command { std: "docker" "start" "-a" "708b681c48dc268a9f6f9b90fc1ab2bd0198ffaee541f8b08625ceb578f60042", kill_on_drop: false }`
[INFO] [stderr]    Compiling serde v1.0.193
[INFO] [stderr]     Checking const-oid v0.9.5
[INFO] [stderr]     Checking subtle v2.4.1
[INFO] [stderr]     Checking zerocopy v0.7.26
[INFO] [stderr]    Compiling ahash v0.8.6
[INFO] [stderr]    Compiling semver v1.0.20
[INFO] [stderr]    Compiling thiserror v1.0.50
[INFO] [stderr]     Checking cpufeatures v0.2.11
[INFO] [stderr]    Compiling syn v2.0.39
[INFO] [stderr]     Checking getrandom v0.2.11
[INFO] [stderr]    Compiling syn v1.0.109
[INFO] [stderr]    Compiling futures-channel v0.3.29
[INFO] [stderr]     Checking tokio v1.34.0
[INFO] [stderr]    Compiling memchr v2.6.4
[INFO] [stderr]    Compiling futures-util v0.3.29
[INFO] [stderr]     Checking tracing-core v0.1.32
[INFO] [stderr]    Compiling ring v0.16.20
[INFO] [stderr]    Compiling ring v0.17.5
[INFO] [stderr]    Compiling platforms v3.2.0
[INFO] [stderr]     Checking rand_core v0.6.4
[INFO] [stderr]     Checking ff v0.13.0
[INFO] [stderr]     Checking rand_chacha v0.3.1
[INFO] [stderr]    Compiling serde_json v1.0.108
[INFO] [stderr]     Checking http v0.2.11
[INFO] [stderr]    Compiling secp256k1-sys v0.8.1
[INFO] [stderr]     Checking group v0.13.0
[INFO] [stderr]     Checking byteorder v1.5.0
[INFO] [stderr]    Compiling crunchy v0.2.2
[INFO] [stderr]     Checking rand v0.8.5
[INFO] [stderr]    Compiling rustls v0.21.9
[INFO] [stderr]     Checking hashbrown v0.13.2
[INFO] [stderr]    Compiling rustc_version v0.4.0
[INFO] [stderr]    Compiling aho-corasick v1.1.2
[INFO] [stderr]     Checking fuel-storage v0.43.0
[INFO] [stderr]    Compiling libm v0.2.8
[INFO] [stderr]    Compiling void v1.0.2
[INFO] [stderr]    Compiling time-macros v0.2.15
[INFO] [stderr]     Checking deranged v0.3.9
[INFO] [stderr]    Compiling unreachable v1.0.0
[INFO] [stderr]    Compiling curve25519-dalek v4.1.1
[INFO] [stderr]    Compiling num-traits v0.2.17
[INFO] [stderr]     Checking fixed-hash v0.8.0
[INFO] [stderr]    Compiling cookie v0.16.2
[INFO] [stderr]     Checking http-body v0.4.5
[INFO] [stderr]    Compiling itoa v1.0.9
[INFO] [stderr]    Compiling ryu v1.0.15
[INFO] [stderr]    Compiling ascii v0.9.3
[INFO] [stderr]     Checking idna v0.5.0
[INFO] [stderr]     Checking idna v0.3.0
[INFO] [stderr]     Checking rustls-pemfile v1.0.4
[INFO] [stderr]     Checking matches v0.1.10
[INFO] [stderr]     Checking psl-types v2.0.11
[INFO] [stderr]     Checking ethnum v1.5.0
[INFO] [stderr]     Checking rustls-native-certs v0.6.3
[INFO] [stderr]    Compiling combine v3.8.1
[INFO] [stderr]     Checking idna v0.2.3
[INFO] [stderr]     Checking publicsuffix v2.2.3
[INFO] [stderr]    Compiling heapless v0.7.16
[INFO] [stderr]     Checking url v2.5.0
[INFO] [stderr]     Checking webpki-roots v0.25.3
[INFO] [stderr]     Checking hash32 v0.2.1
[INFO] [stderr]    Compiling tikv-jemalloc-sys v0.5.4+5.3.0-patched
[INFO] [stderr]    Compiling regex-automata v0.4.3
[INFO] [stderr]     Checking cobs v0.2.3
[INFO] [stderr]     Checking embedded-io v0.4.0
[INFO] [stderr]     Checking threadpool v1.8.1
[INFO] [stderr]    Compiling rustix v0.38.25
[INFO] [stderr]     Checking termcolor v1.4.0
[INFO] [stderr]     Checking predicates-core v1.0.6
[INFO] [stderr]     Checking itertools v0.11.0
[INFO] [stderr]     Checking linux-raw-sys v0.4.11
[INFO] [stderr]    Compiling counter v0.5.7
[INFO] [stderr]     Checking difflib v0.4.0
[INFO] [stderr]     Checking termtree v0.4.1
[INFO] [stderr]     Checking predicates-tree v1.0.9
[INFO] [stderr]     Checking console v0.15.7
[INFO] [stderr]     Checking wait-timeout v0.2.0
[INFO] [stderr]     Checking similar v2.3.0
[INFO] [stderr]     Checking time v0.3.30
[INFO] [stderr]     Checking insta v1.34.0
[INFO] [stderr]     Checking tokio-io-timeout v1.2.0
[INFO] [stderr]     Checking predicates v3.0.4
[INFO] [stderr]     Checking bstr v1.8.0
[INFO] [stderr]    Compiling darling_core v0.13.4
[INFO] [stderr]    Compiling synstructure v0.13.0
[INFO] [stderr]     Checking sct v0.6.1
[INFO] [stderr]     Checking webpki v0.21.4
[INFO] [stderr]     Checking ct-logs v0.8.0
[INFO] [stderr]     Checking rustls v0.19.1
[INFO] [stderr]     Checking assert_cmd v2.0.12
[INFO] [stderr]    Compiling regex v1.10.2
[INFO] [stderr]     Checking secp256k1 v0.26.0
[INFO] [stderr]     Checking rustls-webpki v0.101.7
[INFO] [stderr]     Checking sct v0.7.1
[INFO] [stderr]    Compiling Inflector v0.11.4
[INFO] [stderr]    Compiling strum_macros v0.24.3
[INFO] [stderr]    Compiling derive_more v0.99.17
[INFO] [stderr]    Compiling derivative v2.2.0
[INFO] [stderr]    Compiling serde_derive v1.0.193
[INFO] [stderr]    Compiling zeroize_derive v1.4.2
[INFO] [stderr]    Compiling thiserror-impl v1.0.50
[INFO] [stderr]    Compiling tracing-attributes v0.1.27
[INFO] [stderr]    Compiling futures-macro v0.3.29
[INFO] [stderr]    Compiling curve25519-dalek-derive v0.1.1
[INFO] [stderr]    Compiling fuel-derive v0.43.0
[INFO] [stderr]    Compiling async-trait v0.1.74
[INFO] [stderr]    Compiling pin-project-internal v1.1.3
[INFO] [stderr]     Checking tokio-rustls v0.22.0
[INFO] [stderr]     Checking rustls-native-certs v0.5.0
[INFO] [stderr]    Compiling clap_derive v4.4.7
[INFO] [stderr]     Checking zeroize v1.7.0
[INFO] [stderr]    Compiling darling_macro v0.13.4
[INFO] [stderr]     Checking generic-array v0.14.7
[INFO] [stderr]     Checking der v0.7.8
[INFO] [stderr]     Checking tokio-rustls v0.24.1
[INFO] [stderr]     Checking secrecy v0.8.0
[INFO] [stderr]     Checking crypto-common v0.1.6
[INFO] [stderr]     Checking block-buffer v0.10.4
[INFO] [stderr]     Checking crypto-bigint v0.5.5
[INFO] [stderr]    Compiling graphql-parser v0.4.0
[INFO] [stderr]     Checking strum v0.24.1
[INFO] [stderr]     Checking digest v0.10.7
[INFO] [stderr]    Compiling darling v0.13.4
[INFO] [stderr]     Checking pin-project v1.1.3
[INFO] [stderr]     Checking sha2 v0.10.8
[INFO] [stderr]     Checking hmac v0.12.1
[INFO] [stderr]     Checking signature v2.2.0
[INFO] [stderr]     Checking tracing v0.1.40
[INFO] [stderr]     Checking sha3 v0.10.8
[INFO] [stderr]     Checking rfc6979 v0.4.0
[INFO] [stderr]     Checking ripemd v0.1.3
[INFO] [stderr]     Checking ed25519 v2.2.3
[INFO] [stderr]     Checking spki v0.7.2
[INFO] [stderr]     Checking sec1 v0.7.3
[INFO] [stderr]     Checking tokio-util v0.7.10
[INFO] [stderr]     Checking pbkdf2 v0.12.2
[INFO] [stderr]     Checking bs58 v0.5.0
[INFO] [stderr]    Compiling serde_with_macros v1.5.2
[INFO] [stderr]     Checking pkcs8 v0.10.2
[INFO] [stderr]     Checking clap v4.4.8
[INFO] [stderr]     Checking libtest-mimic v0.6.1
[INFO] [stderr]     Checking ed25519-dalek v2.1.0
[INFO] [stderr]     Checking elliptic-curve v0.13.8
[INFO] [stderr]     Checking ecdsa v0.16.9
[INFO] [stderr]     Checking primeorder v0.13.6
[INFO] [stderr]    Compiling cynic-codegen v2.2.8
[INFO] [stderr]     Checking futures-executor v0.3.29
[INFO] [stderr]     Checking k256 v0.13.2
[INFO] [stderr]     Checking p256 v0.13.2
[INFO] [stderr]     Checking futures v0.3.29
[INFO] [stderr]     Checking hashbrown v0.14.2
[INFO] [stderr]     Checking hex v0.4.3
[INFO] [stderr]     Checking bitflags v2.4.1
[INFO] [stderr]     Checking tai64 v4.0.0
[INFO] [stderr]     Checking serde_urlencoded v0.7.1
[INFO] [stderr]     Checking serde_with v1.14.0
[INFO] [stderr]     Checking toml v0.5.11
[INFO] [stderr]     Checking humantime-serde v1.1.1
[INFO] [stderr]     Checking coins-core v0.8.7
[INFO] [stderr]     Checking fuel-types v0.43.0
[INFO] [stderr]     Checking uint v0.9.5
[INFO] [stderr]     Checking fuel-merkle v0.43.0
[INFO] [stderr]     Checking coins-bip32 v0.8.7
[INFO] [stderr]     Checking primitive-types v0.12.2
[INFO] [stderr]     Checking indexmap v2.1.0
[INFO] [stderr]     Checking postcard v1.0.8
[INFO] [stderr]     Checking cookie_store v0.16.2
[INFO] [stderr]     Checking coins-bip39 v0.8.7
[INFO] [stderr]     Checking fuel-asm v0.43.0
[INFO] [stderr]     Checking fuel-crypto v0.43.0
[INFO] [stderr]    Compiling cynic-proc-macros v2.2.8
[INFO] [stderr]     Checking h2 v0.3.22
[INFO] [stderr]    Compiling schemafy_core v0.5.2
[INFO] [stderr]    Compiling schemafy_lib v0.5.2
[INFO] [stderr]     Checking tempfile v3.8.1
[INFO] [stderr]    Compiling fuel-core-client v0.21.0
[INFO] [stderr]     Checking fuel-tx v0.43.0
[INFO] [stderr]     Checking hyper v0.14.27
[INFO] [stderr]     Checking hyper-rustls v0.24.2
[INFO] [stderr]     Checking hyper-rustls v0.22.1
[INFO] [stderr]     Checking hyper-timeout v0.4.1
[INFO] [stderr]     Checking eventsource-client v0.10.2
[INFO] [stderr]     Checking reqwest v0.11.22
[INFO] [stderr]     Checking fuel-vm v0.43.0
[INFO] [stderr]     Checking cynic v2.2.8
[INFO] [stderr]     Checking fuel-core-types v0.21.0
[INFO] [stderr]     Checking fuel-core-storage v0.21.0
[INFO] [stderr]     Checking fuel-core-chain-config v0.21.0
[INFO] [stderr]     Checking tikv-jemallocator v0.5.4
[INFO] [stderr]     Checking fuel-core-e2e-client v0.21.0 (/opt/rustwide/workdir)
[INFO] [stdout] error: couldn't read tests/../../../deployment/scripts/chainspec/dev_chainspec.json: No such file or directory (os error 2)
[INFO] [stdout]   --> tests/integration_tests.rs:97:9
[INFO] [stdout]    |
[INFO] [stdout] 97 |         include_str!("../../../deployment/scripts/chainspec/dev_chainspec.json");
[INFO] [stdout]    |         ^^^^^^^^^^^^^^^^^^^^^^^^^^^^^^^^^^^^^^^^^^^^^^^^^^^^^^^^^^^^^^^^^^^^^^^^
[INFO] [stdout]    |
[INFO] [stdout]    = note: this error originates in the macro `include_str` (in Nightly builds, run with -Z macro-backtrace for more info)
[INFO] [stdout] 
[INFO] [stdout] 
[INFO] [stdout] error[E0433]: failed to resolve: use of undeclared crate or module `fuel_core`
[INFO] [stdout]  --> tests/integration_tests.rs:1:5
[INFO] [stdout]   |
[INFO] [stdout] 1 | use fuel_core::service::{
[INFO] [stdout]   |     ^^^^^^^^^ use of undeclared crate or module `fuel_core`
[INFO] [stdout] 
[INFO] [stdout] 
[INFO] [stdout] error[E0433]: failed to resolve: use of undeclared crate or module `fuel_core`
[INFO] [stdout]  --> tests/integration_tests.rs:7:5
[INFO] [stdout]   |
[INFO] [stdout] 7 | use fuel_core::txpool::types::ContractId;
[INFO] [stdout]   |     ^^^^^^^^^ use of undeclared crate or module `fuel_core`
[INFO] [stdout] 
[INFO] [stdout] 
[INFO] [stdout] error[E0433]: failed to resolve: could not find `test` in `tokio`
[INFO] [stdout]   --> tests/integration_tests.rs:20:10
[INFO] [stdout]    |
[INFO] [stdout] 20 | #[tokio::test(flavor = "multi_thread")]
[INFO] [stdout]    |          ^^^^ could not find `test` in `tokio`
[INFO] [stdout] 
[INFO] [stdout] 
[INFO] [stdout] error[E0433]: failed to resolve: use of undeclared crate or module `fuel_core_trace`
[INFO] [stdout]    --> tests/integration_tests.rs:152:1
[INFO] [stdout]     |
[INFO] [stdout] 152 | fuel_core_trace::enable_tracing!();
[INFO] [stdout]     | ^^^^^^^^^^^^^^^ use of undeclared crate or module `fuel_core_trace`
[INFO] [stdout] 
[INFO] [stdout] 
[INFO] [stdout] warning: unused import: `str::FromStr`
[INFO] [stdout]   --> tests/integration_tests.rs:12:5
[INFO] [stdout]    |
[INFO] [stdout] 12 |     str::FromStr,
[INFO] [stdout]    |     ^^^^^^^^^^^^
[INFO] [stdout]    |
[INFO] [stdout]    = note: `#[warn(unused_imports)]` on by default
[INFO] [stdout] 
[INFO] [stdout] 
[INFO] [stdout] error: aborting due to 5 previous errors; 1 warning emitted
[INFO] [stdout] 
[INFO] [stdout] 
[INFO] [stdout] For more information about this error, try `rustc --explain E0433`.
[INFO] [stdout] 
[INFO] [stderr] error: could not compile `fuel-core-e2e-client` (test "integration_tests") due to 6 previous errors; 1 warning emitted
[INFO] running `Command { std: "docker" "inspect" "708b681c48dc268a9f6f9b90fc1ab2bd0198ffaee541f8b08625ceb578f60042", kill_on_drop: false }`
[INFO] running `Command { std: "docker" "rm" "-f" "708b681c48dc268a9f6f9b90fc1ab2bd0198ffaee541f8b08625ceb578f60042", kill_on_drop: false }`
[INFO] [stdout] 708b681c48dc268a9f6f9b90fc1ab2bd0198ffaee541f8b08625ceb578f60042
