[INFO] fetching crate frost-core 1.0.0-rc.0...
[INFO] checking frost-core-1.0.0-rc.0 against nightly-2024-02-05 for check-cfg
[INFO] extracting crate frost-core 1.0.0-rc.0 into /workspace/builds/worker-3-tc1/source
[INFO] validating manifest of crates.io crate frost-core 1.0.0-rc.0 on toolchain nightly-2024-02-05
[INFO] running `Command { std: CARGO_HOME="/workspace/cargo-home" RUSTUP_HOME="/workspace/rustup-home" "/workspace/cargo-home/bin/cargo" "+nightly-2024-02-05" "metadata" "--manifest-path" "Cargo.toml" "--no-deps", kill_on_drop: false }`
[INFO] started tweaking crates.io crate frost-core 1.0.0-rc.0
[INFO] finished tweaking crates.io crate frost-core 1.0.0-rc.0
[INFO] tweaked toml for crates.io crate frost-core 1.0.0-rc.0 written to /workspace/builds/worker-3-tc1/source/Cargo.toml
[INFO] running `Command { std: CARGO_HOME="/workspace/cargo-home" RUSTUP_HOME="/workspace/rustup-home" "/workspace/cargo-home/bin/cargo" "+nightly-2024-02-05" "generate-lockfile" "--manifest-path" "Cargo.toml", kill_on_drop: false }`
[INFO] [stderr]     Updating crates.io index
[INFO] running `Command { std: CARGO_HOME="/workspace/cargo-home" RUSTUP_HOME="/workspace/rustup-home" "/workspace/cargo-home/bin/cargo" "+nightly-2024-02-05" "fetch" "--manifest-path" "Cargo.toml", kill_on_drop: false }`
[INFO] [stderr]  Downloading crates ...
[INFO] [stderr]   Downloaded visibility v0.1.0
[INFO] [stderr]   Downloaded debugless-unwrap v0.0.4
[INFO] [stderr]   Downloaded derive-getters v0.3.0
[INFO] [stderr]   Downloaded document-features v0.2.8
[INFO] [stderr]   Downloaded serdect v0.2.0
[INFO] [stderr]   Downloaded const-crc32 v1.3.0
[INFO] running `Command { std: "docker" "create" "-v" "/var/lib/crater-agent-workspace/builds/worker-3-tc1/target:/opt/rustwide/target:rw,Z" "-v" "/var/lib/crater-agent-workspace/builds/worker-3-tc1/source:/opt/rustwide/workdir:ro,Z" "-v" "/var/lib/crater-agent-workspace/cargo-home:/opt/rustwide/cargo-home:ro,Z" "-v" "/var/lib/crater-agent-workspace/rustup-home:/opt/rustwide/rustup-home:ro,Z" "-e" "SOURCE_DIR=/opt/rustwide/workdir" "-e" "CARGO_TARGET_DIR=/opt/rustwide/target" "-e" "CARGO_HOME=/opt/rustwide/cargo-home" "-e" "RUSTUP_HOME=/opt/rustwide/rustup-home" "-w" "/opt/rustwide/workdir" "-m" "1610612736" "--user" "0:0" "--network" "none" "ghcr.io/rust-lang/crates-build-env/linux@sha256:2788e3201cd34a07e3172128adcd8b3090168a8e3bcc40d7c032b9dda1df7d1c" "/opt/rustwide/cargo-home/bin/cargo" "+nightly-2024-02-05" "metadata" "--no-deps" "--format-version=1", kill_on_drop: false }`
[INFO] [stdout] 35c4d710ec9173a8a79bc26c6802d5c785d500c6845f380e14c8479ba849b631
[INFO] running `Command { std: "docker" "start" "-a" "35c4d710ec9173a8a79bc26c6802d5c785d500c6845f380e14c8479ba849b631", kill_on_drop: false }`
[INFO] running `Command { std: "docker" "inspect" "35c4d710ec9173a8a79bc26c6802d5c785d500c6845f380e14c8479ba849b631", kill_on_drop: false }`
[INFO] running `Command { std: "docker" "rm" "-f" "35c4d710ec9173a8a79bc26c6802d5c785d500c6845f380e14c8479ba849b631", kill_on_drop: false }`
[INFO] [stdout] 35c4d710ec9173a8a79bc26c6802d5c785d500c6845f380e14c8479ba849b631
[INFO] running `Command { std: "docker" "create" "-v" "/var/lib/crater-agent-workspace/builds/worker-3-tc1/target:/opt/rustwide/target:rw,Z" "-v" "/var/lib/crater-agent-workspace/builds/worker-3-tc1/source:/opt/rustwide/workdir:ro,Z" "-v" "/var/lib/crater-agent-workspace/cargo-home:/opt/rustwide/cargo-home:ro,Z" "-v" "/var/lib/crater-agent-workspace/rustup-home:/opt/rustwide/rustup-home:ro,Z" "-e" "SOURCE_DIR=/opt/rustwide/workdir" "-e" "CARGO_TARGET_DIR=/opt/rustwide/target" "-e" "CARGO_INCREMENTAL=0" "-e" "RUST_BACKTRACE=full" "-e" "RUSTFLAGS=--cap-lints=forbid" "-e" "RUSTDOCFLAGS=--cap-lints=forbid" "-e" "CARGO_HOME=/opt/rustwide/cargo-home" "-e" "RUSTUP_HOME=/opt/rustwide/rustup-home" "-w" "/opt/rustwide/workdir" "-m" "1610612736" "--user" "0:0" "--network" "none" "ghcr.io/rust-lang/crates-build-env/linux@sha256:2788e3201cd34a07e3172128adcd8b3090168a8e3bcc40d7c032b9dda1df7d1c" "/opt/rustwide/cargo-home/bin/cargo" "+nightly-2024-02-05" "check" "--frozen" "--all" "--all-targets" "--message-format=json", kill_on_drop: false }`
[INFO] [stdout] 1dd0e637d59ad62b90d442e95e9b77be23c6cf52aca6b73fd575473aee0469b9
[INFO] running `Command { std: "docker" "start" "-a" "1dd0e637d59ad62b90d442e95e9b77be23c6cf52aca6b73fd575473aee0469b9", kill_on_drop: false }`
[INFO] [stderr]    Compiling syn v1.0.109
[INFO] [stderr]    Compiling syn v2.0.48
[INFO] [stderr]     Checking hash32 v0.2.1
[INFO] [stderr]    Compiling heapless v0.7.17
[INFO] [stderr]     Checking spin v0.9.8
[INFO] [stderr]    Compiling num-traits v0.2.17
[INFO] [stderr]     Checking stable_deref_trait v1.2.0
[INFO] [stderr]     Checking rand_chacha v0.3.1
[INFO] [stderr]     Checking wait-timeout v0.2.0
[INFO] [stderr]    Compiling litrs v0.4.1
[INFO] [stderr]     Checking embedded-io v0.4.0
[INFO] [stderr]     Checking cobs v0.2.3
[INFO] [stderr]     Checking bit-vec v0.6.3
[INFO] [stderr]     Checking rand v0.8.5
[INFO] [stderr]     Checking rusty-fork v0.3.0
[INFO] [stderr]     Checking itertools v0.12.1
[INFO] [stderr]     Checking bit-set v0.5.3
[INFO] [stderr]     Checking rand_xorshift v0.3.0
[INFO] [stderr]     Checking unarray v0.1.4
[INFO] [stderr]     Checking debugless-unwrap v0.0.4
[INFO] [stderr]     Checking const-crc32 v1.3.0
[INFO] [stderr]    Compiling document-features v0.2.8
[INFO] [stderr]     Checking proptest v1.4.0
[INFO] [stderr]    Compiling derive-getters v0.3.0
[INFO] [stderr]    Compiling serde_derive v1.0.196
[INFO] [stderr]    Compiling zeroize_derive v1.4.2
[INFO] [stderr]    Compiling thiserror-impl v1.0.56
[INFO] [stderr]    Compiling visibility v0.1.0
[INFO] [stderr]     Checking zeroize v1.7.0
[INFO] [stderr]     Checking thiserror v1.0.56
[INFO] [stderr]     Checking serde v1.0.196
[INFO] [stderr]     Checking serdect v0.2.0
[INFO] [stderr]     Checking serde_json v1.0.113
[INFO] [stderr]     Checking postcard v1.0.8
[INFO] [stderr]     Checking frost-core v1.0.0-rc.0 (/opt/rustwide/workdir)
[INFO] [stdout] error[E0432]: unresolved import `criterion`
[INFO] [stdout]  --> src/benches.rs:6:5
[INFO] [stdout]   |
[INFO] [stdout] 6 | use criterion::{BenchmarkId, Criterion, Throughput};
[INFO] [stdout]   |     ^^^^^^^^^ use of undeclared crate or module `criterion`
[INFO] [stdout] 
[INFO] [stdout] 
[INFO] [stdout] error[E0308]: mismatched types
[INFO] [stdout]   --> src/benches.rs:53:48
[INFO] [stdout]    |
[INFO] [stdout] 53 |                         let _ = vk.verify(msg, sig);
[INFO] [stdout]    |                                    ------      ^^^ expected `&Signature<_>`, found `Signature<_>`
[INFO] [stdout]    |                                    |
[INFO] [stdout]    |                                    arguments to this method are incorrect
[INFO] [stdout]    |
[INFO] [stdout]    = note: expected reference `&signature::Signature<_>`
[INFO] [stdout]                  found struct `signature::Signature<_>`
[INFO] [stdout] note: method defined here
[INFO] [stdout]   --> src/verifying_key.rs:78:12
[INFO] [stdout]    |
[INFO] [stdout] 78 |     pub fn verify(&self, msg: &[u8], signature: &Signature<C>) -> Result<(), Error<C>> {
[INFO] [stdout]    |            ^^^^^^                    ------------------------
[INFO] [stdout] help: consider borrowing here
[INFO] [stdout]    |
[INFO] [stdout] 53 |                         let _ = vk.verify(msg, &sig);
[INFO] [stdout]    |                                                +
[INFO] [stdout] 
[INFO] [stdout] 
[INFO] [stdout] error[E0614]: type `verifying_key::VerifyingKey<_>` cannot be dereferenced
[INFO] [stdout]   --> src/benches.rs:70:38
[INFO] [stdout]    |
[INFO] [stdout] 70 |                         batch.queue((*vk, *sig, msg));
[INFO] [stdout]    |                                      ^^^
[INFO] [stdout] 
[INFO] [stdout] 
[INFO] [stdout] error[E0614]: type `signature::Signature<_>` cannot be dereferenced
[INFO] [stdout]   --> src/benches.rs:70:43
[INFO] [stdout]    |
[INFO] [stdout] 70 |                         batch.queue((*vk, *sig, msg));
[INFO] [stdout]    |                                           ^^^^
[INFO] [stdout] 
[INFO] [stdout] 
[INFO] [stdout] error: aborting due to 4 previous errors
[INFO] [stdout] 
[INFO] [stdout] 
[INFO] [stdout] Some errors have detailed explanations: E0308, E0432, E0614.
[INFO] [stdout] 
[INFO] [stdout] For more information about an error, try `rustc --explain E0308`.
[INFO] [stdout] 
[INFO] [stderr] error: could not compile `frost-core` (lib test) due to 5 previous errors
[INFO] [stderr] warning: build failed, waiting for other jobs to finish...
[INFO] running `Command { std: "docker" "inspect" "1dd0e637d59ad62b90d442e95e9b77be23c6cf52aca6b73fd575473aee0469b9", kill_on_drop: false }`
[INFO] running `Command { std: "docker" "rm" "-f" "1dd0e637d59ad62b90d442e95e9b77be23c6cf52aca6b73fd575473aee0469b9", kill_on_drop: false }`
[INFO] [stdout] 1dd0e637d59ad62b90d442e95e9b77be23c6cf52aca6b73fd575473aee0469b9
