[INFO] fetching crate from_variant 0.1.6...
[INFO] checking from_variant-0.1.6 against nightly-2024-02-05 for check-cfg
[INFO] extracting crate from_variant 0.1.6 into /workspace/builds/worker-3-tc1/source
[INFO] validating manifest of crates.io crate from_variant 0.1.6 on toolchain nightly-2024-02-05
[INFO] running `Command { std: CARGO_HOME="/workspace/cargo-home" RUSTUP_HOME="/workspace/rustup-home" "/workspace/cargo-home/bin/cargo" "+nightly-2024-02-05" "metadata" "--manifest-path" "Cargo.toml" "--no-deps", kill_on_drop: false }`
[INFO] started tweaking crates.io crate from_variant 0.1.6
[INFO] finished tweaking crates.io crate from_variant 0.1.6
[INFO] tweaked toml for crates.io crate from_variant 0.1.6 written to /workspace/builds/worker-3-tc1/source/Cargo.toml
[INFO] running `Command { std: CARGO_HOME="/workspace/cargo-home" RUSTUP_HOME="/workspace/rustup-home" "/workspace/cargo-home/bin/cargo" "+nightly-2024-02-05" "generate-lockfile" "--manifest-path" "Cargo.toml", kill_on_drop: false }`
[INFO] [stderr]     Updating crates.io index
[INFO] running `Command { std: CARGO_HOME="/workspace/cargo-home" RUSTUP_HOME="/workspace/rustup-home" "/workspace/cargo-home/bin/cargo" "+nightly-2024-02-05" "fetch" "--manifest-path" "Cargo.toml", kill_on_drop: false }`
[INFO] [stderr]  Downloading crates ...
[INFO] [stderr]   Downloaded swc_macros_common v0.3.9
[INFO] [stderr]   Downloaded pmutil v0.6.1
[INFO] running `Command { std: "docker" "create" "-v" "/var/lib/crater-agent-workspace/builds/worker-3-tc1/target:/opt/rustwide/target:rw,Z" "-v" "/var/lib/crater-agent-workspace/builds/worker-3-tc1/source:/opt/rustwide/workdir:ro,Z" "-v" "/var/lib/crater-agent-workspace/cargo-home:/opt/rustwide/cargo-home:ro,Z" "-v" "/var/lib/crater-agent-workspace/rustup-home:/opt/rustwide/rustup-home:ro,Z" "-e" "SOURCE_DIR=/opt/rustwide/workdir" "-e" "CARGO_TARGET_DIR=/opt/rustwide/target" "-e" "CARGO_HOME=/opt/rustwide/cargo-home" "-e" "RUSTUP_HOME=/opt/rustwide/rustup-home" "-w" "/opt/rustwide/workdir" "-m" "1610612736" "--user" "0:0" "--network" "none" "ghcr.io/rust-lang/crates-build-env/linux@sha256:2788e3201cd34a07e3172128adcd8b3090168a8e3bcc40d7c032b9dda1df7d1c" "/opt/rustwide/cargo-home/bin/cargo" "+nightly-2024-02-05" "metadata" "--no-deps" "--format-version=1", kill_on_drop: false }`
[INFO] [stdout] 071019bdb0756ae7c2f60e82b69e7192a4189d5f372a07be08e8c95d7a4006d5
[INFO] running `Command { std: "docker" "start" "-a" "071019bdb0756ae7c2f60e82b69e7192a4189d5f372a07be08e8c95d7a4006d5", kill_on_drop: false }`
[INFO] running `Command { std: "docker" "inspect" "071019bdb0756ae7c2f60e82b69e7192a4189d5f372a07be08e8c95d7a4006d5", kill_on_drop: false }`
[INFO] running `Command { std: "docker" "rm" "-f" "071019bdb0756ae7c2f60e82b69e7192a4189d5f372a07be08e8c95d7a4006d5", kill_on_drop: false }`
[INFO] [stdout] 071019bdb0756ae7c2f60e82b69e7192a4189d5f372a07be08e8c95d7a4006d5
[INFO] running `Command { std: "docker" "create" "-v" "/var/lib/crater-agent-workspace/builds/worker-3-tc1/target:/opt/rustwide/target:rw,Z" "-v" "/var/lib/crater-agent-workspace/builds/worker-3-tc1/source:/opt/rustwide/workdir:ro,Z" "-v" "/var/lib/crater-agent-workspace/cargo-home:/opt/rustwide/cargo-home:ro,Z" "-v" "/var/lib/crater-agent-workspace/rustup-home:/opt/rustwide/rustup-home:ro,Z" "-e" "SOURCE_DIR=/opt/rustwide/workdir" "-e" "CARGO_TARGET_DIR=/opt/rustwide/target" "-e" "CARGO_INCREMENTAL=0" "-e" "RUST_BACKTRACE=full" "-e" "RUSTFLAGS=--cap-lints=forbid" "-e" "RUSTDOCFLAGS=--cap-lints=forbid" "-e" "CARGO_HOME=/opt/rustwide/cargo-home" "-e" "RUSTUP_HOME=/opt/rustwide/rustup-home" "-w" "/opt/rustwide/workdir" "-m" "1610612736" "--user" "0:0" "--network" "none" "ghcr.io/rust-lang/crates-build-env/linux@sha256:2788e3201cd34a07e3172128adcd8b3090168a8e3bcc40d7c032b9dda1df7d1c" "/opt/rustwide/cargo-home/bin/cargo" "+nightly-2024-02-05" "check" "--frozen" "--all" "--all-targets" "--message-format=json", kill_on_drop: false }`
[INFO] [stdout] 66eb67329fc8f1117409f513b6fcc57d439f5649ce686b588daf38bc85899380
[INFO] running `Command { std: "docker" "start" "-a" "66eb67329fc8f1117409f513b6fcc57d439f5649ce686b588daf38bc85899380", kill_on_drop: false }`
[INFO] [stderr]     Checking unicode-ident v1.0.12
[INFO] [stderr]     Checking proc-macro2 v1.0.78
[INFO] [stderr]     Checking quote v1.0.35
[INFO] [stderr]     Checking syn v2.0.48
[INFO] [stderr]     Checking swc_macros_common v0.3.9
[INFO] [stderr]     Checking pmutil v0.6.1
[INFO] [stderr]     Checking from_variant v0.1.6 (/opt/rustwide/workdir)
[INFO] [stdout] error[E0107]: function takes 0 generic arguments but 1 generic argument was supplied
[INFO] [stdout]   --> src/lib.rs:50:44
[INFO] [stdout]    |
[INFO] [stdout] 50 |                 let from_impl = Quote::new(def_site::<Span>())
[INFO] [stdout]    |                                            ^^^^^^^^-------- help: remove these generics
[INFO] [stdout]    |                                            |
[INFO] [stdout]    |                                            expected 0 generic arguments
[INFO] [stdout]    |
[INFO] [stdout] note: function defined here, with 0 generic parameters
[INFO] [stdout]   --> /opt/rustwide/cargo-home/registry/src/index.crates.io-6f17d22bba15001f/swc_macros_common-0.3.9/src/lib.rs:22:8
[INFO] [stdout]    |
[INFO] [stdout] 22 | pub fn def_site() -> Span {
[INFO] [stdout]    |        ^^^^^^^^
[INFO] [stdout] 
[INFO] [stdout] 
[INFO] [stdout] error[E0107]: function takes 0 generic arguments but 1 generic argument was supplied
[INFO] [stdout]   --> src/lib.rs:50:44
[INFO] [stdout]    |
[INFO] [stdout] 50 |                 let from_impl = Quote::new(def_site::<Span>())
[INFO] [stdout]    |                                            ^^^^^^^^-------- help: remove these generics
[INFO] [stdout]    |                                            |
[INFO] [stdout]    |                                            expected 0 generic arguments
[INFO] [stdout]    |
[INFO] [stdout] note: function defined here, with 0 generic parameters
[INFO] [stdout]   --> /opt/rustwide/cargo-home/registry/src/index.crates.io-6f17d22bba15001f/swc_macros_common-0.3.9/src/lib.rs:22:8
[INFO] [stdout]    |
[INFO] [stdout] 22 | pub fn def_site() -> Span {
[INFO] [stdout]    |        ^^^^^^^^
[INFO] [stdout] 
[INFO] [stdout] 
[INFO] [stdout] error: aborting due to 1 previous error
[INFO] [stdout] 
[INFO] [stdout] 
[INFO] [stdout] For more information about this error, try `rustc --explain E0107`.
[INFO] [stdout] 
[INFO] [stdout] error: aborting due to 1 previous error
[INFO] [stdout] 
[INFO] [stdout] 
[INFO] [stdout] For more information about this error, try `rustc --explain E0107`.
[INFO] [stdout] 
[INFO] [stderr] error: could not compile `from_variant` (lib) due to 2 previous errors
[INFO] [stderr] warning: build failed, waiting for other jobs to finish...
[INFO] [stderr] error: could not compile `from_variant` (lib test) due to 2 previous errors
[INFO] running `Command { std: "docker" "inspect" "66eb67329fc8f1117409f513b6fcc57d439f5649ce686b588daf38bc85899380", kill_on_drop: false }`
[INFO] running `Command { std: "docker" "rm" "-f" "66eb67329fc8f1117409f513b6fcc57d439f5649ce686b588daf38bc85899380", kill_on_drop: false }`
[INFO] [stdout] 66eb67329fc8f1117409f513b6fcc57d439f5649ce686b588daf38bc85899380
[INFO] checking from_variant-0.1.6 against nightly-2024-02-05+rustflags=-Dunexpected_cfgs+cargoflags=-Zcheck-cfg for check-cfg
[INFO] extracting crate from_variant 0.1.6 into /workspace/builds/worker-3-tc2/source
[INFO] validating manifest of crates.io crate from_variant 0.1.6 on toolchain nightly-2024-02-05
[INFO] running `Command { std: CARGO_HOME="/workspace/cargo-home" RUSTUP_HOME="/workspace/rustup-home" "/workspace/cargo-home/bin/cargo" "+nightly-2024-02-05" "metadata" "--manifest-path" "Cargo.toml" "--no-deps", kill_on_drop: false }`
[INFO] started tweaking crates.io crate from_variant 0.1.6
[INFO] finished tweaking crates.io crate from_variant 0.1.6
[INFO] tweaked toml for crates.io crate from_variant 0.1.6 written to /workspace/builds/worker-3-tc2/source/Cargo.toml
[INFO] running `Command { std: CARGO_HOME="/workspace/cargo-home" RUSTUP_HOME="/workspace/rustup-home" "/workspace/cargo-home/bin/cargo" "+nightly-2024-02-05" "generate-lockfile" "--manifest-path" "Cargo.toml", kill_on_drop: false }`
[INFO] [stderr]     Updating crates.io index
[INFO] running `Command { std: CARGO_HOME="/workspace/cargo-home" RUSTUP_HOME="/workspace/rustup-home" "/workspace/cargo-home/bin/cargo" "+nightly-2024-02-05" "fetch" "--manifest-path" "Cargo.toml", kill_on_drop: false }`
[INFO] [stderr]     Blocking waiting for file lock on package cache
[INFO] running `Command { std: "docker" "create" "-v" "/var/lib/crater-agent-workspace/builds/worker-3-tc2/target:/opt/rustwide/target:rw,Z" "-v" "/var/lib/crater-agent-workspace/builds/worker-3-tc2/source:/opt/rustwide/workdir:ro,Z" "-v" "/var/lib/crater-agent-workspace/cargo-home:/opt/rustwide/cargo-home:ro,Z" "-v" "/var/lib/crater-agent-workspace/rustup-home:/opt/rustwide/rustup-home:ro,Z" "-e" "SOURCE_DIR=/opt/rustwide/workdir" "-e" "CARGO_TARGET_DIR=/opt/rustwide/target" "-e" "CARGO_HOME=/opt/rustwide/cargo-home" "-e" "RUSTUP_HOME=/opt/rustwide/rustup-home" "-w" "/opt/rustwide/workdir" "-m" "1610612736" "--user" "0:0" "--network" "none" "ghcr.io/rust-lang/crates-build-env/linux@sha256:2788e3201cd34a07e3172128adcd8b3090168a8e3bcc40d7c032b9dda1df7d1c" "/opt/rustwide/cargo-home/bin/cargo" "+nightly-2024-02-05" "metadata" "--no-deps" "--format-version=1", kill_on_drop: false }`
[INFO] [stdout] 4950b7c7ca109c364900c0ad1158b3a5be9315352649f0ae7106f413ddf30310
[INFO] running `Command { std: "docker" "start" "-a" "4950b7c7ca109c364900c0ad1158b3a5be9315352649f0ae7106f413ddf30310", kill_on_drop: false }`
[INFO] running `Command { std: "docker" "inspect" "4950b7c7ca109c364900c0ad1158b3a5be9315352649f0ae7106f413ddf30310", kill_on_drop: false }`
[INFO] running `Command { std: "docker" "rm" "-f" "4950b7c7ca109c364900c0ad1158b3a5be9315352649f0ae7106f413ddf30310", kill_on_drop: false }`
[INFO] [stdout] 4950b7c7ca109c364900c0ad1158b3a5be9315352649f0ae7106f413ddf30310
[INFO] running `Command { std: "docker" "create" "-v" "/var/lib/crater-agent-workspace/builds/worker-3-tc2/target:/opt/rustwide/target:rw,Z" "-v" "/var/lib/crater-agent-workspace/builds/worker-3-tc2/source:/opt/rustwide/workdir:ro,Z" "-v" "/var/lib/crater-agent-workspace/cargo-home:/opt/rustwide/cargo-home:ro,Z" "-v" "/var/lib/crater-agent-workspace/rustup-home:/opt/rustwide/rustup-home:ro,Z" "-e" "SOURCE_DIR=/opt/rustwide/workdir" "-e" "CARGO_TARGET_DIR=/opt/rustwide/target" "-e" "CARGO_INCREMENTAL=0" "-e" "RUST_BACKTRACE=full" "-e" "RUSTFLAGS=--cap-lints=forbid -Dunexpected_cfgs" "-e" "RUSTDOCFLAGS=--cap-lints=forbid" "-e" "CARGO_HOME=/opt/rustwide/cargo-home" "-e" "RUSTUP_HOME=/opt/rustwide/rustup-home" "-w" "/opt/rustwide/workdir" "-m" "1610612736" "--user" "0:0" "--network" "none" "ghcr.io/rust-lang/crates-build-env/linux@sha256:2788e3201cd34a07e3172128adcd8b3090168a8e3bcc40d7c032b9dda1df7d1c" "/opt/rustwide/cargo-home/bin/cargo" "+nightly-2024-02-05" "check" "--frozen" "--all" "--all-targets" "--message-format=json" "-Zcheck-cfg", kill_on_drop: false }`
[INFO] [stdout] 630d0efe3f9e7ded668de708764ae047b4b5e0969b6f6aba89c350cd24df5082
[INFO] running `Command { std: "docker" "start" "-a" "630d0efe3f9e7ded668de708764ae047b4b5e0969b6f6aba89c350cd24df5082", kill_on_drop: false }`
[INFO] [stderr]     Checking unicode-ident v1.0.12
[INFO] [stderr]     Checking proc-macro2 v1.0.78
[INFO] [stderr]     Checking quote v1.0.35
[INFO] [stderr]     Checking syn v2.0.48
[INFO] [stderr]     Checking pmutil v0.6.1
[INFO] [stderr]     Checking swc_macros_common v0.3.9
[INFO] [stderr]     Checking from_variant v0.1.6 (/opt/rustwide/workdir)
[INFO] [stdout] error[E0107]: function takes 0 generic arguments but 1 generic argument was supplied
[INFO] [stdout]   --> src/lib.rs:50:44
[INFO] [stdout]    |
[INFO] [stdout] 50 |                 let from_impl = Quote::new(def_site::<Span>())
[INFO] [stdout]    |                                            ^^^^^^^^-------- help: remove these generics
[INFO] [stdout]    |                                            |
[INFO] [stdout]    |                                            expected 0 generic arguments
[INFO] [stdout]    |
[INFO] [stdout] note: function defined here, with 0 generic parameters
[INFO] [stdout]   --> /opt/rustwide/cargo-home/registry/src/index.crates.io-6f17d22bba15001f/swc_macros_common-0.3.9/src/lib.rs:22:8
[INFO] [stdout]    |
[INFO] [stdout] 22 | pub fn def_site() -> Span {
[INFO] [stdout]    |        ^^^^^^^^
[INFO] [stdout] 
[INFO] [stdout] 
[INFO] [stdout] error[E0107]: function takes 0 generic arguments but 1 generic argument was supplied
[INFO] [stdout]   --> src/lib.rs:50:44
[INFO] [stdout]    |
[INFO] [stdout] 50 |                 let from_impl = Quote::new(def_site::<Span>())
[INFO] [stdout]    |                                            ^^^^^^^^-------- help: remove these generics
[INFO] [stdout]    |                                            |
[INFO] [stdout]    |                                            expected 0 generic arguments
[INFO] [stdout]    |
[INFO] [stdout] note: function defined here, with 0 generic parameters
[INFO] [stdout]   --> /opt/rustwide/cargo-home/registry/src/index.crates.io-6f17d22bba15001f/swc_macros_common-0.3.9/src/lib.rs:22:8
[INFO] [stdout]    |
[INFO] [stdout] 22 | pub fn def_site() -> Span {
[INFO] [stdout]    |        ^^^^^^^^
[INFO] [stdout] 
[INFO] [stdout] 
[INFO] [stdout] error: aborting due to 1 previous error
[INFO] [stdout] 
[INFO] [stdout] 
[INFO] [stdout] error: aborting due to 1 previous error
[INFO] [stdout] 
[INFO] [stdout] 
[INFO] [stdout] For more information about this error, try `rustc --explain E0107`.
[INFO] [stdout] 
[INFO] [stdout] For more information about this error, try `rustc --explain E0107`.
[INFO] [stdout] 
[INFO] [stderr] error: could not compile `from_variant` (lib) due to 2 previous errors
[INFO] [stderr] warning: build failed, waiting for other jobs to finish...
[INFO] [stderr] error: could not compile `from_variant` (lib test) due to 2 previous errors
[INFO] running `Command { std: "docker" "inspect" "630d0efe3f9e7ded668de708764ae047b4b5e0969b6f6aba89c350cd24df5082", kill_on_drop: false }`
[INFO] running `Command { std: "docker" "rm" "-f" "630d0efe3f9e7ded668de708764ae047b4b5e0969b6f6aba89c350cd24df5082", kill_on_drop: false }`
[INFO] [stdout] 630d0efe3f9e7ded668de708764ae047b4b5e0969b6f6aba89c350cd24df5082
