[INFO] fetching crate freya 0.1.8...
[INFO] checking freya-0.1.8 against nightly-2024-02-05 for check-cfg
[INFO] extracting crate freya 0.1.8 into /workspace/builds/worker-7-tc1/source
[INFO] validating manifest of crates.io crate freya 0.1.8 on toolchain nightly-2024-02-05
[INFO] running `Command { std: CARGO_HOME="/workspace/cargo-home" RUSTUP_HOME="/workspace/rustup-home" "/workspace/cargo-home/bin/cargo" "+nightly-2024-02-05" "metadata" "--manifest-path" "Cargo.toml" "--no-deps", kill_on_drop: false }`
[INFO] started tweaking crates.io crate freya 0.1.8
[INFO] finished tweaking crates.io crate freya 0.1.8
[INFO] tweaked toml for crates.io crate freya 0.1.8 written to /workspace/builds/worker-7-tc1/source/Cargo.toml
[INFO] running `Command { std: CARGO_HOME="/workspace/cargo-home" RUSTUP_HOME="/workspace/rustup-home" "/workspace/cargo-home/bin/cargo" "+nightly-2024-02-05" "generate-lockfile" "--manifest-path" "Cargo.toml", kill_on_drop: false }`
[INFO] [stderr]     Updating crates.io index
[INFO] running `Command { std: CARGO_HOME="/workspace/cargo-home" RUSTUP_HOME="/workspace/rustup-home" "/workspace/cargo-home/bin/cargo" "+nightly-2024-02-05" "fetch" "--manifest-path" "Cargo.toml", kill_on_drop: false }`
[INFO] [stderr]     Blocking waiting for file lock on package cache
[INFO] [stderr]     Blocking waiting for file lock on package cache
[INFO] [stderr]  Downloading crates ...
[INFO] [stderr]   Downloaded torin v0.1.0
[INFO] [stderr]   Downloaded cocoa v0.20.2
[INFO] [stderr]   Downloaded shipyard_proc v0.3.0
[INFO] [stderr]   Downloaded glutin-winit v0.3.0
[INFO] [stderr]   Downloaded nokhwa-core v0.1.2
[INFO] [stderr]   Downloaded str_indices v0.4.3
[INFO] [stderr]   Downloaded tween v2.0.2
[INFO] [stderr]   Downloaded ropey v1.6.1
[INFO] [stderr]   Downloaded execute-command-tokens v0.1.7
[INFO] [stderr]   Downloaded to_method v1.1.0
[INFO] [stderr]   Downloaded dioxus-hot-reload v0.4.3
[INFO] [stderr]   Downloaded freya-core v0.1.3
[INFO] [stderr]   Downloaded mozjpeg v0.9.8
[INFO] [stderr]   Downloaded dioxus v0.4.3
[INFO] [stderr]   Downloaded freya-engine v0.1.3
[INFO] [stderr]   Downloaded generic-array v1.0.0
[INFO] [stderr]   Downloaded execute-command-macro v0.1.9
[INFO] [stderr]   Downloaded freya-components v0.1.5
[INFO] [stderr]   Downloaded v4l v0.13.1
[INFO] [stderr]   Downloaded dioxus-router v0.4.3
[INFO] [stderr]   Downloaded mozjpeg-sys v1.1.1
[INFO] [stderr]   Downloaded skia-safe v0.63.0
[INFO] [stderr]   Downloaded atspi v0.10.1
[INFO] [stderr]   Downloaded glutin v0.30.10
[INFO] [stderr]   Downloaded metal v0.18.0
[INFO] [stderr]   Downloaded shipyard v0.6.2
[INFO] [stderr]   Downloaded ureq v2.9.1
[INFO] [stderr]   Downloaded nokhwa v0.10.4
[INFO] [stderr]   Downloaded interprocess-docfix v1.2.2
[INFO] [stderr]   Downloaded dioxus-html v0.4.3
[INFO] [stderr]   Downloaded accesskit_windows v0.14.3
[INFO] [stderr]   Downloaded dioxus-hooks v0.4.3
[INFO] [stderr]   Downloaded dioxus-router-macro v0.4.3
[INFO] [stderr]   Downloaded freya-hooks v0.1.3
[INFO] [stderr]   Downloaded accesskit_unix v0.5.2
[INFO] [stderr]   Downloaded accesskit v0.11.2
[INFO] [stderr]   Downloaded accesskit_consumer v0.15.2
[INFO] [stderr]   Downloaded keyboard-types v0.7.0
[INFO] [stderr]   Downloaded accesskit_winit v0.14.4
[INFO] [stderr]   Downloaded freya-common v0.1.0
[INFO] [stderr]   Downloaded v4l2-sys-mit v0.2.0
[INFO] [stderr]   Downloaded freya-node-state v0.1.4
[INFO] [stderr]   Downloaded skia-bindings v0.63.0
[INFO] [stderr]   Downloaded dioxus-native-core v0.4.3
[INFO] [stderr]   Downloaded dioxus-core-macro v0.4.3
[INFO] [stderr]   Downloaded atspi-macros v0.2.0
[INFO] [stderr]   Downloaded dioxus-debug-cell v0.1.1
[INFO] [stderr]   Downloaded execute-command-macro-impl v0.1.10
[INFO] [stderr]   Downloaded intmap v0.7.1
[INFO] [stderr]   Downloaded freya-elements v0.1.0
[INFO] [stderr]   Downloaded glutin_egl_sys v0.5.1
[INFO] [stderr]   Downloaded glutin_glx_sys v0.4.0
[INFO] [stderr]   Downloaded glutin_wgl_sys v0.4.0
[INFO] [stderr]   Downloaded nasm-rs v0.2.5
[INFO] [stderr]   Downloaded spinning v0.1.0
[INFO] [stderr]   Downloaded freya-renderer v0.1.6
[INFO] [stderr]   Downloaded dioxus-native-core-macro v0.4.3
[INFO] [stderr]   Downloaded freya-dom v0.1.2
[INFO] [stderr]   Downloaded nokhwa-bindings-linux v0.1.0
[INFO] [stderr]   Downloaded freya-layout v0.1.6
[INFO] [stderr]   Downloaded nokhwa-bindings-windows v0.4.0
[INFO] [stderr]   Downloaded nokhwa-bindings-macos v0.2.1
[INFO] [stderr]   Downloaded execute v0.2.13
[INFO] [stderr]   Downloaded core-media-sys v0.1.2
[INFO] [stderr]   Downloaded accesskit_macos v0.9.0
[INFO] [stderr]   Downloaded anymap v1.0.0-beta.2
[INFO] [stderr]   Downloaded freya-devtools v0.1.3
[INFO] running `Command { std: "docker" "create" "-v" "/var/lib/crater-agent-workspace/builds/worker-7-tc1/target:/opt/rustwide/target:rw,Z" "-v" "/var/lib/crater-agent-workspace/builds/worker-7-tc1/source:/opt/rustwide/workdir:ro,Z" "-v" "/var/lib/crater-agent-workspace/cargo-home:/opt/rustwide/cargo-home:ro,Z" "-v" "/var/lib/crater-agent-workspace/rustup-home:/opt/rustwide/rustup-home:ro,Z" "-e" "SOURCE_DIR=/opt/rustwide/workdir" "-e" "CARGO_TARGET_DIR=/opt/rustwide/target" "-e" "CARGO_HOME=/opt/rustwide/cargo-home" "-e" "RUSTUP_HOME=/opt/rustwide/rustup-home" "-w" "/opt/rustwide/workdir" "-m" "1610612736" "--user" "0:0" "--network" "none" "ghcr.io/rust-lang/crates-build-env/linux@sha256:2788e3201cd34a07e3172128adcd8b3090168a8e3bcc40d7c032b9dda1df7d1c" "/opt/rustwide/cargo-home/bin/cargo" "+nightly-2024-02-05" "metadata" "--no-deps" "--format-version=1", kill_on_drop: false }`
[INFO] [stdout] 32ffe6b141d8cae22ffeef64f850eb6c5329331002082e3d620d3d73c62a1463
[INFO] running `Command { std: "docker" "start" "-a" "32ffe6b141d8cae22ffeef64f850eb6c5329331002082e3d620d3d73c62a1463", kill_on_drop: false }`
[INFO] running `Command { std: "docker" "inspect" "32ffe6b141d8cae22ffeef64f850eb6c5329331002082e3d620d3d73c62a1463", kill_on_drop: false }`
[INFO] running `Command { std: "docker" "rm" "-f" "32ffe6b141d8cae22ffeef64f850eb6c5329331002082e3d620d3d73c62a1463", kill_on_drop: false }`
[INFO] [stdout] 32ffe6b141d8cae22ffeef64f850eb6c5329331002082e3d620d3d73c62a1463
[INFO] running `Command { std: "docker" "create" "-v" "/var/lib/crater-agent-workspace/builds/worker-7-tc1/target:/opt/rustwide/target:rw,Z" "-v" "/var/lib/crater-agent-workspace/builds/worker-7-tc1/source:/opt/rustwide/workdir:ro,Z" "-v" "/var/lib/crater-agent-workspace/cargo-home:/opt/rustwide/cargo-home:ro,Z" "-v" "/var/lib/crater-agent-workspace/rustup-home:/opt/rustwide/rustup-home:ro,Z" "-e" "SOURCE_DIR=/opt/rustwide/workdir" "-e" "CARGO_TARGET_DIR=/opt/rustwide/target" "-e" "CARGO_INCREMENTAL=0" "-e" "RUST_BACKTRACE=full" "-e" "RUSTFLAGS=--cap-lints=forbid" "-e" "RUSTDOCFLAGS=--cap-lints=forbid" "-e" "CARGO_HOME=/opt/rustwide/cargo-home" "-e" "RUSTUP_HOME=/opt/rustwide/rustup-home" "-w" "/opt/rustwide/workdir" "-m" "1610612736" "--user" "0:0" "--network" "none" "ghcr.io/rust-lang/crates-build-env/linux@sha256:2788e3201cd34a07e3172128adcd8b3090168a8e3bcc40d7c032b9dda1df7d1c" "/opt/rustwide/cargo-home/bin/cargo" "+nightly-2024-02-05" "check" "--frozen" "--all" "--all-targets" "--message-format=json", kill_on_drop: false }`
[INFO] [stdout] 065e81c532b64a9b7e71e22ea5201b62d72b7d574f70ee0c21e25170e3b8cdaf
[INFO] running `Command { std: "docker" "start" "-a" "065e81c532b64a9b7e71e22ea5201b62d72b7d574f70ee0c21e25170e3b8cdaf", kill_on_drop: false }`
[INFO] [stderr]    Compiling bumpalo v3.14.0
[INFO] [stderr]    Compiling xml-rs v0.8.19
[INFO] [stderr]    Compiling syn v2.0.48
[INFO] [stderr]    Compiling serde v1.0.196
[INFO] [stderr]    Compiling syn v1.0.109
[INFO] [stderr]    Compiling serde_json v1.0.113
[INFO] [stderr]    Compiling typenum v1.17.0
[INFO] [stderr]    Compiling ring v0.17.7
[INFO] [stderr]     Checking libloading v0.8.1
[INFO] [stderr]    Compiling khronos_api v3.1.0
[INFO] [stderr]     Checking simd-adler32 v0.3.7
[INFO] [stderr]    Compiling prettyplease v0.2.16
[INFO] [stderr]     Checking futures-lite v2.2.0
[INFO] [stderr]    Compiling wayland-sys v0.29.5
[INFO] [stderr]    Compiling cfg_aliases v0.1.1
[INFO] [stderr]    Compiling generic-array v0.14.7
[INFO] [stderr]     Checking hashbrown v0.12.3
[INFO] [stderr]     Checking nix v0.24.3
[INFO] [stderr]     Checking longest-increasing-subsequence v0.1.0
[INFO] [stderr]     Checking dlib v0.5.2
[INFO] [stderr]     Checking smallbox v0.8.2
[INFO] [stderr]     Checking miniz_oxide v0.7.2
[INFO] [stderr]    Compiling rustix v0.38.31
[INFO] [stderr]    Compiling camino v1.1.6
[INFO] [stderr]    Compiling semver v1.0.21
[INFO] [stderr]     Checking parking_lot v0.12.1
[INFO] [stderr]    Compiling getrandom v0.2.12
[INFO] [stderr]    Compiling slotmap v1.0.7
[INFO] [stderr]    Compiling x11-dl v2.21.0
[INFO] [stderr]     Checking scoped-tls v1.0.1
[INFO] [stderr]    Compiling spin v0.9.8
[INFO] [stderr]    Compiling wayland-scanner v0.29.5
[INFO] [stderr]    Compiling gl_generator v0.14.0
[INFO] [stderr]    Compiling untrusted v0.9.0
[INFO] [stderr]    Compiling glob v0.3.1
[INFO] [stderr]     Checking flate2 v1.0.28
[INFO] [stderr]    Compiling rustls v0.21.10
[INFO] [stderr]     Checking unicode-segmentation v1.10.1
[INFO] [stderr]    Compiling tinyvec_macros v0.1.1
[INFO] [stderr]    Compiling linux-raw-sys v0.4.13
[INFO] [stderr]    Compiling tinyvec v1.6.0
[INFO] [stderr]    Compiling memoffset v0.7.1
[INFO] [stderr]    Compiling pin-project-lite v0.2.13
[INFO] [stderr]     Checking fixedbitset v0.4.2
[INFO] [stderr]    Compiling futures-core v0.3.30
[INFO] [stderr]    Compiling clang-sys v1.7.0
[INFO] [stderr]     Checking fdeflate v0.3.4
[INFO] [stderr]     Checking nix v0.25.1
[INFO] [stderr]     Checking petgraph v0.6.4
[INFO] [stderr]    Compiling slab v0.4.9
[INFO] [stderr]     Checking cfg-expr v0.12.0
[INFO] [stderr]    Compiling tracing-core v0.1.32
[INFO] [stderr]    Compiling async-fs v1.6.0
[INFO] [stderr]    Compiling unicode-normalization v0.1.22
[INFO] [stderr]    Compiling smithay-client-toolkit v0.16.1
[INFO] [stderr]     Checking wayland-commons v0.29.5
[INFO] [stderr]    Compiling minimal-lexical v0.2.1
[INFO] [stderr]    Compiling wayland-client v0.29.5
[INFO] [stderr]    Compiling wayland-protocols v0.29.5
[INFO] [stderr]     Checking xcursor v0.3.5
[INFO] [stderr]    Compiling pin-utils v0.1.0
[INFO] [stderr]    Compiling percent-encoding v2.3.1
[INFO] [stderr]     Checking strict-num v0.1.1
[INFO] [stderr]     Checking bytemuck v1.14.1
[INFO] [stderr]    Compiling unicode-bidi v0.3.15
[INFO] [stderr]    Compiling futures-task v0.3.30
[INFO] [stderr]     Checking ttf-parser v0.20.0
[INFO] [stderr]    Compiling futures-util v0.3.30
[INFO] [stderr]     Checking tiny-skia-path v0.8.4
[INFO] [stderr]    Compiling form_urlencoded v1.2.1
[INFO] [stderr]     Checking crypto-common v0.1.6
[INFO] [stderr]     Checking block-buffer v0.10.4
[INFO] [stderr]    Compiling idna v0.5.0
[INFO] [stderr]     Checking digest v0.10.7
[INFO] [stderr]    Compiling nom v7.1.3
[INFO] [stderr]     Checking png v0.17.11
[INFO] [stderr]     Checking polling v2.8.0
[INFO] [stderr]    Compiling futures-channel v0.3.30
[INFO] [stderr]     Checking internment v0.7.4
[INFO] [stderr]    Compiling crc32fast v1.3.2
[INFO] [stderr]    Compiling serde_spanned v0.6.5
[INFO] [stderr]    Compiling toml_datetime v0.6.5
[INFO] [stderr]     Checking ab_glyph_rasterizer v0.1.8
[INFO] [stderr]    Compiling bindgen v0.65.1
[INFO] [stderr]     Checking raw-window-handle v0.5.2
[INFO] [stderr]    Compiling which v4.4.2
[INFO] [stderr]    Compiling toml_edit v0.19.15
[INFO] [stderr]     Checking tiny-skia v0.8.4
[INFO] [stderr]     Checking sha1 v0.10.6
[INFO] [stderr]    Compiling wasm-bindgen-backend v0.2.90
[INFO] [stderr]    Compiling darling_core v0.20.5
[INFO] [stderr]     Checking async-io v1.13.0
[INFO] [stderr]    Compiling zvariant_utils v1.0.1
[INFO] [stderr]     Checking owned_ttf_parser v0.20.0
[INFO] [stderr]    Compiling rustls-webpki v0.101.7
[INFO] [stderr]    Compiling sct v0.7.1
[INFO] [stderr]    Compiling cexpr v0.6.0
[INFO] [stderr]     Checking ab_glyph v0.2.23
[INFO] [stderr]     Checking nix v0.26.4
[INFO] [stderr]    Compiling url v2.5.0
[INFO] [stderr]    Compiling xattr v1.3.1
[INFO] [stderr]    Compiling wasm-bindgen-macro-support v0.2.90
[INFO] [stderr]    Compiling proc-macro-crate v1.3.1
[INFO] [stderr]    Compiling winit v0.28.7
[INFO] [stderr]     Checking wayland-cursor v0.29.5
[INFO] [stderr]     Checking async-executor v1.8.0
[INFO] [stderr]     Checking async-broadcast v0.5.1
[INFO] [stderr]    Compiling filetime v0.2.23
[INFO] [stderr]     Checking xdg-home v1.1.0
[INFO] [stderr]     Checking ordered-stream v0.2.0
[INFO] [stderr]    Compiling webpki-roots v0.25.4
[INFO] [stderr]    Compiling shlex v1.3.0
[INFO] [stderr]    Compiling base64 v0.21.7
[INFO] [stderr]     Checking either v1.9.0
[INFO] [stderr]    Compiling tar v0.4.40
[INFO] [stderr]    Compiling toml v0.7.8
[INFO] [stderr]     Checking rayon v1.8.1
[INFO] [stderr]    Compiling glutin_egl_sys v0.5.1
[INFO] [stderr]    Compiling glutin_glx_sys v0.4.0
[INFO] [stderr]     Checking instant v0.1.12
[INFO] [stderr]    Compiling wayland-sys v0.30.1
[INFO] [stderr]     Checking dioxus-debug-cell v0.1.1
[INFO] [stderr]    Compiling constcat v0.3.1
[INFO] [stderr]    Compiling glutin v0.30.10
[INFO] [stderr]     Checking dashmap v5.5.3
[INFO] [stderr]     Checking anymap v1.0.0-beta.2
[INFO] [stderr]    Compiling execute-command-tokens v0.1.7
[INFO] [stderr]    Compiling openssl-sys v0.9.99
[INFO] [stderr]    Compiling serde_derive v1.0.196
[INFO] [stderr]    Compiling tracing-attributes v0.1.27
[INFO] [stderr]    Compiling futures-macro v0.3.30
[INFO] [stderr]    Compiling thiserror-impl v1.0.56
[INFO] [stderr]    Compiling wasm-bindgen-macro v0.2.90
[INFO] [stderr]    Compiling serde_repr v0.1.18
[INFO] [stderr]    Compiling async-trait v0.1.77
[INFO] [stderr]    Compiling enumflags2_derive v0.7.8
[INFO] [stderr]    Compiling tokio-macros v2.2.0
[INFO] [stderr]    Compiling derivative v2.2.0
[INFO] [stderr]    Compiling zvariant_derive v3.15.0
[INFO] [stderr]    Compiling zbus_macros v3.15.0
[INFO] [stderr]    Compiling enumn v0.1.13
[INFO] [stderr]     Checking wasm-bindgen v0.2.90
[INFO] [stderr]    Compiling async-recursion v1.0.5
[INFO] [stderr]    Compiling ureq v2.9.1
[INFO] [stderr]     Checking thiserror v1.0.56
[INFO] [stderr]     Checking calloop v0.10.6
[INFO] [stderr]    Compiling atspi-macros v0.2.0
[INFO] [stderr]    Compiling shipyard_proc v0.3.0
[INFO] [stderr]     Checking tokio v1.36.0
[INFO] [stderr]     Checking js-sys v0.3.67
[INFO] [stderr]    Compiling darling_macro v0.20.5
[INFO] [stderr]     Checking tracing v0.1.40
[INFO] [stderr]     Checking blocking v1.5.1
[INFO] [stderr]    Compiling dioxus-core v0.4.3
[INFO] [stderr]    Compiling execute-command-macro-impl v0.1.10
[INFO] [stderr]     Checking shipyard v0.6.2
[INFO] [stderr]     Checking regex-automata v0.4.5
[INFO] [stderr]    Compiling dioxus-rsx v0.4.3
[INFO] [stderr]    Compiling darling v0.20.5
[INFO] [stderr]    Compiling enumset_derive v0.8.1
[INFO] [stderr]    Compiling interprocess-docfix v1.2.2
[INFO] [stderr]     Checking fxhash v0.2.1
[INFO] [stderr]     Checking ordered-float v2.10.1
[INFO] [stderr]     Checking inotify-sys v0.1.5
[INFO] [stderr]     Checking bstr v1.9.0
[INFO] [stderr]     Checking libloading v0.7.4
[INFO] [stderr]     Checking inotify v0.9.6
[INFO] [stderr]     Checking execute-command-macro v0.1.9
[INFO] [stderr]     Checking generic-array v1.0.0
[INFO] [stderr]     Checking spinning v0.1.0
[INFO] [stderr]    Compiling dioxus-core-macro v0.4.3
[INFO] [stderr]     Checking crossbeam-channel v0.5.11
[INFO] [stderr]     Checking intmap v0.7.1
[INFO] [stderr]     Checking to_method v1.1.0
[INFO] [stderr]     Checking chrono v0.4.33
[INFO] [stderr]     Checking execute v0.2.13
[INFO] [stderr]    Compiling dioxus-native-core-macro v0.4.3
[INFO] [stderr]     Checking notify v5.2.0
[INFO] [stderr]     Checking anymap v0.12.1
[INFO] [stderr]     Checking web-sys v0.3.67
[INFO] [stderr]    Compiling openssl v0.10.63
[INFO] [stderr]     Checking enumset v1.1.3
[INFO] [stderr]    Compiling openssl-macros v0.1.1
[INFO] [stderr]    Compiling native-tls v0.2.11
[INFO] [stderr]     Checking wasm-bindgen-futures v0.4.40
[INFO] [stderr]    Compiling pin-project-internal v1.1.4
[INFO] [stderr]     Checking anymap2 v0.13.0
[INFO] [stderr]     Checking tokio-util v0.7.10
[INFO] [stderr]     Checking globset v0.4.14
[INFO] [stderr]     Checking gloo-timers v0.2.6
[INFO] [stderr]    Compiling gl v0.14.0
[INFO] [stderr]    Compiling glutin-winit v0.3.0
[INFO] [stderr]     Checking str_indices v0.4.3
[INFO] [stderr]     Checking ropey v1.6.1
[INFO] [stderr]     Checking ignore v0.4.22
[INFO] [stderr]     Checking futures-executor v0.3.30
[INFO] [stderr]    Compiling dioxus-router-macro v0.4.3
[INFO] [stderr]     Checking tween v2.0.2
[INFO] [stderr]     Checking urlencoding v2.1.3
[INFO] [stderr]     Checking h2 v0.3.24
[INFO] [stderr]     Checking pathdiff v0.2.1
[INFO] [stderr]     Checking futures v0.3.30
[INFO] [stderr]     Checking open v1.7.1
[INFO] [stderr]     Checking pin-project v1.1.4
[INFO] [stderr]    Compiling skia-bindings v0.63.0
[INFO] [stderr]     Checking bitflags v2.4.2
[INFO] [stderr]     Checking cargo-platform v0.1.6
[INFO] [stderr]     Checking enumflags2 v0.7.8
[INFO] [stderr]     Checking euclid v0.22.9
[INFO] [stderr]     Checking accesskit v0.11.2
[INFO] [stderr]     Checking serde-value v0.7.0
[INFO] [stderr]     Checking keyboard-types v0.6.2
[INFO] [stderr]     Checking serde_urlencoded v0.7.1
[INFO] [stderr]     Checking keyboard-types v0.7.0
[INFO] [stderr]     Checking serde-wasm-bindgen v0.5.0
[INFO] [stderr]     Checking zvariant v3.15.0
[INFO] [stderr]     Checking bincode v1.3.3
[INFO] [stderr]     Checking hyper v0.14.28
[INFO] [stderr]     Checking cargo_metadata v0.15.4
[INFO] [stderr]     Checking dioxus-hooks v0.4.3
[INFO] [stderr]     Checking dioxus-native-core v0.4.3
[INFO] [stderr]     Checking zbus_names v2.6.0
[INFO] [stderr]     Checking accesskit_consumer v0.15.2
[INFO] [stderr]     Checking krates v0.12.6
[INFO] [stderr]     Checking zbus v3.15.0
[INFO] [stderr]     Checking torin v0.1.0
[INFO] [stderr]     Checking tokio-native-tls v0.3.1
[INFO] [stderr]     Checking hyper-tls v0.5.0
[INFO] [stderr]     Checking reqwest v0.11.24
[INFO] [stderr] error: failed to run custom build command for `skia-bindings v0.63.0`
[INFO] [stderr] note: To improve backtraces for build dependencies, set the CARGO_PROFILE_DEV_BUILD_OVERRIDE_DEBUG=true environment variable to enable debug information generation.
[INFO] [stderr] 
[INFO] [stderr] Caused by:
[INFO] [stderr]   process didn't exit successfully: `/opt/rustwide/target/debug/build/skia-bindings-997bca28c64bb6ec/build-script-build` (exit status: 101)
[INFO] [stderr]   --- stdout
[INFO] [stderr]   cargo:rerun-if-env-changed=DOCS_RS
[INFO] [stderr]   cargo:rerun-if-env-changed=SKIA_DEBUG
[INFO] [stderr]   HOST: x86_64-unknown-linux-gnu
[INFO] [stderr]   cargo:rerun-if-env-changed=SKIA_SOURCE_DIR
[INFO] [stderr]   cargo:rerun-if-env-changed=FORCE_SKIA_BUILD
[INFO] [stderr]   cargo:rerun-if-env-changed=FORCE_SKIA_BINARIES_DOWNLOAD
[INFO] [stderr]   TRYING TO DOWNLOAD AND INSTALL SKIA BINARIES: 0.63.0/e9c8bd6ba59d6d360bd9-x86_64-unknown-linux-gnu-gl-svg-textlayout
[INFO] [stderr]   cargo:rerun-if-env-changed=SKIA_BINARIES_URL
[INFO] [stderr]     FROM: https://github.com/rust-skia/skia-binaries/releases/download/0.63.0/skia-binaries-e9c8bd6ba59d6d360bd9-x86_64-unknown-linux-gnu-gl-svg-textlayout.tar.gz
[INFO] [stderr]   DOWNLOAD AND INSTALL FAILED: https://github.com/rust-skia/skia-binaries/releases/download/0.63.0/skia-binaries-e9c8bd6ba59d6d360bd9-x86_64-unknown-linux-gnu-gl-svg-textlayout.tar.gz: Dns Failed: resolve dns name 'github.com:443': failed to lookup address information: Temporary failure in name resolution
[INFO] [stderr]   STARTING A FULL BUILD
[INFO] [stderr]   cargo:rerun-if-env-changed=CLANGCC
[INFO] [stderr]   cargo:rerun-if-env-changed=CC
[INFO] [stderr]   cargo:rerun-if-env-changed=CLANGCXX
[INFO] [stderr]   cargo:rerun-if-env-changed=CXX
[INFO] [stderr]   HOST: x86_64-unknown-linux-gnu
[INFO] [stderr]   cargo:rerun-if-env-changed=OPT_LEVEL
[INFO] [stderr]   cargo:rerun-if-env-changed=SKIA_USE_SYSTEM_LIBRARIES
[INFO] [stderr]   cargo:rerun-if-env-changed=SDKTARGETSYSROOT
[INFO] [stderr]   cargo:rerun-if-env-changed=SDKROOT
[INFO] [stderr]   HOST: x86_64-unknown-linux-gnu
[INFO] [stderr]   cargo:rerun-if-env-changed=SKIA_NINJA_COMMAND
[INFO] [stderr]   cargo:rerun-if-env-changed=SKIA_GN_COMMAND
[INFO] [stderr]   Probing 'python'
[INFO] [stderr]   Probing 'python3'
[INFO] [stderr]   Python 3 found: "python3"
[INFO] [stderr]   Synchronizing Skia dependencies
[INFO] [stderr]   DOWNLOADING: https://codeload.github.com/rust-skia/skia/tar.gz/m114-0.62.3
[INFO] [stderr] 
[INFO] [stderr]   --- stderr
[INFO] [stderr]   thread 'main' panicked at /opt/rustwide/cargo-home/registry/src/index.crates.io-6f17d22bba15001f/skia-bindings-0.63.0/build_support/binary_cache/download.rs:77:35:
[INFO] [stderr]   Failed to download https://codeload.github.com/rust-skia/skia/tar.gz/m114-0.62.3 (https://codeload.github.com/rust-skia/skia/tar.gz/m114-0.62.3: Dns Failed: resolve dns name 'codeload.github.com:443': failed to lookup address information: Temporary failure in name resolution)
[INFO] [stderr]   stack backtrace:
[INFO] [stderr]      0:     0x562e41ade786 - std::backtrace_rs::backtrace::libunwind::trace::heebc7766b165eb2a
[INFO] [stderr]                                  at /rustc/268dbbbc4b3fd71c5f360a4d0728295252430b5b/library/std/src/../../backtrace/src/backtrace/libunwind.rs:104:5
[INFO] [stderr]      1:     0x562e41ade786 - std::backtrace_rs::backtrace::trace_unsynchronized::ha677020d8fc0296d
[INFO] [stderr]                                  at /rustc/268dbbbc4b3fd71c5f360a4d0728295252430b5b/library/std/src/../../backtrace/src/backtrace/mod.rs:66:5
[INFO] [stderr]      2:     0x562e41ade786 - std::sys_common::backtrace::_print_fmt::hcaff2fd86a1aeaa3
[INFO] [stderr]                                  at /rustc/268dbbbc4b3fd71c5f360a4d0728295252430b5b/library/std/src/sys_common/backtrace.rs:68:5
[INFO] [stderr]      3:     0x562e41ade786 - <std::sys_common::backtrace::_print::DisplayBacktrace as core::fmt::Display>::fmt::hc2446d8aa0059188
[INFO] [stderr]                                  at /rustc/268dbbbc4b3fd71c5f360a4d0728295252430b5b/library/std/src/sys_common/backtrace.rs:44:22
[INFO] [stderr]      4:     0x562e41b0ec70 - core::fmt::rt::Argument::fmt::h2fbb6454da37999b
[INFO] [stderr]                                  at /rustc/268dbbbc4b3fd71c5f360a4d0728295252430b5b/library/core/src/fmt/rt.rs:142:9
[INFO] [stderr]      5:     0x562e41b0ec70 - core::fmt::write::had96bdeda7d49d3a
[INFO] [stderr]                                  at /rustc/268dbbbc4b3fd71c5f360a4d0728295252430b5b/library/core/src/fmt/mod.rs:1120:17
[INFO] [stderr]      6:     0x562e41ada2bf - std::io::Write::write_fmt::h30b1f36eea05b391
[INFO] [stderr]                                  at /rustc/268dbbbc4b3fd71c5f360a4d0728295252430b5b/library/std/src/io/mod.rs:1849:15
[INFO] [stderr]      7:     0x562e41ade564 - std::sys_common::backtrace::_print::hc333bb91ae972137
[INFO] [stderr]                                  at /rustc/268dbbbc4b3fd71c5f360a4d0728295252430b5b/library/std/src/sys_common/backtrace.rs:47:5
[INFO] [stderr]      8:     0x562e41ade564 - std::sys_common::backtrace::print::h18fd3c71a95a3169
[INFO] [stderr]                                  at /rustc/268dbbbc4b3fd71c5f360a4d0728295252430b5b/library/std/src/sys_common/backtrace.rs:34:9
[INFO] [stderr]      9:     0x562e41ae0497 - std::panicking::default_hook::{{closure}}::ha3473f9bcb4e9a37
[INFO] [stderr]     10:     0x562e41ae01f9 - std::panicking::default_hook::h23d9d43185db6584
[INFO] [stderr]                                  at /rustc/268dbbbc4b3fd71c5f360a4d0728295252430b5b/library/std/src/panicking.rs:292:9
[INFO] [stderr]     11:     0x562e41ae0928 - std::panicking::rust_panic_with_hook::h94aceaa7df3a6edd
[INFO] [stderr]                                  at /rustc/268dbbbc4b3fd71c5f360a4d0728295252430b5b/library/std/src/panicking.rs:781:13
[INFO] [stderr]     12:     0x562e41ae0802 - std::panicking::begin_panic_handler::{{closure}}::h9905d45d1d82fc42
[INFO] [stderr]                                  at /rustc/268dbbbc4b3fd71c5f360a4d0728295252430b5b/library/std/src/panicking.rs:659:13
[INFO] [stderr]     13:     0x562e41adec86 - std::sys_common::backtrace::__rust_end_short_backtrace::hb02085545dc143b9
[INFO] [stderr]                                  at /rustc/268dbbbc4b3fd71c5f360a4d0728295252430b5b/library/std/src/sys_common/backtrace.rs:171:18
[INFO] [stderr]     14:     0x562e41ae0554 - rust_begin_unwind
[INFO] [stderr]                                  at /rustc/268dbbbc4b3fd71c5f360a4d0728295252430b5b/library/std/src/panicking.rs:647:5
[INFO] [stderr]     15:     0x562e410980a5 - core::panicking::panic_fmt::h6dca3983f8a9f4d0
[INFO] [stderr]                                  at /rustc/268dbbbc4b3fd71c5f360a4d0728295252430b5b/library/core/src/panicking.rs:72:14
[INFO] [stderr]     16:     0x562e410ba345 - build_script_build::build_support::binary_cache::download::download_dependencies::{{closure}}::h61cb2f5801e7a710
[INFO] [stderr]     17:     0x562e410aa8e0 - core::result::Result<T,E>::unwrap_or_else::hbe863a8c72b70dfa
[INFO] [stderr]     18:     0x562e410b997f - build_script_build::build_support::binary_cache::download::download_dependencies::hff3dc761eb0ae8fe
[INFO] [stderr]     19:     0x562e410b8f68 - build_script_build::build_support::binary_cache::download::resolve_dependencies::hd7d52039e35da905
[INFO] [stderr]     20:     0x562e410b3d29 - build_script_build::build_support::skia::config::build::hbbbe5489226abe11
[INFO] [stderr]     21:     0x562e410beb83 - build_script_build::build_from_source::he8cbcfcc9fd6ca88
[INFO] [stderr]     22:     0x562e410be55a - build_script_build::main::hba2b0458a87097ec
[INFO] [stderr]     23:     0x562e410bf5f3 - core::ops::function::FnOnce::call_once::h8a9384c4720c5bd9
[INFO] [stderr]     24:     0x562e410b6676 - std::sys_common::backtrace::__rust_begin_short_backtrace::hff2176ea615196e0
[INFO] [stderr]     25:     0x562e410aa009 - std::rt::lang_start::{{closure}}::ha4ce5500da387ed9
[INFO] [stderr]     26:     0x562e41ad4191 - core::ops::function::impls::<impl core::ops::function::FnOnce<A> for &F>::call_once::h298d8ff12ebcec8c
[INFO] [stderr]                                  at /rustc/268dbbbc4b3fd71c5f360a4d0728295252430b5b/library/core/src/ops/function.rs:284:13
[INFO] [stderr]     27:     0x562e41ad4191 - std::panicking::try::do_call::hbd0ffb05da5bd343
[INFO] [stderr]                                  at /rustc/268dbbbc4b3fd71c5f360a4d0728295252430b5b/library/std/src/panicking.rs:554:40
[INFO] [stderr]     28:     0x562e41ad4191 - std::panicking::try::h11c9a152defd5d2a
[INFO] [stderr]                                  at /rustc/268dbbbc4b3fd71c5f360a4d0728295252430b5b/library/std/src/panicking.rs:518:19
[INFO] [stderr]     29:     0x562e41ad4191 - std::panic::catch_unwind::h0d6db2fa902b4d64
[INFO] [stderr]                                  at /rustc/268dbbbc4b3fd71c5f360a4d0728295252430b5b/library/std/src/panic.rs:142:14
[INFO] [stderr]     30:     0x562e41ad4191 - std::rt::lang_start_internal::{{closure}}::hdcc09b4aad7ef821
[INFO] [stderr]                                  at /rustc/268dbbbc4b3fd71c5f360a4d0728295252430b5b/library/std/src/rt.rs:148:48
[INFO] [stderr]     31:     0x562e41ad4191 - std::panicking::try::do_call::h3ffd2f162d60900f
[INFO] [stderr]                                  at /rustc/268dbbbc4b3fd71c5f360a4d0728295252430b5b/library/std/src/panicking.rs:554:40
[INFO] [stderr]     32:     0x562e41ad4191 - std::panicking::try::heeba82b9c3e190fb
[INFO] [stderr]                                  at /rustc/268dbbbc4b3fd71c5f360a4d0728295252430b5b/library/std/src/panicking.rs:518:19
[INFO] [stderr]     33:     0x562e41ad4191 - std::panic::catch_unwind::hdaab8f1c188f387f
[INFO] [stderr]                                  at /rustc/268dbbbc4b3fd71c5f360a4d0728295252430b5b/library/std/src/panic.rs:142:14
[INFO] [stderr]     34:     0x562e41ad4191 - std::rt::lang_start_internal::h9989e088c48b7903
[INFO] [stderr]                                  at /rustc/268dbbbc4b3fd71c5f360a4d0728295252430b5b/library/std/src/rt.rs:148:20
[INFO] [stderr]     35:     0x562e410a9fe7 - std::rt::lang_start::h897a430dfbb3316a
[INFO] [stderr]     36:     0x562e410beec5 - main
[INFO] [stderr]     37:     0x7f2f0848cd90 - <unknown>
[INFO] [stderr]     38:     0x7f2f0848ce40 - __libc_start_main
[INFO] [stderr]     39:     0x562e41098985 - _start
[INFO] [stderr]     40:                0x0 - <unknown>
[INFO] [stderr] warning: build failed, waiting for other jobs to finish...
[INFO] running `Command { std: "docker" "inspect" "065e81c532b64a9b7e71e22ea5201b62d72b7d574f70ee0c21e25170e3b8cdaf", kill_on_drop: false }`
[INFO] running `Command { std: "docker" "rm" "-f" "065e81c532b64a9b7e71e22ea5201b62d72b7d574f70ee0c21e25170e3b8cdaf", kill_on_drop: false }`
[INFO] [stdout] 065e81c532b64a9b7e71e22ea5201b62d72b7d574f70ee0c21e25170e3b8cdaf
[INFO] checking freya-0.1.8 against nightly-2024-02-05+rustflags=-Dunexpected_cfgs+cargoflags=-Zcheck-cfg for check-cfg
[INFO] extracting crate freya 0.1.8 into /workspace/builds/worker-7-tc2/source
[INFO] validating manifest of crates.io crate freya 0.1.8 on toolchain nightly-2024-02-05
[INFO] running `Command { std: CARGO_HOME="/workspace/cargo-home" RUSTUP_HOME="/workspace/rustup-home" "/workspace/cargo-home/bin/cargo" "+nightly-2024-02-05" "metadata" "--manifest-path" "Cargo.toml" "--no-deps", kill_on_drop: false }`
[INFO] started tweaking crates.io crate freya 0.1.8
[INFO] finished tweaking crates.io crate freya 0.1.8
[INFO] tweaked toml for crates.io crate freya 0.1.8 written to /workspace/builds/worker-7-tc2/source/Cargo.toml
[INFO] running `Command { std: CARGO_HOME="/workspace/cargo-home" RUSTUP_HOME="/workspace/rustup-home" "/workspace/cargo-home/bin/cargo" "+nightly-2024-02-05" "generate-lockfile" "--manifest-path" "Cargo.toml", kill_on_drop: false }`
[INFO] [stderr]     Updating crates.io index
[INFO] running `Command { std: CARGO_HOME="/workspace/cargo-home" RUSTUP_HOME="/workspace/rustup-home" "/workspace/cargo-home/bin/cargo" "+nightly-2024-02-05" "fetch" "--manifest-path" "Cargo.toml", kill_on_drop: false }`
[INFO] running `Command { std: "docker" "create" "-v" "/var/lib/crater-agent-workspace/builds/worker-7-tc2/target:/opt/rustwide/target:rw,Z" "-v" "/var/lib/crater-agent-workspace/builds/worker-7-tc2/source:/opt/rustwide/workdir:ro,Z" "-v" "/var/lib/crater-agent-workspace/cargo-home:/opt/rustwide/cargo-home:ro,Z" "-v" "/var/lib/crater-agent-workspace/rustup-home:/opt/rustwide/rustup-home:ro,Z" "-e" "SOURCE_DIR=/opt/rustwide/workdir" "-e" "CARGO_TARGET_DIR=/opt/rustwide/target" "-e" "CARGO_HOME=/opt/rustwide/cargo-home" "-e" "RUSTUP_HOME=/opt/rustwide/rustup-home" "-w" "/opt/rustwide/workdir" "-m" "1610612736" "--user" "0:0" "--network" "none" "ghcr.io/rust-lang/crates-build-env/linux@sha256:2788e3201cd34a07e3172128adcd8b3090168a8e3bcc40d7c032b9dda1df7d1c" "/opt/rustwide/cargo-home/bin/cargo" "+nightly-2024-02-05" "metadata" "--no-deps" "--format-version=1", kill_on_drop: false }`
[INFO] [stdout] 4981e1ff5a8fdc6846ca4fa20c55dde5fcfce712c1dbb846ff856f56a1db17f9
[INFO] running `Command { std: "docker" "start" "-a" "4981e1ff5a8fdc6846ca4fa20c55dde5fcfce712c1dbb846ff856f56a1db17f9", kill_on_drop: false }`
[INFO] running `Command { std: "docker" "inspect" "4981e1ff5a8fdc6846ca4fa20c55dde5fcfce712c1dbb846ff856f56a1db17f9", kill_on_drop: false }`
[INFO] running `Command { std: "docker" "rm" "-f" "4981e1ff5a8fdc6846ca4fa20c55dde5fcfce712c1dbb846ff856f56a1db17f9", kill_on_drop: false }`
[INFO] [stdout] 4981e1ff5a8fdc6846ca4fa20c55dde5fcfce712c1dbb846ff856f56a1db17f9
[INFO] running `Command { std: "docker" "create" "-v" "/var/lib/crater-agent-workspace/builds/worker-7-tc2/target:/opt/rustwide/target:rw,Z" "-v" "/var/lib/crater-agent-workspace/builds/worker-7-tc2/source:/opt/rustwide/workdir:ro,Z" "-v" "/var/lib/crater-agent-workspace/cargo-home:/opt/rustwide/cargo-home:ro,Z" "-v" "/var/lib/crater-agent-workspace/rustup-home:/opt/rustwide/rustup-home:ro,Z" "-e" "SOURCE_DIR=/opt/rustwide/workdir" "-e" "CARGO_TARGET_DIR=/opt/rustwide/target" "-e" "CARGO_INCREMENTAL=0" "-e" "RUST_BACKTRACE=full" "-e" "RUSTFLAGS=--cap-lints=forbid -Dunexpected_cfgs" "-e" "RUSTDOCFLAGS=--cap-lints=forbid" "-e" "CARGO_HOME=/opt/rustwide/cargo-home" "-e" "RUSTUP_HOME=/opt/rustwide/rustup-home" "-w" "/opt/rustwide/workdir" "-m" "1610612736" "--user" "0:0" "--network" "none" "ghcr.io/rust-lang/crates-build-env/linux@sha256:2788e3201cd34a07e3172128adcd8b3090168a8e3bcc40d7c032b9dda1df7d1c" "/opt/rustwide/cargo-home/bin/cargo" "+nightly-2024-02-05" "check" "--frozen" "--all" "--all-targets" "--message-format=json" "-Zcheck-cfg", kill_on_drop: false }`
[INFO] [stdout] e2d32bdd2cb5177ab6b02bf0dde4da33c60e6b60f911069859d5a4d793f58c90
[INFO] running `Command { std: "docker" "start" "-a" "e2d32bdd2cb5177ab6b02bf0dde4da33c60e6b60f911069859d5a4d793f58c90", kill_on_drop: false }`
[INFO] [stderr]    Compiling xml-rs v0.8.19
[INFO] [stderr]    Compiling bumpalo v3.14.0
[INFO] [stderr]    Compiling syn v2.0.48
[INFO] [stderr]    Compiling serde v1.0.196
[INFO] [stderr]    Compiling syn v1.0.109
[INFO] [stderr]    Compiling serde_json v1.0.113
[INFO] [stderr]    Compiling typenum v1.17.0
[INFO] [stderr]    Compiling ring v0.17.7
[INFO] [stderr]     Checking libloading v0.8.1
[INFO] [stderr]    Compiling khronos_api v3.1.0
[INFO] [stderr]     Checking simd-adler32 v0.3.7
[INFO] [stderr]    Compiling prettyplease v0.2.16
[INFO] [stderr]    Compiling wayland-sys v0.29.5
[INFO] [stderr]     Checking futures-lite v2.2.0
[INFO] [stderr]    Compiling cfg_aliases v0.1.1
[INFO] [stderr]    Compiling generic-array v0.14.7
[INFO] [stderr]     Checking hashbrown v0.12.3
[INFO] [stderr]     Checking nix v0.24.3
[INFO] [stderr]     Checking longest-increasing-subsequence v0.1.0
[INFO] [stderr]     Checking dlib v0.5.2
[INFO] [stderr]     Checking miniz_oxide v0.7.2
[INFO] [stderr]    Compiling camino v1.1.6
[INFO] [stderr]    Compiling rustix v0.38.31
[INFO] [stderr]     Checking smallbox v0.8.2
[INFO] [stderr]    Compiling semver v1.0.21
[INFO] [stderr]     Checking parking_lot v0.12.1
[INFO] [stderr]    Compiling getrandom v0.2.12
[INFO] [stderr]    Compiling x11-dl v2.21.0
[INFO] [stderr]    Compiling slotmap v1.0.7
[INFO] [stderr]     Checking scoped-tls v1.0.1
[INFO] [stderr]     Checking unicode-segmentation v1.10.1
[INFO] [stderr]     Checking flate2 v1.0.28
[INFO] [stderr]    Compiling wayland-scanner v0.29.5
[INFO] [stderr]    Compiling gl_generator v0.14.0
[INFO] [stderr]    Compiling glob v0.3.1
[INFO] [stderr]    Compiling linux-raw-sys v0.4.13
[INFO] [stderr]    Compiling rustls v0.21.10
[INFO] [stderr]    Compiling tinyvec_macros v0.1.1
[INFO] [stderr]    Compiling spin v0.9.8
[INFO] [stderr]    Compiling untrusted v0.9.0
[INFO] [stderr]    Compiling tinyvec v1.6.0
[INFO] [stderr]    Compiling memoffset v0.7.1
[INFO] [stderr]    Compiling pin-project-lite v0.2.13
[INFO] [stderr]     Checking fixedbitset v0.4.2
[INFO] [stderr]    Compiling futures-core v0.3.30
[INFO] [stderr]    Compiling clang-sys v1.7.0
[INFO] [stderr]     Checking petgraph v0.6.4
[INFO] [stderr]     Checking fdeflate v0.3.4
[INFO] [stderr]     Checking nix v0.25.1
[INFO] [stderr]    Compiling slab v0.4.9
[INFO] [stderr]     Checking wayland-commons v0.29.5
[INFO] [stderr]     Checking cfg-expr v0.12.0
[INFO] [stderr]    Compiling smithay-client-toolkit v0.16.1
[INFO] [stderr]    Compiling async-fs v1.6.0
[INFO] [stderr]    Compiling tracing-core v0.1.32
[INFO] [stderr]     Checking strict-num v0.1.1
[INFO] [stderr]     Checking ttf-parser v0.20.0
[INFO] [stderr]    Compiling unicode-normalization v0.1.22
[INFO] [stderr]    Compiling minimal-lexical v0.2.1
[INFO] [stderr]    Compiling percent-encoding v2.3.1
[INFO] [stderr]    Compiling futures-task v0.3.30
[INFO] [stderr]    Compiling wayland-client v0.29.5
[INFO] [stderr]    Compiling wayland-protocols v0.29.5
[INFO] [stderr]    Compiling pin-utils v0.1.0
[INFO] [stderr]    Compiling unicode-bidi v0.3.15
[INFO] [stderr]     Checking xcursor v0.3.5
[INFO] [stderr]     Checking bytemuck v1.14.1
[INFO] [stderr]     Checking crypto-common v0.1.6
[INFO] [stderr]     Checking block-buffer v0.10.4
[INFO] [stderr]    Compiling futures-util v0.3.30
[INFO] [stderr]     Checking tiny-skia-path v0.8.4
[INFO] [stderr]    Compiling nom v7.1.3
[INFO] [stderr]     Checking digest v0.10.7
[INFO] [stderr]    Compiling idna v0.5.0
[INFO] [stderr]    Compiling form_urlencoded v1.2.1
[INFO] [stderr]     Checking png v0.17.11
[INFO] [stderr]     Checking polling v2.8.0
[INFO] [stderr]    Compiling serde_spanned v0.6.5
[INFO] [stderr]    Compiling toml_datetime v0.6.5
[INFO] [stderr]    Compiling futures-channel v0.3.30
[INFO] [stderr]    Compiling toml_edit v0.19.15
[INFO] [stderr]     Checking internment v0.7.4
[INFO] [stderr]    Compiling crc32fast v1.3.2
[INFO] [stderr]     Checking ab_glyph_rasterizer v0.1.8
[INFO] [stderr]     Checking owned_ttf_parser v0.20.0
[INFO] [stderr]     Checking raw-window-handle v0.5.2
[INFO] [stderr]    Compiling bindgen v0.65.1
[INFO] [stderr]     Checking tiny-skia v0.8.4
[INFO] [stderr]     Checking ab_glyph v0.2.23
[INFO] [stderr]    Compiling wasm-bindgen-backend v0.2.90
[INFO] [stderr]    Compiling darling_core v0.20.5
[INFO] [stderr]    Compiling which v4.4.2
[INFO] [stderr]    Compiling zvariant_utils v1.0.1
[INFO] [stderr]    Compiling cexpr v0.6.0
[INFO] [stderr]     Checking sha1 v0.10.6
[INFO] [stderr]     Checking async-io v1.13.0
[INFO] [stderr]    Compiling rustls-webpki v0.101.7
[INFO] [stderr]    Compiling sct v0.7.1
[INFO] [stderr]    Compiling url v2.5.0
[INFO] [stderr]    Compiling wasm-bindgen-macro-support v0.2.90
[INFO] [stderr]    Compiling xattr v1.3.1
[INFO] [stderr]     Checking nix v0.26.4
[INFO] [stderr]    Compiling winit v0.28.7
[INFO] [stderr]     Checking async-executor v1.8.0
[INFO] [stderr]    Compiling proc-macro-crate v1.3.1
[INFO] [stderr]     Checking async-broadcast v0.5.1
[INFO] [stderr]    Compiling filetime v0.2.23
[INFO] [stderr]     Checking xdg-home v1.1.0
[INFO] [stderr]     Checking ordered-stream v0.2.0
[INFO] [stderr]    Compiling shlex v1.3.0
[INFO] [stderr]     Checking either v1.9.0
[INFO] [stderr]     Checking wayland-cursor v0.29.5
[INFO] [stderr]    Compiling base64 v0.21.7
[INFO] [stderr]    Compiling webpki-roots v0.25.4
[INFO] [stderr]     Checking rayon v1.8.1
[INFO] [stderr]    Compiling tar v0.4.40
[INFO] [stderr]    Compiling toml v0.7.8
[INFO] [stderr]    Compiling glutin_glx_sys v0.4.0
[INFO] [stderr]    Compiling glutin_egl_sys v0.5.1
[INFO] [stderr]     Checking instant v0.1.12
[INFO] [stderr]    Compiling wayland-sys v0.30.1
[INFO] [stderr]     Checking dioxus-debug-cell v0.1.1
[INFO] [stderr]    Compiling constcat v0.3.1
[INFO] [stderr]    Compiling serde_derive v1.0.196
[INFO] [stderr]    Compiling tracing-attributes v0.1.27
[INFO] [stderr]    Compiling thiserror-impl v1.0.56
[INFO] [stderr]    Compiling futures-macro v0.3.30
[INFO] [stderr]    Compiling wasm-bindgen-macro v0.2.90
[INFO] [stderr]    Compiling serde_repr v0.1.18
[INFO] [stderr]    Compiling async-trait v0.1.77
[INFO] [stderr]    Compiling enumflags2_derive v0.7.8
[INFO] [stderr]    Compiling tokio-macros v2.2.0
[INFO] [stderr]    Compiling derivative v2.2.0
[INFO] [stderr]    Compiling async-recursion v1.0.5
[INFO] [stderr]    Compiling zvariant_derive v3.15.0
[INFO] [stderr]    Compiling zbus_macros v3.15.0
[INFO] [stderr]     Checking wasm-bindgen v0.2.90
[INFO] [stderr]    Compiling enumn v0.1.13
[INFO] [stderr]    Compiling ureq v2.9.1
[INFO] [stderr]    Compiling shipyard_proc v0.3.0
[INFO] [stderr]     Checking js-sys v0.3.67
[INFO] [stderr]    Compiling atspi-macros v0.2.0
[INFO] [stderr]     Checking tokio v1.36.0
[INFO] [stderr]     Checking thiserror v1.0.56
[INFO] [stderr]    Compiling darling_macro v0.20.5
[INFO] [stderr]     Checking calloop v0.10.6
[INFO] [stderr]     Checking tracing v0.1.40
[INFO] [stderr]     Checking blocking v1.5.1
[INFO] [stderr]    Compiling dioxus-core v0.4.3
[INFO] [stderr]     Checking shipyard v0.6.2
[INFO] [stderr]    Compiling glutin v0.30.10
[INFO] [stderr]     Checking dashmap v5.5.3
[INFO] [stderr]    Compiling execute-command-tokens v0.1.7
[INFO] [stderr]     Checking anymap v1.0.0-beta.2
[INFO] [stderr]    Compiling darling v0.20.5
[INFO] [stderr]    Compiling enumset_derive v0.8.1
[INFO] [stderr]    Compiling execute-command-macro-impl v0.1.10
[INFO] [stderr]    Compiling openssl-sys v0.9.99
[INFO] [stderr]     Checking regex-automata v0.4.5
[INFO] [stderr]    Compiling dioxus-rsx v0.4.3
[INFO] [stderr]    Compiling interprocess-docfix v1.2.2
[INFO] [stderr]     Checking fxhash v0.2.1
[INFO] [stderr]     Checking ordered-float v2.10.1
[INFO] [stderr]     Checking inotify-sys v0.1.5
[INFO] [stderr]     Checking bstr v1.9.0
[INFO] [stderr]     Checking libloading v0.7.4
[INFO] [stderr]     Checking inotify v0.9.6
[INFO] [stderr]     Checking enumset v1.1.3
[INFO] [stderr]     Checking execute-command-macro v0.1.9
[INFO] [stderr]     Checking generic-array v1.0.0
[INFO] [stderr]     Checking spinning v0.1.0
[INFO] [stderr]    Compiling dioxus-core-macro v0.4.3
[INFO] [stderr]     Checking web-sys v0.3.67
[INFO] [stderr]     Checking crossbeam-channel v0.5.11
[INFO] [stderr]     Checking intmap v0.7.1
[INFO] [stderr]     Checking to_method v1.1.0
[INFO] [stderr]     Checking chrono v0.4.33
[INFO] [stderr]    Compiling dioxus-native-core-macro v0.4.3
[INFO] [stderr]     Checking anymap v0.12.1
[INFO] [stderr]     Checking execute v0.2.13
[INFO] [stderr]    Compiling openssl v0.10.63
[INFO] [stderr]    Compiling openssl-macros v0.1.1
[INFO] [stderr]     Checking notify v5.2.0
[INFO] [stderr]    Compiling native-tls v0.2.11
[INFO] [stderr]     Checking wasm-bindgen-futures v0.4.40
[INFO] [stderr]    Compiling pin-project-internal v1.1.4
[INFO] [stderr]     Checking anymap2 v0.13.0
[INFO] [stderr]     Checking gloo-timers v0.2.6
[INFO] [stderr]    Compiling gl v0.14.0
[INFO] [stderr]    Compiling glutin-winit v0.3.0
[INFO] [stderr]     Checking globset v0.4.14
[INFO] [stderr]     Checking tokio-util v0.7.10
[INFO] [stderr]     Checking str_indices v0.4.3
[INFO] [stderr]     Checking ropey v1.6.1
[INFO] [stderr]     Checking futures-executor v0.3.30
[INFO] [stderr]    Compiling dioxus-router-macro v0.4.3
[INFO] [stderr]     Checking ignore v0.4.22
[INFO] [stderr]     Checking tween v2.0.2
[INFO] [stderr]     Checking urlencoding v2.1.3
[INFO] [stderr]     Checking pathdiff v0.2.1
[INFO] [stderr]     Checking open v1.7.1
[INFO] [stderr]     Checking futures v0.3.30
[INFO] [stderr]     Checking h2 v0.3.24
[INFO] [stderr]     Checking bitflags v2.4.2
[INFO] [stderr]     Checking cargo-platform v0.1.6
[INFO] [stderr]     Checking keyboard-types v0.7.0
[INFO] [stderr]     Checking enumflags2 v0.7.8
[INFO] [stderr]     Checking euclid v0.22.9
[INFO] [stderr]     Checking zvariant v3.15.0
[INFO] [stderr]     Checking accesskit v0.11.2
[INFO] [stderr]     Checking serde-value v0.7.0
[INFO] [stderr]     Checking keyboard-types v0.6.2
[INFO] [stderr]     Checking serde_urlencoded v0.7.1
[INFO] [stderr]     Checking cargo_metadata v0.15.4
[INFO] [stderr]     Checking pin-project v1.1.4
[INFO] [stderr]     Checking serde-wasm-bindgen v0.5.0
[INFO] [stderr]     Checking bincode v1.3.3
[INFO] [stderr]    Compiling skia-bindings v0.63.0
[INFO] [stderr]     Checking dioxus-hooks v0.4.3
[INFO] [stderr]     Checking zbus_names v2.6.0
[INFO] [stderr]     Checking dioxus-native-core v0.4.3
[INFO] [stderr]     Checking krates v0.12.6
[INFO] [stderr]     Checking zbus v3.15.0
[INFO] [stderr]     Checking torin v0.1.0
[INFO] [stderr]     Checking accesskit_consumer v0.15.2
[INFO] [stderr]     Checking hyper v0.14.28
[INFO] [stderr]     Checking tokio-native-tls v0.3.1
[INFO] [stderr]     Checking hyper-tls v0.5.0
[INFO] [stderr]     Checking reqwest v0.11.24
[INFO] [stderr]     Checking dioxus-html v0.4.3
[INFO] [stderr]     Checking gloo-utils v0.1.7
[INFO] [stderr]     Checking gloo-events v0.1.2
[INFO] [stderr]     Checking gloo-dialogs v0.1.1
[INFO] [stderr]     Checking gloo-render v0.1.1
[INFO] [stderr]     Checking gloo-console v0.2.3
[INFO] [stderr]     Checking gloo-storage v0.2.2
[INFO] [stderr]     Checking gloo-net v0.3.1
[INFO] [stderr]     Checking gloo-file v0.2.3
[INFO] [stderr]     Checking gloo-history v0.1.5
[INFO] [stderr]     Checking gloo-worker v0.2.1
[INFO] [stderr]     Checking gloo v0.8.1
[INFO] [stderr]     Checking atspi v0.10.1
[INFO] [stderr] error: failed to run custom build command for `skia-bindings v0.63.0`
[INFO] [stderr] note: To improve backtraces for build dependencies, set the CARGO_PROFILE_DEV_BUILD_OVERRIDE_DEBUG=true environment variable to enable debug information generation.
[INFO] [stderr] 
[INFO] [stderr] Caused by:
[INFO] [stderr]   process didn't exit successfully: `/opt/rustwide/target/debug/build/skia-bindings-997bca28c64bb6ec/build-script-build` (exit status: 101)
[INFO] [stderr]   --- stdout
[INFO] [stderr]   cargo:rerun-if-env-changed=DOCS_RS
[INFO] [stderr]   cargo:rerun-if-env-changed=SKIA_DEBUG
[INFO] [stderr]   HOST: x86_64-unknown-linux-gnu
[INFO] [stderr]   cargo:rerun-if-env-changed=SKIA_SOURCE_DIR
[INFO] [stderr]   cargo:rerun-if-env-changed=FORCE_SKIA_BUILD
[INFO] [stderr]   cargo:rerun-if-env-changed=FORCE_SKIA_BINARIES_DOWNLOAD
[INFO] [stderr]   TRYING TO DOWNLOAD AND INSTALL SKIA BINARIES: 0.63.0/e9c8bd6ba59d6d360bd9-x86_64-unknown-linux-gnu-gl-svg-textlayout
[INFO] [stderr]   cargo:rerun-if-env-changed=SKIA_BINARIES_URL
[INFO] [stderr]     FROM: https://github.com/rust-skia/skia-binaries/releases/download/0.63.0/skia-binaries-e9c8bd6ba59d6d360bd9-x86_64-unknown-linux-gnu-gl-svg-textlayout.tar.gz
[INFO] [stderr]   DOWNLOAD AND INSTALL FAILED: https://github.com/rust-skia/skia-binaries/releases/download/0.63.0/skia-binaries-e9c8bd6ba59d6d360bd9-x86_64-unknown-linux-gnu-gl-svg-textlayout.tar.gz: Dns Failed: resolve dns name 'github.com:443': failed to lookup address information: Temporary failure in name resolution
[INFO] [stderr]   STARTING A FULL BUILD
[INFO] [stderr]   cargo:rerun-if-env-changed=CLANGCC
[INFO] [stderr]   cargo:rerun-if-env-changed=CC
[INFO] [stderr]   cargo:rerun-if-env-changed=CLANGCXX
[INFO] [stderr]   cargo:rerun-if-env-changed=CXX
[INFO] [stderr]   HOST: x86_64-unknown-linux-gnu
[INFO] [stderr]   cargo:rerun-if-env-changed=OPT_LEVEL
[INFO] [stderr]   cargo:rerun-if-env-changed=SKIA_USE_SYSTEM_LIBRARIES
[INFO] [stderr]   cargo:rerun-if-env-changed=SDKTARGETSYSROOT
[INFO] [stderr]   cargo:rerun-if-env-changed=SDKROOT
[INFO] [stderr]   HOST: x86_64-unknown-linux-gnu
[INFO] [stderr]   cargo:rerun-if-env-changed=SKIA_NINJA_COMMAND
[INFO] [stderr]   cargo:rerun-if-env-changed=SKIA_GN_COMMAND
[INFO] [stderr]   Probing 'python'
[INFO] [stderr]   Probing 'python3'
[INFO] [stderr]   Python 3 found: "python3"
[INFO] [stderr]   Synchronizing Skia dependencies
[INFO] [stderr]   DOWNLOADING: https://codeload.github.com/rust-skia/skia/tar.gz/m114-0.62.3
[INFO] [stderr] 
[INFO] [stderr]   --- stderr
[INFO] [stderr]   thread 'main' panicked at /opt/rustwide/cargo-home/registry/src/index.crates.io-6f17d22bba15001f/skia-bindings-0.63.0/build_support/binary_cache/download.rs:77:35:
[INFO] [stderr]   Failed to download https://codeload.github.com/rust-skia/skia/tar.gz/m114-0.62.3 (https://codeload.github.com/rust-skia/skia/tar.gz/m114-0.62.3: Dns Failed: resolve dns name 'codeload.github.com:443': failed to lookup address information: Temporary failure in name resolution)
[INFO] [stderr]   stack backtrace:
[INFO] [stderr]      0:     0x5633ba394786 - std::backtrace_rs::backtrace::libunwind::trace::heebc7766b165eb2a
[INFO] [stderr]                                  at /rustc/268dbbbc4b3fd71c5f360a4d0728295252430b5b/library/std/src/../../backtrace/src/backtrace/libunwind.rs:104:5
[INFO] [stderr]      1:     0x5633ba394786 - std::backtrace_rs::backtrace::trace_unsynchronized::ha677020d8fc0296d
[INFO] [stderr]                                  at /rustc/268dbbbc4b3fd71c5f360a4d0728295252430b5b/library/std/src/../../backtrace/src/backtrace/mod.rs:66:5
[INFO] [stderr]      2:     0x5633ba394786 - std::sys_common::backtrace::_print_fmt::hcaff2fd86a1aeaa3
[INFO] [stderr]                                  at /rustc/268dbbbc4b3fd71c5f360a4d0728295252430b5b/library/std/src/sys_common/backtrace.rs:68:5
[INFO] [stderr]      3:     0x5633ba394786 - <std::sys_common::backtrace::_print::DisplayBacktrace as core::fmt::Display>::fmt::hc2446d8aa0059188
[INFO] [stderr]                                  at /rustc/268dbbbc4b3fd71c5f360a4d0728295252430b5b/library/std/src/sys_common/backtrace.rs:44:22
[INFO] [stderr]      4:     0x5633ba3c4c70 - core::fmt::rt::Argument::fmt::h2fbb6454da37999b
[INFO] [stderr]                                  at /rustc/268dbbbc4b3fd71c5f360a4d0728295252430b5b/library/core/src/fmt/rt.rs:142:9
[INFO] [stderr]      5:     0x5633ba3c4c70 - core::fmt::write::had96bdeda7d49d3a
[INFO] [stderr]                                  at /rustc/268dbbbc4b3fd71c5f360a4d0728295252430b5b/library/core/src/fmt/mod.rs:1120:17
[INFO] [stderr]      6:     0x5633ba3902bf - std::io::Write::write_fmt::h30b1f36eea05b391
[INFO] [stderr]                                  at /rustc/268dbbbc4b3fd71c5f360a4d0728295252430b5b/library/std/src/io/mod.rs:1849:15
[INFO] [stderr]      7:     0x5633ba394564 - std::sys_common::backtrace::_print::hc333bb91ae972137
[INFO] [stderr]                                  at /rustc/268dbbbc4b3fd71c5f360a4d0728295252430b5b/library/std/src/sys_common/backtrace.rs:47:5
[INFO] [stderr]      8:     0x5633ba394564 - std::sys_common::backtrace::print::h18fd3c71a95a3169
[INFO] [stderr]                                  at /rustc/268dbbbc4b3fd71c5f360a4d0728295252430b5b/library/std/src/sys_common/backtrace.rs:34:9
[INFO] [stderr]      9:     0x5633ba396497 - std::panicking::default_hook::{{closure}}::ha3473f9bcb4e9a37
[INFO] [stderr]     10:     0x5633ba3961f9 - std::panicking::default_hook::h23d9d43185db6584
[INFO] [stderr]                                  at /rustc/268dbbbc4b3fd71c5f360a4d0728295252430b5b/library/std/src/panicking.rs:292:9
[INFO] [stderr]     11:     0x5633ba396928 - std::panicking::rust_panic_with_hook::h94aceaa7df3a6edd
[INFO] [stderr]                                  at /rustc/268dbbbc4b3fd71c5f360a4d0728295252430b5b/library/std/src/panicking.rs:781:13
[INFO] [stderr]     12:     0x5633ba396802 - std::panicking::begin_panic_handler::{{closure}}::h9905d45d1d82fc42
[INFO] [stderr]                                  at /rustc/268dbbbc4b3fd71c5f360a4d0728295252430b5b/library/std/src/panicking.rs:659:13
[INFO] [stderr]     13:     0x5633ba394c86 - std::sys_common::backtrace::__rust_end_short_backtrace::hb02085545dc143b9
[INFO] [stderr]                                  at /rustc/268dbbbc4b3fd71c5f360a4d0728295252430b5b/library/std/src/sys_common/backtrace.rs:171:18
[INFO] [stderr]     14:     0x5633ba396554 - rust_begin_unwind
[INFO] [stderr]                                  at /rustc/268dbbbc4b3fd71c5f360a4d0728295252430b5b/library/std/src/panicking.rs:647:5
[INFO] [stderr]     15:     0x5633b994e0a5 - core::panicking::panic_fmt::h6dca3983f8a9f4d0
[INFO] [stderr]                                  at /rustc/268dbbbc4b3fd71c5f360a4d0728295252430b5b/library/core/src/panicking.rs:72:14
[INFO] [stderr]     16:     0x5633b9970345 - build_script_build::build_support::binary_cache::download::download_dependencies::{{closure}}::h61cb2f5801e7a710
[INFO] [stderr]     17:     0x5633b99608e0 - core::result::Result<T,E>::unwrap_or_else::hbe863a8c72b70dfa
[INFO] [stderr]     18:     0x5633b996f97f - build_script_build::build_support::binary_cache::download::download_dependencies::hff3dc761eb0ae8fe
[INFO] [stderr]     19:     0x5633b996ef68 - build_script_build::build_support::binary_cache::download::resolve_dependencies::hd7d52039e35da905
[INFO] [stderr]     20:     0x5633b9969d29 - build_script_build::build_support::skia::config::build::hbbbe5489226abe11
[INFO] [stderr]     21:     0x5633b9974b83 - build_script_build::build_from_source::he8cbcfcc9fd6ca88
[INFO] [stderr]     22:     0x5633b997455a - build_script_build::main::hba2b0458a87097ec
[INFO] [stderr]     23:     0x5633b99755f3 - core::ops::function::FnOnce::call_once::h8a9384c4720c5bd9
[INFO] [stderr]     24:     0x5633b996c676 - std::sys_common::backtrace::__rust_begin_short_backtrace::hff2176ea615196e0
[INFO] [stderr]     25:     0x5633b9960009 - std::rt::lang_start::{{closure}}::ha4ce5500da387ed9
[INFO] [stderr]     26:     0x5633ba38a191 - core::ops::function::impls::<impl core::ops::function::FnOnce<A> for &F>::call_once::h298d8ff12ebcec8c
[INFO] [stderr]                                  at /rustc/268dbbbc4b3fd71c5f360a4d0728295252430b5b/library/core/src/ops/function.rs:284:13
[INFO] [stderr]     27:     0x5633ba38a191 - std::panicking::try::do_call::hbd0ffb05da5bd343
[INFO] [stderr]                                  at /rustc/268dbbbc4b3fd71c5f360a4d0728295252430b5b/library/std/src/panicking.rs:554:40
[INFO] [stderr]     28:     0x5633ba38a191 - std::panicking::try::h11c9a152defd5d2a
[INFO] [stderr]                                  at /rustc/268dbbbc4b3fd71c5f360a4d0728295252430b5b/library/std/src/panicking.rs:518:19
[INFO] [stderr]     29:     0x5633ba38a191 - std::panic::catch_unwind::h0d6db2fa902b4d64
[INFO] [stderr]                                  at /rustc/268dbbbc4b3fd71c5f360a4d0728295252430b5b/library/std/src/panic.rs:142:14
[INFO] [stderr]     30:     0x5633ba38a191 - std::rt::lang_start_internal::{{closure}}::hdcc09b4aad7ef821
[INFO] [stderr]                                  at /rustc/268dbbbc4b3fd71c5f360a4d0728295252430b5b/library/std/src/rt.rs:148:48
[INFO] [stderr]     31:     0x5633ba38a191 - std::panicking::try::do_call::h3ffd2f162d60900f
[INFO] [stderr]                                  at /rustc/268dbbbc4b3fd71c5f360a4d0728295252430b5b/library/std/src/panicking.rs:554:40
[INFO] [stderr]     32:     0x5633ba38a191 - std::panicking::try::heeba82b9c3e190fb
[INFO] [stderr]                                  at /rustc/268dbbbc4b3fd71c5f360a4d0728295252430b5b/library/std/src/panicking.rs:518:19
[INFO] [stderr]     33:     0x5633ba38a191 - std::panic::catch_unwind::hdaab8f1c188f387f
[INFO] [stderr]                                  at /rustc/268dbbbc4b3fd71c5f360a4d0728295252430b5b/library/std/src/panic.rs:142:14
[INFO] [stderr]     34:     0x5633ba38a191 - std::rt::lang_start_internal::h9989e088c48b7903
[INFO] [stderr]                                  at /rustc/268dbbbc4b3fd71c5f360a4d0728295252430b5b/library/std/src/rt.rs:148:20
[INFO] [stderr]     35:     0x5633b995ffe7 - std::rt::lang_start::h897a430dfbb3316a
[INFO] [stderr]     36:     0x5633b9974ec5 - main
[INFO] [stderr]     37:     0x7f0078647d90 - <unknown>
[INFO] [stderr]     38:     0x7f0078647e40 - __libc_start_main
[INFO] [stderr]     39:     0x5633b994e985 - _start
[INFO] [stderr]     40:                0x0 - <unknown>
[INFO] [stderr] warning: build failed, waiting for other jobs to finish...
[INFO] running `Command { std: "docker" "inspect" "e2d32bdd2cb5177ab6b02bf0dde4da33c60e6b60f911069859d5a4d793f58c90", kill_on_drop: false }`
[INFO] running `Command { std: "docker" "rm" "-f" "e2d32bdd2cb5177ab6b02bf0dde4da33c60e6b60f911069859d5a4d793f58c90", kill_on_drop: false }`
[INFO] [stdout] e2d32bdd2cb5177ab6b02bf0dde4da33c60e6b60f911069859d5a4d793f58c90
