[INFO] fetching crate frame_timer 0.1.2...
[INFO] checking frame_timer-0.1.2 against nightly-2024-02-05 for check-cfg
[INFO] extracting crate frame_timer 0.1.2 into /workspace/builds/worker-0-tc1/source
[INFO] validating manifest of crates.io crate frame_timer 0.1.2 on toolchain nightly-2024-02-05
[INFO] running `Command { std: CARGO_HOME="/workspace/cargo-home" RUSTUP_HOME="/workspace/rustup-home" "/workspace/cargo-home/bin/cargo" "+nightly-2024-02-05" "metadata" "--manifest-path" "Cargo.toml" "--no-deps", kill_on_drop: false }`
[INFO] started tweaking crates.io crate frame_timer 0.1.2
[INFO] finished tweaking crates.io crate frame_timer 0.1.2
[INFO] tweaked toml for crates.io crate frame_timer 0.1.2 written to /workspace/builds/worker-0-tc1/source/Cargo.toml
[INFO] running `Command { std: CARGO_HOME="/workspace/cargo-home" RUSTUP_HOME="/workspace/rustup-home" "/workspace/cargo-home/bin/cargo" "+nightly-2024-02-05" "generate-lockfile" "--manifest-path" "Cargo.toml", kill_on_drop: false }`
[INFO] [stderr]     Blocking waiting for file lock on package cache
[INFO] running `Command { std: CARGO_HOME="/workspace/cargo-home" RUSTUP_HOME="/workspace/rustup-home" "/workspace/cargo-home/bin/cargo" "+nightly-2024-02-05" "fetch" "--manifest-path" "Cargo.toml", kill_on_drop: false }`
[INFO] [stderr]     Blocking waiting for file lock on package cache
[INFO] running `Command { std: "docker" "create" "-v" "/var/lib/crater-agent-workspace/builds/worker-0-tc1/target:/opt/rustwide/target:rw,Z" "-v" "/var/lib/crater-agent-workspace/builds/worker-0-tc1/source:/opt/rustwide/workdir:ro,Z" "-v" "/var/lib/crater-agent-workspace/cargo-home:/opt/rustwide/cargo-home:ro,Z" "-v" "/var/lib/crater-agent-workspace/rustup-home:/opt/rustwide/rustup-home:ro,Z" "-e" "SOURCE_DIR=/opt/rustwide/workdir" "-e" "CARGO_TARGET_DIR=/opt/rustwide/target" "-e" "CARGO_HOME=/opt/rustwide/cargo-home" "-e" "RUSTUP_HOME=/opt/rustwide/rustup-home" "-w" "/opt/rustwide/workdir" "-m" "1610612736" "--user" "0:0" "--network" "none" "ghcr.io/rust-lang/crates-build-env/linux@sha256:2788e3201cd34a07e3172128adcd8b3090168a8e3bcc40d7c032b9dda1df7d1c" "/opt/rustwide/cargo-home/bin/cargo" "+nightly-2024-02-05" "metadata" "--no-deps" "--format-version=1", kill_on_drop: false }`
[INFO] [stdout] 7c089a0cefce98f77c069a1d2333a067234796583f573cc2c9df5923871d82d1
[INFO] running `Command { std: "docker" "start" "-a" "7c089a0cefce98f77c069a1d2333a067234796583f573cc2c9df5923871d82d1", kill_on_drop: false }`
[INFO] running `Command { std: "docker" "inspect" "7c089a0cefce98f77c069a1d2333a067234796583f573cc2c9df5923871d82d1", kill_on_drop: false }`
[INFO] running `Command { std: "docker" "rm" "-f" "7c089a0cefce98f77c069a1d2333a067234796583f573cc2c9df5923871d82d1", kill_on_drop: false }`
[INFO] [stdout] 7c089a0cefce98f77c069a1d2333a067234796583f573cc2c9df5923871d82d1
[INFO] running `Command { std: "docker" "create" "-v" "/var/lib/crater-agent-workspace/builds/worker-0-tc1/target:/opt/rustwide/target:rw,Z" "-v" "/var/lib/crater-agent-workspace/builds/worker-0-tc1/source:/opt/rustwide/workdir:ro,Z" "-v" "/var/lib/crater-agent-workspace/cargo-home:/opt/rustwide/cargo-home:ro,Z" "-v" "/var/lib/crater-agent-workspace/rustup-home:/opt/rustwide/rustup-home:ro,Z" "-e" "SOURCE_DIR=/opt/rustwide/workdir" "-e" "CARGO_TARGET_DIR=/opt/rustwide/target" "-e" "CARGO_INCREMENTAL=0" "-e" "RUST_BACKTRACE=full" "-e" "RUSTFLAGS=--cap-lints=forbid" "-e" "RUSTDOCFLAGS=--cap-lints=forbid" "-e" "CARGO_HOME=/opt/rustwide/cargo-home" "-e" "RUSTUP_HOME=/opt/rustwide/rustup-home" "-w" "/opt/rustwide/workdir" "-m" "1610612736" "--user" "0:0" "--network" "none" "ghcr.io/rust-lang/crates-build-env/linux@sha256:2788e3201cd34a07e3172128adcd8b3090168a8e3bcc40d7c032b9dda1df7d1c" "/opt/rustwide/cargo-home/bin/cargo" "+nightly-2024-02-05" "check" "--frozen" "--all" "--all-targets" "--message-format=json", kill_on_drop: false }`
[INFO] [stdout] 2e23b17df7e20b202f39071e249f67b4317bbf40088c978f4feaf4c4de0393e9
[INFO] running `Command { std: "docker" "start" "-a" "2e23b17df7e20b202f39071e249f67b4317bbf40088c978f4feaf4c4de0393e9", kill_on_drop: false }`
[INFO] [stderr]     Checking frame_timer v0.1.2 (/opt/rustwide/workdir)
[INFO] [stdout] warning: unnecessary parentheses around block return value
[INFO] [stdout]   --> src/frame_timer.rs:57:9
[INFO] [stdout]    |
[INFO] [stdout] 57 |         (self.delta_time as f32 / 1000f32)
[INFO] [stdout]    |         ^                                ^
[INFO] [stdout]    |
[INFO] [stdout]    = note: `#[warn(unused_parens)]` on by default
[INFO] [stdout] help: remove these parentheses
[INFO] [stdout]    |
[INFO] [stdout] 57 -         (self.delta_time as f32 / 1000f32)
[INFO] [stdout] 57 +         self.delta_time as f32 / 1000f32
[INFO] [stdout]    |
[INFO] [stdout] 
[INFO] [stdout] 
[INFO] [stdout] warning: unnecessary parentheses around block return value
[INFO] [stdout]   --> src/frame_timer.rs:57:9
[INFO] [stdout]    |
[INFO] [stdout] 57 |         (self.delta_time as f32 / 1000f32)
[INFO] [stdout]    |         ^                                ^
[INFO] [stdout]    |
[INFO] [stdout]    = note: `#[warn(unused_parens)]` on by default
[INFO] [stdout] help: remove these parentheses
[INFO] [stdout]    |
[INFO] [stdout] 57 -         (self.delta_time as f32 / 1000f32)
[INFO] [stdout] 57 +         self.delta_time as f32 / 1000f32
[INFO] [stdout]    |
[INFO] [stdout] 
[INFO] [stdout] 
[INFO] [stdout] error[E0308]: mismatched types
[INFO] [stdout]   --> src/frame_timer.rs:63:27
[INFO] [stdout]    |
[INFO] [stdout] 63 |         self.delta_time = self.frame_duration.as_millis();
[INFO] [stdout]    |         ---------------   ^^^^^^^^^^^^^^^^^^^^^^^^^^^^^^^ expected `u64`, found `u128`
[INFO] [stdout]    |         |
[INFO] [stdout]    |         expected due to the type of this binding
[INFO] [stdout] 
[INFO] [stdout] 
[INFO] [stdout] error: aborting due to 1 previous error; 1 warning emitted
[INFO] [stdout] 
[INFO] [stdout] 
[INFO] [stdout] For more information about this error, try `rustc --explain E0308`.
[INFO] [stdout] 
[INFO] [stderr] error: could not compile `frame_timer` (lib test) due to 2 previous errors; 1 warning emitted
[INFO] [stderr] warning: build failed, waiting for other jobs to finish...
[INFO] [stdout] error[E0308]: mismatched types
[INFO] [stdout]   --> src/frame_timer.rs:63:27
[INFO] [stdout]    |
[INFO] [stdout] 63 |         self.delta_time = self.frame_duration.as_millis();
[INFO] [stdout]    |         ---------------   ^^^^^^^^^^^^^^^^^^^^^^^^^^^^^^^ expected `u64`, found `u128`
[INFO] [stdout]    |         |
[INFO] [stdout]    |         expected due to the type of this binding
[INFO] [stdout] 
[INFO] [stdout] 
[INFO] [stdout] error: aborting due to 1 previous error; 1 warning emitted
[INFO] [stdout] 
[INFO] [stdout] 
[INFO] [stdout] For more information about this error, try `rustc --explain E0308`.
[INFO] [stdout] 
[INFO] [stderr] error: could not compile `frame_timer` (lib) due to 2 previous errors; 1 warning emitted
[INFO] running `Command { std: "docker" "inspect" "2e23b17df7e20b202f39071e249f67b4317bbf40088c978f4feaf4c4de0393e9", kill_on_drop: false }`
[INFO] running `Command { std: "docker" "rm" "-f" "2e23b17df7e20b202f39071e249f67b4317bbf40088c978f4feaf4c4de0393e9", kill_on_drop: false }`
[INFO] [stdout] 2e23b17df7e20b202f39071e249f67b4317bbf40088c978f4feaf4c4de0393e9
[INFO] checking frame_timer-0.1.2 against nightly-2024-02-05+rustflags=-Dunexpected_cfgs+cargoflags=-Zcheck-cfg for check-cfg
[INFO] extracting crate frame_timer 0.1.2 into /workspace/builds/worker-0-tc2/source
[INFO] validating manifest of crates.io crate frame_timer 0.1.2 on toolchain nightly-2024-02-05
[INFO] running `Command { std: CARGO_HOME="/workspace/cargo-home" RUSTUP_HOME="/workspace/rustup-home" "/workspace/cargo-home/bin/cargo" "+nightly-2024-02-05" "metadata" "--manifest-path" "Cargo.toml" "--no-deps", kill_on_drop: false }`
[INFO] started tweaking crates.io crate frame_timer 0.1.2
[INFO] finished tweaking crates.io crate frame_timer 0.1.2
[INFO] tweaked toml for crates.io crate frame_timer 0.1.2 written to /workspace/builds/worker-0-tc2/source/Cargo.toml
[INFO] running `Command { std: CARGO_HOME="/workspace/cargo-home" RUSTUP_HOME="/workspace/rustup-home" "/workspace/cargo-home/bin/cargo" "+nightly-2024-02-05" "generate-lockfile" "--manifest-path" "Cargo.toml", kill_on_drop: false }`
[INFO] running `Command { std: CARGO_HOME="/workspace/cargo-home" RUSTUP_HOME="/workspace/rustup-home" "/workspace/cargo-home/bin/cargo" "+nightly-2024-02-05" "fetch" "--manifest-path" "Cargo.toml", kill_on_drop: false }`
[INFO] running `Command { std: "docker" "create" "-v" "/var/lib/crater-agent-workspace/builds/worker-0-tc2/target:/opt/rustwide/target:rw,Z" "-v" "/var/lib/crater-agent-workspace/builds/worker-0-tc2/source:/opt/rustwide/workdir:ro,Z" "-v" "/var/lib/crater-agent-workspace/cargo-home:/opt/rustwide/cargo-home:ro,Z" "-v" "/var/lib/crater-agent-workspace/rustup-home:/opt/rustwide/rustup-home:ro,Z" "-e" "SOURCE_DIR=/opt/rustwide/workdir" "-e" "CARGO_TARGET_DIR=/opt/rustwide/target" "-e" "CARGO_HOME=/opt/rustwide/cargo-home" "-e" "RUSTUP_HOME=/opt/rustwide/rustup-home" "-w" "/opt/rustwide/workdir" "-m" "1610612736" "--user" "0:0" "--network" "none" "ghcr.io/rust-lang/crates-build-env/linux@sha256:2788e3201cd34a07e3172128adcd8b3090168a8e3bcc40d7c032b9dda1df7d1c" "/opt/rustwide/cargo-home/bin/cargo" "+nightly-2024-02-05" "metadata" "--no-deps" "--format-version=1", kill_on_drop: false }`
[INFO] [stdout] 2aac4ce0aaeb1b908bddfaf1b9014e7687d70b88be2eac20e4574c944064e471
[INFO] running `Command { std: "docker" "start" "-a" "2aac4ce0aaeb1b908bddfaf1b9014e7687d70b88be2eac20e4574c944064e471", kill_on_drop: false }`
[INFO] running `Command { std: "docker" "inspect" "2aac4ce0aaeb1b908bddfaf1b9014e7687d70b88be2eac20e4574c944064e471", kill_on_drop: false }`
[INFO] running `Command { std: "docker" "rm" "-f" "2aac4ce0aaeb1b908bddfaf1b9014e7687d70b88be2eac20e4574c944064e471", kill_on_drop: false }`
[INFO] [stdout] 2aac4ce0aaeb1b908bddfaf1b9014e7687d70b88be2eac20e4574c944064e471
[INFO] running `Command { std: "docker" "create" "-v" "/var/lib/crater-agent-workspace/builds/worker-0-tc2/target:/opt/rustwide/target:rw,Z" "-v" "/var/lib/crater-agent-workspace/builds/worker-0-tc2/source:/opt/rustwide/workdir:ro,Z" "-v" "/var/lib/crater-agent-workspace/cargo-home:/opt/rustwide/cargo-home:ro,Z" "-v" "/var/lib/crater-agent-workspace/rustup-home:/opt/rustwide/rustup-home:ro,Z" "-e" "SOURCE_DIR=/opt/rustwide/workdir" "-e" "CARGO_TARGET_DIR=/opt/rustwide/target" "-e" "CARGO_INCREMENTAL=0" "-e" "RUST_BACKTRACE=full" "-e" "RUSTFLAGS=--cap-lints=forbid -Dunexpected_cfgs" "-e" "RUSTDOCFLAGS=--cap-lints=forbid" "-e" "CARGO_HOME=/opt/rustwide/cargo-home" "-e" "RUSTUP_HOME=/opt/rustwide/rustup-home" "-w" "/opt/rustwide/workdir" "-m" "1610612736" "--user" "0:0" "--network" "none" "ghcr.io/rust-lang/crates-build-env/linux@sha256:2788e3201cd34a07e3172128adcd8b3090168a8e3bcc40d7c032b9dda1df7d1c" "/opt/rustwide/cargo-home/bin/cargo" "+nightly-2024-02-05" "check" "--frozen" "--all" "--all-targets" "--message-format=json" "-Zcheck-cfg", kill_on_drop: false }`
[INFO] [stdout] da8017bc1ec6885c718a0ce689c00d71a9229ad8a98f0e9f9ca408eb55ffbd5e
[INFO] running `Command { std: "docker" "start" "-a" "da8017bc1ec6885c718a0ce689c00d71a9229ad8a98f0e9f9ca408eb55ffbd5e", kill_on_drop: false }`
[INFO] [stderr]     Checking frame_timer v0.1.2 (/opt/rustwide/workdir)
[INFO] [stdout] warning: unnecessary parentheses around block return value
[INFO] [stdout]   --> src/frame_timer.rs:57:9
[INFO] [stdout]    |
[INFO] [stdout] 57 |         (self.delta_time as f32 / 1000f32)
[INFO] [stdout]    |         ^                                ^
[INFO] [stdout]    |
[INFO] [stdout]    = note: `#[warn(unused_parens)]` on by default
[INFO] [stdout] help: remove these parentheses
[INFO] [stdout]    |
[INFO] [stdout] 57 -         (self.delta_time as f32 / 1000f32)
[INFO] [stdout] 57 +         self.delta_time as f32 / 1000f32
[INFO] [stdout]    |
[INFO] [stdout] 
[INFO] [stdout] 
[INFO] [stdout] warning: unnecessary parentheses around block return value
[INFO] [stdout]   --> src/frame_timer.rs:57:9
[INFO] [stdout]    |
[INFO] [stdout] 57 |         (self.delta_time as f32 / 1000f32)
[INFO] [stdout]    |         ^                                ^
[INFO] [stdout]    |
[INFO] [stdout]    = note: `#[warn(unused_parens)]` on by default
[INFO] [stdout] help: remove these parentheses
[INFO] [stdout]    |
[INFO] [stdout] 57 -         (self.delta_time as f32 / 1000f32)
[INFO] [stdout] 57 +         self.delta_time as f32 / 1000f32
[INFO] [stdout]    |
[INFO] [stdout] 
[INFO] [stdout] 
[INFO] [stdout] error[E0308]: mismatched types
[INFO] [stdout]   --> src/frame_timer.rs:63:27
[INFO] [stdout]    |
[INFO] [stdout] 63 |         self.delta_time = self.frame_duration.as_millis();
[INFO] [stdout]    |         ---------------   ^^^^^^^^^^^^^^^^^^^^^^^^^^^^^^^ expected `u64`, found `u128`
[INFO] [stdout]    |         |
[INFO] [stdout]    |         expected due to the type of this binding
[INFO] [stdout] 
[INFO] [stdout] 
[INFO] [stdout] error: aborting due to 1 previous error; 1 warning emitted
[INFO] [stdout] 
[INFO] [stdout] 
[INFO] [stdout] For more information about this error, try `rustc --explain E0308`.
[INFO] [stdout] 
[INFO] [stderr] error: could not compile `frame_timer` (lib) due to 2 previous errors; 1 warning emitted
[INFO] [stderr] warning: build failed, waiting for other jobs to finish...
[INFO] [stdout] error[E0308]: mismatched types
[INFO] [stdout]   --> src/frame_timer.rs:63:27
[INFO] [stdout]    |
[INFO] [stdout] 63 |         self.delta_time = self.frame_duration.as_millis();
[INFO] [stdout]    |         ---------------   ^^^^^^^^^^^^^^^^^^^^^^^^^^^^^^^ expected `u64`, found `u128`
[INFO] [stdout]    |         |
[INFO] [stdout]    |         expected due to the type of this binding
[INFO] [stdout] 
[INFO] [stdout] 
[INFO] [stdout] error: aborting due to 1 previous error; 1 warning emitted
[INFO] [stdout] 
[INFO] [stdout] 
[INFO] [stdout] For more information about this error, try `rustc --explain E0308`.
[INFO] [stdout] 
[INFO] [stderr] error: could not compile `frame_timer` (lib test) due to 2 previous errors; 1 warning emitted
[INFO] running `Command { std: "docker" "inspect" "da8017bc1ec6885c718a0ce689c00d71a9229ad8a98f0e9f9ca408eb55ffbd5e", kill_on_drop: false }`
[INFO] running `Command { std: "docker" "rm" "-f" "da8017bc1ec6885c718a0ce689c00d71a9229ad8a98f0e9f9ca408eb55ffbd5e", kill_on_drop: false }`
[INFO] [stdout] da8017bc1ec6885c718a0ce689c00d71a9229ad8a98f0e9f9ca408eb55ffbd5e
