[INFO] fetching crate frame-support 26.0.0...
[INFO] checking frame-support-26.0.0 against nightly-2024-02-05 for check-cfg
[INFO] extracting crate frame-support 26.0.0 into /workspace/builds/worker-3-tc1/source
[INFO] validating manifest of crates.io crate frame-support 26.0.0 on toolchain nightly-2024-02-05
[INFO] running `Command { std: CARGO_HOME="/workspace/cargo-home" RUSTUP_HOME="/workspace/rustup-home" "/workspace/cargo-home/bin/cargo" "+nightly-2024-02-05" "metadata" "--manifest-path" "Cargo.toml" "--no-deps", kill_on_drop: false }`
[INFO] started tweaking crates.io crate frame-support 26.0.0
[INFO] finished tweaking crates.io crate frame-support 26.0.0
[INFO] tweaked toml for crates.io crate frame-support 26.0.0 written to /workspace/builds/worker-3-tc1/source/Cargo.toml
[INFO] running `Command { std: CARGO_HOME="/workspace/cargo-home" RUSTUP_HOME="/workspace/rustup-home" "/workspace/cargo-home/bin/cargo" "+nightly-2024-02-05" "generate-lockfile" "--manifest-path" "Cargo.toml", kill_on_drop: false }`
[INFO] [stderr]     Updating crates.io index
[INFO] running `Command { std: CARGO_HOME="/workspace/cargo-home" RUSTUP_HOME="/workspace/rustup-home" "/workspace/cargo-home/bin/cargo" "+nightly-2024-02-05" "fetch" "--manifest-path" "Cargo.toml", kill_on_drop: false }`
[INFO] running `Command { std: "docker" "create" "-v" "/var/lib/crater-agent-workspace/builds/worker-3-tc1/target:/opt/rustwide/target:rw,Z" "-v" "/var/lib/crater-agent-workspace/builds/worker-3-tc1/source:/opt/rustwide/workdir:ro,Z" "-v" "/var/lib/crater-agent-workspace/cargo-home:/opt/rustwide/cargo-home:ro,Z" "-v" "/var/lib/crater-agent-workspace/rustup-home:/opt/rustwide/rustup-home:ro,Z" "-e" "SOURCE_DIR=/opt/rustwide/workdir" "-e" "CARGO_TARGET_DIR=/opt/rustwide/target" "-e" "CARGO_HOME=/opt/rustwide/cargo-home" "-e" "RUSTUP_HOME=/opt/rustwide/rustup-home" "-w" "/opt/rustwide/workdir" "-m" "1610612736" "--user" "0:0" "--network" "none" "ghcr.io/rust-lang/crates-build-env/linux@sha256:2788e3201cd34a07e3172128adcd8b3090168a8e3bcc40d7c032b9dda1df7d1c" "/opt/rustwide/cargo-home/bin/cargo" "+nightly-2024-02-05" "metadata" "--no-deps" "--format-version=1", kill_on_drop: false }`
[INFO] [stdout] 120e8ebf16661de683a027446912169ed086906724a8b24dc1502e188d46a1dd
[INFO] running `Command { std: "docker" "start" "-a" "120e8ebf16661de683a027446912169ed086906724a8b24dc1502e188d46a1dd", kill_on_drop: false }`
[INFO] running `Command { std: "docker" "inspect" "120e8ebf16661de683a027446912169ed086906724a8b24dc1502e188d46a1dd", kill_on_drop: false }`
[INFO] running `Command { std: "docker" "rm" "-f" "120e8ebf16661de683a027446912169ed086906724a8b24dc1502e188d46a1dd", kill_on_drop: false }`
[INFO] [stdout] 120e8ebf16661de683a027446912169ed086906724a8b24dc1502e188d46a1dd
[INFO] running `Command { std: "docker" "create" "-v" "/var/lib/crater-agent-workspace/builds/worker-3-tc1/target:/opt/rustwide/target:rw,Z" "-v" "/var/lib/crater-agent-workspace/builds/worker-3-tc1/source:/opt/rustwide/workdir:ro,Z" "-v" "/var/lib/crater-agent-workspace/cargo-home:/opt/rustwide/cargo-home:ro,Z" "-v" "/var/lib/crater-agent-workspace/rustup-home:/opt/rustwide/rustup-home:ro,Z" "-e" "SOURCE_DIR=/opt/rustwide/workdir" "-e" "CARGO_TARGET_DIR=/opt/rustwide/target" "-e" "CARGO_INCREMENTAL=0" "-e" "RUST_BACKTRACE=full" "-e" "RUSTFLAGS=--cap-lints=forbid" "-e" "RUSTDOCFLAGS=--cap-lints=forbid" "-e" "CARGO_HOME=/opt/rustwide/cargo-home" "-e" "RUSTUP_HOME=/opt/rustwide/rustup-home" "-w" "/opt/rustwide/workdir" "-m" "1610612736" "--user" "0:0" "--network" "none" "ghcr.io/rust-lang/crates-build-env/linux@sha256:2788e3201cd34a07e3172128adcd8b3090168a8e3bcc40d7c032b9dda1df7d1c" "/opt/rustwide/cargo-home/bin/cargo" "+nightly-2024-02-05" "check" "--frozen" "--all" "--all-targets" "--message-format=json", kill_on_drop: false }`
[INFO] [stdout] 84b5f40f2b9128b3c09f4844e4a046e48306fd3691598096089c0422da598029
[INFO] running `Command { std: "docker" "start" "-a" "84b5f40f2b9128b3c09f4844e4a046e48306fd3691598096089c0422da598029", kill_on_drop: false }`
[INFO] [stderr]    Compiling syn v1.0.109
[INFO] [stderr]     Checking subtle v2.4.1
[INFO] [stderr]    Compiling winnow v0.5.37
[INFO] [stderr]    Compiling indexmap v2.2.2
[INFO] [stderr]     Checking arrayvec v0.7.4
[INFO] [stderr]    Compiling generic-array v0.14.7
[INFO] [stderr]    Compiling crunchy v0.2.2
[INFO] [stderr]    Compiling syn v2.0.48
[INFO] [stderr]    Compiling indexmap v1.9.3
[INFO] [stderr]     Checking byte-slice-cast v1.2.2
[INFO] [stderr]     Checking byteorder v1.5.0
[INFO] [stderr]     Checking ahash v0.7.7
[INFO] [stderr]     Checking bytes v1.5.0
[INFO] [stderr]     Checking rand_chacha v0.3.1
[INFO] [stderr]    Compiling ahash v0.8.7
[INFO] [stderr]    Compiling getrandom v0.1.16
[INFO] [stderr]     Checking idna v0.5.0
[INFO] [stderr]    Compiling rustix v0.38.31
[INFO] [stderr]     Checking hashbrown v0.12.3
[INFO] [stderr]     Checking fallible-iterator v0.2.0
[INFO] [stderr]     Checking rand v0.8.5
[INFO] [stderr]     Checking rand_core v0.5.1
[INFO] [stderr]     Checking stable_deref_trait v1.2.0
[INFO] [stderr]    Compiling target-lexicon v0.12.13
[INFO] [stderr]    Compiling rustix v0.36.17
[INFO] [stderr]     Checking sp-std v12.0.0
[INFO] [stderr]    Compiling memoffset v0.8.0
[INFO] [stderr]    Compiling wasmtime-runtime v8.0.1
[INFO] [stderr]     Checking tracing-core v0.1.32
[INFO] [stderr]     Checking smallvec v1.13.1
[INFO] [stderr]     Checking hashbrown v0.13.2
[INFO] [stderr]     Checking url v2.5.0
[INFO] [stderr]    Compiling psm v0.1.21
[INFO] [stderr]     Checking wasmtime-jit-debug v8.0.1
[INFO] [stderr]    Compiling digest v0.9.0
[INFO] [stderr]     Checking wasmtime-asm-macros v8.0.1
[INFO] [stderr]    Compiling serde_json v1.0.113
[INFO] [stderr]    Compiling ref-cast v1.0.22
[INFO] [stderr]    Compiling libsecp256k1-core v0.3.0
[INFO] [stderr]     Checking regex-automata v0.1.10
[INFO] [stderr]     Checking digest v0.8.1
[INFO] [stderr]     Checking wasmtime-jit-icache-coherence v8.0.1
[INFO] [stderr]     Checking hex v0.4.3
[INFO] [stderr]    Compiling wasmtime v8.0.1
[INFO] [stderr]     Checking rustc-hex v2.1.0
[INFO] [stderr]     Checking chrono v0.4.33
[INFO] [stderr]     Checking block-buffer v0.7.3
[INFO] [stderr]     Checking tracing-log v0.1.4
[INFO] [stderr]    Compiling getrandom v0.2.12
[INFO] [stderr]     Checking rand_chacha v0.2.2
[INFO] [stderr]    Compiling secp256k1-sys v0.6.1
[INFO] [stderr]     Checking thread_local v1.1.7
[INFO] [stderr]     Checking hash-db v0.16.0
[INFO] [stderr]     Checking sha2 v0.8.2
[INFO] [stderr]     Checking fixed-hash v0.8.0
[INFO] [stderr]     Checking uint v0.9.5
[INFO] [stderr]     Checking arrayvec v0.5.2
[INFO] [stderr]     Checking environmental v1.1.4
[INFO] [stderr]     Checking rand v0.7.3
[INFO] [stderr]     Checking blake2b_simd v1.0.2
[INFO] [stderr]    Compiling semver v1.0.21
[INFO] [stderr]     Checking parking_lot_core v0.9.9
[INFO] [stderr]     Checking num-format v0.4.4
[INFO] [stderr]     Checking bitcoin_hashes v0.11.0
[INFO] [stderr]    Compiling crypto-common v0.1.6
[INFO] [stderr]     Checking matchers v0.0.1
[INFO] [stderr]     Checking parking_lot v0.12.1
[INFO] [stderr]    Compiling block-buffer v0.10.4
[INFO] [stderr]    Compiling libsecp256k1-gen-ecmult v0.3.0
[INFO] [stderr]    Compiling libsecp256k1-gen-genmult v0.3.0
[INFO] [stderr]     Checking hash256-std-hasher v0.15.2
[INFO] [stderr]     Checking bs58 v0.5.0
[INFO] [stderr]     Checking array-bytes v6.2.2
[INFO] [stderr]    Compiling digest v0.10.7
[INFO] [stderr]    Compiling rustc_version v0.4.0
[INFO] [stderr]    Compiling backtrace v0.3.69
[INFO] [stderr]    Compiling platforms v3.3.0
[INFO] [stderr]     Checking trie-root v0.18.0
[INFO] [stderr]     Checking trie-db v0.28.0
[INFO] [stderr]     Checking memory-db v0.32.0
[INFO] [stderr]     Checking schnellru v0.2.1
[INFO] [stderr]     Checking nohash-hasher v0.2.0
[INFO] [stderr]    Compiling libsecp256k1 v0.7.1
[INFO] [stderr]    Compiling sp-io v28.0.0
[INFO] [stderr]    Compiling rand_core v0.6.4
[INFO] [stderr]    Compiling curve25519-dalek v4.1.1
[INFO] [stderr]    Compiling tiny-keccak v2.0.2
[INFO] [stderr]     Checking integer-sqrt v0.1.5
[INFO] [stderr]    Compiling fs-err v2.11.0
[INFO] [stderr]    Compiling keccak v0.1.5
[INFO] [stderr]    Compiling static_assertions v1.1.0
[INFO] [stderr]    Compiling constant_time_eq v0.3.0
[INFO] [stderr]    Compiling arrayref v0.3.7
[INFO] [stderr]    Compiling sha2 v0.10.8
[INFO] [stderr]    Compiling expander v2.0.0
[INFO] [stderr]    Compiling blake2 v0.10.6
[INFO] [stderr]     Checking memfd v0.6.4
[INFO] [stderr]    Compiling sha3 v0.10.8
[INFO] [stderr]    Compiling const-random-macro v0.1.16
[INFO] [stderr]     Checking ff v0.13.0
[INFO] [stderr]     Checking parity-wasm v0.45.0
[INFO] [stderr]     Checking group v0.13.0
[INFO] [stderr]    Compiling termcolor v1.4.1
[INFO] [stderr]     Checking sp-panic-handler v12.0.0
[INFO] [stderr]    Compiling common-path v1.0.0
[INFO] [stderr]    Compiling cfg-expr v0.15.6
[INFO] [stderr]    Compiling include_dir v0.7.3
[INFO] [stderr]     Checking yansi v0.5.1
[INFO] [stderr]     Checking diff v0.1.13
[INFO] [stderr]     Checking tt-call v1.0.9
[INFO] [stderr]     Checking assert_matches v1.5.0
[INFO] [stderr]    Compiling const-random v0.1.17
[INFO] [stderr]     Checking pretty_assertions v1.4.0
[INFO] [stderr]    Compiling twox-hash v1.6.3
[INFO] [stderr]    Compiling sp-core-hashing v13.0.0
[INFO] [stderr]    Compiling proc-macro-warning v1.0.2
[INFO] [stderr]    Compiling proc-macro-error v1.0.4
[INFO] [stderr]     Checking secp256k1 v0.24.3
[INFO] [stderr]    Compiling serde_derive v1.0.196
[INFO] [stderr]    Compiling zeroize_derive v1.4.2
[INFO] [stderr]    Compiling thiserror-impl v1.0.56
[INFO] [stderr]    Compiling ref-cast-impl v1.0.22
[INFO] [stderr]    Compiling tracing-attributes v0.1.27
[INFO] [stderr]    Compiling sp-debug-derive v12.0.0
[INFO] [stderr]    Compiling futures-macro v0.3.30
[INFO] [stderr]    Compiling curve25519-dalek-derive v0.1.1
[INFO] [stderr]    Compiling macro_magic_core_macros v0.5.0
[INFO] [stderr]    Compiling sp-core-hashing-proc-macro v13.0.0
[INFO] [stderr]    Compiling frame-support-procedural-tools-derive v10.0.0
[INFO] [stderr]    Compiling async-trait v0.1.77
[INFO] [stderr]    Compiling impl-trait-for-tuples v0.2.2
[INFO] [stderr]    Compiling derive_more v0.99.17
[INFO] [stderr]    Compiling dyn-clonable-impl v0.9.0
[INFO] [stderr]    Compiling derive-syn-parse v0.1.5
[INFO] [stderr]    Compiling aquamarine v0.3.3
[INFO] [stderr]     Checking zeroize v1.7.0
[INFO] [stderr]     Checking merlin v2.0.1
[INFO] [stderr]     Checking curve25519-dalek v2.1.3
[INFO] [stderr]     Checking futures-util v0.3.30
[INFO] [stderr]     Checking secrecy v0.8.0
[INFO] [stderr]     Checking der v0.7.8
[INFO] [stderr]     Checking tracing v0.1.40
[INFO] [stderr]     Checking thiserror v1.0.56
[INFO] [stderr]     Checking block-buffer v0.9.0
[INFO] [stderr]     Checking crypto-mac v0.8.0
[INFO] [stderr]     Checking crypto-mac v0.11.1
[INFO] [stderr]     Checking crypto-bigint v0.5.5
[INFO] [stderr]     Checking curve25519-dalek v3.2.0
[INFO] [stderr]     Checking sha2 v0.9.9
[INFO] [stderr]     Checking dyn-clonable v0.9.0
[INFO] [stderr]     Checking hmac v0.8.1
[INFO] [stderr]     Checking pbkdf2 v0.8.0
[INFO] [stderr]     Checking hmac v0.11.0
[INFO] [stderr]     Checking schnorrkel v0.9.1
[INFO] [stderr]     Checking hmac-drbg v0.3.0
[INFO] [stderr]     Checking signature v2.2.0
[INFO] [stderr]     Checking ed25519 v2.2.3
[INFO] [stderr]    Compiling macro_magic_core v0.5.0
[INFO] [stderr]     Checking hmac v0.12.1
[INFO] [stderr]     Checking rfc6979 v0.4.0
[INFO] [stderr]     Checking sec1 v0.7.3
[INFO] [stderr]     Checking spki v0.7.3
[INFO] [stderr]    Compiling macro_magic_macros v0.5.0
[INFO] [stderr]     Checking ed25519-zebra v3.1.0
[INFO] [stderr]     Checking substrate-bip39 v0.4.5
[INFO] [stderr]     Checking ed25519-dalek v2.1.0
[INFO] [stderr]     Checking elliptic-curve v0.13.8
[INFO] [stderr]    Compiling macro_magic v0.5.0
[INFO] [stderr]     Checking ecdsa v0.16.9
[INFO] [stderr]    Compiling serde v1.0.196
[INFO] [stderr]     Checking k256 v0.13.3
[INFO] [stderr]     Checking futures-executor v0.3.30
[INFO] [stderr]     Checking futures v0.3.30
[INFO] [stderr]     Checking cranelift-entity v0.95.1
[INFO] [stderr]     Checking impl-serde v0.4.0
[INFO] [stderr]     Checking bincode v1.3.3
[INFO] [stderr]     Checking tracing-serde v0.1.3
[INFO] [stderr]     Checking bip39 v2.0.0
[INFO] [stderr]    Compiling toml_datetime v0.6.3
[INFO] [stderr]    Compiling serde_spanned v0.6.5
[INFO] [stderr]     Checking wasmparser v0.102.0
[INFO] [stderr]     Checking gimli v0.27.3
[INFO] [stderr]     Checking object v0.30.4
[INFO] [stderr]    Compiling toml_edit v0.20.2
[INFO] [stderr]    Compiling toml_edit v0.19.15
[INFO] [stderr]     Checking tracing-subscriber v0.2.25
[INFO] [stderr]    Compiling ss58-registry v1.46.0
[INFO] [stderr]    Compiling proc-macro-crate v1.3.1
[INFO] [stderr]    Compiling frame-support-procedural-tools v9.0.0
[INFO] [stderr]    Compiling proc-macro-crate v2.0.2
[INFO] [stderr]    Compiling toml v0.8.2
[INFO] [stderr]    Compiling scale-info-derive v2.10.0
[INFO] [stderr]    Compiling sp-runtime-interface-proc-macro v15.0.0
[INFO] [stderr]    Compiling sp-api-proc-macro v13.0.0
[INFO] [stderr]    Compiling frame-support-procedural v21.0.0
[INFO] [stderr]     Checking wasmtime-types v8.0.1
[INFO] [stderr]    Compiling parity-scale-codec-derive v3.6.9
[INFO] [stderr]    Compiling docify_macros v0.2.7
[INFO] [stderr]     Checking addr2line v0.19.0
[INFO] [stderr]     Checking wasmtime-environ v8.0.1
[INFO] [stderr]     Checking parity-scale-codec v3.6.9
[INFO] [stderr]     Checking docify v0.2.7
[INFO] [stderr]     Checking scale-info v2.10.0
[INFO] [stderr]     Checking impl-codec v0.6.0
[INFO] [stderr]     Checking sp-storage v17.0.0
[INFO] [stderr]     Checking sp-tracing v14.0.0
[INFO] [stderr]     Checking wasmtime-jit v8.0.1
[INFO] [stderr]    Compiling sp-version-proc-macro v12.0.0
[INFO] [stderr]     Checking sp-externalities v0.23.0
[INFO] [stderr]     Checking primitive-types v0.12.2
[INFO] [stderr]     Checking bounded-collections v0.1.9
[INFO] [stderr]     Checking sp-arithmetic v21.0.0
[INFO] [stderr]     Checking frame-metadata v16.0.0
[INFO] [stderr]     Checking sp-metadata-ir v0.4.0
[INFO] [stderr]     Checking sp-wasm-interface v18.0.0
[INFO] [stderr]     Checking sp-runtime-interface v22.0.0
[INFO] [stderr]     Checking sp-core v26.0.0
[INFO] [stderr]     Checking sp-trie v27.0.0
[INFO] [stderr]     Checking sp-keystore v0.32.0
[INFO] [stderr]     Checking sp-weights v25.0.0
[INFO] [stderr]     Checking sp-state-machine v0.33.0
[INFO] [stderr]     Checking sp-application-crypto v28.0.0
[INFO] [stderr]     Checking sp-runtime v29.0.0
[INFO] [stderr]     Checking sp-version v27.0.0
[INFO] [stderr]     Checking sp-staking v24.0.0
[INFO] [stderr]     Checking sp-inherents v24.0.0
[INFO] [stderr]     Checking sp-api v24.0.0
[INFO] [stderr]     Checking sp-genesis-builder v0.5.0
[INFO] [stderr]     Checking frame-support v26.0.0 (/opt/rustwide/workdir)
[INFO] [stdout] error: Could not find `frame-system` in `dependencies` or `dev-dependencies` in `/opt/rustwide/workdir/Cargo.toml`!
[INFO] [stdout]    --> src/dispatch.rs:679:2
[INFO] [stdout]     |
[INFO] [stdout] 679 |     #[crate::pallet(dev_mode)]
[INFO] [stdout]     |     ^^^^^^^^^^^^^^^^^^^^^^^^^^
[INFO] [stdout]     |
[INFO] [stdout]     = note: this error originates in the attribute macro `crate::pallet` (in Nightly builds, run with -Z macro-backtrace for more info)
[INFO] [stdout] 
[INFO] [stdout] 
[INFO] [stdout] error: Could not find `frame-system` in `dependencies` or `dev-dependencies` in `/opt/rustwide/workdir/Cargo.toml`!
[INFO] [stdout]   --> src/storage/generator/mod.rs:48:2
[INFO] [stdout]    |
[INFO] [stdout] 48 |     #[crate::pallet]
[INFO] [stdout]    |     ^^^^^^^^^^^^^^^^
[INFO] [stdout]    |
[INFO] [stdout]    = note: this error originates in the attribute macro `crate::pallet` (in Nightly builds, run with -Z macro-backtrace for more info)
[INFO] [stdout] 
[INFO] [stdout] 
[INFO] [stdout] error: Could not find `frame-system` in `dependencies` or `dev-dependencies` in `/opt/rustwide/workdir/Cargo.toml`!
[INFO] [stdout]   --> src/tests/mod.rs:31:1
[INFO] [stdout]    |
[INFO] [stdout] 31 | #[pallet]
[INFO] [stdout]    | ^^^^^^^^^
[INFO] [stdout]    |
[INFO] [stdout]    = note: this error originates in the attribute macro `pallet` (in Nightly builds, run with -Z macro-backtrace for more info)
[INFO] [stdout] 
[INFO] [stdout] 
[INFO] [stdout] error[E0433]: failed to resolve: could not find `frame_system` in `self`
[INFO] [stdout]   --> src/tests/mod.rs:26:15
[INFO] [stdout]    |
[INFO] [stdout] 26 | pub use self::frame_system::{pallet_prelude::*, Config, Pallet};
[INFO] [stdout]    |               ^^^^^^^^^^^^ could not find `frame_system` in `self`
[INFO] [stdout] 
[INFO] [stdout] 
[INFO] [stdout] error[E0432]: unresolved import `self::frame_system`
[INFO] [stdout]    --> src/dispatch.rs:666:16
[INFO] [stdout]     |
[INFO] [stdout] 666 |     pub use self::frame_system::{Call, Config, Pallet};
[INFO] [stdout]     |                   ^^^^^^^^^^^^ could not find `frame_system` in `self`
[INFO] [stdout] 
[INFO] [stdout] 
[INFO] [stdout] error[E0432]: unresolved import `self::frame_system`
[INFO] [stdout]   --> src/tests/mod.rs:26:15
[INFO] [stdout]    |
[INFO] [stdout] 26 | pub use self::frame_system::{pallet_prelude::*, Config, Pallet};
[INFO] [stdout]    |               ^^^^^^^^^^^^ could not find `frame_system` in `self`
[INFO] [stdout] 
[INFO] [stdout] 
[INFO] [stdout] error[E0432]: unresolved import `super::Runtime`
[INFO] [stdout]   --> src/tests/inject_runtime_type.rs:18:21
[INFO] [stdout]    |
[INFO] [stdout] 18 | use super::{Config, Runtime};
[INFO] [stdout]    |                     ^^^^^^^ no `Runtime` in `tests`
[INFO] [stdout] 
[INFO] [stdout] 
[INFO] [stdout] error[E0432]: unresolved imports `super::BlockNumberFor`, `super::Runtime`
[INFO] [stdout]   --> src/tests/storage_alias.rs:20:27
[INFO] [stdout]    |
[INFO] [stdout] 20 | use super::{new_test_ext, BlockNumberFor, Config, Pallet, Runtime};
[INFO] [stdout]    |                           ^^^^^^^^^^^^^^                  ^^^^^^^ no `Runtime` in `tests`
[INFO] [stdout]    |                           |
[INFO] [stdout]    |                           no `BlockNumberFor` in `tests`
[INFO] [stdout]    |                           help: a similar name exists in the module: `BlockNumber`
[INFO] [stdout] 
[INFO] [stdout] 
[INFO] [stdout] error[E0433]: failed to resolve: could not find `frame_system` in `self`
[INFO] [stdout]    --> src/dispatch.rs:775:18
[INFO] [stdout]     |
[INFO] [stdout] 775 |             System: self::frame_system,
[INFO] [stdout]     |                           ^^^^^^^^^^^^ could not find `frame_system` in `self`
[INFO] [stdout] 
[INFO] [stdout] 
[INFO] [stdout] error[E0433]: failed to resolve: could not find `frame_system` in `self`
[INFO] [stdout]    --> src/storage/generator/mod.rs:122:18
[INFO] [stdout]     |
[INFO] [stdout] 122 |             System: self::frame_system,
[INFO] [stdout]     |                           ^^^^^^^^^^^^ could not find `frame_system` in `self`
[INFO] [stdout] 
[INFO] [stdout] 
[INFO] [stdout] error[E0433]: failed to resolve: could not find `frame_system` in `super`
[INFO] [stdout]   --> src/tests/inject_runtime_type.rs:36:16
[INFO] [stdout]    |
[INFO] [stdout] 36 |         super::frame_system::config_preludes::TestDefaultConfig as super::frame_system::DefaultConfig,
[INFO] [stdout]    |                ^^^^^^^^^^^^ could not find `frame_system` in `super`
[INFO] [stdout] 
[INFO] [stdout] 
[INFO] [stdout] error[E0433]: failed to resolve: could not find `frame_system` in `self`
[INFO] [stdout]    --> src/tests/mod.rs:191:17
[INFO] [stdout]     |
[INFO] [stdout] 191 |         System: self::frame_system,
[INFO] [stdout]     |                       ^^^^^^^^^^^^ could not find `frame_system` in `self`
[INFO] [stdout] 
[INFO] [stdout] 
[INFO] [stdout] error[E0433]: failed to resolve: could not find `frame_system` in `self`
[INFO] [stdout]    --> src/tests/mod.rs:195:28
[INFO] [stdout]     |
[INFO] [stdout] 195 | #[crate::derive_impl(self::frame_system::config_preludes::TestDefaultConfig as frame_system::DefaultConfig)]
[INFO] [stdout]     |                            ^^^^^^^^^^^^ could not find `frame_system` in `self`
[INFO] [stdout] 
[INFO] [stdout] 
[INFO] [stdout] error[E0433]: failed to resolve: could not find `frame_system` in `self`
[INFO] [stdout]    --> src/storage/generator/double_map.rs:558:27
[INFO] [stdout]     |
[INFO] [stdout] 558 |             type DoubleMap = self::frame_system::DoubleMap<Runtime>;
[INFO] [stdout]     |                                    ^^^^^^^^^^^^ could not find `frame_system` in `self`
[INFO] [stdout] 
[INFO] [stdout] 
[INFO] [stdout] error[E0433]: failed to resolve: could not find `frame_system` in `self`
[INFO] [stdout]    --> src/storage/generator/map.rs:395:21
[INFO] [stdout]     |
[INFO] [stdout] 395 |             type Map = self::frame_system::Map<Runtime>;
[INFO] [stdout]     |                              ^^^^^^^^^^^^ could not find `frame_system` in `self`
[INFO] [stdout] 
[INFO] [stdout] 
[INFO] [stdout] error[E0433]: failed to resolve: could not find `frame_system` in `self`
[INFO] [stdout]    --> src/storage/generator/nmap.rs:516:22
[INFO] [stdout]     |
[INFO] [stdout] 516 |             type NMap = self::frame_system::NMap<Runtime>;
[INFO] [stdout]     |                               ^^^^^^^^^^^^ could not find `frame_system` in `self`
[INFO] [stdout] 
[INFO] [stdout] 
[INFO] [stdout] error[E0433]: failed to resolve: could not find `frame_system` in `self`
[INFO] [stdout]    --> src/storage/generator/nmap.rs:534:22
[INFO] [stdout]     |
[INFO] [stdout] 534 |             type NMap = self::frame_system::NMap<Runtime>;
[INFO] [stdout]     |                               ^^^^^^^^^^^^ could not find `frame_system` in `self`
[INFO] [stdout] 
[INFO] [stdout] 
[INFO] [stdout] error[E0433]: failed to resolve: could not find `frame_system` in `self`
[INFO] [stdout]    --> src/storage/generator/mod.rs:126:13
[INFO] [stdout]     |
[INFO] [stdout] 126 |     impl self::frame_system::Config for Runtime {
[INFO] [stdout]     |                ^^^^^^^^^^^^ could not find `frame_system` in `self`
[INFO] [stdout] 
[INFO] [stdout] 
[INFO] [stdout] error[E0433]: failed to resolve: could not find `frame_system` in `self`
[INFO] [stdout]    --> src/storage/generator/mod.rs:154:23
[INFO] [stdout]     |
[INFO] [stdout] 154 |             type Value = self::frame_system::Value<Runtime>;
[INFO] [stdout]     |                                ^^^^^^^^^^^^ could not find `frame_system` in `self`
[INFO] [stdout] 
[INFO] [stdout] 
[INFO] [stdout] error[E0433]: failed to resolve: could not find `frame_system` in `self`
[INFO] [stdout]    --> src/storage/generator/mod.rs:176:27
[INFO] [stdout]     |
[INFO] [stdout] 176 |             type NumberMap = self::frame_system::NumberMap<Runtime>;
[INFO] [stdout]     |                                    ^^^^^^^^^^^^ could not find `frame_system` in `self`
[INFO] [stdout] 
[INFO] [stdout] 
[INFO] [stdout] error[E0433]: failed to resolve: could not find `frame_system` in `self`
[INFO] [stdout]    --> src/storage/generator/mod.rs:207:23
[INFO] [stdout]     |
[INFO] [stdout] 207 |             type Value = self::frame_system::Value<Runtime>;
[INFO] [stdout]     |                                ^^^^^^^^^^^^ could not find `frame_system` in `self`
[INFO] [stdout] 
[INFO] [stdout] 
[INFO] [stdout] error[E0433]: failed to resolve: could not find `frame_system` in `self`
[INFO] [stdout]    --> src/storage/generator/mod.rs:208:27
[INFO] [stdout]     |
[INFO] [stdout] 208 |             type NumberMap = self::frame_system::NumberMap<Runtime>;
[INFO] [stdout]     |                                    ^^^^^^^^^^^^ could not find `frame_system` in `self`
[INFO] [stdout] 
[INFO] [stdout] 
[INFO] [stdout] error[E0433]: failed to resolve: could not find `frame_system` in `self`
[INFO] [stdout]    --> src/storage/generator/mod.rs:209:27
[INFO] [stdout]     |
[INFO] [stdout] 209 |             type DoubleMap = self::frame_system::DoubleMap<Runtime>;
[INFO] [stdout]     |                                    ^^^^^^^^^^^^ could not find `frame_system` in `self`
[INFO] [stdout] 
[INFO] [stdout] 
[INFO] [stdout] error[E0433]: failed to resolve: could not find `frame_system` in `self`
[INFO] [stdout]    --> src/tests/mod.rs:219:32
[INFO] [stdout]     |
[INFO] [stdout] 219 |         type OptionLinkedMap = self::frame_system::OptionLinkedMap<Runtime>;
[INFO] [stdout]     |                                      ^^^^^^^^^^^^ could not find `frame_system` in `self`
[INFO] [stdout] 
[INFO] [stdout] 
[INFO] [stdout] error[E0433]: failed to resolve: could not find `frame_system` in `self`
[INFO] [stdout]    --> src/tests/mod.rs:231:32
[INFO] [stdout]     |
[INFO] [stdout] 231 |         type OptionLinkedMap = self::frame_system::OptionLinkedMap<Runtime>;
[INFO] [stdout]     |                                      ^^^^^^^^^^^^ could not find `frame_system` in `self`
[INFO] [stdout] 
[INFO] [stdout] 
[INFO] [stdout] error[E0433]: failed to resolve: could not find `frame_system` in `self`
[INFO] [stdout]    --> src/tests/mod.rs:262:23
[INFO] [stdout]     |
[INFO] [stdout] 262 |         type DataDM = self::frame_system::DataDM<Runtime>;
[INFO] [stdout]     |                             ^^^^^^^^^^^^ could not find `frame_system` in `self`
[INFO] [stdout] 
[INFO] [stdout] 
[INFO] [stdout] error[E0433]: failed to resolve: could not find `frame_system` in `self`
[INFO] [stdout]    --> src/tests/mod.rs:296:20
[INFO] [stdout]     |
[INFO] [stdout] 296 |         type Map = self::frame_system::Data<Runtime>;
[INFO] [stdout]     |                          ^^^^^^^^^^^^ could not find `frame_system` in `self`
[INFO] [stdout] 
[INFO] [stdout] 
[INFO] [stdout] error[E0433]: failed to resolve: could not find `frame_system` in `self`
[INFO] [stdout]    --> src/tests/mod.rs:324:20
[INFO] [stdout]     |
[INFO] [stdout] 324 |         type Map = self::frame_system::Data<Runtime>;
[INFO] [stdout]     |                          ^^^^^^^^^^^^ could not find `frame_system` in `self`
[INFO] [stdout] 
[INFO] [stdout] 
[INFO] [stdout] error[E0433]: failed to resolve: could not find `frame_system` in `self`
[INFO] [stdout]    --> src/tests/mod.rs:376:25
[INFO] [stdout]     |
[INFO] [stdout] 376 |     type DoubleMap = self::frame_system::DataDM<Runtime>;
[INFO] [stdout]     |                            ^^^^^^^^^^^^ could not find `frame_system` in `self`
[INFO] [stdout] 
[INFO] [stdout] 
[INFO] [stdout] error[E0433]: failed to resolve: could not find `frame_system` in `self`
[INFO] [stdout]    --> src/tests/mod.rs:421:26
[INFO] [stdout]     |
[INFO] [stdout] 421 |         type DoubleMap = self::frame_system::DataDM<Runtime>;
[INFO] [stdout]     |                                ^^^^^^^^^^^^ could not find `frame_system` in `self`
[INFO] [stdout] 
[INFO] [stdout] 
[INFO] [stdout] error[E0433]: failed to resolve: could not find `frame_system` in `self`
[INFO] [stdout]    --> src/tests/mod.rs:469:26
[INFO] [stdout]     |
[INFO] [stdout] 469 |         type DoubleMap = self::frame_system::AppendableDM<Runtime>;
[INFO] [stdout]     |                                ^^^^^^^^^^^^ could not find `frame_system` in `self`
[INFO] [stdout] 
[INFO] [stdout] 
[INFO] [stdout] error[E0433]: failed to resolve: could not find `frame_system` in `self`
[INFO] [stdout]    --> src/tests/mod.rs:483:26
[INFO] [stdout]     |
[INFO] [stdout] 483 |         type DoubleMap = self::frame_system::DataDM<Runtime>;
[INFO] [stdout]     |                                ^^^^^^^^^^^^ could not find `frame_system` in `self`
[INFO] [stdout] 
[INFO] [stdout] 
[INFO] [stdout] error[E0433]: failed to resolve: could not find `frame_system` in `self`
[INFO] [stdout]    --> src/tests/mod.rs:500:26
[INFO] [stdout]     |
[INFO] [stdout] 500 |         type DoubleMap = self::frame_system::DataDM<Runtime>;
[INFO] [stdout]     |                                ^^^^^^^^^^^^ could not find `frame_system` in `self`
[INFO] [stdout] 
[INFO] [stdout] 
[INFO] [stdout] error[E0412]: cannot find type `RuntimeCall` in this scope
[INFO] [stdout]    --> src/dispatch.rs:769:61
[INFO] [stdout]     |
[INFO] [stdout] 769 |     type UncheckedExtrinsic = generic::UncheckedExtrinsic<u32, RuntimeCall, (), ()>;
[INFO] [stdout]     |                                                                ^^^^^^^^^^^ not found in this scope
[INFO] [stdout]     |
[INFO] [stdout] help: you might be missing a type parameter
[INFO] [stdout]     |
[INFO] [stdout] 769 |     type UncheckedExtrinsic<RuntimeCall> = generic::UncheckedExtrinsic<u32, RuntimeCall, (), ()>;
[INFO] [stdout]     |                            +++++++++++++
[INFO] [stdout] 
[INFO] [stdout] 
[INFO] [stdout] error[E0412]: cannot find type `Runtime` in this scope
[INFO] [stdout]    --> src/dispatch.rs:786:18
[INFO] [stdout]     |
[INFO] [stdout] 786 |     impl Config for Runtime {
[INFO] [stdout]     |                     ^^^^^^^ not found in this scope
[INFO] [stdout] 
[INFO] [stdout] 
[INFO] [stdout] error[E0412]: cannot find type `RuntimeOrigin` in this scope
[INFO] [stdout]    --> src/dispatch.rs:791:24
[INFO] [stdout]     |
[INFO] [stdout] 791 |         type RuntimeOrigin = RuntimeOrigin;
[INFO] [stdout]     |                              ^^^^^^^^^^^^^ not found in this scope
[INFO] [stdout] 
[INFO] [stdout] 
[INFO] [stdout] error[E0412]: cannot find type `RuntimeCall` in this scope
[INFO] [stdout]    --> src/dispatch.rs:792:22
[INFO] [stdout]     |
[INFO] [stdout] 792 |         type RuntimeCall = RuntimeCall;
[INFO] [stdout]     |                            ^^^^^^^^^^^ not found in this scope
[INFO] [stdout] 
[INFO] [stdout] 
[INFO] [stdout] error[E0412]: cannot find type `PalletInfo` in this scope
[INFO] [stdout]    --> src/dispatch.rs:794:21
[INFO] [stdout]     |
[INFO] [stdout] 794 |         type PalletInfo = PalletInfo;
[INFO] [stdout]     |                           ^^^^^^^^^^ not found in this scope
[INFO] [stdout]     |
[INFO] [stdout] help: consider importing this trait through its public re-export
[INFO] [stdout]     |
[INFO] [stdout] 661 +     use crate::traits::PalletInfo;
[INFO] [stdout]     |
[INFO] [stdout] 
[INFO] [stdout] 
[INFO] [stdout] error[E0412]: cannot find type `Runtime` in this scope
[INFO] [stdout]    --> src/dispatch.rs:800:21
[INFO] [stdout]     |
[INFO] [stdout] 800 |         let info = Call::<Runtime>::f00 {}.get_dispatch_info();
[INFO] [stdout]     |                           ^^^^^^^ not found in this scope
[INFO] [stdout]     |
[INFO] [stdout] help: you might be missing a type parameter
[INFO] [stdout]     |
[INFO] [stdout] 798 |     fn weights_are_correct<Runtime>() {
[INFO] [stdout]     |                           +++++++++
[INFO] [stdout] 
[INFO] [stdout] 
[INFO] [stdout] error[E0412]: cannot find type `Runtime` in this scope
[INFO] [stdout]    --> src/dispatch.rs:806:21
[INFO] [stdout]     |
[INFO] [stdout] 806 |         let info = Call::<Runtime>::f01 {}.get_dispatch_info();
[INFO] [stdout]     |                           ^^^^^^^ not found in this scope
[INFO] [stdout]     |
[INFO] [stdout] help: you might be missing a type parameter
[INFO] [stdout]     |
[INFO] [stdout] 798 |     fn weights_are_correct<Runtime>() {
[INFO] [stdout]     |                           +++++++++
[INFO] [stdout] 
[INFO] [stdout] 
[INFO] [stdout] error[E0412]: cannot find type `Runtime` in this scope
[INFO] [stdout]    --> src/dispatch.rs:812:21
[INFO] [stdout]     |
[INFO] [stdout] 812 |         let info = Call::<Runtime>::f02 {}.get_dispatch_info();
[INFO] [stdout]     |                           ^^^^^^^ not found in this scope
[INFO] [stdout]     |
[INFO] [stdout] help: you might be missing a type parameter
[INFO] [stdout]     |
[INFO] [stdout] 798 |     fn weights_are_correct<Runtime>() {
[INFO] [stdout]     |                           +++++++++
[INFO] [stdout] 
[INFO] [stdout] 
[INFO] [stdout] error[E0412]: cannot find type `Runtime` in this scope
[INFO] [stdout]    --> src/dispatch.rs:818:21
[INFO] [stdout]     |
[INFO] [stdout] 818 |         let info = Call::<Runtime>::f03 {}.get_dispatch_info();
[INFO] [stdout]     |                           ^^^^^^^ not found in this scope
[INFO] [stdout]     |
[INFO] [stdout] help: you might be missing a type parameter
[INFO] [stdout]     |
[INFO] [stdout] 798 |     fn weights_are_correct<Runtime>() {
[INFO] [stdout]     |                           +++++++++
[INFO] [stdout] 
[INFO] [stdout] 
[INFO] [stdout] error[E0412]: cannot find type `Runtime` in this scope
[INFO] [stdout]    --> src/dispatch.rs:824:21
[INFO] [stdout]     |
[INFO] [stdout] 824 |         let info = Call::<Runtime>::f11 { a: 13, eb: 20 }.get_dispatch_info();
[INFO] [stdout]     |                           ^^^^^^^ not found in this scope
[INFO] [stdout]     |
[INFO] [stdout] help: you might be missing a type parameter
[INFO] [stdout]     |
[INFO] [stdout] 798 |     fn weights_are_correct<Runtime>() {
[INFO] [stdout]     |                           +++++++++
[INFO] [stdout] 
[INFO] [stdout] 
[INFO] [stdout] error[E0412]: cannot find type `Runtime` in this scope
[INFO] [stdout]    --> src/dispatch.rs:830:21
[INFO] [stdout]     |
[INFO] [stdout] 830 |         let info = Call::<Runtime>::f12 { a: 10, eb: 20 }.get_dispatch_info();
[INFO] [stdout]     |                           ^^^^^^^ not found in this scope
[INFO] [stdout]     |
[INFO] [stdout] help: you might be missing a type parameter
[INFO] [stdout]     |
[INFO] [stdout] 798 |     fn weights_are_correct<Runtime>() {
[INFO] [stdout]     |                           +++++++++
[INFO] [stdout] 
[INFO] [stdout] 
[INFO] [stdout] error[E0412]: cannot find type `Runtime` in this scope
[INFO] [stdout]    --> src/dispatch.rs:837:21
[INFO] [stdout]     |
[INFO] [stdout] 837 |         let info = Call::<Runtime>::f20 {}.get_dispatch_info();
[INFO] [stdout]     |                           ^^^^^^^ not found in this scope
[INFO] [stdout]     |
[INFO] [stdout] help: you might be missing a type parameter
[INFO] [stdout]     |
[INFO] [stdout] 798 |     fn weights_are_correct<Runtime>() {
[INFO] [stdout]     |                           +++++++++
[INFO] [stdout] 
[INFO] [stdout] 
[INFO] [stdout] error[E0412]: cannot find type `Runtime` in this scope
[INFO] [stdout]    --> src/dispatch.rs:843:21
[INFO] [stdout]     |
[INFO] [stdout] 843 |         let info = Call::<Runtime>::f21 {}.get_dispatch_info();
[INFO] [stdout]     |                           ^^^^^^^ not found in this scope
[INFO] [stdout]     |
[INFO] [stdout] help: you might be missing a type parameter
[INFO] [stdout]     |
[INFO] [stdout] 798 |     fn weights_are_correct<Runtime>() {
[INFO] [stdout]     |                           +++++++++
[INFO] [stdout] 
[INFO] [stdout] 
[INFO] [stdout] error[E0412]: cannot find type `Runtime` in this scope
[INFO] [stdout]    --> src/storage/generator/double_map.rs:558:51
[INFO] [stdout]     |
[INFO] [stdout] 558 |             type DoubleMap = self::frame_system::DoubleMap<Runtime>;
[INFO] [stdout]     |                                                            ^^^^^^^ not found in this scope
[INFO] [stdout]     |
[INFO] [stdout] help: you might be missing a type parameter
[INFO] [stdout]     |
[INFO] [stdout] 558 |             type DoubleMap<Runtime> = self::frame_system::DoubleMap<Runtime>;
[INFO] [stdout]     |                           +++++++++
[INFO] [stdout] 
[INFO] [stdout] 
[INFO] [stdout] error[E0412]: cannot find type `Runtime` in this scope
[INFO] [stdout]    --> src/storage/generator/map.rs:395:39
[INFO] [stdout]     |
[INFO] [stdout] 395 |             type Map = self::frame_system::Map<Runtime>;
[INFO] [stdout]     |                                                ^^^^^^^ not found in this scope
[INFO] [stdout]     |
[INFO] [stdout] help: you might be missing a type parameter
[INFO] [stdout]     |
[INFO] [stdout] 395 |             type Map<Runtime> = self::frame_system::Map<Runtime>;
[INFO] [stdout]     |                     +++++++++
[INFO] [stdout] 
[INFO] [stdout] 
[INFO] [stdout] error[E0412]: cannot find type `Runtime` in this scope
[INFO] [stdout]    --> src/storage/generator/nmap.rs:516:41
[INFO] [stdout]     |
[INFO] [stdout] 516 |             type NMap = self::frame_system::NMap<Runtime>;
[INFO] [stdout]     |                                                  ^^^^^^^ not found in this scope
[INFO] [stdout]     |
[INFO] [stdout] help: you might be missing a type parameter
[INFO] [stdout]     |
[INFO] [stdout] 516 |             type NMap<Runtime> = self::frame_system::NMap<Runtime>;
[INFO] [stdout]     |                      +++++++++
[INFO] [stdout] 
[INFO] [stdout] 
[INFO] [stdout] error[E0412]: cannot find type `Runtime` in this scope
[INFO] [stdout]    --> src/storage/generator/nmap.rs:534:41
[INFO] [stdout]     |
[INFO] [stdout] 534 |             type NMap = self::frame_system::NMap<Runtime>;
[INFO] [stdout]     |                                                  ^^^^^^^ not found in this scope
[INFO] [stdout]     |
[INFO] [stdout] help: you might be missing a type parameter
[INFO] [stdout]     |
[INFO] [stdout] 534 |             type NMap<Runtime> = self::frame_system::NMap<Runtime>;
[INFO] [stdout]     |                      +++++++++
[INFO] [stdout] 
[INFO] [stdout] 
[INFO] [stdout] error[E0412]: cannot find type `RuntimeCall` in this scope
[INFO] [stdout]    --> src/storage/generator/mod.rs:116:61
[INFO] [stdout]     |
[INFO] [stdout] 116 |     type UncheckedExtrinsic = generic::UncheckedExtrinsic<u32, RuntimeCall, (), ()>;
[INFO] [stdout]     |                                                                ^^^^^^^^^^^ not found in this scope
[INFO] [stdout]     |
[INFO] [stdout] help: you might be missing a type parameter
[INFO] [stdout]     |
[INFO] [stdout] 116 |     type UncheckedExtrinsic<RuntimeCall> = generic::UncheckedExtrinsic<u32, RuntimeCall, (), ()>;
[INFO] [stdout]     |                            +++++++++++++
[INFO] [stdout] 
[INFO] [stdout] 
[INFO] [stdout] error[E0412]: cannot find type `Runtime` in this scope
[INFO] [stdout]    --> src/storage/generator/mod.rs:126:38
[INFO] [stdout]     |
[INFO] [stdout] 126 |     impl self::frame_system::Config for Runtime {
[INFO] [stdout]     |                                         ^^^^^^^ not found in this scope
[INFO] [stdout] 
[INFO] [stdout] 
[INFO] [stdout] error[E0412]: cannot find type `RuntimeOrigin` in this scope
[INFO] [stdout]    --> src/storage/generator/mod.rs:130:24
[INFO] [stdout]     |
[INFO] [stdout] 130 |         type RuntimeOrigin = RuntimeOrigin;
[INFO] [stdout]     |                              ^^^^^^^^^^^^^ not found in this scope
[INFO] [stdout] 
[INFO] [stdout] 
[INFO] [stdout] error[E0412]: cannot find type `RuntimeCall` in this scope
[INFO] [stdout]    --> src/storage/generator/mod.rs:131:22
[INFO] [stdout]     |
[INFO] [stdout] 131 |         type RuntimeCall = RuntimeCall;
[INFO] [stdout]     |                            ^^^^^^^^^^^ not found in this scope
[INFO] [stdout] 
[INFO] [stdout] 
[INFO] [stdout] error[E0412]: cannot find type `PalletInfo` in this scope
[INFO] [stdout]    --> src/storage/generator/mod.rs:132:21
[INFO] [stdout]     |
[INFO] [stdout] 132 |         type PalletInfo = PalletInfo;
[INFO] [stdout]     |                           ^^^^^^^^^^ not found in this scope
[INFO] [stdout]     |
[INFO] [stdout] help: consider importing this trait through its public re-export
[INFO] [stdout]     |
[INFO] [stdout] 39  +     use crate::traits::PalletInfo;
[INFO] [stdout]     |
[INFO] [stdout] 
[INFO] [stdout] 
[INFO] [stdout] error[E0412]: cannot find type `Runtime` in this scope
[INFO] [stdout]    --> src/storage/generator/mod.rs:154:43
[INFO] [stdout]     |
[INFO] [stdout] 154 |             type Value = self::frame_system::Value<Runtime>;
[INFO] [stdout]     |                                                    ^^^^^^^ not found in this scope
[INFO] [stdout]     |
[INFO] [stdout] help: you might be missing a type parameter
[INFO] [stdout]     |
[INFO] [stdout] 154 |             type Value<Runtime> = self::frame_system::Value<Runtime>;
[INFO] [stdout]     |                       +++++++++
[INFO] [stdout] 
[INFO] [stdout] 
[INFO] [stdout] error[E0412]: cannot find type `Runtime` in this scope
[INFO] [stdout]    --> src/storage/generator/mod.rs:176:51
[INFO] [stdout]     |
[INFO] [stdout] 176 |             type NumberMap = self::frame_system::NumberMap<Runtime>;
[INFO] [stdout]     |                                                            ^^^^^^^ not found in this scope
[INFO] [stdout]     |
[INFO] [stdout] help: you might be missing a type parameter
[INFO] [stdout]     |
[INFO] [stdout] 176 |             type NumberMap<Runtime> = self::frame_system::NumberMap<Runtime>;
[INFO] [stdout]     |                           +++++++++
[INFO] [stdout] 
[INFO] [stdout] 
[INFO] [stdout] error[E0412]: cannot find type `Runtime` in this scope
[INFO] [stdout]    --> src/storage/generator/mod.rs:207:43
[INFO] [stdout]     |
[INFO] [stdout] 207 |             type Value = self::frame_system::Value<Runtime>;
[INFO] [stdout]     |                                                    ^^^^^^^ not found in this scope
[INFO] [stdout]     |
[INFO] [stdout] help: you might be missing a type parameter
[INFO] [stdout]     |
[INFO] [stdout] 207 |             type Value<Runtime> = self::frame_system::Value<Runtime>;
[INFO] [stdout]     |                       +++++++++
[INFO] [stdout] 
[INFO] [stdout] 
[INFO] [stdout] error[E0412]: cannot find type `Runtime` in this scope
[INFO] [stdout]    --> src/storage/generator/mod.rs:208:51
[INFO] [stdout]     |
[INFO] [stdout] 208 |             type NumberMap = self::frame_system::NumberMap<Runtime>;
[INFO] [stdout]     |                                                            ^^^^^^^ not found in this scope
[INFO] [stdout]     |
[INFO] [stdout] help: you might be missing a type parameter
[INFO] [stdout]     |
[INFO] [stdout] 208 |             type NumberMap<Runtime> = self::frame_system::NumberMap<Runtime>;
[INFO] [stdout]     |                           +++++++++
[INFO] [stdout] 
[INFO] [stdout] 
[INFO] [stdout] error[E0412]: cannot find type `Runtime` in this scope
[INFO] [stdout]    --> src/storage/generator/mod.rs:209:51
[INFO] [stdout]     |
[INFO] [stdout] 209 |             type DoubleMap = self::frame_system::DoubleMap<Runtime>;
[INFO] [stdout]     |                                                            ^^^^^^^ not found in this scope
[INFO] [stdout]     |
[INFO] [stdout] help: you might be missing a type parameter
[INFO] [stdout]     |
[INFO] [stdout] 209 |             type DoubleMap<Runtime> = self::frame_system::DoubleMap<Runtime>;
[INFO] [stdout]     |                           +++++++++
[INFO] [stdout] 
[INFO] [stdout] 
[INFO] [stdout] error[E0412]: cannot find type `RuntimeOrigin` in module `super`
[INFO] [stdout]   --> src/tests/inject_runtime_type.rs:25:65
[INFO] [stdout]    |
[INFO] [stdout] 25 |     assert_type_eq_all!(<Runtime as Config>::RuntimeOrigin, super::RuntimeOrigin);
[INFO] [stdout]    |                                                                    ^^^^^^^^^^^^^ not found in `super`
[INFO] [stdout] 
[INFO] [stdout] 
[INFO] [stdout] error[E0412]: cannot find type `RuntimeCall` in module `super`
[INFO] [stdout]   --> src/tests/inject_runtime_type.rs:26:63
[INFO] [stdout]    |
[INFO] [stdout] 26 |     assert_type_eq_all!(<Runtime as Config>::RuntimeCall, super::RuntimeCall);
[INFO] [stdout]    |                                                                  ^^^^^^^^^^^ not found in `super`
[INFO] [stdout] 
[INFO] [stdout] 
[INFO] [stdout] error[E0412]: cannot find type `PalletInfo` in module `super`
[INFO] [stdout]    --> src/tests/inject_runtime_type.rs:27:62
[INFO] [stdout]     |
[INFO] [stdout] 27  |     assert_type_eq_all!(<Runtime as Config>::PalletInfo, super::PalletInfo);
[INFO] [stdout]     |                                                                 ^^^^^^^^^^
[INFO] [stdout]     |
[INFO] [stdout]    ::: src/lib.rs:122:1
[INFO] [stdout]     |
[INFO] [stdout] 122 | pub struct PalletId(pub [u8; 8]);
[INFO] [stdout]     | --------------------------------- similarly named struct `PalletId` defined here
[INFO] [stdout]     |
[INFO] [stdout] help: a struct with a similar name exists
[INFO] [stdout]     |
[INFO] [stdout] 27  |     assert_type_eq_all!(<Runtime as Config>::PalletInfo, super::PalletId);
[INFO] [stdout]     |                                                                 ~~~~~~~~
[INFO] [stdout] help: consider importing this trait through its public re-export
[INFO] [stdout]     |
[INFO] [stdout] 18  + use crate::traits::PalletInfo;
[INFO] [stdout]     |
[INFO] [stdout] help: if you import `PalletInfo`, refer to it directly
[INFO] [stdout]     |
[INFO] [stdout] 27  -     assert_type_eq_all!(<Runtime as Config>::PalletInfo, super::PalletInfo);
[INFO] [stdout] 27  +     assert_type_eq_all!(<Runtime as Config>::PalletInfo, PalletInfo);
[INFO] [stdout]     |
[INFO] [stdout] 
[INFO] [stdout] 
[INFO] [stdout] error[E0412]: cannot find type `RuntimeCall` in this scope
[INFO] [stdout]    --> src/tests/mod.rs:185:60
[INFO] [stdout]     |
[INFO] [stdout] 185 | type UncheckedExtrinsic = generic::UncheckedExtrinsic<u32, RuntimeCall, (), ()>;
[INFO] [stdout]     |                                                            ^^^^^^^^^^^ not found in this scope
[INFO] [stdout]     |
[INFO] [stdout] help: you might be missing a type parameter
[INFO] [stdout]     |
[INFO] [stdout] 185 | type UncheckedExtrinsic<RuntimeCall> = generic::UncheckedExtrinsic<u32, RuntimeCall, (), ()>;
[INFO] [stdout]     |                        +++++++++++++
[INFO] [stdout] 
[INFO] [stdout] 
[INFO] [stdout] error[E0412]: cannot find type `Runtime` in this scope
[INFO] [stdout]    --> src/tests/mod.rs:219:62
[INFO] [stdout]     |
[INFO] [stdout] 219 |         type OptionLinkedMap = self::frame_system::OptionLinkedMap<Runtime>;
[INFO] [stdout]     |                                                                    ^^^^^^^ not found in this scope
[INFO] [stdout]     |
[INFO] [stdout] help: you might be missing a type parameter
[INFO] [stdout]     |
[INFO] [stdout] 219 |         type OptionLinkedMap<Runtime> = self::frame_system::OptionLinkedMap<Runtime>;
[INFO] [stdout]     |                             +++++++++
[INFO] [stdout] 
[INFO] [stdout] 
[INFO] [stdout] error[E0412]: cannot find type `Runtime` in this scope
[INFO] [stdout]    --> src/tests/mod.rs:231:62
[INFO] [stdout]     |
[INFO] [stdout] 231 |         type OptionLinkedMap = self::frame_system::OptionLinkedMap<Runtime>;
[INFO] [stdout]     |                                                                    ^^^^^^^ not found in this scope
[INFO] [stdout]     |
[INFO] [stdout] help: you might be missing a type parameter
[INFO] [stdout]     |
[INFO] [stdout] 231 |         type OptionLinkedMap<Runtime> = self::frame_system::OptionLinkedMap<Runtime>;
[INFO] [stdout]     |                             +++++++++
[INFO] [stdout] 
[INFO] [stdout] 
[INFO] [stdout] error[E0412]: cannot find type `Runtime` in this scope
[INFO] [stdout]    --> src/tests/mod.rs:262:44
[INFO] [stdout]     |
[INFO] [stdout] 262 |         type DataDM = self::frame_system::DataDM<Runtime>;
[INFO] [stdout]     |                                                  ^^^^^^^ not found in this scope
[INFO] [stdout]     |
[INFO] [stdout] help: you might be missing a type parameter
[INFO] [stdout]     |
[INFO] [stdout] 262 |         type DataDM<Runtime> = self::frame_system::DataDM<Runtime>;
[INFO] [stdout]     |                    +++++++++
[INFO] [stdout] 
[INFO] [stdout] 
[INFO] [stdout] error[E0412]: cannot find type `Runtime` in this scope
[INFO] [stdout]    --> src/tests/mod.rs:296:39
[INFO] [stdout]     |
[INFO] [stdout] 296 |         type Map = self::frame_system::Data<Runtime>;
[INFO] [stdout]     |                                             ^^^^^^^ not found in this scope
[INFO] [stdout]     |
[INFO] [stdout] help: you might be missing a type parameter
[INFO] [stdout]     |
[INFO] [stdout] 296 |         type Map<Runtime> = self::frame_system::Data<Runtime>;
[INFO] [stdout]     |                 +++++++++
[INFO] [stdout] 
[INFO] [stdout] 
[INFO] [stdout] error[E0412]: cannot find type `Runtime` in this scope
[INFO] [stdout]    --> src/tests/mod.rs:324:39
[INFO] [stdout]     |
[INFO] [stdout] 324 |         type Map = self::frame_system::Data<Runtime>;
[INFO] [stdout]     |                                             ^^^^^^^ not found in this scope
[INFO] [stdout]     |
[INFO] [stdout] help: you might be missing a type parameter
[INFO] [stdout]     |
[INFO] [stdout] 324 |         type Map<Runtime> = self::frame_system::Data<Runtime>;
[INFO] [stdout]     |                 +++++++++
[INFO] [stdout] 
[INFO] [stdout] 
[INFO] [stdout] error[E0412]: cannot find type `Runtime` in this scope
[INFO] [stdout]    --> src/tests/mod.rs:376:46
[INFO] [stdout]     |
[INFO] [stdout] 376 |     type DoubleMap = self::frame_system::DataDM<Runtime>;
[INFO] [stdout]     |                                                 ^^^^^^^ not found in this scope
[INFO] [stdout]     |
[INFO] [stdout] help: you might be missing a type parameter
[INFO] [stdout]     |
[INFO] [stdout] 376 |     type DoubleMap<Runtime> = self::frame_system::DataDM<Runtime>;
[INFO] [stdout]     |                   +++++++++
[INFO] [stdout] 
[INFO] [stdout] 
[INFO] [stdout] error[E0412]: cannot find type `Runtime` in this scope
[INFO] [stdout]    --> src/tests/mod.rs:421:47
[INFO] [stdout]     |
[INFO] [stdout] 421 |         type DoubleMap = self::frame_system::DataDM<Runtime>;
[INFO] [stdout]     |                                                     ^^^^^^^ not found in this scope
[INFO] [stdout]     |
[INFO] [stdout] help: you might be missing a type parameter
[INFO] [stdout]     |
[INFO] [stdout] 421 |         type DoubleMap<Runtime> = self::frame_system::DataDM<Runtime>;
[INFO] [stdout]     |                       +++++++++
[INFO] [stdout] 
[INFO] [stdout] 
[INFO] [stdout] error[E0412]: cannot find type `Runtime` in this scope
[INFO] [stdout]    --> src/tests/mod.rs:469:53
[INFO] [stdout]     |
[INFO] [stdout] 469 |         type DoubleMap = self::frame_system::AppendableDM<Runtime>;
[INFO] [stdout]     |                                                           ^^^^^^^ not found in this scope
[INFO] [stdout]     |
[INFO] [stdout] help: you might be missing a type parameter
[INFO] [stdout]     |
[INFO] [stdout] 469 |         type DoubleMap<Runtime> = self::frame_system::AppendableDM<Runtime>;
[INFO] [stdout]     |                       +++++++++
[INFO] [stdout] 
[INFO] [stdout] 
[INFO] [stdout] error[E0412]: cannot find type `Runtime` in this scope
[INFO] [stdout]    --> src/tests/mod.rs:483:47
[INFO] [stdout]     |
[INFO] [stdout] 483 |         type DoubleMap = self::frame_system::DataDM<Runtime>;
[INFO] [stdout]     |                                                     ^^^^^^^ not found in this scope
[INFO] [stdout]     |
[INFO] [stdout] help: you might be missing a type parameter
[INFO] [stdout]     |
[INFO] [stdout] 483 |         type DoubleMap<Runtime> = self::frame_system::DataDM<Runtime>;
[INFO] [stdout]     |                       +++++++++
[INFO] [stdout] 
[INFO] [stdout] 
[INFO] [stdout] error[E0412]: cannot find type `Runtime` in this scope
[INFO] [stdout]    --> src/tests/mod.rs:500:47
[INFO] [stdout]     |
[INFO] [stdout] 500 |         type DoubleMap = self::frame_system::DataDM<Runtime>;
[INFO] [stdout]     |                                                     ^^^^^^^ not found in this scope
[INFO] [stdout]     |
[INFO] [stdout] help: you might be missing a type parameter
[INFO] [stdout]     |
[INFO] [stdout] 500 |         type DoubleMap<Runtime> = self::frame_system::DataDM<Runtime>;
[INFO] [stdout]     |                       +++++++++
[INFO] [stdout] 
[INFO] [stdout] 
[INFO] [stdout] error[E0412]: cannot find type `Runtime` in this scope
[INFO] [stdout]    --> src/tests/mod.rs:631:26
[INFO] [stdout]     |
[INFO] [stdout] 631 |     let metadata = Pallet::<Runtime>::storage_metadata();
[INFO] [stdout]     |                             ^^^^^^^ not found in this scope
[INFO] [stdout]     |
[INFO] [stdout] help: you might be missing a type parameter
[INFO] [stdout]     |
[INFO] [stdout] 630 | fn store_metadata<Runtime>() {
[INFO] [stdout]     |                  +++++++++
[INFO] [stdout] 
[INFO] [stdout] 
[INFO] [stdout] warning: unused import: `pallet_prelude::inject_runtime_type`
[INFO] [stdout]   --> src/tests/inject_runtime_type.rs:19:26
[INFO] [stdout]    |
[INFO] [stdout] 19 | use crate::{derive_impl, pallet_prelude::inject_runtime_type};
[INFO] [stdout]    |                          ^^^^^^^^^^^^^^^^^^^^^^^^^^^^^^^^^^^
[INFO] [stdout]    |
[INFO] [stdout]    = note: `#[warn(unused_imports)]` on by default
[INFO] [stdout] 
[INFO] [stdout] 
[INFO] [stdout] error[E0433]: failed to resolve: use of undeclared type `RuntimeGenesisConfig`
[INFO] [stdout]    --> src/storage/generator/mod.rs:152:11
[INFO] [stdout]     |
[INFO] [stdout] 152 |         let t = RuntimeGenesisConfig::default().build_storage().unwrap();
[INFO] [stdout]     |                 ^^^^^^^^^^^^^^^^^^^^ use of undeclared type `RuntimeGenesisConfig`
[INFO] [stdout] 
[INFO] [stdout] 
[INFO] [stdout] error[E0433]: failed to resolve: use of undeclared type `RuntimeGenesisConfig`
[INFO] [stdout]    --> src/storage/generator/mod.rs:174:11
[INFO] [stdout]     |
[INFO] [stdout] 174 |         let t = RuntimeGenesisConfig::default().build_storage().unwrap();
[INFO] [stdout]     |                 ^^^^^^^^^^^^^^^^^^^^ use of undeclared type `RuntimeGenesisConfig`
[INFO] [stdout] 
[INFO] [stdout] 
[INFO] [stdout] error[E0433]: failed to resolve: use of undeclared type `RuntimeGenesisConfig`
[INFO] [stdout]    --> src/storage/generator/mod.rs:205:11
[INFO] [stdout]     |
[INFO] [stdout] 205 |         let t = RuntimeGenesisConfig::default().build_storage().unwrap();
[INFO] [stdout]     |                 ^^^^^^^^^^^^^^^^^^^^ use of undeclared type `RuntimeGenesisConfig`
[INFO] [stdout] 
[INFO] [stdout] 
[INFO] [stdout] error[E0433]: failed to resolve: use of undeclared type `RuntimeGenesisConfig`
[INFO] [stdout]    --> src/tests/mod.rs:202:2
[INFO] [stdout]     |
[INFO] [stdout] 202 |     RuntimeGenesisConfig::default().build_storage().unwrap().into()
[INFO] [stdout]     |     ^^^^^^^^^^^^^^^^^^^^ use of undeclared type `RuntimeGenesisConfig`
[INFO] [stdout] 
[INFO] [stdout] 
[INFO] [stdout] error: aborting due to 79 previous errors; 1 warning emitted
[INFO] [stdout] 
[INFO] [stdout] 
[INFO] [stdout] Some errors have detailed explanations: E0412, E0432, E0433.
[INFO] [stdout] 
[INFO] [stdout] For more information about an error, try `rustc --explain E0412`.
[INFO] [stdout] 
[INFO] [stderr] error: could not compile `frame-support` (lib test) due to 80 previous errors; 1 warning emitted
[INFO] [stderr] warning: build failed, waiting for other jobs to finish...
[INFO] running `Command { std: "docker" "inspect" "84b5f40f2b9128b3c09f4844e4a046e48306fd3691598096089c0422da598029", kill_on_drop: false }`
[INFO] running `Command { std: "docker" "rm" "-f" "84b5f40f2b9128b3c09f4844e4a046e48306fd3691598096089c0422da598029", kill_on_drop: false }`
[INFO] [stdout] 84b5f40f2b9128b3c09f4844e4a046e48306fd3691598096089c0422da598029
[INFO] checking frame-support-26.0.0 against nightly-2024-02-05+rustflags=-Dunexpected_cfgs+cargoflags=-Zcheck-cfg for check-cfg
[INFO] extracting crate frame-support 26.0.0 into /workspace/builds/worker-3-tc2/source
[INFO] validating manifest of crates.io crate frame-support 26.0.0 on toolchain nightly-2024-02-05
[INFO] running `Command { std: CARGO_HOME="/workspace/cargo-home" RUSTUP_HOME="/workspace/rustup-home" "/workspace/cargo-home/bin/cargo" "+nightly-2024-02-05" "metadata" "--manifest-path" "Cargo.toml" "--no-deps", kill_on_drop: false }`
[INFO] started tweaking crates.io crate frame-support 26.0.0
[INFO] finished tweaking crates.io crate frame-support 26.0.0
[INFO] tweaked toml for crates.io crate frame-support 26.0.0 written to /workspace/builds/worker-3-tc2/source/Cargo.toml
[INFO] running `Command { std: CARGO_HOME="/workspace/cargo-home" RUSTUP_HOME="/workspace/rustup-home" "/workspace/cargo-home/bin/cargo" "+nightly-2024-02-05" "generate-lockfile" "--manifest-path" "Cargo.toml", kill_on_drop: false }`
[INFO] [stderr]     Updating crates.io index
[INFO] running `Command { std: CARGO_HOME="/workspace/cargo-home" RUSTUP_HOME="/workspace/rustup-home" "/workspace/cargo-home/bin/cargo" "+nightly-2024-02-05" "fetch" "--manifest-path" "Cargo.toml", kill_on_drop: false }`
[INFO] running `Command { std: "docker" "create" "-v" "/var/lib/crater-agent-workspace/builds/worker-3-tc2/target:/opt/rustwide/target:rw,Z" "-v" "/var/lib/crater-agent-workspace/builds/worker-3-tc2/source:/opt/rustwide/workdir:ro,Z" "-v" "/var/lib/crater-agent-workspace/cargo-home:/opt/rustwide/cargo-home:ro,Z" "-v" "/var/lib/crater-agent-workspace/rustup-home:/opt/rustwide/rustup-home:ro,Z" "-e" "SOURCE_DIR=/opt/rustwide/workdir" "-e" "CARGO_TARGET_DIR=/opt/rustwide/target" "-e" "CARGO_HOME=/opt/rustwide/cargo-home" "-e" "RUSTUP_HOME=/opt/rustwide/rustup-home" "-w" "/opt/rustwide/workdir" "-m" "1610612736" "--user" "0:0" "--network" "none" "ghcr.io/rust-lang/crates-build-env/linux@sha256:2788e3201cd34a07e3172128adcd8b3090168a8e3bcc40d7c032b9dda1df7d1c" "/opt/rustwide/cargo-home/bin/cargo" "+nightly-2024-02-05" "metadata" "--no-deps" "--format-version=1", kill_on_drop: false }`
[INFO] [stdout] 7ac74a8ab354e8fe07d490e5183f84cc4a064f7ca62bb0ff27bec27d2a4e4d52
[INFO] running `Command { std: "docker" "start" "-a" "7ac74a8ab354e8fe07d490e5183f84cc4a064f7ca62bb0ff27bec27d2a4e4d52", kill_on_drop: false }`
[INFO] running `Command { std: "docker" "inspect" "7ac74a8ab354e8fe07d490e5183f84cc4a064f7ca62bb0ff27bec27d2a4e4d52", kill_on_drop: false }`
[INFO] running `Command { std: "docker" "rm" "-f" "7ac74a8ab354e8fe07d490e5183f84cc4a064f7ca62bb0ff27bec27d2a4e4d52", kill_on_drop: false }`
[INFO] [stdout] 7ac74a8ab354e8fe07d490e5183f84cc4a064f7ca62bb0ff27bec27d2a4e4d52
[INFO] running `Command { std: "docker" "create" "-v" "/var/lib/crater-agent-workspace/builds/worker-3-tc2/target:/opt/rustwide/target:rw,Z" "-v" "/var/lib/crater-agent-workspace/builds/worker-3-tc2/source:/opt/rustwide/workdir:ro,Z" "-v" "/var/lib/crater-agent-workspace/cargo-home:/opt/rustwide/cargo-home:ro,Z" "-v" "/var/lib/crater-agent-workspace/rustup-home:/opt/rustwide/rustup-home:ro,Z" "-e" "SOURCE_DIR=/opt/rustwide/workdir" "-e" "CARGO_TARGET_DIR=/opt/rustwide/target" "-e" "CARGO_INCREMENTAL=0" "-e" "RUST_BACKTRACE=full" "-e" "RUSTFLAGS=--cap-lints=forbid -Dunexpected_cfgs" "-e" "RUSTDOCFLAGS=--cap-lints=forbid" "-e" "CARGO_HOME=/opt/rustwide/cargo-home" "-e" "RUSTUP_HOME=/opt/rustwide/rustup-home" "-w" "/opt/rustwide/workdir" "-m" "1610612736" "--user" "0:0" "--network" "none" "ghcr.io/rust-lang/crates-build-env/linux@sha256:2788e3201cd34a07e3172128adcd8b3090168a8e3bcc40d7c032b9dda1df7d1c" "/opt/rustwide/cargo-home/bin/cargo" "+nightly-2024-02-05" "check" "--frozen" "--all" "--all-targets" "--message-format=json" "-Zcheck-cfg", kill_on_drop: false }`
[INFO] [stdout] 2685d2b8c46c8e5c86315557e381db464088543b85b552b8037fe30ff911166c
[INFO] running `Command { std: "docker" "start" "-a" "2685d2b8c46c8e5c86315557e381db464088543b85b552b8037fe30ff911166c", kill_on_drop: false }`
[INFO] [stderr]    Compiling syn v1.0.109
[INFO] [stderr]     Checking subtle v2.4.1
[INFO] [stderr]    Compiling winnow v0.5.37
[INFO] [stderr]    Compiling indexmap v2.2.2
[INFO] [stderr]     Checking arrayvec v0.7.4
[INFO] [stderr]    Compiling generic-array v0.14.7
[INFO] [stderr]    Compiling crunchy v0.2.2
[INFO] [stderr]    Compiling syn v2.0.48
[INFO] [stderr]    Compiling indexmap v1.9.3
[INFO] [stderr]     Checking byte-slice-cast v1.2.2
[INFO] [stderr]     Checking ahash v0.7.7
[INFO] [stderr]     Checking byteorder v1.5.0
[INFO] [stderr]     Checking bytes v1.5.0
[INFO] [stderr]     Checking rand_chacha v0.3.1
[INFO] [stderr]    Compiling ahash v0.8.7
[INFO] [stderr]    Compiling getrandom v0.1.16
[INFO] [stderr]     Checking idna v0.5.0
[INFO] [stderr]     Checking hashbrown v0.12.3
[INFO] [stderr]    Compiling rustix v0.38.31
[INFO] [stderr]     Checking rand v0.8.5
[INFO] [stderr]     Checking stable_deref_trait v1.2.0
[INFO] [stderr]     Checking rand_core v0.5.1
[INFO] [stderr]     Checking fallible-iterator v0.2.0
[INFO] [stderr]    Compiling target-lexicon v0.12.13
[INFO] [stderr]     Checking sp-std v12.0.0
[INFO] [stderr]    Compiling rustix v0.36.17
[INFO] [stderr]    Compiling memoffset v0.8.0
[INFO] [stderr]    Compiling wasmtime-runtime v8.0.1
[INFO] [stderr]     Checking tracing-core v0.1.32
[INFO] [stderr]     Checking url v2.5.0
[INFO] [stderr]     Checking smallvec v1.13.1
[INFO] [stderr]    Compiling psm v0.1.21
[INFO] [stderr]     Checking hashbrown v0.13.2
[INFO] [stderr]    Compiling digest v0.9.0
[INFO] [stderr]     Checking wasmtime-asm-macros v8.0.1
[INFO] [stderr]     Checking wasmtime-jit-debug v8.0.1
[INFO] [stderr]    Compiling serde_json v1.0.113
[INFO] [stderr]    Compiling libsecp256k1-core v0.3.0
[INFO] [stderr]    Compiling ref-cast v1.0.22
[INFO] [stderr]     Checking digest v0.8.1
[INFO] [stderr]     Checking wasmtime-jit-icache-coherence v8.0.1
[INFO] [stderr]    Compiling wasmtime v8.0.1
[INFO] [stderr]     Checking hex v0.4.3
[INFO] [stderr]     Checking rustc-hex v2.1.0
[INFO] [stderr]     Checking chrono v0.4.33
[INFO] [stderr]     Checking matchers v0.0.1
[INFO] [stderr]     Checking block-buffer v0.7.3
[INFO] [stderr]    Compiling getrandom v0.2.12
[INFO] [stderr]     Checking tracing-log v0.1.4
[INFO] [stderr]     Checking rand_chacha v0.2.2
[INFO] [stderr]    Compiling secp256k1-sys v0.6.1
[INFO] [stderr]     Checking thread_local v1.1.7
[INFO] [stderr]     Checking hash-db v0.16.0
[INFO] [stderr]     Checking sha2 v0.8.2
[INFO] [stderr]     Checking fixed-hash v0.8.0
[INFO] [stderr]     Checking arrayvec v0.5.2
[INFO] [stderr]     Checking uint v0.9.5
[INFO] [stderr]     Checking environmental v1.1.4
[INFO] [stderr]     Checking blake2b_simd v1.0.2
[INFO] [stderr]    Compiling semver v1.0.21
[INFO] [stderr]     Checking rand v0.7.3
[INFO] [stderr]     Checking parking_lot_core v0.9.9
[INFO] [stderr]     Checking num-format v0.4.4
[INFO] [stderr]     Checking bitcoin_hashes v0.11.0
[INFO] [stderr]    Compiling crypto-common v0.1.6
[INFO] [stderr]    Compiling block-buffer v0.10.4
[INFO] [stderr]     Checking hash256-std-hasher v0.15.2
[INFO] [stderr]     Checking parking_lot v0.12.1
[INFO] [stderr]     Checking bs58 v0.5.0
[INFO] [stderr]     Checking array-bytes v6.2.2
[INFO] [stderr]    Compiling libsecp256k1-gen-ecmult v0.3.0
[INFO] [stderr]    Compiling libsecp256k1-gen-genmult v0.3.0
[INFO] [stderr]    Compiling rustc_version v0.4.0
[INFO] [stderr]    Compiling digest v0.10.7
[INFO] [stderr]    Compiling backtrace v0.3.69
[INFO] [stderr]    Compiling platforms v3.3.0
[INFO] [stderr]     Checking trie-db v0.28.0
[INFO] [stderr]     Checking memory-db v0.32.0
[INFO] [stderr]    Compiling libsecp256k1 v0.7.1
[INFO] [stderr]     Checking trie-root v0.18.0
[INFO] [stderr]     Checking schnellru v0.2.1
[INFO] [stderr]     Checking nohash-hasher v0.2.0
[INFO] [stderr]    Compiling sp-io v28.0.0
[INFO] [stderr]    Compiling rand_core v0.6.4
[INFO] [stderr]    Compiling curve25519-dalek v4.1.1
[INFO] [stderr]    Compiling tiny-keccak v2.0.2
[INFO] [stderr]     Checking integer-sqrt v0.1.5
[INFO] [stderr]    Compiling fs-err v2.11.0
[INFO] [stderr]    Compiling constant_time_eq v0.3.0
[INFO] [stderr]    Compiling arrayref v0.3.7
[INFO] [stderr]    Compiling keccak v0.1.5
[INFO] [stderr]    Compiling static_assertions v1.1.0
[INFO] [stderr]    Compiling sha2 v0.10.8
[INFO] [stderr]    Compiling expander v2.0.0
[INFO] [stderr]    Compiling blake2 v0.10.6
[INFO] [stderr]     Checking memfd v0.6.4
[INFO] [stderr]     Checking sp-panic-handler v12.0.0
[INFO] [stderr]    Compiling sha3 v0.10.8
[INFO] [stderr]    Compiling const-random-macro v0.1.16
[INFO] [stderr]     Checking ff v0.13.0
[INFO] [stderr]     Checking parity-wasm v0.45.0
[INFO] [stderr]    Compiling termcolor v1.4.1
[INFO] [stderr]     Checking group v0.13.0
[INFO] [stderr]    Compiling common-path v1.0.0
[INFO] [stderr]    Compiling cfg-expr v0.15.6
[INFO] [stderr]    Compiling include_dir v0.7.3
[INFO] [stderr]     Checking diff v0.1.13
[INFO] [stderr]     Checking yansi v0.5.1
[INFO] [stderr]     Checking tt-call v1.0.9
[INFO] [stderr]     Checking assert_matches v1.5.0
[INFO] [stderr]     Checking pretty_assertions v1.4.0
[INFO] [stderr]    Compiling const-random v0.1.17
[INFO] [stderr]    Compiling twox-hash v1.6.3
[INFO] [stderr]    Compiling sp-core-hashing v13.0.0
[INFO] [stderr]    Compiling proc-macro-warning v1.0.2
[INFO] [stderr]    Compiling proc-macro-error v1.0.4
[INFO] [stderr]    Compiling serde_derive v1.0.196
[INFO] [stderr]    Compiling zeroize_derive v1.4.2
[INFO] [stderr]    Compiling thiserror-impl v1.0.56
[INFO] [stderr]    Compiling ref-cast-impl v1.0.22
[INFO] [stderr]    Compiling tracing-attributes v0.1.27
[INFO] [stderr]    Compiling sp-debug-derive v12.0.0
[INFO] [stderr]    Compiling futures-macro v0.3.30
[INFO] [stderr]    Compiling curve25519-dalek-derive v0.1.1
[INFO] [stderr]    Compiling macro_magic_core_macros v0.5.0
[INFO] [stderr]    Compiling sp-core-hashing-proc-macro v13.0.0
[INFO] [stderr]    Compiling frame-support-procedural-tools-derive v10.0.0
[INFO] [stderr]    Compiling async-trait v0.1.77
[INFO] [stderr]     Checking secp256k1 v0.24.3
[INFO] [stderr]     Checking zeroize v1.7.0
[INFO] [stderr]    Compiling impl-trait-for-tuples v0.2.2
[INFO] [stderr]    Compiling derive_more v0.99.17
[INFO] [stderr]    Compiling dyn-clonable-impl v0.9.0
[INFO] [stderr]    Compiling derive-syn-parse v0.1.5
[INFO] [stderr]    Compiling aquamarine v0.3.3
[INFO] [stderr]     Checking merlin v2.0.1
[INFO] [stderr]     Checking curve25519-dalek v2.1.3
[INFO] [stderr]     Checking secrecy v0.8.0
[INFO] [stderr]     Checking der v0.7.8
[INFO] [stderr]     Checking futures-util v0.3.30
[INFO] [stderr]     Checking thiserror v1.0.56
[INFO] [stderr]     Checking tracing v0.1.40
[INFO] [stderr]     Checking block-buffer v0.9.0
[INFO] [stderr]     Checking crypto-mac v0.8.0
[INFO] [stderr]     Checking crypto-mac v0.11.1
[INFO] [stderr]     Checking dyn-clonable v0.9.0
[INFO] [stderr]     Checking schnorrkel v0.9.1
[INFO] [stderr]     Checking crypto-bigint v0.5.5
[INFO] [stderr]     Checking sha2 v0.9.9
[INFO] [stderr]     Checking hmac v0.8.1
[INFO] [stderr]     Checking curve25519-dalek v3.2.0
[INFO] [stderr]     Checking pbkdf2 v0.8.0
[INFO] [stderr]     Checking hmac v0.11.0
[INFO] [stderr]     Checking hmac-drbg v0.3.0
[INFO] [stderr]    Compiling macro_magic_core v0.5.0
[INFO] [stderr]     Checking signature v2.2.0
[INFO] [stderr]     Checking substrate-bip39 v0.4.5
[INFO] [stderr]     Checking sec1 v0.7.3
[INFO] [stderr]     Checking ed25519 v2.2.3
[INFO] [stderr]     Checking hmac v0.12.1
[INFO] [stderr]     Checking spki v0.7.3
[INFO] [stderr]     Checking rfc6979 v0.4.0
[INFO] [stderr]    Compiling macro_magic_macros v0.5.0
[INFO] [stderr]     Checking ed25519-zebra v3.1.0
[INFO] [stderr]    Compiling serde v1.0.196
[INFO] [stderr]    Compiling macro_magic v0.5.0
[INFO] [stderr]     Checking ed25519-dalek v2.1.0
[INFO] [stderr]     Checking elliptic-curve v0.13.8
[INFO] [stderr]     Checking ecdsa v0.16.9
[INFO] [stderr]     Checking k256 v0.13.3
[INFO] [stderr]     Checking futures-executor v0.3.30
[INFO] [stderr]     Checking futures v0.3.30
[INFO] [stderr]     Checking cranelift-entity v0.95.1
[INFO] [stderr]     Checking bincode v1.3.3
[INFO] [stderr]     Checking impl-serde v0.4.0
[INFO] [stderr]     Checking tracing-serde v0.1.3
[INFO] [stderr]     Checking bip39 v2.0.0
[INFO] [stderr]     Checking wasmparser v0.102.0
[INFO] [stderr]     Checking gimli v0.27.3
[INFO] [stderr]     Checking object v0.30.4
[INFO] [stderr]    Compiling toml_datetime v0.6.3
[INFO] [stderr]    Compiling serde_spanned v0.6.5
[INFO] [stderr]    Compiling toml_edit v0.20.2
[INFO] [stderr]    Compiling toml_edit v0.19.15
[INFO] [stderr]     Checking tracing-subscriber v0.2.25
[INFO] [stderr]    Compiling ss58-registry v1.46.0
[INFO] [stderr]    Compiling proc-macro-crate v1.3.1
[INFO] [stderr]    Compiling frame-support-procedural-tools v9.0.0
[INFO] [stderr]    Compiling scale-info-derive v2.10.0
[INFO] [stderr]    Compiling sp-runtime-interface-proc-macro v15.0.0
[INFO] [stderr]    Compiling sp-api-proc-macro v13.0.0
[INFO] [stderr]    Compiling frame-support-procedural v21.0.0
[INFO] [stderr]    Compiling proc-macro-crate v2.0.2
[INFO] [stderr]    Compiling toml v0.8.2
[INFO] [stderr] error: could not compile `libsecp256k1` (lib)
[INFO] [stderr] 
[INFO] [stderr] Caused by:
[INFO] [stderr]   process didn't exit successfully: `/opt/rustwide/rustup-home/toolchains/nightly-2024-02-05-x86_64-unknown-linux-gnu/bin/rustc --crate-name libsecp256k1 --edition=2018 /opt/rustwide/cargo-home/registry/src/index.crates.io-6f17d22bba15001f/libsecp256k1-0.7.1/src/lib.rs --error-format=json --json=diagnostic-rendered-ansi,artifacts,future-incompat --crate-type lib --emit=dep-info,metadata -C embed-bitcode=no -C debuginfo=2 --cfg 'feature="default"' --cfg 'feature="hmac"' --cfg 'feature="hmac-drbg"' --cfg 'feature="sha2"' --cfg 'feature="static-context"' --cfg 'feature="std"' --cfg 'feature="typenum"' -Zunstable-options --check-cfg 'cfg(feature, values("default", "hmac", "hmac-drbg", "lazy-static-context", "lazy_static", "sha2", "static-context", "std", "typenum"))' -C metadata=7cb5849917105a3b -C extra-filename=-7cb5849917105a3b --out-dir /opt/rustwide/target/debug/deps -L dependency=/opt/rustwide/target/debug/deps --extern arrayref=/opt/rustwide/target/debug/deps/libarrayref-15cb66bf1d25ae8c.rmeta --extern base64=/opt/rustwide/target/debug/deps/libbase64-d366f8a3cbce6958.rmeta --extern digest=/opt/rustwide/target/debug/deps/libdigest-0a3d0b8e8e816704.rmeta --extern hmac_drbg=/opt/rustwide/target/debug/deps/libhmac_drbg-1ea564792480a1c7.rmeta --extern libsecp256k1_core=/opt/rustwide/target/debug/deps/liblibsecp256k1_core-bb91e06c7777a388.rmeta --extern rand=/opt/rustwide/target/debug/deps/librand-60c7cb49b7e1d903.rmeta --extern serde=/opt/rustwide/target/debug/deps/libserde-5ad0a82faa5b36d4.rmeta --extern sha2=/opt/rustwide/target/debug/deps/libsha2-c49305d4bd7066e5.rmeta --extern typenum=/opt/rustwide/target/debug/deps/libtypenum-1d6ab7b7d1feadca.rmeta --cap-lints allow --cap-lints=forbid -Dunexpected_cfgs` (signal: 9, SIGKILL: kill)
[INFO] [stderr] warning: build failed, waiting for other jobs to finish...
[INFO] running `Command { std: "docker" "inspect" "2685d2b8c46c8e5c86315557e381db464088543b85b552b8037fe30ff911166c", kill_on_drop: false }`
[INFO] running `Command { std: "docker" "rm" "-f" "2685d2b8c46c8e5c86315557e381db464088543b85b552b8037fe30ff911166c", kill_on_drop: false }`
[INFO] [stdout] 2685d2b8c46c8e5c86315557e381db464088543b85b552b8037fe30ff911166c
