[INFO] fetching crate fonttools_cli 0.1.0...
[INFO] checking fonttools_cli-0.1.0 against nightly-2024-02-05 for check-cfg
[INFO] extracting crate fonttools_cli 0.1.0 into /workspace/builds/worker-1-tc1/source
[INFO] validating manifest of crates.io crate fonttools_cli 0.1.0 on toolchain nightly-2024-02-05
[INFO] running `Command { std: CARGO_HOME="/workspace/cargo-home" RUSTUP_HOME="/workspace/rustup-home" "/workspace/cargo-home/bin/cargo" "+nightly-2024-02-05" "metadata" "--manifest-path" "Cargo.toml" "--no-deps", kill_on_drop: false }`
[INFO] started tweaking crates.io crate fonttools_cli 0.1.0
[INFO] finished tweaking crates.io crate fonttools_cli 0.1.0
[INFO] tweaked toml for crates.io crate fonttools_cli 0.1.0 written to /workspace/builds/worker-1-tc1/source/Cargo.toml
[INFO] crate crates.io crate fonttools_cli 0.1.0 already has a lockfile, it will not be regenerated
[INFO] running `Command { std: CARGO_HOME="/workspace/cargo-home" RUSTUP_HOME="/workspace/rustup-home" "/workspace/cargo-home/bin/cargo" "+nightly-2024-02-05" "fetch" "--manifest-path" "Cargo.toml", kill_on_drop: false }`
[INFO] [stderr]     Blocking waiting for file lock on package cache
[INFO] [stderr]     Updating crates.io index
[INFO] [stderr]  Downloading crates ...
[INFO] [stderr]   Downloaded flate2 v1.0.20
[INFO] [stderr]   Downloaded clang-sys v1.0.1
[INFO] [stderr]   Downloaded otspec v0.1.0
[INFO] [stderr]   Downloaded shlex v1.0.0
[INFO] [stderr]   Downloaded permutation v0.2.5
[INFO] [stderr]   Downloaded bytemuck v1.5.1
[INFO] [stderr]   Downloaded counter v0.5.2
[INFO] [stderr]   Downloaded ureq v2.1.1
[INFO] [stderr]   Downloaded fonttools v0.1.0
[INFO] [stderr]   Downloaded bindgen v0.58.1
[INFO] [stderr]   Downloaded otspec_macros v0.1.0
[INFO] [stderr]   Downloaded az v1.1.1
[INFO] [stderr]   Downloaded skia-bindings v0.40.0
[INFO] [stderr]   Downloaded tar v0.4.35
[INFO] [stderr]   Downloaded kurbo v0.8.1
[INFO] [stderr]   Downloaded fixed v1.9.0
[INFO] [stderr]   Downloaded skia-safe v0.40.0
[INFO] running `Command { std: "docker" "create" "-v" "/var/lib/crater-agent-workspace/builds/worker-1-tc1/target:/opt/rustwide/target:rw,Z" "-v" "/var/lib/crater-agent-workspace/builds/worker-1-tc1/source:/opt/rustwide/workdir:ro,Z" "-v" "/var/lib/crater-agent-workspace/cargo-home:/opt/rustwide/cargo-home:ro,Z" "-v" "/var/lib/crater-agent-workspace/rustup-home:/opt/rustwide/rustup-home:ro,Z" "-e" "SOURCE_DIR=/opt/rustwide/workdir" "-e" "CARGO_TARGET_DIR=/opt/rustwide/target" "-e" "CARGO_HOME=/opt/rustwide/cargo-home" "-e" "RUSTUP_HOME=/opt/rustwide/rustup-home" "-w" "/opt/rustwide/workdir" "-m" "1610612736" "--user" "0:0" "--network" "none" "ghcr.io/rust-lang/crates-build-env/linux@sha256:2788e3201cd34a07e3172128adcd8b3090168a8e3bcc40d7c032b9dda1df7d1c" "/opt/rustwide/cargo-home/bin/cargo" "+nightly-2024-02-05" "metadata" "--no-deps" "--format-version=1", kill_on_drop: false }`
[INFO] [stdout] fcfebea726759e27f53d28ee6b0703765468ba1a8183bb339fcedbba046572c9
[INFO] running `Command { std: "docker" "start" "-a" "fcfebea726759e27f53d28ee6b0703765468ba1a8183bb339fcedbba046572c9", kill_on_drop: false }`
[INFO] running `Command { std: "docker" "inspect" "fcfebea726759e27f53d28ee6b0703765468ba1a8183bb339fcedbba046572c9", kill_on_drop: false }`
[INFO] running `Command { std: "docker" "rm" "-f" "fcfebea726759e27f53d28ee6b0703765468ba1a8183bb339fcedbba046572c9", kill_on_drop: false }`
[INFO] [stdout] fcfebea726759e27f53d28ee6b0703765468ba1a8183bb339fcedbba046572c9
[INFO] running `Command { std: "docker" "create" "-v" "/var/lib/crater-agent-workspace/builds/worker-1-tc1/target:/opt/rustwide/target:rw,Z" "-v" "/var/lib/crater-agent-workspace/builds/worker-1-tc1/source:/opt/rustwide/workdir:ro,Z" "-v" "/var/lib/crater-agent-workspace/cargo-home:/opt/rustwide/cargo-home:ro,Z" "-v" "/var/lib/crater-agent-workspace/rustup-home:/opt/rustwide/rustup-home:ro,Z" "-e" "SOURCE_DIR=/opt/rustwide/workdir" "-e" "CARGO_TARGET_DIR=/opt/rustwide/target" "-e" "CARGO_INCREMENTAL=0" "-e" "RUST_BACKTRACE=full" "-e" "RUSTFLAGS=--cap-lints=forbid" "-e" "RUSTDOCFLAGS=--cap-lints=forbid" "-e" "CARGO_HOME=/opt/rustwide/cargo-home" "-e" "RUSTUP_HOME=/opt/rustwide/rustup-home" "-w" "/opt/rustwide/workdir" "-m" "1610612736" "--user" "0:0" "--network" "none" "ghcr.io/rust-lang/crates-build-env/linux@sha256:2788e3201cd34a07e3172128adcd8b3090168a8e3bcc40d7c032b9dda1df7d1c" "/opt/rustwide/cargo-home/bin/cargo" "+nightly-2024-02-05" "check" "--frozen" "--all" "--all-targets" "--message-format=json", kill_on_drop: false }`
[INFO] [stdout] ee9ed702c042a982c8fbeb7675255f379785705b00f0c028c0d40f49fe94926c
[INFO] running `Command { std: "docker" "start" "-a" "ee9ed702c042a982c8fbeb7675255f379785705b00f0c028c0d40f49fe94926c", kill_on_drop: false }`
[INFO] [stderr]    Compiling libc v0.2.96
[INFO] [stderr]    Compiling autocfg v1.0.1
[INFO] [stderr]    Compiling memchr v2.4.0
[INFO] [stderr]    Compiling cfg-if v1.0.0
[INFO] [stderr]    Compiling log v0.4.14
[INFO] [stderr]    Compiling proc-macro2 v1.0.27
[INFO] [stderr]    Compiling cc v1.0.68
[INFO] [stderr]    Compiling unicode-xid v0.2.2
[INFO] [stderr]    Compiling once_cell v1.7.2
[INFO] [stderr]    Compiling untrusted v0.7.1
[INFO] [stderr]    Compiling spin v0.5.2
[INFO] [stderr]    Compiling matches v0.1.8
[INFO] [stderr]    Compiling tinyvec_macros v0.1.0
[INFO] [stderr]    Compiling glob v0.3.0
[INFO] [stderr]    Compiling version_check v0.9.3
[INFO] [stderr]    Compiling bitflags v1.2.1
[INFO] [stderr]    Compiling crossbeam-utils v0.8.5
[INFO] [stderr]    Compiling tinyvec v1.2.0
[INFO] [stderr]    Compiling serde v1.0.126
[INFO] [stderr]    Compiling unicode-width v0.1.8
[INFO] [stderr]    Compiling unicode-bidi v0.3.5
[INFO] [stderr]    Compiling regex-syntax v0.6.25
[INFO] [stderr]    Compiling percent-encoding v2.1.0
[INFO] [stderr]    Compiling ryu v1.0.5
[INFO] [stderr]     Checking encoding_index_tests v0.1.4
[INFO] [stderr]    Compiling crc32fast v1.2.1
[INFO] [stderr]    Compiling memoffset v0.6.4
[INFO] [stderr]    Compiling nom v5.1.2
[INFO] [stderr]    Compiling miniz_oxide v0.4.4
[INFO] [stderr]    Compiling num-traits v0.2.14
[INFO] [stderr]    Compiling crossbeam-epoch v0.9.5
[INFO] [stderr]    Compiling clang-sys v1.0.1
[INFO] [stderr]    Compiling form_urlencoded v1.0.1
[INFO] [stderr]    Compiling textwrap v0.11.0
[INFO] [stderr]    Compiling libloading v0.6.7
[INFO] [stderr]    Compiling vec_map v0.8.2
[INFO] [stderr]    Compiling quote v1.0.9
[INFO] [stderr]    Compiling unicode-normalization v0.1.19
[INFO] [stderr]    Compiling serde_json v1.0.64
[INFO] [stderr]    Compiling adler v1.0.2
[INFO] [stderr]    Compiling syn v1.0.73
[INFO] [stderr]    Compiling humantime v2.1.0
[INFO] [stderr]    Compiling base64 v0.13.0
[INFO] [stderr]    Compiling aho-corasick v0.7.18
[INFO] [stderr]    Compiling atty v0.2.14
[INFO] [stderr]    Compiling bindgen v0.58.1
[INFO] [stderr]     Checking scopeguard v1.1.0
[INFO] [stderr]    Compiling strsim v0.8.0
[INFO] [stderr]    Compiling ansi_term v0.11.0
[INFO] [stderr]    Compiling termcolor v1.1.2
[INFO] [stderr]    Compiling ring v0.16.20
[INFO] [stderr]    Compiling rayon-core v1.9.1
[INFO] [stderr]    Compiling clap v2.33.3
[INFO] [stderr]    Compiling xattr v0.2.2
[INFO] [stderr]    Compiling filetime v0.2.14
[INFO] [stderr]    Compiling which v3.1.1
[INFO] [stderr]    Compiling num-integer v0.1.44
[INFO] [stderr]    Compiling idna v0.2.3
[INFO] [stderr]    Compiling typenum v1.13.0
[INFO] [stderr]    Compiling lazy_static v1.4.0
[INFO] [stderr]    Compiling peeking_take_while v0.1.2
[INFO] [stderr]    Compiling lazycell v1.3.0
[INFO] [stderr]    Compiling az v1.1.1
[INFO] [stderr]    Compiling shlex v1.0.0
[INFO] [stderr]    Compiling chunked_transfer v1.4.0
[INFO] [stderr]    Compiling rustc-hash v1.1.0
[INFO] [stderr]    Compiling itoa v0.4.7
[INFO] [stderr]    Compiling unicode-segmentation v1.7.1
[INFO] [stderr]    Compiling regex v1.5.4
[INFO] [stderr]    Compiling url v2.2.2
[INFO] [stderr]    Compiling flate2 v1.0.20
[INFO] [stderr]    Compiling tar v0.4.35
[INFO] [stderr]     Checking crossbeam-deque v0.8.0
[INFO] [stderr]    Compiling heck v0.3.3
[INFO] [stderr]     Checking num_cpus v1.13.0
[INFO] [stderr]     Checking crossbeam-channel v0.5.1
[INFO] [stderr]    Compiling rayon v1.5.1
[INFO] [stderr]    Compiling fixed v1.9.0
[INFO] [stderr]     Checking either v1.6.1
[INFO] [stderr]    Compiling itertools v0.8.2
[INFO] [stderr]    Compiling cexpr v0.4.0
[INFO] [stderr]    Compiling env_logger v0.8.3
[INFO] [stderr]     Checking time v0.1.44
[INFO] [stderr]     Checking bytemuck v1.5.1
[INFO] [stderr]     Checking half v1.7.1
[INFO] [stderr]     Checking terminal_size v0.1.17
[INFO] [stderr]     Checking chrono v0.4.19
[INFO] [stderr]     Checking encoding-index-simpchinese v1.20141219.5
[INFO] [stderr]     Checking encoding-index-japanese v1.20141219.5
[INFO] [stderr]     Checking encoding-index-singlebyte v1.20141219.5
[INFO] [stderr]     Checking encoding-index-tradchinese v1.20141219.5
[INFO] [stderr]    Compiling toml v0.5.8
[INFO] [stderr]     Checking encoding-index-korean v1.20141219.5
[INFO] [stderr]     Checking arrayvec v0.5.2
[INFO] [stderr]     Checking console v0.14.1
[INFO] [stderr]     Checking itertools v0.10.1
[INFO] [stderr]     Checking encoding v0.2.33
[INFO] [stderr]     Checking kurbo v0.8.1
[INFO] [stderr]     Checking counter v0.5.2
[INFO] [stderr]     Checking permutation v0.2.5
[INFO] [stderr]     Checking number_prefix v0.4.0
[INFO] [stderr]     Checking indicatif v0.16.2
[INFO] [stderr]    Compiling webpki v0.21.4
[INFO] [stderr]    Compiling sct v0.6.1
[INFO] [stderr]    Compiling webpki-roots v0.21.1
[INFO] [stderr]    Compiling rustls v0.19.1
[INFO] [stderr]    Compiling otspec_macros v0.1.0
[INFO] [stderr]    Compiling shrinkwraprs v0.3.0
[INFO] [stderr]    Compiling ureq v2.1.1
[INFO] [stderr]    Compiling skia-bindings v0.40.0
[INFO] [stderr] error: failed to run custom build command for `skia-bindings v0.40.0`
[INFO] [stderr] note: To improve backtraces for build dependencies, set the CARGO_PROFILE_DEV_BUILD_OVERRIDE_DEBUG=true environment variable to enable debug information generation.
[INFO] [stderr] 
[INFO] [stderr] Caused by:
[INFO] [stderr]   process didn't exit successfully: `/opt/rustwide/target/debug/build/skia-bindings-3ea7b410a1b4e480/build-script-build` (exit status: 101)
[INFO] [stderr]   --- stdout
[INFO] [stderr]   cargo:rerun-if-env-changed=SKIA_DEBUG
[INFO] [stderr]   HOST: x86_64-unknown-linux-gnu
[INFO] [stderr]   cargo:rerun-if-env-changed=OPT_LEVEL
[INFO] [stderr]   cargo:rerun-if-env-changed=CC
[INFO] [stderr]   cargo:rerun-if-env-changed=CXX
[INFO] [stderr]   cargo:rerun-if-env-changed=SKIA_SOURCE_DIR
[INFO] [stderr]   cargo:rerun-if-env-changed=FORCE_SKIA_BUILD
[INFO] [stderr]   cargo:rerun-if-env-changed=FORCE_SKIA_BINARIES_DOWNLOAD
[INFO] [stderr]   TRYING TO DOWNLOAD AND INSTALL SKIA BINARIES: 0.40.0/dc35ab74b8ddf0b3849c-x86_64-unknown-linux-gnu
[INFO] [stderr]   cargo:rerun-if-env-changed=SKIA_BINARIES_URL
[INFO] [stderr]     FROM: https://github.com/rust-skia/skia-binaries/releases/download/0.40.0/skia-binaries-dc35ab74b8ddf0b3849c-x86_64-unknown-linux-gnu.tar.gz
[INFO] [stderr]   DOWNLOAD AND INSTALL FAILED: https://github.com/rust-skia/skia-binaries/releases/download/0.40.0/skia-binaries-dc35ab74b8ddf0b3849c-x86_64-unknown-linux-gnu.tar.gz: Dns Failed: failed to lookup address information: Temporary failure in name resolution
[INFO] [stderr]   STARTING A FULL BUILD
[INFO] [stderr]   cargo:rerun-if-env-changed=SKIA_USE_SYSTEM_LIBRARIES
[INFO] [stderr]   cargo:rerun-if-env-changed=SDKROOT
[INFO] [stderr]   cargo:rerun-if-env-changed=SKIA_NINJA_COMMAND
[INFO] [stderr]   cargo:rerun-if-env-changed=SKIA_GN_COMMAND
[INFO] [stderr]   Probing 'python'
[INFO] [stderr]   Probing 'python2'
[INFO] [stderr]   Python 2 found: "python2"
[INFO] [stderr]   Synchronizing Skia dependencies
[INFO] [stderr]   DOWNLOADING: https://codeload.github.com/rust-skia/skia/tar.gz/m91-0.39.3
[INFO] [stderr] 
[INFO] [stderr]   --- stderr
[INFO] [stderr]   thread 'main' panicked at /opt/rustwide/cargo-home/registry/src/index.crates.io-6f17d22bba15001f/skia-bindings-0.40.0/build_support/skia.rs:1433:39:
[INFO] [stderr]   Failed to download https://codeload.github.com/rust-skia/skia/tar.gz/m91-0.39.3 (https://codeload.github.com/rust-skia/skia/tar.gz/m91-0.39.3: Dns Failed: failed to lookup address information: Temporary failure in name resolution)
[INFO] [stderr]   stack backtrace:
[INFO] [stderr]      0:     0x55eaf389b556 - std::backtrace_rs::backtrace::libunwind::trace::heebc7766b165eb2a
[INFO] [stderr]                                  at /rustc/268dbbbc4b3fd71c5f360a4d0728295252430b5b/library/std/src/../../backtrace/src/backtrace/libunwind.rs:104:5
[INFO] [stderr]      1:     0x55eaf389b556 - std::backtrace_rs::backtrace::trace_unsynchronized::ha677020d8fc0296d
[INFO] [stderr]                                  at /rustc/268dbbbc4b3fd71c5f360a4d0728295252430b5b/library/std/src/../../backtrace/src/backtrace/mod.rs:66:5
[INFO] [stderr]      2:     0x55eaf389b556 - std::sys_common::backtrace::_print_fmt::hcaff2fd86a1aeaa3
[INFO] [stderr]                                  at /rustc/268dbbbc4b3fd71c5f360a4d0728295252430b5b/library/std/src/sys_common/backtrace.rs:68:5
[INFO] [stderr]      3:     0x55eaf389b556 - <std::sys_common::backtrace::_print::DisplayBacktrace as core::fmt::Display>::fmt::hc2446d8aa0059188
[INFO] [stderr]                                  at /rustc/268dbbbc4b3fd71c5f360a4d0728295252430b5b/library/std/src/sys_common/backtrace.rs:44:22
[INFO] [stderr]      4:     0x55eaf38cb180 - core::fmt::rt::Argument::fmt::h2fbb6454da37999b
[INFO] [stderr]                                  at /rustc/268dbbbc4b3fd71c5f360a4d0728295252430b5b/library/core/src/fmt/rt.rs:142:9
[INFO] [stderr]      5:     0x55eaf38cb180 - core::fmt::write::had96bdeda7d49d3a
[INFO] [stderr]                                  at /rustc/268dbbbc4b3fd71c5f360a4d0728295252430b5b/library/core/src/fmt/mod.rs:1120:17
[INFO] [stderr]      6:     0x55eaf389717f - std::io::Write::write_fmt::h30b1f36eea05b391
[INFO] [stderr]                                  at /rustc/268dbbbc4b3fd71c5f360a4d0728295252430b5b/library/std/src/io/mod.rs:1849:15
[INFO] [stderr]      7:     0x55eaf389b334 - std::sys_common::backtrace::_print::hc333bb91ae972137
[INFO] [stderr]                                  at /rustc/268dbbbc4b3fd71c5f360a4d0728295252430b5b/library/std/src/sys_common/backtrace.rs:47:5
[INFO] [stderr]      8:     0x55eaf389b334 - std::sys_common::backtrace::print::h18fd3c71a95a3169
[INFO] [stderr]                                  at /rustc/268dbbbc4b3fd71c5f360a4d0728295252430b5b/library/std/src/sys_common/backtrace.rs:34:9
[INFO] [stderr]      9:     0x55eaf389d5c7 - std::panicking::default_hook::{{closure}}::ha3473f9bcb4e9a37
[INFO] [stderr]     10:     0x55eaf389d329 - std::panicking::default_hook::h23d9d43185db6584
[INFO] [stderr]                                  at /rustc/268dbbbc4b3fd71c5f360a4d0728295252430b5b/library/std/src/panicking.rs:292:9
[INFO] [stderr]     11:     0x55eaf389da58 - std::panicking::rust_panic_with_hook::h94aceaa7df3a6edd
[INFO] [stderr]                                  at /rustc/268dbbbc4b3fd71c5f360a4d0728295252430b5b/library/std/src/panicking.rs:781:13
[INFO] [stderr]     12:     0x55eaf389d932 - std::panicking::begin_panic_handler::{{closure}}::h9905d45d1d82fc42
[INFO] [stderr]                                  at /rustc/268dbbbc4b3fd71c5f360a4d0728295252430b5b/library/std/src/panicking.rs:659:13
[INFO] [stderr]     13:     0x55eaf389ba56 - std::sys_common::backtrace::__rust_end_short_backtrace::hb02085545dc143b9
[INFO] [stderr]                                  at /rustc/268dbbbc4b3fd71c5f360a4d0728295252430b5b/library/std/src/sys_common/backtrace.rs:171:18
[INFO] [stderr]     14:     0x55eaf389d684 - rust_begin_unwind
[INFO] [stderr]                                  at /rustc/268dbbbc4b3fd71c5f360a4d0728295252430b5b/library/std/src/panicking.rs:647:5
[INFO] [stderr]     15:     0x55eaf31e6205 - core::panicking::panic_fmt::h6dca3983f8a9f4d0
[INFO] [stderr]                                  at /rustc/268dbbbc4b3fd71c5f360a4d0728295252430b5b/library/core/src/panicking.rs:72:14
[INFO] [stderr]     16:     0x55eaf31fe6e5 - build_script_build::build_support::skia::prerequisites::download_dependencies::{{closure}}::h3cf1221fab3cb24d
[INFO] [stderr]     17:     0x55eaf32016f0 - core::result::Result<T,E>::unwrap_or_else::h46b03537e3ce5281
[INFO] [stderr]     18:     0x55eaf31fdcf6 - build_script_build::build_support::skia::prerequisites::download_dependencies::hdfc59f4be5437b33
[INFO] [stderr]     19:     0x55eaf31fd34c - build_script_build::build_support::skia::prerequisites::resolve_dependencies::h0987e52e4d0b6cb3
[INFO] [stderr]     20:     0x55eaf3218670 - build_script_build::build_support::skia::build::h9876adfe74e20369
[INFO] [stderr]     21:     0x55eaf3211d7d - build_script_build::main::hc67ef497afde1f43
[INFO] [stderr]     22:     0x55eaf31fff23 - core::ops::function::FnOnce::call_once::h8daf0ac64e8d6052
[INFO] [stderr]     23:     0x55eaf31ff406 - std::sys_common::backtrace::__rust_begin_short_backtrace::hdb16ceec3c14a488
[INFO] [stderr]     24:     0x55eaf31ffd09 - std::rt::lang_start::{{closure}}::h3b5aa7bdf1feb5ee
[INFO] [stderr]     25:     0x55eaf3891941 - core::ops::function::impls::<impl core::ops::function::FnOnce<A> for &F>::call_once::h298d8ff12ebcec8c
[INFO] [stderr]                                  at /rustc/268dbbbc4b3fd71c5f360a4d0728295252430b5b/library/core/src/ops/function.rs:284:13
[INFO] [stderr]     26:     0x55eaf3891941 - std::panicking::try::do_call::hbd0ffb05da5bd343
[INFO] [stderr]                                  at /rustc/268dbbbc4b3fd71c5f360a4d0728295252430b5b/library/std/src/panicking.rs:554:40
[INFO] [stderr]     27:     0x55eaf3891941 - std::panicking::try::h11c9a152defd5d2a
[INFO] [stderr]                                  at /rustc/268dbbbc4b3fd71c5f360a4d0728295252430b5b/library/std/src/panicking.rs:518:19
[INFO] [stderr]     28:     0x55eaf3891941 - std::panic::catch_unwind::h0d6db2fa902b4d64
[INFO] [stderr]                                  at /rustc/268dbbbc4b3fd71c5f360a4d0728295252430b5b/library/std/src/panic.rs:142:14
[INFO] [stderr]     29:     0x55eaf3891941 - std::rt::lang_start_internal::{{closure}}::hdcc09b4aad7ef821
[INFO] [stderr]                                  at /rustc/268dbbbc4b3fd71c5f360a4d0728295252430b5b/library/std/src/rt.rs:148:48
[INFO] [stderr]     30:     0x55eaf3891941 - std::panicking::try::do_call::h3ffd2f162d60900f
[INFO] [stderr]                                  at /rustc/268dbbbc4b3fd71c5f360a4d0728295252430b5b/library/std/src/panicking.rs:554:40
[INFO] [stderr]     31:     0x55eaf3891941 - std::panicking::try::heeba82b9c3e190fb
[INFO] [stderr]                                  at /rustc/268dbbbc4b3fd71c5f360a4d0728295252430b5b/library/std/src/panicking.rs:518:19
[INFO] [stderr]     32:     0x55eaf3891941 - std::panic::catch_unwind::hdaab8f1c188f387f
[INFO] [stderr]                                  at /rustc/268dbbbc4b3fd71c5f360a4d0728295252430b5b/library/std/src/panic.rs:142:14
[INFO] [stderr]     33:     0x55eaf3891941 - std::rt::lang_start_internal::h9989e088c48b7903
[INFO] [stderr]                                  at /rustc/268dbbbc4b3fd71c5f360a4d0728295252430b5b/library/std/src/rt.rs:148:20
[INFO] [stderr]     34:     0x55eaf31ffce7 - std::rt::lang_start::h244769198678be11
[INFO] [stderr]     35:     0x55eaf3212a15 - main
[INFO] [stderr]     36:     0x7f0fa2599d90 - <unknown>
[INFO] [stderr]     37:     0x7f0fa2599e40 - __libc_start_main
[INFO] [stderr]     38:     0x55eaf31e6ae5 - _start
[INFO] [stderr]     39:                0x0 - <unknown>
[INFO] [stderr] warning: build failed, waiting for other jobs to finish...
[INFO] running `Command { std: "docker" "inspect" "ee9ed702c042a982c8fbeb7675255f379785705b00f0c028c0d40f49fe94926c", kill_on_drop: false }`
[INFO] running `Command { std: "docker" "rm" "-f" "ee9ed702c042a982c8fbeb7675255f379785705b00f0c028c0d40f49fe94926c", kill_on_drop: false }`
[INFO] [stdout] ee9ed702c042a982c8fbeb7675255f379785705b00f0c028c0d40f49fe94926c
[INFO] checking fonttools_cli-0.1.0 against nightly-2024-02-05+rustflags=-Dunexpected_cfgs+cargoflags=-Zcheck-cfg for check-cfg
[INFO] extracting crate fonttools_cli 0.1.0 into /workspace/builds/worker-1-tc2/source
[INFO] validating manifest of crates.io crate fonttools_cli 0.1.0 on toolchain nightly-2024-02-05
[INFO] running `Command { std: CARGO_HOME="/workspace/cargo-home" RUSTUP_HOME="/workspace/rustup-home" "/workspace/cargo-home/bin/cargo" "+nightly-2024-02-05" "metadata" "--manifest-path" "Cargo.toml" "--no-deps", kill_on_drop: false }`
[INFO] started tweaking crates.io crate fonttools_cli 0.1.0
[INFO] finished tweaking crates.io crate fonttools_cli 0.1.0
[INFO] tweaked toml for crates.io crate fonttools_cli 0.1.0 written to /workspace/builds/worker-1-tc2/source/Cargo.toml
[INFO] crate crates.io crate fonttools_cli 0.1.0 already has a lockfile, it will not be regenerated
[INFO] running `Command { std: CARGO_HOME="/workspace/cargo-home" RUSTUP_HOME="/workspace/rustup-home" "/workspace/cargo-home/bin/cargo" "+nightly-2024-02-05" "fetch" "--manifest-path" "Cargo.toml", kill_on_drop: false }`
[INFO] running `Command { std: "docker" "create" "-v" "/var/lib/crater-agent-workspace/builds/worker-1-tc2/target:/opt/rustwide/target:rw,Z" "-v" "/var/lib/crater-agent-workspace/builds/worker-1-tc2/source:/opt/rustwide/workdir:ro,Z" "-v" "/var/lib/crater-agent-workspace/cargo-home:/opt/rustwide/cargo-home:ro,Z" "-v" "/var/lib/crater-agent-workspace/rustup-home:/opt/rustwide/rustup-home:ro,Z" "-e" "SOURCE_DIR=/opt/rustwide/workdir" "-e" "CARGO_TARGET_DIR=/opt/rustwide/target" "-e" "CARGO_HOME=/opt/rustwide/cargo-home" "-e" "RUSTUP_HOME=/opt/rustwide/rustup-home" "-w" "/opt/rustwide/workdir" "-m" "1610612736" "--user" "0:0" "--network" "none" "ghcr.io/rust-lang/crates-build-env/linux@sha256:2788e3201cd34a07e3172128adcd8b3090168a8e3bcc40d7c032b9dda1df7d1c" "/opt/rustwide/cargo-home/bin/cargo" "+nightly-2024-02-05" "metadata" "--no-deps" "--format-version=1", kill_on_drop: false }`
[INFO] [stdout] 62c099424273616cad0600ea5baeb4f6ae51f36384982f7ebc538a19fc841e08
[INFO] running `Command { std: "docker" "start" "-a" "62c099424273616cad0600ea5baeb4f6ae51f36384982f7ebc538a19fc841e08", kill_on_drop: false }`
[INFO] running `Command { std: "docker" "inspect" "62c099424273616cad0600ea5baeb4f6ae51f36384982f7ebc538a19fc841e08", kill_on_drop: false }`
[INFO] running `Command { std: "docker" "rm" "-f" "62c099424273616cad0600ea5baeb4f6ae51f36384982f7ebc538a19fc841e08", kill_on_drop: false }`
[INFO] [stdout] 62c099424273616cad0600ea5baeb4f6ae51f36384982f7ebc538a19fc841e08
[INFO] running `Command { std: "docker" "create" "-v" "/var/lib/crater-agent-workspace/builds/worker-1-tc2/target:/opt/rustwide/target:rw,Z" "-v" "/var/lib/crater-agent-workspace/builds/worker-1-tc2/source:/opt/rustwide/workdir:ro,Z" "-v" "/var/lib/crater-agent-workspace/cargo-home:/opt/rustwide/cargo-home:ro,Z" "-v" "/var/lib/crater-agent-workspace/rustup-home:/opt/rustwide/rustup-home:ro,Z" "-e" "SOURCE_DIR=/opt/rustwide/workdir" "-e" "CARGO_TARGET_DIR=/opt/rustwide/target" "-e" "CARGO_INCREMENTAL=0" "-e" "RUST_BACKTRACE=full" "-e" "RUSTFLAGS=--cap-lints=forbid -Dunexpected_cfgs" "-e" "RUSTDOCFLAGS=--cap-lints=forbid" "-e" "CARGO_HOME=/opt/rustwide/cargo-home" "-e" "RUSTUP_HOME=/opt/rustwide/rustup-home" "-w" "/opt/rustwide/workdir" "-m" "1610612736" "--user" "0:0" "--network" "none" "ghcr.io/rust-lang/crates-build-env/linux@sha256:2788e3201cd34a07e3172128adcd8b3090168a8e3bcc40d7c032b9dda1df7d1c" "/opt/rustwide/cargo-home/bin/cargo" "+nightly-2024-02-05" "check" "--frozen" "--all" "--all-targets" "--message-format=json" "-Zcheck-cfg", kill_on_drop: false }`
[INFO] [stdout] ac22a15940eb09762aa3bd5365ad5c84916f267ab8019e7c267a80c69d4ea976
[INFO] running `Command { std: "docker" "start" "-a" "ac22a15940eb09762aa3bd5365ad5c84916f267ab8019e7c267a80c69d4ea976", kill_on_drop: false }`
[INFO] [stderr]    Compiling libc v0.2.96
[INFO] [stderr]    Compiling autocfg v1.0.1
[INFO] [stderr]    Compiling memchr v2.4.0
[INFO] [stderr]    Compiling cfg-if v1.0.0
[INFO] [stderr]    Compiling log v0.4.14
[INFO] [stderr]    Compiling proc-macro2 v1.0.27
[INFO] [stderr]    Compiling cc v1.0.68
[INFO] [stderr]    Compiling unicode-xid v0.2.2
[INFO] [stderr]    Compiling once_cell v1.7.2
[INFO] [stderr]    Compiling spin v0.5.2
[INFO] [stderr]    Compiling untrusted v0.7.1
[INFO] [stderr]    Compiling glob v0.3.0
[INFO] [stderr]    Compiling version_check v0.9.3
[INFO] [stderr]    Compiling matches v0.1.8
[INFO] [stderr]    Compiling tinyvec_macros v0.1.0
[INFO] [stderr]    Compiling bitflags v1.2.1
[INFO] [stderr]    Compiling crossbeam-utils v0.8.5
[INFO] [stderr]    Compiling tinyvec v1.2.0
[INFO] [stderr]    Compiling serde v1.0.126
[INFO] [stderr]    Compiling unicode-bidi v0.3.5
[INFO] [stderr]    Compiling crc32fast v1.2.1
[INFO] [stderr]    Compiling percent-encoding v2.1.0
[INFO] [stderr]     Checking encoding_index_tests v0.1.4
[INFO] [stderr]    Compiling unicode-width v0.1.8
[INFO] [stderr]    Compiling crossbeam-epoch v0.9.5
[INFO] [stderr]    Compiling ryu v1.0.5
[INFO] [stderr]    Compiling regex-syntax v0.6.25
[INFO] [stderr]    Compiling nom v5.1.2
[INFO] [stderr]    Compiling memoffset v0.6.4
[INFO] [stderr]    Compiling num-traits v0.2.14
[INFO] [stderr]    Compiling clang-sys v1.0.1
[INFO] [stderr]    Compiling miniz_oxide v0.4.4
[INFO] [stderr]    Compiling textwrap v0.11.0
[INFO] [stderr]    Compiling form_urlencoded v1.0.1
[INFO] [stderr]    Compiling libloading v0.6.7
[INFO] [stderr]    Compiling ansi_term v0.11.0
[INFO] [stderr]    Compiling rayon-core v1.9.1
[INFO] [stderr]    Compiling quote v1.0.9
[INFO] [stderr]    Compiling aho-corasick v0.7.18
[INFO] [stderr]    Compiling syn v1.0.73
[INFO] [stderr]    Compiling termcolor v1.1.2
[INFO] [stderr]    Compiling adler v1.0.2
[INFO] [stderr]    Compiling base64 v0.13.0
[INFO] [stderr]    Compiling strsim v0.8.0
[INFO] [stderr]    Compiling unicode-normalization v0.1.19
[INFO] [stderr]     Checking scopeguard v1.1.0
[INFO] [stderr]    Compiling atty v0.2.14
[INFO] [stderr]    Compiling vec_map v0.8.2
[INFO] [stderr]    Compiling serde_json v1.0.64
[INFO] [stderr]    Compiling bindgen v0.58.1
[INFO] [stderr]    Compiling humantime v2.1.0
[INFO] [stderr]    Compiling which v3.1.1
[INFO] [stderr]    Compiling clap v2.33.3
[INFO] [stderr]    Compiling filetime v0.2.14
[INFO] [stderr]    Compiling xattr v0.2.2
[INFO] [stderr]    Compiling ring v0.16.20
[INFO] [stderr]    Compiling num-integer v0.1.44
[INFO] [stderr]    Compiling unicode-segmentation v1.7.1
[INFO] [stderr]    Compiling itoa v0.4.7
[INFO] [stderr]    Compiling chunked_transfer v1.4.0
[INFO] [stderr]    Compiling shlex v1.0.0
[INFO] [stderr]    Compiling idna v0.2.3
[INFO] [stderr]    Compiling az v1.1.1
[INFO] [stderr]    Compiling lazy_static v1.4.0
[INFO] [stderr]    Compiling typenum v1.13.0
[INFO] [stderr]    Compiling lazycell v1.3.0
[INFO] [stderr]    Compiling peeking_take_while v0.1.2
[INFO] [stderr]    Compiling rustc-hash v1.1.0
[INFO] [stderr]    Compiling flate2 v1.0.20
[INFO] [stderr]    Compiling heck v0.3.3
[INFO] [stderr]    Compiling tar v0.4.35
[INFO] [stderr]     Checking crossbeam-deque v0.8.0
[INFO] [stderr]    Compiling url v2.2.2
[INFO] [stderr]     Checking num_cpus v1.13.0
[INFO] [stderr]     Checking crossbeam-channel v0.5.1
[INFO] [stderr]    Compiling rayon v1.5.1
[INFO] [stderr]    Compiling either v1.6.1
[INFO] [stderr]    Compiling regex v1.5.4
[INFO] [stderr]    Compiling cexpr v0.4.0
[INFO] [stderr]    Compiling fixed v1.9.0
[INFO] [stderr]    Compiling itertools v0.8.2
[INFO] [stderr]     Checking time v0.1.44
[INFO] [stderr]     Checking half v1.7.1
[INFO] [stderr]     Checking bytemuck v1.5.1
[INFO] [stderr]     Checking chrono v0.4.19
[INFO] [stderr]     Checking terminal_size v0.1.17
[INFO] [stderr]     Checking encoding-index-simpchinese v1.20141219.5
[INFO] [stderr]     Checking encoding-index-singlebyte v1.20141219.5
[INFO] [stderr]     Checking encoding-index-tradchinese v1.20141219.5
[INFO] [stderr]     Checking encoding-index-korean v1.20141219.5
[INFO] [stderr]    Compiling env_logger v0.8.3
[INFO] [stderr]     Checking encoding-index-japanese v1.20141219.5
[INFO] [stderr]     Checking arrayvec v0.5.2
[INFO] [stderr]    Compiling toml v0.5.8
[INFO] [stderr]     Checking encoding v0.2.33
[INFO] [stderr]     Checking console v0.14.1
[INFO] [stderr]     Checking kurbo v0.8.1
[INFO] [stderr]     Checking itertools v0.10.1
[INFO] [stderr]     Checking counter v0.5.2
[INFO] [stderr]     Checking permutation v0.2.5
[INFO] [stderr]     Checking number_prefix v0.4.0
[INFO] [stderr]     Checking indicatif v0.16.2
[INFO] [stderr]    Compiling webpki v0.21.4
[INFO] [stderr]    Compiling sct v0.6.1
[INFO] [stderr]    Compiling rustls v0.19.1
[INFO] [stderr]    Compiling webpki-roots v0.21.1
[INFO] [stderr]    Compiling shrinkwraprs v0.3.0
[INFO] [stderr]    Compiling otspec_macros v0.1.0
[INFO] [stderr]    Compiling ureq v2.1.1
[INFO] [stderr]    Compiling skia-bindings v0.40.0
[INFO] [stderr] error: failed to run custom build command for `skia-bindings v0.40.0`
[INFO] [stderr] note: To improve backtraces for build dependencies, set the CARGO_PROFILE_DEV_BUILD_OVERRIDE_DEBUG=true environment variable to enable debug information generation.
[INFO] [stderr] 
[INFO] [stderr] Caused by:
[INFO] [stderr]   process didn't exit successfully: `/opt/rustwide/target/debug/build/skia-bindings-3ea7b410a1b4e480/build-script-build` (exit status: 101)
[INFO] [stderr]   --- stdout
[INFO] [stderr]   cargo:rerun-if-env-changed=SKIA_DEBUG
[INFO] [stderr]   HOST: x86_64-unknown-linux-gnu
[INFO] [stderr]   cargo:rerun-if-env-changed=OPT_LEVEL
[INFO] [stderr]   cargo:rerun-if-env-changed=CC
[INFO] [stderr]   cargo:rerun-if-env-changed=CXX
[INFO] [stderr]   cargo:rerun-if-env-changed=SKIA_SOURCE_DIR
[INFO] [stderr]   cargo:rerun-if-env-changed=FORCE_SKIA_BUILD
[INFO] [stderr]   cargo:rerun-if-env-changed=FORCE_SKIA_BINARIES_DOWNLOAD
[INFO] [stderr]   TRYING TO DOWNLOAD AND INSTALL SKIA BINARIES: 0.40.0/dc35ab74b8ddf0b3849c-x86_64-unknown-linux-gnu
[INFO] [stderr]   cargo:rerun-if-env-changed=SKIA_BINARIES_URL
[INFO] [stderr]     FROM: https://github.com/rust-skia/skia-binaries/releases/download/0.40.0/skia-binaries-dc35ab74b8ddf0b3849c-x86_64-unknown-linux-gnu.tar.gz
[INFO] [stderr]   DOWNLOAD AND INSTALL FAILED: https://github.com/rust-skia/skia-binaries/releases/download/0.40.0/skia-binaries-dc35ab74b8ddf0b3849c-x86_64-unknown-linux-gnu.tar.gz: Dns Failed: failed to lookup address information: Temporary failure in name resolution
[INFO] [stderr]   STARTING A FULL BUILD
[INFO] [stderr]   cargo:rerun-if-env-changed=SKIA_USE_SYSTEM_LIBRARIES
[INFO] [stderr]   cargo:rerun-if-env-changed=SDKROOT
[INFO] [stderr]   cargo:rerun-if-env-changed=SKIA_NINJA_COMMAND
[INFO] [stderr]   cargo:rerun-if-env-changed=SKIA_GN_COMMAND
[INFO] [stderr]   Probing 'python'
[INFO] [stderr]   Probing 'python2'
[INFO] [stderr]   Python 2 found: "python2"
[INFO] [stderr]   Synchronizing Skia dependencies
[INFO] [stderr]   DOWNLOADING: https://codeload.github.com/rust-skia/skia/tar.gz/m91-0.39.3
[INFO] [stderr] 
[INFO] [stderr]   --- stderr
[INFO] [stderr]   thread 'main' panicked at /opt/rustwide/cargo-home/registry/src/index.crates.io-6f17d22bba15001f/skia-bindings-0.40.0/build_support/skia.rs:1433:39:
[INFO] [stderr]   Failed to download https://codeload.github.com/rust-skia/skia/tar.gz/m91-0.39.3 (https://codeload.github.com/rust-skia/skia/tar.gz/m91-0.39.3: Dns Failed: failed to lookup address information: Temporary failure in name resolution)
[INFO] [stderr]   stack backtrace:
[INFO] [stderr]      0:     0x55fcbea9a556 - std::backtrace_rs::backtrace::libunwind::trace::heebc7766b165eb2a
[INFO] [stderr]                                  at /rustc/268dbbbc4b3fd71c5f360a4d0728295252430b5b/library/std/src/../../backtrace/src/backtrace/libunwind.rs:104:5
[INFO] [stderr]      1:     0x55fcbea9a556 - std::backtrace_rs::backtrace::trace_unsynchronized::ha677020d8fc0296d
[INFO] [stderr]                                  at /rustc/268dbbbc4b3fd71c5f360a4d0728295252430b5b/library/std/src/../../backtrace/src/backtrace/mod.rs:66:5
[INFO] [stderr]      2:     0x55fcbea9a556 - std::sys_common::backtrace::_print_fmt::hcaff2fd86a1aeaa3
[INFO] [stderr]                                  at /rustc/268dbbbc4b3fd71c5f360a4d0728295252430b5b/library/std/src/sys_common/backtrace.rs:68:5
[INFO] [stderr]      3:     0x55fcbea9a556 - <std::sys_common::backtrace::_print::DisplayBacktrace as core::fmt::Display>::fmt::hc2446d8aa0059188
[INFO] [stderr]                                  at /rustc/268dbbbc4b3fd71c5f360a4d0728295252430b5b/library/std/src/sys_common/backtrace.rs:44:22
[INFO] [stderr]      4:     0x55fcbeaca180 - core::fmt::rt::Argument::fmt::h2fbb6454da37999b
[INFO] [stderr]                                  at /rustc/268dbbbc4b3fd71c5f360a4d0728295252430b5b/library/core/src/fmt/rt.rs:142:9
[INFO] [stderr]      5:     0x55fcbeaca180 - core::fmt::write::had96bdeda7d49d3a
[INFO] [stderr]                                  at /rustc/268dbbbc4b3fd71c5f360a4d0728295252430b5b/library/core/src/fmt/mod.rs:1120:17
[INFO] [stderr]      6:     0x55fcbea9617f - std::io::Write::write_fmt::h30b1f36eea05b391
[INFO] [stderr]                                  at /rustc/268dbbbc4b3fd71c5f360a4d0728295252430b5b/library/std/src/io/mod.rs:1849:15
[INFO] [stderr]      7:     0x55fcbea9a334 - std::sys_common::backtrace::_print::hc333bb91ae972137
[INFO] [stderr]                                  at /rustc/268dbbbc4b3fd71c5f360a4d0728295252430b5b/library/std/src/sys_common/backtrace.rs:47:5
[INFO] [stderr]      8:     0x55fcbea9a334 - std::sys_common::backtrace::print::h18fd3c71a95a3169
[INFO] [stderr]                                  at /rustc/268dbbbc4b3fd71c5f360a4d0728295252430b5b/library/std/src/sys_common/backtrace.rs:34:9
[INFO] [stderr]      9:     0x55fcbea9c5c7 - std::panicking::default_hook::{{closure}}::ha3473f9bcb4e9a37
[INFO] [stderr]     10:     0x55fcbea9c329 - std::panicking::default_hook::h23d9d43185db6584
[INFO] [stderr]                                  at /rustc/268dbbbc4b3fd71c5f360a4d0728295252430b5b/library/std/src/panicking.rs:292:9
[INFO] [stderr]     11:     0x55fcbea9ca58 - std::panicking::rust_panic_with_hook::h94aceaa7df3a6edd
[INFO] [stderr]                                  at /rustc/268dbbbc4b3fd71c5f360a4d0728295252430b5b/library/std/src/panicking.rs:781:13
[INFO] [stderr]     12:     0x55fcbea9c932 - std::panicking::begin_panic_handler::{{closure}}::h9905d45d1d82fc42
[INFO] [stderr]                                  at /rustc/268dbbbc4b3fd71c5f360a4d0728295252430b5b/library/std/src/panicking.rs:659:13
[INFO] [stderr]     13:     0x55fcbea9aa56 - std::sys_common::backtrace::__rust_end_short_backtrace::hb02085545dc143b9
[INFO] [stderr]                                  at /rustc/268dbbbc4b3fd71c5f360a4d0728295252430b5b/library/std/src/sys_common/backtrace.rs:171:18
[INFO] [stderr]     14:     0x55fcbea9c684 - rust_begin_unwind
[INFO] [stderr]                                  at /rustc/268dbbbc4b3fd71c5f360a4d0728295252430b5b/library/std/src/panicking.rs:647:5
[INFO] [stderr]     15:     0x55fcbe3e5205 - core::panicking::panic_fmt::h6dca3983f8a9f4d0
[INFO] [stderr]                                  at /rustc/268dbbbc4b3fd71c5f360a4d0728295252430b5b/library/core/src/panicking.rs:72:14
[INFO] [stderr]     16:     0x55fcbe3fd6e5 - build_script_build::build_support::skia::prerequisites::download_dependencies::{{closure}}::h3cf1221fab3cb24d
[INFO] [stderr]     17:     0x55fcbe4006f0 - core::result::Result<T,E>::unwrap_or_else::h46b03537e3ce5281
[INFO] [stderr]     18:     0x55fcbe3fccf6 - build_script_build::build_support::skia::prerequisites::download_dependencies::hdfc59f4be5437b33
[INFO] [stderr]     19:     0x55fcbe3fc34c - build_script_build::build_support::skia::prerequisites::resolve_dependencies::h0987e52e4d0b6cb3
[INFO] [stderr]     20:     0x55fcbe417670 - build_script_build::build_support::skia::build::h9876adfe74e20369
[INFO] [stderr]     21:     0x55fcbe410d7d - build_script_build::main::hc67ef497afde1f43
[INFO] [stderr]     22:     0x55fcbe3fef23 - core::ops::function::FnOnce::call_once::h8daf0ac64e8d6052
[INFO] [stderr]     23:     0x55fcbe3fe406 - std::sys_common::backtrace::__rust_begin_short_backtrace::hdb16ceec3c14a488
[INFO] [stderr]     24:     0x55fcbe3fed09 - std::rt::lang_start::{{closure}}::h3b5aa7bdf1feb5ee
[INFO] [stderr]     25:     0x55fcbea90941 - core::ops::function::impls::<impl core::ops::function::FnOnce<A> for &F>::call_once::h298d8ff12ebcec8c
[INFO] [stderr]                                  at /rustc/268dbbbc4b3fd71c5f360a4d0728295252430b5b/library/core/src/ops/function.rs:284:13
[INFO] [stderr]     26:     0x55fcbea90941 - std::panicking::try::do_call::hbd0ffb05da5bd343
[INFO] [stderr]                                  at /rustc/268dbbbc4b3fd71c5f360a4d0728295252430b5b/library/std/src/panicking.rs:554:40
[INFO] [stderr]     27:     0x55fcbea90941 - std::panicking::try::h11c9a152defd5d2a
[INFO] [stderr]                                  at /rustc/268dbbbc4b3fd71c5f360a4d0728295252430b5b/library/std/src/panicking.rs:518:19
[INFO] [stderr]     28:     0x55fcbea90941 - std::panic::catch_unwind::h0d6db2fa902b4d64
[INFO] [stderr]                                  at /rustc/268dbbbc4b3fd71c5f360a4d0728295252430b5b/library/std/src/panic.rs:142:14
[INFO] [stderr]     29:     0x55fcbea90941 - std::rt::lang_start_internal::{{closure}}::hdcc09b4aad7ef821
[INFO] [stderr]                                  at /rustc/268dbbbc4b3fd71c5f360a4d0728295252430b5b/library/std/src/rt.rs:148:48
[INFO] [stderr]     30:     0x55fcbea90941 - std::panicking::try::do_call::h3ffd2f162d60900f
[INFO] [stderr]                                  at /rustc/268dbbbc4b3fd71c5f360a4d0728295252430b5b/library/std/src/panicking.rs:554:40
[INFO] [stderr]     31:     0x55fcbea90941 - std::panicking::try::heeba82b9c3e190fb
[INFO] [stderr]                                  at /rustc/268dbbbc4b3fd71c5f360a4d0728295252430b5b/library/std/src/panicking.rs:518:19
[INFO] [stderr]     32:     0x55fcbea90941 - std::panic::catch_unwind::hdaab8f1c188f387f
[INFO] [stderr]                                  at /rustc/268dbbbc4b3fd71c5f360a4d0728295252430b5b/library/std/src/panic.rs:142:14
[INFO] [stderr]     33:     0x55fcbea90941 - std::rt::lang_start_internal::h9989e088c48b7903
[INFO] [stderr]                                  at /rustc/268dbbbc4b3fd71c5f360a4d0728295252430b5b/library/std/src/rt.rs:148:20
[INFO] [stderr]     34:     0x55fcbe3fece7 - std::rt::lang_start::h244769198678be11
[INFO] [stderr]     35:     0x55fcbe411a15 - main
[INFO] [stderr]     36:     0x7f5cba5e0d90 - <unknown>
[INFO] [stderr]     37:     0x7f5cba5e0e40 - __libc_start_main
[INFO] [stderr]     38:     0x55fcbe3e5ae5 - _start
[INFO] [stderr]     39:                0x0 - <unknown>
[INFO] [stderr] warning: build failed, waiting for other jobs to finish...
[INFO] running `Command { std: "docker" "inspect" "ac22a15940eb09762aa3bd5365ad5c84916f267ab8019e7c267a80c69d4ea976", kill_on_drop: false }`
[INFO] running `Command { std: "docker" "rm" "-f" "ac22a15940eb09762aa3bd5365ad5c84916f267ab8019e7c267a80c69d4ea976", kill_on_drop: false }`
[INFO] [stdout] ac22a15940eb09762aa3bd5365ad5c84916f267ab8019e7c267a80c69d4ea976
