[INFO] fetching crate font 0.25.0...
[INFO] checking font-0.25.0 against nightly-2024-02-05 for check-cfg
[INFO] extracting crate font 0.25.0 into /workspace/builds/worker-1-tc1/source
[INFO] validating manifest of crates.io crate font 0.25.0 on toolchain nightly-2024-02-05
[INFO] running `Command { std: CARGO_HOME="/workspace/cargo-home" RUSTUP_HOME="/workspace/rustup-home" "/workspace/cargo-home/bin/cargo" "+nightly-2024-02-05" "metadata" "--manifest-path" "Cargo.toml" "--no-deps", kill_on_drop: false }`
[INFO] started tweaking crates.io crate font 0.25.0
[INFO] finished tweaking crates.io crate font 0.25.0
[INFO] tweaked toml for crates.io crate font 0.25.0 written to /workspace/builds/worker-1-tc1/source/Cargo.toml
[INFO] running `Command { std: CARGO_HOME="/workspace/cargo-home" RUSTUP_HOME="/workspace/rustup-home" "/workspace/cargo-home/bin/cargo" "+nightly-2024-02-05" "generate-lockfile" "--manifest-path" "Cargo.toml", kill_on_drop: false }`
[INFO] [stderr]     Updating crates.io index
[INFO] running `Command { std: CARGO_HOME="/workspace/cargo-home" RUSTUP_HOME="/workspace/rustup-home" "/workspace/cargo-home/bin/cargo" "+nightly-2024-02-05" "fetch" "--manifest-path" "Cargo.toml", kill_on_drop: false }`
[INFO] [stderr]     Blocking waiting for file lock on package cache
[INFO] [stderr]  Downloading crates ...
[INFO] [stderr]   Downloaded typeface v0.4.1
[INFO] [stderr]   Downloaded truetype v0.43.5
[INFO] [stderr]   Downloaded typeface v0.3.6
[INFO] [stderr]   Downloaded postscript v0.17.5
[INFO] [stderr]   Downloaded opentype v0.29.8
[INFO] [stderr]   Downloaded webtype v0.7.0
[INFO] running `Command { std: "docker" "create" "-v" "/var/lib/crater-agent-workspace/builds/worker-1-tc1/target:/opt/rustwide/target:rw,Z" "-v" "/var/lib/crater-agent-workspace/builds/worker-1-tc1/source:/opt/rustwide/workdir:ro,Z" "-v" "/var/lib/crater-agent-workspace/cargo-home:/opt/rustwide/cargo-home:ro,Z" "-v" "/var/lib/crater-agent-workspace/rustup-home:/opt/rustwide/rustup-home:ro,Z" "-e" "SOURCE_DIR=/opt/rustwide/workdir" "-e" "CARGO_TARGET_DIR=/opt/rustwide/target" "-e" "CARGO_HOME=/opt/rustwide/cargo-home" "-e" "RUSTUP_HOME=/opt/rustwide/rustup-home" "-w" "/opt/rustwide/workdir" "-m" "1610612736" "--user" "0:0" "--network" "none" "ghcr.io/rust-lang/crates-build-env/linux@sha256:2788e3201cd34a07e3172128adcd8b3090168a8e3bcc40d7c032b9dda1df7d1c" "/opt/rustwide/cargo-home/bin/cargo" "+nightly-2024-02-05" "metadata" "--no-deps" "--format-version=1", kill_on_drop: false }`
[INFO] [stdout] 2b051aad22878f877a326049f537452e2dc76ef4bac42f1c619e33ea45c97734
[INFO] running `Command { std: "docker" "start" "-a" "2b051aad22878f877a326049f537452e2dc76ef4bac42f1c619e33ea45c97734", kill_on_drop: false }`
[INFO] running `Command { std: "docker" "inspect" "2b051aad22878f877a326049f537452e2dc76ef4bac42f1c619e33ea45c97734", kill_on_drop: false }`
[INFO] running `Command { std: "docker" "rm" "-f" "2b051aad22878f877a326049f537452e2dc76ef4bac42f1c619e33ea45c97734", kill_on_drop: false }`
[INFO] [stdout] 2b051aad22878f877a326049f537452e2dc76ef4bac42f1c619e33ea45c97734
[INFO] running `Command { std: "docker" "create" "-v" "/var/lib/crater-agent-workspace/builds/worker-1-tc1/target:/opt/rustwide/target:rw,Z" "-v" "/var/lib/crater-agent-workspace/builds/worker-1-tc1/source:/opt/rustwide/workdir:ro,Z" "-v" "/var/lib/crater-agent-workspace/cargo-home:/opt/rustwide/cargo-home:ro,Z" "-v" "/var/lib/crater-agent-workspace/rustup-home:/opt/rustwide/rustup-home:ro,Z" "-e" "SOURCE_DIR=/opt/rustwide/workdir" "-e" "CARGO_TARGET_DIR=/opt/rustwide/target" "-e" "CARGO_INCREMENTAL=0" "-e" "RUST_BACKTRACE=full" "-e" "RUSTFLAGS=--cap-lints=forbid" "-e" "RUSTDOCFLAGS=--cap-lints=forbid" "-e" "CARGO_HOME=/opt/rustwide/cargo-home" "-e" "RUSTUP_HOME=/opt/rustwide/rustup-home" "-w" "/opt/rustwide/workdir" "-m" "1610612736" "--user" "0:0" "--network" "none" "ghcr.io/rust-lang/crates-build-env/linux@sha256:2788e3201cd34a07e3172128adcd8b3090168a8e3bcc40d7c032b9dda1df7d1c" "/opt/rustwide/cargo-home/bin/cargo" "+nightly-2024-02-05" "check" "--frozen" "--all" "--all-targets" "--message-format=json", kill_on_drop: false }`
[INFO] [stdout] 123dab97621c09422ad7df6aff68e5914536f5d79bfb6a44c5a9c182a88ffce5
[INFO] running `Command { std: "docker" "start" "-a" "123dab97621c09422ad7df6aff68e5914536f5d79bfb6a44c5a9c182a88ffce5", kill_on_drop: false }`
[INFO] [stderr]     Checking typeface v0.3.6
[INFO] [stderr]     Checking alloc-no-stdlib v2.0.4
[INFO] [stderr]     Checking typeface v0.4.1
[INFO] [stderr]     Checking alloc-stdlib v0.2.2
[INFO] [stderr]     Checking postscript v0.17.5
[INFO] [stderr]     Checking truetype v0.43.5
[INFO] [stderr]     Checking brotli-decompressor v2.5.1
[INFO] [stderr]     Checking opentype v0.29.8
[INFO] [stdout] error[E0432]: unresolved import `typeface::Tape`
[INFO] [stdout]  --> /opt/rustwide/cargo-home/registry/src/index.crates.io-6f17d22bba15001f/opentype-0.29.8/src/table.rs:7:5
[INFO] [stdout]   |
[INFO] [stdout] 7 | use typeface::Tape;
[INFO] [stdout]   |     ^^^^^^^^^^^^^^ no `Tape` in the root
[INFO] [stdout]   |
[INFO] [stdout] help: a similar name exists in the module
[INFO] [stdout]   |
[INFO] [stdout] 7 | use typeface::tape;
[INFO] [stdout]   |               ~~~~
[INFO] [stdout] help: consider importing one of these items instead
[INFO] [stdout]   |
[INFO] [stdout] 7 | use crate::table::truetype::Tape;
[INFO] [stdout]   |     ~~~~~~~~~~~~~~~~~~~~~~~~~~~~
[INFO] [stdout] 7 | use postscript::Tape;
[INFO] [stdout]   |     ~~~~~~~~~~~~~~~~
[INFO] [stdout] 7 | use truetype::Tape;
[INFO] [stdout]   |     ~~~~~~~~~~~~~~
[INFO] [stdout] 
[INFO] [stdout] 
[INFO] [stdout] error[E0432]: unresolved imports `typeface::Tape`, `typeface::Value`, `typeface::Walue`
[INFO] [stdout]   --> /opt/rustwide/cargo-home/registry/src/index.crates.io-6f17d22bba15001f/opentype-0.29.8/src/lib.rs:57:35
[INFO] [stdout]    |
[INFO] [stdout] 57 | pub use typeface::{Error, Result, Tape, Value, Walue};
[INFO] [stdout]    |                                   ^^^^  ^^^^^  ^^^^^ no `Walue` in the root
[INFO] [stdout]    |                                   |     |
[INFO] [stdout]    |                                   |     no `Value` in the root
[INFO] [stdout]    |                                   no `Tape` in the root
[INFO] [stdout]    |
[INFO] [stdout]    = help: consider importing one of these items instead:
[INFO] [stdout]            postscript::Tape
[INFO] [stdout]            truetype::Tape
[INFO] [stdout]    = help: consider importing one of these items instead:
[INFO] [stdout]            postscript::Value
[INFO] [stdout]            truetype::Value
[INFO] [stdout]    = help: consider importing one of these items instead:
[INFO] [stdout]            postscript::Walue
[INFO] [stdout]            truetype::Walue
[INFO] [stdout] help: a similar name exists in the module
[INFO] [stdout]    |
[INFO] [stdout] 57 | pub use typeface::{Error, Result, tape, Value, Walue};
[INFO] [stdout]    |                                   ~~~~
[INFO] [stdout] help: a similar name exists in the module
[INFO] [stdout]    |
[INFO] [stdout] 57 | pub use typeface::{Error, Result, Tape, value, Walue};
[INFO] [stdout]    |                                         ~~~~~
[INFO] [stdout] help: a similar name exists in the module
[INFO] [stdout]    |
[INFO] [stdout] 57 | pub use typeface::{Error, Result, Tape, Value, walue};
[INFO] [stdout]    |                                                ~~~~~
[INFO] [stdout] 
[INFO] [stdout] 
[INFO] [stdout] error: aborting due to 2 previous errors
[INFO] [stdout] 
[INFO] [stdout] 
[INFO] [stdout] For more information about this error, try `rustc --explain E0432`.
[INFO] [stdout] 
[INFO] [stderr] error: could not compile `opentype` (lib) due to 3 previous errors
[INFO] [stderr] warning: build failed, waiting for other jobs to finish...
[INFO] running `Command { std: "docker" "inspect" "123dab97621c09422ad7df6aff68e5914536f5d79bfb6a44c5a9c182a88ffce5", kill_on_drop: false }`
[INFO] running `Command { std: "docker" "rm" "-f" "123dab97621c09422ad7df6aff68e5914536f5d79bfb6a44c5a9c182a88ffce5", kill_on_drop: false }`
[INFO] [stdout] 123dab97621c09422ad7df6aff68e5914536f5d79bfb6a44c5a9c182a88ffce5
[INFO] checking font-0.25.0 against nightly-2024-02-05+rustflags=-Dunexpected_cfgs+cargoflags=-Zcheck-cfg for check-cfg
[INFO] extracting crate font 0.25.0 into /workspace/builds/worker-1-tc2/source
[INFO] validating manifest of crates.io crate font 0.25.0 on toolchain nightly-2024-02-05
[INFO] running `Command { std: CARGO_HOME="/workspace/cargo-home" RUSTUP_HOME="/workspace/rustup-home" "/workspace/cargo-home/bin/cargo" "+nightly-2024-02-05" "metadata" "--manifest-path" "Cargo.toml" "--no-deps", kill_on_drop: false }`
[INFO] started tweaking crates.io crate font 0.25.0
[INFO] finished tweaking crates.io crate font 0.25.0
[INFO] tweaked toml for crates.io crate font 0.25.0 written to /workspace/builds/worker-1-tc2/source/Cargo.toml
[INFO] running `Command { std: CARGO_HOME="/workspace/cargo-home" RUSTUP_HOME="/workspace/rustup-home" "/workspace/cargo-home/bin/cargo" "+nightly-2024-02-05" "generate-lockfile" "--manifest-path" "Cargo.toml", kill_on_drop: false }`
[INFO] [stderr]     Updating crates.io index
[INFO] running `Command { std: CARGO_HOME="/workspace/cargo-home" RUSTUP_HOME="/workspace/rustup-home" "/workspace/cargo-home/bin/cargo" "+nightly-2024-02-05" "fetch" "--manifest-path" "Cargo.toml", kill_on_drop: false }`
[INFO] running `Command { std: "docker" "create" "-v" "/var/lib/crater-agent-workspace/builds/worker-1-tc2/target:/opt/rustwide/target:rw,Z" "-v" "/var/lib/crater-agent-workspace/builds/worker-1-tc2/source:/opt/rustwide/workdir:ro,Z" "-v" "/var/lib/crater-agent-workspace/cargo-home:/opt/rustwide/cargo-home:ro,Z" "-v" "/var/lib/crater-agent-workspace/rustup-home:/opt/rustwide/rustup-home:ro,Z" "-e" "SOURCE_DIR=/opt/rustwide/workdir" "-e" "CARGO_TARGET_DIR=/opt/rustwide/target" "-e" "CARGO_HOME=/opt/rustwide/cargo-home" "-e" "RUSTUP_HOME=/opt/rustwide/rustup-home" "-w" "/opt/rustwide/workdir" "-m" "1610612736" "--user" "0:0" "--network" "none" "ghcr.io/rust-lang/crates-build-env/linux@sha256:2788e3201cd34a07e3172128adcd8b3090168a8e3bcc40d7c032b9dda1df7d1c" "/opt/rustwide/cargo-home/bin/cargo" "+nightly-2024-02-05" "metadata" "--no-deps" "--format-version=1", kill_on_drop: false }`
[INFO] [stdout] 41f7a739379369b2786b3c6d45930037267e950db7c9b8c93c38f4ce040121e4
[INFO] running `Command { std: "docker" "start" "-a" "41f7a739379369b2786b3c6d45930037267e950db7c9b8c93c38f4ce040121e4", kill_on_drop: false }`
[INFO] running `Command { std: "docker" "inspect" "41f7a739379369b2786b3c6d45930037267e950db7c9b8c93c38f4ce040121e4", kill_on_drop: false }`
[INFO] running `Command { std: "docker" "rm" "-f" "41f7a739379369b2786b3c6d45930037267e950db7c9b8c93c38f4ce040121e4", kill_on_drop: false }`
[INFO] [stdout] 41f7a739379369b2786b3c6d45930037267e950db7c9b8c93c38f4ce040121e4
[INFO] running `Command { std: "docker" "create" "-v" "/var/lib/crater-agent-workspace/builds/worker-1-tc2/target:/opt/rustwide/target:rw,Z" "-v" "/var/lib/crater-agent-workspace/builds/worker-1-tc2/source:/opt/rustwide/workdir:ro,Z" "-v" "/var/lib/crater-agent-workspace/cargo-home:/opt/rustwide/cargo-home:ro,Z" "-v" "/var/lib/crater-agent-workspace/rustup-home:/opt/rustwide/rustup-home:ro,Z" "-e" "SOURCE_DIR=/opt/rustwide/workdir" "-e" "CARGO_TARGET_DIR=/opt/rustwide/target" "-e" "CARGO_INCREMENTAL=0" "-e" "RUST_BACKTRACE=full" "-e" "RUSTFLAGS=--cap-lints=forbid -Dunexpected_cfgs" "-e" "RUSTDOCFLAGS=--cap-lints=forbid" "-e" "CARGO_HOME=/opt/rustwide/cargo-home" "-e" "RUSTUP_HOME=/opt/rustwide/rustup-home" "-w" "/opt/rustwide/workdir" "-m" "1610612736" "--user" "0:0" "--network" "none" "ghcr.io/rust-lang/crates-build-env/linux@sha256:2788e3201cd34a07e3172128adcd8b3090168a8e3bcc40d7c032b9dda1df7d1c" "/opt/rustwide/cargo-home/bin/cargo" "+nightly-2024-02-05" "check" "--frozen" "--all" "--all-targets" "--message-format=json" "-Zcheck-cfg", kill_on_drop: false }`
[INFO] [stdout] 5bcfcf87fb2cffb09156115edf494b45375c4185120ba3f98b86ecc3ed9e32f4
[INFO] running `Command { std: "docker" "start" "-a" "5bcfcf87fb2cffb09156115edf494b45375c4185120ba3f98b86ecc3ed9e32f4", kill_on_drop: false }`
[INFO] [stderr]     Checking typeface v0.3.6
[INFO] [stderr]     Checking alloc-no-stdlib v2.0.4
[INFO] [stderr]     Checking typeface v0.4.1
[INFO] [stderr]     Checking alloc-stdlib v0.2.2
[INFO] [stderr]     Checking postscript v0.17.5
[INFO] [stderr]     Checking truetype v0.43.5
[INFO] [stderr]     Checking brotli-decompressor v2.5.1
[INFO] [stderr]     Checking opentype v0.29.8
[INFO] [stdout] error[E0432]: unresolved import `typeface::Tape`
[INFO] [stdout]  --> /opt/rustwide/cargo-home/registry/src/index.crates.io-6f17d22bba15001f/opentype-0.29.8/src/table.rs:7:5
[INFO] [stdout]   |
[INFO] [stdout] 7 | use typeface::Tape;
[INFO] [stdout]   |     ^^^^^^^^^^^^^^ no `Tape` in the root
[INFO] [stdout]   |
[INFO] [stdout] help: a similar name exists in the module
[INFO] [stdout]   |
[INFO] [stdout] 7 | use typeface::tape;
[INFO] [stdout]   |               ~~~~
[INFO] [stdout] help: consider importing one of these items instead
[INFO] [stdout]   |
[INFO] [stdout] 7 | use crate::table::truetype::Tape;
[INFO] [stdout]   |     ~~~~~~~~~~~~~~~~~~~~~~~~~~~~
[INFO] [stdout] 7 | use postscript::Tape;
[INFO] [stdout]   |     ~~~~~~~~~~~~~~~~
[INFO] [stdout] 7 | use truetype::Tape;
[INFO] [stdout]   |     ~~~~~~~~~~~~~~
[INFO] [stdout] 
[INFO] [stdout] 
[INFO] [stdout] error[E0432]: unresolved imports `typeface::Tape`, `typeface::Value`, `typeface::Walue`
[INFO] [stdout]   --> /opt/rustwide/cargo-home/registry/src/index.crates.io-6f17d22bba15001f/opentype-0.29.8/src/lib.rs:57:35
[INFO] [stdout]    |
[INFO] [stdout] 57 | pub use typeface::{Error, Result, Tape, Value, Walue};
[INFO] [stdout]    |                                   ^^^^  ^^^^^  ^^^^^ no `Walue` in the root
[INFO] [stdout]    |                                   |     |
[INFO] [stdout]    |                                   |     no `Value` in the root
[INFO] [stdout]    |                                   no `Tape` in the root
[INFO] [stdout]    |
[INFO] [stdout]    = help: consider importing one of these items instead:
[INFO] [stdout]            postscript::Tape
[INFO] [stdout]            truetype::Tape
[INFO] [stdout]    = help: consider importing one of these items instead:
[INFO] [stdout]            postscript::Value
[INFO] [stdout]            truetype::Value
[INFO] [stdout]    = help: consider importing one of these items instead:
[INFO] [stdout]            postscript::Walue
[INFO] [stdout]            truetype::Walue
[INFO] [stdout] help: a similar name exists in the module
[INFO] [stdout]    |
[INFO] [stdout] 57 | pub use typeface::{Error, Result, tape, Value, Walue};
[INFO] [stdout]    |                                   ~~~~
[INFO] [stdout] help: a similar name exists in the module
[INFO] [stdout]    |
[INFO] [stdout] 57 | pub use typeface::{Error, Result, Tape, value, Walue};
[INFO] [stdout]    |                                         ~~~~~
[INFO] [stdout] help: a similar name exists in the module
[INFO] [stdout]    |
[INFO] [stdout] 57 | pub use typeface::{Error, Result, Tape, Value, walue};
[INFO] [stdout]    |                                                ~~~~~
[INFO] [stdout] 
[INFO] [stdout] 
[INFO] [stdout] error: aborting due to 2 previous errors
[INFO] [stdout] 
[INFO] [stdout] 
[INFO] [stdout] For more information about this error, try `rustc --explain E0432`.
[INFO] [stdout] 
[INFO] [stderr] error: could not compile `opentype` (lib) due to 3 previous errors
[INFO] [stderr] warning: build failed, waiting for other jobs to finish...
[INFO] running `Command { std: "docker" "inspect" "5bcfcf87fb2cffb09156115edf494b45375c4185120ba3f98b86ecc3ed9e32f4", kill_on_drop: false }`
[INFO] running `Command { std: "docker" "rm" "-f" "5bcfcf87fb2cffb09156115edf494b45375c4185120ba3f98b86ecc3ed9e32f4", kill_on_drop: false }`
[INFO] [stdout] 5bcfcf87fb2cffb09156115edf494b45375c4185120ba3f98b86ecc3ed9e32f4
