[INFO] fetching crate fnvhash 0.0.1...
[INFO] checking fnvhash-0.0.1 against nightly-2024-02-05 for check-cfg
[INFO] extracting crate fnvhash 0.0.1 into /workspace/builds/worker-3-tc1/source
[INFO] validating manifest of crates.io crate fnvhash 0.0.1 on toolchain nightly-2024-02-05
[INFO] running `Command { std: CARGO_HOME="/workspace/cargo-home" RUSTUP_HOME="/workspace/rustup-home" "/workspace/cargo-home/bin/cargo" "+nightly-2024-02-05" "metadata" "--manifest-path" "Cargo.toml" "--no-deps", kill_on_drop: false }`
[INFO] started tweaking crates.io crate fnvhash 0.0.1
[INFO] finished tweaking crates.io crate fnvhash 0.0.1
[INFO] tweaked toml for crates.io crate fnvhash 0.0.1 written to /workspace/builds/worker-3-tc1/source/Cargo.toml
[INFO] running `Command { std: CARGO_HOME="/workspace/cargo-home" RUSTUP_HOME="/workspace/rustup-home" "/workspace/cargo-home/bin/cargo" "+nightly-2024-02-05" "generate-lockfile" "--manifest-path" "Cargo.toml", kill_on_drop: false }`
[INFO] running `Command { std: CARGO_HOME="/workspace/cargo-home" RUSTUP_HOME="/workspace/rustup-home" "/workspace/cargo-home/bin/cargo" "+nightly-2024-02-05" "fetch" "--manifest-path" "Cargo.toml", kill_on_drop: false }`
[INFO] running `Command { std: "docker" "create" "-v" "/var/lib/crater-agent-workspace/builds/worker-3-tc1/target:/opt/rustwide/target:rw,Z" "-v" "/var/lib/crater-agent-workspace/builds/worker-3-tc1/source:/opt/rustwide/workdir:ro,Z" "-v" "/var/lib/crater-agent-workspace/cargo-home:/opt/rustwide/cargo-home:ro,Z" "-v" "/var/lib/crater-agent-workspace/rustup-home:/opt/rustwide/rustup-home:ro,Z" "-e" "SOURCE_DIR=/opt/rustwide/workdir" "-e" "CARGO_TARGET_DIR=/opt/rustwide/target" "-e" "CARGO_HOME=/opt/rustwide/cargo-home" "-e" "RUSTUP_HOME=/opt/rustwide/rustup-home" "-w" "/opt/rustwide/workdir" "-m" "1610612736" "--user" "0:0" "--network" "none" "ghcr.io/rust-lang/crates-build-env/linux@sha256:2788e3201cd34a07e3172128adcd8b3090168a8e3bcc40d7c032b9dda1df7d1c" "/opt/rustwide/cargo-home/bin/cargo" "+nightly-2024-02-05" "metadata" "--no-deps" "--format-version=1", kill_on_drop: false }`
[INFO] [stdout] f3e90daba48fcb80c55354c5cba28dc4ca62309d897ef2de7a3b711a7f24f5af
[INFO] running `Command { std: "docker" "start" "-a" "f3e90daba48fcb80c55354c5cba28dc4ca62309d897ef2de7a3b711a7f24f5af", kill_on_drop: false }`
[INFO] running `Command { std: "docker" "inspect" "f3e90daba48fcb80c55354c5cba28dc4ca62309d897ef2de7a3b711a7f24f5af", kill_on_drop: false }`
[INFO] running `Command { std: "docker" "rm" "-f" "f3e90daba48fcb80c55354c5cba28dc4ca62309d897ef2de7a3b711a7f24f5af", kill_on_drop: false }`
[INFO] [stdout] f3e90daba48fcb80c55354c5cba28dc4ca62309d897ef2de7a3b711a7f24f5af
[INFO] running `Command { std: "docker" "create" "-v" "/var/lib/crater-agent-workspace/builds/worker-3-tc1/target:/opt/rustwide/target:rw,Z" "-v" "/var/lib/crater-agent-workspace/builds/worker-3-tc1/source:/opt/rustwide/workdir:ro,Z" "-v" "/var/lib/crater-agent-workspace/cargo-home:/opt/rustwide/cargo-home:ro,Z" "-v" "/var/lib/crater-agent-workspace/rustup-home:/opt/rustwide/rustup-home:ro,Z" "-e" "SOURCE_DIR=/opt/rustwide/workdir" "-e" "CARGO_TARGET_DIR=/opt/rustwide/target" "-e" "CARGO_INCREMENTAL=0" "-e" "RUST_BACKTRACE=full" "-e" "RUSTFLAGS=--cap-lints=forbid" "-e" "RUSTDOCFLAGS=--cap-lints=forbid" "-e" "CARGO_HOME=/opt/rustwide/cargo-home" "-e" "RUSTUP_HOME=/opt/rustwide/rustup-home" "-w" "/opt/rustwide/workdir" "-m" "1610612736" "--user" "0:0" "--network" "none" "ghcr.io/rust-lang/crates-build-env/linux@sha256:2788e3201cd34a07e3172128adcd8b3090168a8e3bcc40d7c032b9dda1df7d1c" "/opt/rustwide/cargo-home/bin/cargo" "+nightly-2024-02-05" "check" "--frozen" "--all" "--all-targets" "--message-format=json", kill_on_drop: false }`
[INFO] [stdout] c81ae3348be5272eb84f370ab45919e0c6cd231dc04e360bc0584aecc9bf4e93
[INFO] running `Command { std: "docker" "start" "-a" "c81ae3348be5272eb84f370ab45919e0c6cd231dc04e360bc0584aecc9bf4e93", kill_on_drop: false }`
[INFO] [stderr]     Checking fnvhash v0.0.1 (/opt/rustwide/workdir)
[INFO] [stdout] error[E0432]: unresolved import `std::collections::hash_state`
[INFO] [stdout]  --> src/lib.rs:1:23
[INFO] [stdout]   |
[INFO] [stdout] 1 | use std::collections::hash_state::{DefaultState, HashState};
[INFO] [stdout]   |                       ^^^^^^^^^^ could not find `hash_state` in `collections`
[INFO] [stdout] 
[INFO] [stdout] 
[INFO] [stdout] error[E0432]: unresolved import `std::collections::hash_state`
[INFO] [stdout]  --> src/lib.rs:1:23
[INFO] [stdout]   |
[INFO] [stdout] 1 | use std::collections::hash_state::{DefaultState, HashState};
[INFO] [stdout]   |                       ^^^^^^^^^^ could not find `hash_state` in `collections`
[INFO] [stdout] 
[INFO] [stdout] 
[INFO] [stdout] error: aborting due to 1 previous error
[INFO] [stdout] 
[INFO] [stdout] 
[INFO] [stdout] For more information about this error, try `rustc --explain E0432`.
[INFO] [stdout] 
[INFO] [stdout] error: aborting due to 1 previous error
[INFO] [stdout] 
[INFO] [stdout] 
[INFO] [stdout] For more information about this error, try `rustc --explain E0432`.
[INFO] [stdout] 
[INFO] [stderr] error: could not compile `fnvhash` (lib) due to 2 previous errors
[INFO] [stderr] warning: build failed, waiting for other jobs to finish...
[INFO] [stderr] error: could not compile `fnvhash` (lib test) due to 2 previous errors
[INFO] running `Command { std: "docker" "inspect" "c81ae3348be5272eb84f370ab45919e0c6cd231dc04e360bc0584aecc9bf4e93", kill_on_drop: false }`
[INFO] running `Command { std: "docker" "rm" "-f" "c81ae3348be5272eb84f370ab45919e0c6cd231dc04e360bc0584aecc9bf4e93", kill_on_drop: false }`
[INFO] [stdout] c81ae3348be5272eb84f370ab45919e0c6cd231dc04e360bc0584aecc9bf4e93
[INFO] checking fnvhash-0.0.1 against nightly-2024-02-05+rustflags=-Dunexpected_cfgs+cargoflags=-Zcheck-cfg for check-cfg
[INFO] extracting crate fnvhash 0.0.1 into /workspace/builds/worker-3-tc2/source
[INFO] validating manifest of crates.io crate fnvhash 0.0.1 on toolchain nightly-2024-02-05
[INFO] running `Command { std: CARGO_HOME="/workspace/cargo-home" RUSTUP_HOME="/workspace/rustup-home" "/workspace/cargo-home/bin/cargo" "+nightly-2024-02-05" "metadata" "--manifest-path" "Cargo.toml" "--no-deps", kill_on_drop: false }`
[INFO] started tweaking crates.io crate fnvhash 0.0.1
[INFO] finished tweaking crates.io crate fnvhash 0.0.1
[INFO] tweaked toml for crates.io crate fnvhash 0.0.1 written to /workspace/builds/worker-3-tc2/source/Cargo.toml
[INFO] running `Command { std: CARGO_HOME="/workspace/cargo-home" RUSTUP_HOME="/workspace/rustup-home" "/workspace/cargo-home/bin/cargo" "+nightly-2024-02-05" "generate-lockfile" "--manifest-path" "Cargo.toml", kill_on_drop: false }`
[INFO] running `Command { std: CARGO_HOME="/workspace/cargo-home" RUSTUP_HOME="/workspace/rustup-home" "/workspace/cargo-home/bin/cargo" "+nightly-2024-02-05" "fetch" "--manifest-path" "Cargo.toml", kill_on_drop: false }`
[INFO] running `Command { std: "docker" "create" "-v" "/var/lib/crater-agent-workspace/builds/worker-3-tc2/target:/opt/rustwide/target:rw,Z" "-v" "/var/lib/crater-agent-workspace/builds/worker-3-tc2/source:/opt/rustwide/workdir:ro,Z" "-v" "/var/lib/crater-agent-workspace/cargo-home:/opt/rustwide/cargo-home:ro,Z" "-v" "/var/lib/crater-agent-workspace/rustup-home:/opt/rustwide/rustup-home:ro,Z" "-e" "SOURCE_DIR=/opt/rustwide/workdir" "-e" "CARGO_TARGET_DIR=/opt/rustwide/target" "-e" "CARGO_HOME=/opt/rustwide/cargo-home" "-e" "RUSTUP_HOME=/opt/rustwide/rustup-home" "-w" "/opt/rustwide/workdir" "-m" "1610612736" "--user" "0:0" "--network" "none" "ghcr.io/rust-lang/crates-build-env/linux@sha256:2788e3201cd34a07e3172128adcd8b3090168a8e3bcc40d7c032b9dda1df7d1c" "/opt/rustwide/cargo-home/bin/cargo" "+nightly-2024-02-05" "metadata" "--no-deps" "--format-version=1", kill_on_drop: false }`
[INFO] [stdout] 96d74e60f9657955cb4e1137b25fe71defbc2c82e18e064bc0d95a058a3cdea4
[INFO] running `Command { std: "docker" "start" "-a" "96d74e60f9657955cb4e1137b25fe71defbc2c82e18e064bc0d95a058a3cdea4", kill_on_drop: false }`
[INFO] running `Command { std: "docker" "inspect" "96d74e60f9657955cb4e1137b25fe71defbc2c82e18e064bc0d95a058a3cdea4", kill_on_drop: false }`
[INFO] running `Command { std: "docker" "rm" "-f" "96d74e60f9657955cb4e1137b25fe71defbc2c82e18e064bc0d95a058a3cdea4", kill_on_drop: false }`
[INFO] [stdout] 96d74e60f9657955cb4e1137b25fe71defbc2c82e18e064bc0d95a058a3cdea4
[INFO] running `Command { std: "docker" "create" "-v" "/var/lib/crater-agent-workspace/builds/worker-3-tc2/target:/opt/rustwide/target:rw,Z" "-v" "/var/lib/crater-agent-workspace/builds/worker-3-tc2/source:/opt/rustwide/workdir:ro,Z" "-v" "/var/lib/crater-agent-workspace/cargo-home:/opt/rustwide/cargo-home:ro,Z" "-v" "/var/lib/crater-agent-workspace/rustup-home:/opt/rustwide/rustup-home:ro,Z" "-e" "SOURCE_DIR=/opt/rustwide/workdir" "-e" "CARGO_TARGET_DIR=/opt/rustwide/target" "-e" "CARGO_INCREMENTAL=0" "-e" "RUST_BACKTRACE=full" "-e" "RUSTFLAGS=--cap-lints=forbid -Dunexpected_cfgs" "-e" "RUSTDOCFLAGS=--cap-lints=forbid" "-e" "CARGO_HOME=/opt/rustwide/cargo-home" "-e" "RUSTUP_HOME=/opt/rustwide/rustup-home" "-w" "/opt/rustwide/workdir" "-m" "1610612736" "--user" "0:0" "--network" "none" "ghcr.io/rust-lang/crates-build-env/linux@sha256:2788e3201cd34a07e3172128adcd8b3090168a8e3bcc40d7c032b9dda1df7d1c" "/opt/rustwide/cargo-home/bin/cargo" "+nightly-2024-02-05" "check" "--frozen" "--all" "--all-targets" "--message-format=json" "-Zcheck-cfg", kill_on_drop: false }`
[INFO] [stdout] 3b339e4ff3bf07b7833b8fef2a74cca58d403c56588fc4c3b6bc6ff00301cc51
[INFO] running `Command { std: "docker" "start" "-a" "3b339e4ff3bf07b7833b8fef2a74cca58d403c56588fc4c3b6bc6ff00301cc51", kill_on_drop: false }`
[INFO] [stderr]     Checking fnvhash v0.0.1 (/opt/rustwide/workdir)
[INFO] [stdout] error[E0432]: unresolved import `std::collections::hash_state`
[INFO] [stdout]  --> src/lib.rs:1:23
[INFO] [stdout]   |
[INFO] [stdout] 1 | use std::collections::hash_state::{DefaultState, HashState};
[INFO] [stdout]   |                       ^^^^^^^^^^ could not find `hash_state` in `collections`
[INFO] [stdout] 
[INFO] [stdout] 
[INFO] [stdout] error[E0432]: unresolved import `std::collections::hash_state`
[INFO] [stdout]  --> src/lib.rs:1:23
[INFO] [stdout]   |
[INFO] [stdout] 1 | use std::collections::hash_state::{DefaultState, HashState};
[INFO] [stdout]   |                       ^^^^^^^^^^ could not find `hash_state` in `collections`
[INFO] [stdout] 
[INFO] [stdout] 
[INFO] [stdout] error: aborting due to 1 previous error
[INFO] [stdout] 
[INFO] [stdout] 
[INFO] [stdout] For more information about this error, try `rustc --explain E0432`.
[INFO] [stdout] 
[INFO] [stdout] error: aborting due to 1 previous error
[INFO] [stdout] 
[INFO] [stdout] 
[INFO] [stdout] For more information about this error, try `rustc --explain E0432`.
[INFO] [stdout] 
[INFO] [stderr] error: could not compile `fnvhash` (lib) due to 2 previous errors
[INFO] [stderr] warning: build failed, waiting for other jobs to finish...
[INFO] [stderr] error: could not compile `fnvhash` (lib test) due to 2 previous errors
[INFO] running `Command { std: "docker" "inspect" "3b339e4ff3bf07b7833b8fef2a74cca58d403c56588fc4c3b6bc6ff00301cc51", kill_on_drop: false }`
[INFO] running `Command { std: "docker" "rm" "-f" "3b339e4ff3bf07b7833b8fef2a74cca58d403c56588fc4c3b6bc6ff00301cc51", kill_on_drop: false }`
[INFO] [stdout] 3b339e4ff3bf07b7833b8fef2a74cca58d403c56588fc4c3b6bc6ff00301cc51
