[INFO] fetching crate fn_move 0.1.0...
[INFO] checking fn_move-0.1.0 against nightly-2024-02-05 for check-cfg
[INFO] extracting crate fn_move 0.1.0 into /workspace/builds/worker-4-tc1/source
[INFO] validating manifest of crates.io crate fn_move 0.1.0 on toolchain nightly-2024-02-05
[INFO] running `Command { std: CARGO_HOME="/workspace/cargo-home" RUSTUP_HOME="/workspace/rustup-home" "/workspace/cargo-home/bin/cargo" "+nightly-2024-02-05" "metadata" "--manifest-path" "Cargo.toml" "--no-deps", kill_on_drop: false }`
[INFO] started tweaking crates.io crate fn_move 0.1.0
[INFO] finished tweaking crates.io crate fn_move 0.1.0
[INFO] tweaked toml for crates.io crate fn_move 0.1.0 written to /workspace/builds/worker-4-tc1/source/Cargo.toml
[INFO] running `Command { std: CARGO_HOME="/workspace/cargo-home" RUSTUP_HOME="/workspace/rustup-home" "/workspace/cargo-home/bin/cargo" "+nightly-2024-02-05" "generate-lockfile" "--manifest-path" "Cargo.toml", kill_on_drop: false }`
[INFO] running `Command { std: CARGO_HOME="/workspace/cargo-home" RUSTUP_HOME="/workspace/rustup-home" "/workspace/cargo-home/bin/cargo" "+nightly-2024-02-05" "fetch" "--manifest-path" "Cargo.toml", kill_on_drop: false }`
[INFO] running `Command { std: "docker" "create" "-v" "/var/lib/crater-agent-workspace/builds/worker-4-tc1/target:/opt/rustwide/target:rw,Z" "-v" "/var/lib/crater-agent-workspace/builds/worker-4-tc1/source:/opt/rustwide/workdir:ro,Z" "-v" "/var/lib/crater-agent-workspace/cargo-home:/opt/rustwide/cargo-home:ro,Z" "-v" "/var/lib/crater-agent-workspace/rustup-home:/opt/rustwide/rustup-home:ro,Z" "-e" "SOURCE_DIR=/opt/rustwide/workdir" "-e" "CARGO_TARGET_DIR=/opt/rustwide/target" "-e" "CARGO_HOME=/opt/rustwide/cargo-home" "-e" "RUSTUP_HOME=/opt/rustwide/rustup-home" "-w" "/opt/rustwide/workdir" "-m" "1610612736" "--user" "0:0" "--network" "none" "ghcr.io/rust-lang/crates-build-env/linux@sha256:2788e3201cd34a07e3172128adcd8b3090168a8e3bcc40d7c032b9dda1df7d1c" "/opt/rustwide/cargo-home/bin/cargo" "+nightly-2024-02-05" "metadata" "--no-deps" "--format-version=1", kill_on_drop: false }`
[INFO] [stdout] 03d120577e5d225029c4215b374f31e35c0183548647c7165c2d2490d89db9b3
[INFO] running `Command { std: "docker" "start" "-a" "03d120577e5d225029c4215b374f31e35c0183548647c7165c2d2490d89db9b3", kill_on_drop: false }`
[INFO] running `Command { std: "docker" "inspect" "03d120577e5d225029c4215b374f31e35c0183548647c7165c2d2490d89db9b3", kill_on_drop: false }`
[INFO] running `Command { std: "docker" "rm" "-f" "03d120577e5d225029c4215b374f31e35c0183548647c7165c2d2490d89db9b3", kill_on_drop: false }`
[INFO] [stdout] 03d120577e5d225029c4215b374f31e35c0183548647c7165c2d2490d89db9b3
[INFO] running `Command { std: "docker" "create" "-v" "/var/lib/crater-agent-workspace/builds/worker-4-tc1/target:/opt/rustwide/target:rw,Z" "-v" "/var/lib/crater-agent-workspace/builds/worker-4-tc1/source:/opt/rustwide/workdir:ro,Z" "-v" "/var/lib/crater-agent-workspace/cargo-home:/opt/rustwide/cargo-home:ro,Z" "-v" "/var/lib/crater-agent-workspace/rustup-home:/opt/rustwide/rustup-home:ro,Z" "-e" "SOURCE_DIR=/opt/rustwide/workdir" "-e" "CARGO_TARGET_DIR=/opt/rustwide/target" "-e" "CARGO_INCREMENTAL=0" "-e" "RUST_BACKTRACE=full" "-e" "RUSTFLAGS=--cap-lints=forbid" "-e" "RUSTDOCFLAGS=--cap-lints=forbid" "-e" "CARGO_HOME=/opt/rustwide/cargo-home" "-e" "RUSTUP_HOME=/opt/rustwide/rustup-home" "-w" "/opt/rustwide/workdir" "-m" "1610612736" "--user" "0:0" "--network" "none" "ghcr.io/rust-lang/crates-build-env/linux@sha256:2788e3201cd34a07e3172128adcd8b3090168a8e3bcc40d7c032b9dda1df7d1c" "/opt/rustwide/cargo-home/bin/cargo" "+nightly-2024-02-05" "check" "--frozen" "--all" "--all-targets" "--message-format=json", kill_on_drop: false }`
[INFO] [stdout] 2cec3d0137f49de807ed50f9b4bd600f5e4c88c524a3ebee3db3e9a66b160d51
[INFO] running `Command { std: "docker" "start" "-a" "2cec3d0137f49de807ed50f9b4bd600f5e4c88c524a3ebee3db3e9a66b160d51", kill_on_drop: false }`
[INFO] [stderr]     Checking fn_move v0.1.0 (/opt/rustwide/workdir)
[INFO] [stdout] error[E0059]: type parameter to bare `FnOnce` trait must be a tuple
[INFO] [stdout]   --> src/lib.rs:12:25
[INFO] [stdout]    |
[INFO] [stdout] 12 | pub trait FnMove<Args>: FnOnce<Args> {
[INFO] [stdout]    |                         ^^^^^^^^^^^^ the trait `Tuple` is not implemented for `Args`
[INFO] [stdout]    |
[INFO] [stdout] note: required by a bound in `FnOnce`
[INFO] [stdout]   --> /rustc/268dbbbc4b3fd71c5f360a4d0728295252430b5b/library/core/src/ops/function.rs:242:1
[INFO] [stdout] help: consider restricting type parameter `Args`
[INFO] [stdout]    |
[INFO] [stdout] 12 | pub trait FnMove<Args: core::marker::Tuple>: FnOnce<Args> {
[INFO] [stdout]    |                      +++++++++++++++++++++
[INFO] [stdout] 
[INFO] [stdout] 
[INFO] [stdout] error[E0059]: type parameter to bare `FnOnce` trait must be a tuple
[INFO] [stdout]   --> src/lib.rs:21:43
[INFO] [stdout]    |
[INFO] [stdout] 21 | impl<F, Args> FnMove<Args> for F where F: FnOnce<Args> {
[INFO] [stdout]    |                                           ^^^^^^^^^^^^ the trait `Tuple` is not implemented for `Args`
[INFO] [stdout]    |
[INFO] [stdout] note: required by a bound in `FnOnce`
[INFO] [stdout]   --> /rustc/268dbbbc4b3fd71c5f360a4d0728295252430b5b/library/core/src/ops/function.rs:242:1
[INFO] [stdout] help: consider further restricting type parameter `Args`
[INFO] [stdout]    |
[INFO] [stdout] 21 | impl<F, Args> FnMove<Args> for F where F: FnOnce<Args>, Args: core::marker::Tuple {
[INFO] [stdout]    |                                                       +++++++++++++++++++++++++++
[INFO] [stdout] 
[INFO] [stdout] 
[INFO] [stdout] error: aborting due to 2 previous errors
[INFO] [stdout] 
[INFO] [stdout] 
[INFO] [stdout] For more information about this error, try `rustc --explain E0059`.
[INFO] [stdout] 
[INFO] [stdout] error[E0059]: type parameter to bare `FnOnce` trait must be a tuple
[INFO] [stdout]   --> src/lib.rs:12:25
[INFO] [stdout]    |
[INFO] [stdout] 12 | pub trait FnMove<Args>: FnOnce<Args> {
[INFO] [stdout]    |                         ^^^^^^^^^^^^ the trait `Tuple` is not implemented for `Args`
[INFO] [stdout]    |
[INFO] [stdout] note: required by a bound in `FnOnce`
[INFO] [stdout]   --> /rustc/268dbbbc4b3fd71c5f360a4d0728295252430b5b/library/core/src/ops/function.rs:242:1
[INFO] [stdout] help: consider restricting type parameter `Args`
[INFO] [stdout]    |
[INFO] [stdout] 12 | pub trait FnMove<Args: core::marker::Tuple>: FnOnce<Args> {
[INFO] [stdout]    |                      +++++++++++++++++++++
[INFO] [stdout] 
[INFO] [stdout] 
[INFO] [stdout] error[E0059]: type parameter to bare `FnOnce` trait must be a tuple
[INFO] [stdout]   --> src/lib.rs:21:43
[INFO] [stdout]    |
[INFO] [stdout] 21 | impl<F, Args> FnMove<Args> for F where F: FnOnce<Args> {
[INFO] [stdout]    |                                           ^^^^^^^^^^^^ the trait `Tuple` is not implemented for `Args`
[INFO] [stdout]    |
[INFO] [stdout] note: required by a bound in `FnOnce`
[INFO] [stdout]   --> /rustc/268dbbbc4b3fd71c5f360a4d0728295252430b5b/library/core/src/ops/function.rs:242:1
[INFO] [stdout] help: consider further restricting type parameter `Args`
[INFO] [stdout]    |
[INFO] [stdout] 21 | impl<F, Args> FnMove<Args> for F where F: FnOnce<Args>, Args: core::marker::Tuple {
[INFO] [stdout]    |                                                       +++++++++++++++++++++++++++
[INFO] [stdout] 
[INFO] [stdout] 
[INFO] [stdout] error: aborting due to 2 previous errors
[INFO] [stdout] 
[INFO] [stdout] 
[INFO] [stderr] error: could not compile `fn_move` (lib) due to 3 previous errors
[INFO] [stdout] For more information about this error, try `rustc --explain E0059`.
[INFO] [stdout] 
[INFO] [stderr] warning: build failed, waiting for other jobs to finish...
[INFO] [stderr] error: could not compile `fn_move` (lib test) due to 3 previous errors
[INFO] running `Command { std: "docker" "inspect" "2cec3d0137f49de807ed50f9b4bd600f5e4c88c524a3ebee3db3e9a66b160d51", kill_on_drop: false }`
[INFO] running `Command { std: "docker" "rm" "-f" "2cec3d0137f49de807ed50f9b4bd600f5e4c88c524a3ebee3db3e9a66b160d51", kill_on_drop: false }`
[INFO] [stdout] 2cec3d0137f49de807ed50f9b4bd600f5e4c88c524a3ebee3db3e9a66b160d51
[INFO] checking fn_move-0.1.0 against nightly-2024-02-05+rustflags=-Dunexpected_cfgs+cargoflags=-Zcheck-cfg for check-cfg
[INFO] extracting crate fn_move 0.1.0 into /workspace/builds/worker-4-tc2/source
[INFO] validating manifest of crates.io crate fn_move 0.1.0 on toolchain nightly-2024-02-05
[INFO] running `Command { std: CARGO_HOME="/workspace/cargo-home" RUSTUP_HOME="/workspace/rustup-home" "/workspace/cargo-home/bin/cargo" "+nightly-2024-02-05" "metadata" "--manifest-path" "Cargo.toml" "--no-deps", kill_on_drop: false }`
[INFO] started tweaking crates.io crate fn_move 0.1.0
[INFO] finished tweaking crates.io crate fn_move 0.1.0
[INFO] tweaked toml for crates.io crate fn_move 0.1.0 written to /workspace/builds/worker-4-tc2/source/Cargo.toml
[INFO] running `Command { std: CARGO_HOME="/workspace/cargo-home" RUSTUP_HOME="/workspace/rustup-home" "/workspace/cargo-home/bin/cargo" "+nightly-2024-02-05" "generate-lockfile" "--manifest-path" "Cargo.toml", kill_on_drop: false }`
[INFO] running `Command { std: CARGO_HOME="/workspace/cargo-home" RUSTUP_HOME="/workspace/rustup-home" "/workspace/cargo-home/bin/cargo" "+nightly-2024-02-05" "fetch" "--manifest-path" "Cargo.toml", kill_on_drop: false }`
[INFO] running `Command { std: "docker" "create" "-v" "/var/lib/crater-agent-workspace/builds/worker-4-tc2/target:/opt/rustwide/target:rw,Z" "-v" "/var/lib/crater-agent-workspace/builds/worker-4-tc2/source:/opt/rustwide/workdir:ro,Z" "-v" "/var/lib/crater-agent-workspace/cargo-home:/opt/rustwide/cargo-home:ro,Z" "-v" "/var/lib/crater-agent-workspace/rustup-home:/opt/rustwide/rustup-home:ro,Z" "-e" "SOURCE_DIR=/opt/rustwide/workdir" "-e" "CARGO_TARGET_DIR=/opt/rustwide/target" "-e" "CARGO_HOME=/opt/rustwide/cargo-home" "-e" "RUSTUP_HOME=/opt/rustwide/rustup-home" "-w" "/opt/rustwide/workdir" "-m" "1610612736" "--user" "0:0" "--network" "none" "ghcr.io/rust-lang/crates-build-env/linux@sha256:2788e3201cd34a07e3172128adcd8b3090168a8e3bcc40d7c032b9dda1df7d1c" "/opt/rustwide/cargo-home/bin/cargo" "+nightly-2024-02-05" "metadata" "--no-deps" "--format-version=1", kill_on_drop: false }`
[INFO] [stdout] c62a414a04f96e506b68473c60482e1c6127d4d5913852b1c961641994c5d7b5
[INFO] running `Command { std: "docker" "start" "-a" "c62a414a04f96e506b68473c60482e1c6127d4d5913852b1c961641994c5d7b5", kill_on_drop: false }`
[INFO] running `Command { std: "docker" "inspect" "c62a414a04f96e506b68473c60482e1c6127d4d5913852b1c961641994c5d7b5", kill_on_drop: false }`
[INFO] running `Command { std: "docker" "rm" "-f" "c62a414a04f96e506b68473c60482e1c6127d4d5913852b1c961641994c5d7b5", kill_on_drop: false }`
[INFO] [stdout] c62a414a04f96e506b68473c60482e1c6127d4d5913852b1c961641994c5d7b5
[INFO] running `Command { std: "docker" "create" "-v" "/var/lib/crater-agent-workspace/builds/worker-4-tc2/target:/opt/rustwide/target:rw,Z" "-v" "/var/lib/crater-agent-workspace/builds/worker-4-tc2/source:/opt/rustwide/workdir:ro,Z" "-v" "/var/lib/crater-agent-workspace/cargo-home:/opt/rustwide/cargo-home:ro,Z" "-v" "/var/lib/crater-agent-workspace/rustup-home:/opt/rustwide/rustup-home:ro,Z" "-e" "SOURCE_DIR=/opt/rustwide/workdir" "-e" "CARGO_TARGET_DIR=/opt/rustwide/target" "-e" "CARGO_INCREMENTAL=0" "-e" "RUST_BACKTRACE=full" "-e" "RUSTFLAGS=--cap-lints=forbid -Dunexpected_cfgs" "-e" "RUSTDOCFLAGS=--cap-lints=forbid" "-e" "CARGO_HOME=/opt/rustwide/cargo-home" "-e" "RUSTUP_HOME=/opt/rustwide/rustup-home" "-w" "/opt/rustwide/workdir" "-m" "1610612736" "--user" "0:0" "--network" "none" "ghcr.io/rust-lang/crates-build-env/linux@sha256:2788e3201cd34a07e3172128adcd8b3090168a8e3bcc40d7c032b9dda1df7d1c" "/opt/rustwide/cargo-home/bin/cargo" "+nightly-2024-02-05" "check" "--frozen" "--all" "--all-targets" "--message-format=json" "-Zcheck-cfg", kill_on_drop: false }`
[INFO] [stdout] da8c5e3ce44b1106961a916c37e580d1a08dc302136ebb0bea14f231eadec77e
[INFO] running `Command { std: "docker" "start" "-a" "da8c5e3ce44b1106961a916c37e580d1a08dc302136ebb0bea14f231eadec77e", kill_on_drop: false }`
[INFO] [stderr]     Checking fn_move v0.1.0 (/opt/rustwide/workdir)
[INFO] [stdout] error[E0059]: type parameter to bare `FnOnce` trait must be a tuple
[INFO] [stdout]   --> src/lib.rs:12:25
[INFO] [stdout]    |
[INFO] [stdout] 12 | pub trait FnMove<Args>: FnOnce<Args> {
[INFO] [stdout]    |                         ^^^^^^^^^^^^ the trait `Tuple` is not implemented for `Args`
[INFO] [stdout]    |
[INFO] [stdout] note: required by a bound in `FnOnce`
[INFO] [stdout]   --> /rustc/268dbbbc4b3fd71c5f360a4d0728295252430b5b/library/core/src/ops/function.rs:242:1
[INFO] [stdout] help: consider restricting type parameter `Args`
[INFO] [stdout]    |
[INFO] [stdout] 12 | pub trait FnMove<Args: core::marker::Tuple>: FnOnce<Args> {
[INFO] [stdout]    |                      +++++++++++++++++++++
[INFO] [stdout] 
[INFO] [stdout] 
[INFO] [stdout] error[E0059]: type parameter to bare `FnOnce` trait must be a tuple
[INFO] [stdout]   --> src/lib.rs:21:43
[INFO] [stdout]    |
[INFO] [stdout] 21 | impl<F, Args> FnMove<Args> for F where F: FnOnce<Args> {
[INFO] [stdout]    |                                           ^^^^^^^^^^^^ the trait `Tuple` is not implemented for `Args`
[INFO] [stdout]    |
[INFO] [stdout] note: required by a bound in `FnOnce`
[INFO] [stdout]   --> /rustc/268dbbbc4b3fd71c5f360a4d0728295252430b5b/library/core/src/ops/function.rs:242:1
[INFO] [stdout] help: consider further restricting type parameter `Args`
[INFO] [stdout]    |
[INFO] [stdout] 21 | impl<F, Args> FnMove<Args> for F where F: FnOnce<Args>, Args: core::marker::Tuple {
[INFO] [stdout]    |                                                       +++++++++++++++++++++++++++
[INFO] [stdout] 
[INFO] [stdout] 
[INFO] [stdout] error: aborting due to 2 previous errors
[INFO] [stdout] 
[INFO] [stdout] 
[INFO] [stdout] For more information about this error, try `rustc --explain E0059`.
[INFO] [stdout] 
[INFO] [stdout] error[E0059]: type parameter to bare `FnOnce` trait must be a tuple
[INFO] [stdout]   --> src/lib.rs:12:25
[INFO] [stdout]    |
[INFO] [stdout] 12 | pub trait FnMove<Args>: FnOnce<Args> {
[INFO] [stdout]    |                         ^^^^^^^^^^^^ the trait `Tuple` is not implemented for `Args`
[INFO] [stdout]    |
[INFO] [stdout] note: required by a bound in `FnOnce`
[INFO] [stdout]   --> /rustc/268dbbbc4b3fd71c5f360a4d0728295252430b5b/library/core/src/ops/function.rs:242:1
[INFO] [stdout] help: consider restricting type parameter `Args`
[INFO] [stdout]    |
[INFO] [stdout] 12 | pub trait FnMove<Args: core::marker::Tuple>: FnOnce<Args> {
[INFO] [stdout]    |                      +++++++++++++++++++++
[INFO] [stdout] 
[INFO] [stdout] 
[INFO] [stdout] error[E0059]: type parameter to bare `FnOnce` trait must be a tuple
[INFO] [stdout]   --> src/lib.rs:21:43
[INFO] [stdout]    |
[INFO] [stdout] 21 | impl<F, Args> FnMove<Args> for F where F: FnOnce<Args> {
[INFO] [stdout]    |                                           ^^^^^^^^^^^^ the trait `Tuple` is not implemented for `Args`
[INFO] [stdout]    |
[INFO] [stdout] note: required by a bound in `FnOnce`
[INFO] [stdout]   --> /rustc/268dbbbc4b3fd71c5f360a4d0728295252430b5b/library/core/src/ops/function.rs:242:1
[INFO] [stdout] help: consider further restricting type parameter `Args`
[INFO] [stdout]    |
[INFO] [stdout] 21 | impl<F, Args> FnMove<Args> for F where F: FnOnce<Args>, Args: core::marker::Tuple {
[INFO] [stdout]    |                                                       +++++++++++++++++++++++++++
[INFO] [stdout] 
[INFO] [stdout] 
[INFO] [stdout] error: aborting due to 2 previous errors
[INFO] [stdout] 
[INFO] [stdout] 
[INFO] [stdout] For more information about this error, try `rustc --explain E0059`.
[INFO] [stdout] 
[INFO] [stderr] error: could not compile `fn_move` (lib) due to 3 previous errors
[INFO] [stderr] warning: build failed, waiting for other jobs to finish...
[INFO] [stderr] error: could not compile `fn_move` (lib test) due to 3 previous errors
[INFO] running `Command { std: "docker" "inspect" "da8c5e3ce44b1106961a916c37e580d1a08dc302136ebb0bea14f231eadec77e", kill_on_drop: false }`
[INFO] running `Command { std: "docker" "rm" "-f" "da8c5e3ce44b1106961a916c37e580d1a08dc302136ebb0bea14f231eadec77e", kill_on_drop: false }`
[INFO] [stdout] da8c5e3ce44b1106961a916c37e580d1a08dc302136ebb0bea14f231eadec77e
