[INFO] fetching crate fluence-fork-libp2p-kad 0.29.2...
[INFO] checking fluence-fork-libp2p-kad-0.29.2 against nightly-2024-02-05 for check-cfg
[INFO] extracting crate fluence-fork-libp2p-kad 0.29.2 into /workspace/builds/worker-2-tc1/source
[INFO] validating manifest of crates.io crate fluence-fork-libp2p-kad 0.29.2 on toolchain nightly-2024-02-05
[INFO] running `Command { std: CARGO_HOME="/workspace/cargo-home" RUSTUP_HOME="/workspace/rustup-home" "/workspace/cargo-home/bin/cargo" "+nightly-2024-02-05" "metadata" "--manifest-path" "Cargo.toml" "--no-deps", kill_on_drop: false }`
[INFO] started tweaking crates.io crate fluence-fork-libp2p-kad 0.29.2
[INFO] finished tweaking crates.io crate fluence-fork-libp2p-kad 0.29.2
[INFO] tweaked toml for crates.io crate fluence-fork-libp2p-kad 0.29.2 written to /workspace/builds/worker-2-tc1/source/Cargo.toml
[INFO] running `Command { std: CARGO_HOME="/workspace/cargo-home" RUSTUP_HOME="/workspace/rustup-home" "/workspace/cargo-home/bin/cargo" "+nightly-2024-02-05" "generate-lockfile" "--manifest-path" "Cargo.toml", kill_on_drop: false }`
[INFO] [stderr]     Updating crates.io index
[INFO] running `Command { std: CARGO_HOME="/workspace/cargo-home" RUSTUP_HOME="/workspace/rustup-home" "/workspace/cargo-home/bin/cargo" "+nightly-2024-02-05" "fetch" "--manifest-path" "Cargo.toml", kill_on_drop: false }`
[INFO] [stderr]  Downloading crates ...
[INFO] [stderr]   Downloaded multihash-derive v0.7.2
[INFO] [stderr]   Downloaded serde_with v1.6.4
[INFO] [stderr]   Downloaded serde_derive v1.0.118
[INFO] [stderr]   Downloaded rw-stream-sink v0.2.1
[INFO] [stderr]   Downloaded serde_bytes v0.11.10
[INFO] [stderr]   Downloaded prost-derive v0.7.0
[INFO] [stderr]   Downloaded multihash v0.13.2
[INFO] [stderr]   Downloaded asn1_der_derive v0.1.2
[INFO] [stderr]   Downloaded fluence-identity v0.3.0
[INFO] [stderr]   Downloaded fluence-fork-multistream-select v0.10.3
[INFO] [stderr]   Downloaded unsigned-varint v0.5.1
[INFO] [stderr]   Downloaded prost v0.7.0
[INFO] [stderr]   Downloaded prometheus v0.9.0
[INFO] [stderr]   Downloaded trust-graph v0.2.7
[INFO] [stderr]   Downloaded fluence-fork-libp2p-core v0.27.2
[INFO] [stderr]   Downloaded serde v1.0.118
[INFO] [stderr]   Downloaded fluence-fork-libp2p-swarm v0.28.1
[INFO] [stderr]   Downloaded asn1_der v0.6.3
[INFO] [stderr]   Downloaded libsecp256k1 v0.3.5
[INFO] [stderr]   Downloaded fluence-fork-parity-multiaddr v0.11.2
[INFO] [stderr]   Downloaded prost-types v0.7.0
[INFO] [stderr]   Downloaded hmac-drbg v0.2.0
[INFO] [stderr]   Downloaded prost-build v0.7.0
[INFO] running `Command { std: "docker" "create" "-v" "/var/lib/crater-agent-workspace/builds/worker-2-tc1/target:/opt/rustwide/target:rw,Z" "-v" "/var/lib/crater-agent-workspace/builds/worker-2-tc1/source:/opt/rustwide/workdir:ro,Z" "-v" "/var/lib/crater-agent-workspace/cargo-home:/opt/rustwide/cargo-home:ro,Z" "-v" "/var/lib/crater-agent-workspace/rustup-home:/opt/rustwide/rustup-home:ro,Z" "-e" "SOURCE_DIR=/opt/rustwide/workdir" "-e" "CARGO_TARGET_DIR=/opt/rustwide/target" "-e" "CARGO_HOME=/opt/rustwide/cargo-home" "-e" "RUSTUP_HOME=/opt/rustwide/rustup-home" "-w" "/opt/rustwide/workdir" "-m" "1610612736" "--user" "0:0" "--network" "none" "ghcr.io/rust-lang/crates-build-env/linux@sha256:2788e3201cd34a07e3172128adcd8b3090168a8e3bcc40d7c032b9dda1df7d1c" "/opt/rustwide/cargo-home/bin/cargo" "+nightly-2024-02-05" "metadata" "--no-deps" "--format-version=1", kill_on_drop: false }`
[INFO] [stdout] bb88daadc0312ceea0f4bcf4701e10765edf5328d4829b6b88649eb5691c48f1
[INFO] running `Command { std: "docker" "start" "-a" "bb88daadc0312ceea0f4bcf4701e10765edf5328d4829b6b88649eb5691c48f1", kill_on_drop: false }`
[INFO] running `Command { std: "docker" "inspect" "bb88daadc0312ceea0f4bcf4701e10765edf5328d4829b6b88649eb5691c48f1", kill_on_drop: false }`
[INFO] running `Command { std: "docker" "rm" "-f" "bb88daadc0312ceea0f4bcf4701e10765edf5328d4829b6b88649eb5691c48f1", kill_on_drop: false }`
[INFO] [stdout] bb88daadc0312ceea0f4bcf4701e10765edf5328d4829b6b88649eb5691c48f1
[INFO] running `Command { std: "docker" "create" "-v" "/var/lib/crater-agent-workspace/builds/worker-2-tc1/target:/opt/rustwide/target:rw,Z" "-v" "/var/lib/crater-agent-workspace/builds/worker-2-tc1/source:/opt/rustwide/workdir:ro,Z" "-v" "/var/lib/crater-agent-workspace/cargo-home:/opt/rustwide/cargo-home:ro,Z" "-v" "/var/lib/crater-agent-workspace/rustup-home:/opt/rustwide/rustup-home:ro,Z" "-e" "SOURCE_DIR=/opt/rustwide/workdir" "-e" "CARGO_TARGET_DIR=/opt/rustwide/target" "-e" "CARGO_INCREMENTAL=0" "-e" "RUST_BACKTRACE=full" "-e" "RUSTFLAGS=--cap-lints=forbid" "-e" "RUSTDOCFLAGS=--cap-lints=forbid" "-e" "CARGO_HOME=/opt/rustwide/cargo-home" "-e" "RUSTUP_HOME=/opt/rustwide/rustup-home" "-w" "/opt/rustwide/workdir" "-m" "1610612736" "--user" "0:0" "--network" "none" "ghcr.io/rust-lang/crates-build-env/linux@sha256:2788e3201cd34a07e3172128adcd8b3090168a8e3bcc40d7c032b9dda1df7d1c" "/opt/rustwide/cargo-home/bin/cargo" "+nightly-2024-02-05" "check" "--frozen" "--all" "--all-targets" "--message-format=json", kill_on_drop: false }`
[INFO] [stdout] a68e79c327dc45dc5cc53c6f32df47e62d3175bbfa1bdd508df39b7e046eb126
[INFO] running `Command { std: "docker" "start" "-a" "a68e79c327dc45dc5cc53c6f32df47e62d3175bbfa1bdd508df39b7e046eb126", kill_on_drop: false }`
[INFO] [stderr]    Compiling proc-macro2 v1.0.78
[INFO] [stderr]    Compiling syn v1.0.109
[INFO] [stderr]    Compiling either v1.9.0
[INFO] [stderr]    Compiling anyhow v1.0.79
[INFO] [stderr]    Compiling bitflags v2.4.2
[INFO] [stderr]    Compiling linux-raw-sys v0.4.13
[INFO] [stderr]     Checking futures-core v0.3.30
[INFO] [stderr]    Compiling rustix v0.38.31
[INFO] [stderr]    Compiling getrandom v0.1.16
[INFO] [stderr]     Checking futures-task v0.3.30
[INFO] [stderr]     Checking futures-io v0.3.30
[INFO] [stderr]    Compiling serde_derive v1.0.118
[INFO] [stderr]    Compiling home v0.5.9
[INFO] [stderr]    Compiling serde v1.0.118
[INFO] [stderr]    Compiling indexmap v1.9.3
[INFO] [stderr]    Compiling bytes v1.5.0
[INFO] [stderr]     Checking byteorder v1.5.0
[INFO] [stderr]     Checking futures-channel v0.3.30
[INFO] [stderr]    Compiling hashbrown v0.12.3
[INFO] [stderr]    Compiling fixedbitset v0.2.0
[INFO] [stderr]    Compiling fastrand v2.0.1
[INFO] [stderr]    Compiling itertools v0.9.0
[INFO] [stderr]    Compiling unicode-segmentation v1.10.1
[INFO] [stderr]    Compiling cfg-if v1.0.0
[INFO] [stderr]    Compiling proc-macro-error v1.0.4
[INFO] [stderr]    Compiling multimap v0.8.3
[INFO] [stderr]     Checking digest v0.8.1
[INFO] [stderr]     Checking block-buffer v0.9.0
[INFO] [stderr]    Compiling lock_api v0.4.11
[INFO] [stderr]    Compiling pin-project-internal v0.4.30
[INFO] [stderr]     Checking cpufeatures v0.2.12
[INFO] [stderr]     Checking byte-tools v0.3.1
[INFO] [stderr]    Compiling parking_lot_core v0.8.6
[INFO] [stderr]     Checking smallvec v1.13.1
[INFO] [stderr]    Compiling crunchy v0.2.2
[INFO] [stderr]     Checking subtle v1.0.0
[INFO] [stderr]     Checking opaque-debug v0.3.0
[INFO] [stderr]     Checking rand_core v0.5.1
[INFO] [stderr]     Checking sha2 v0.9.9
[INFO] [stderr]     Checking crypto-mac v0.7.0
[INFO] [stderr]     Checking block-padding v0.1.5
[INFO] [stderr]    Compiling heck v0.3.3
[INFO] [stderr]     Checking rand_chacha v0.2.2
[INFO] [stderr]    Compiling ring v0.16.20
[INFO] [stderr]     Checking instant v0.1.12
[INFO] [stderr]    Compiling ident_case v1.0.1
[INFO] [stderr]     Checking unicode-bidi v0.3.15
[INFO] [stderr]    Compiling strsim v0.10.0
[INFO] [stderr]     Checking subtle v2.5.0
[INFO] [stderr]    Compiling fnv v1.0.7
[INFO] [stderr]     Checking rand v0.7.3
[INFO] [stderr]     Checking block-buffer v0.7.3
[INFO] [stderr]     Checking hmac v0.7.1
[INFO] [stderr]     Checking signature v1.6.4
[INFO] [stderr]     Checking unsigned-varint v0.5.1
[INFO] [stderr]     Checking spin v0.5.2
[INFO] [stderr]     Checking fake-simd v0.1.2
[INFO] [stderr]     Checking opaque-debug v0.2.3
[INFO] [stderr]     Checking hmac-drbg v0.2.0
[INFO] [stderr]     Checking untrusted v0.7.1
[INFO] [stderr]     Checking bs58 v0.4.0
[INFO] [stderr]     Checking sha2 v0.8.2
[INFO] [stderr]    Compiling backtrace v0.3.69
[INFO] [stderr]    Compiling serde_json v1.0.99
[INFO] [stderr]    Compiling quote v1.0.35
[INFO] [stderr]     Checking void v1.0.2
[INFO] [stderr]     Checking parking_lot v0.11.2
[INFO] [stderr]     Checking futures-timer v3.0.2
[INFO] [stderr]     Checking aho-corasick v1.1.2
[INFO] [stderr]    Compiling ref-cast v1.0.22
[INFO] [stderr]     Checking idna v0.5.0
[INFO] [stderr]    Compiling protobuf v2.28.0
[INFO] [stderr]    Compiling syn v2.0.48
[INFO] [stderr]    Compiling prometheus v0.9.0
[INFO] [stderr]    Compiling petgraph v0.5.1
[INFO] [stderr]     Checking bs58 v0.3.1
[INFO] [stderr]     Checking humantime v1.3.0
[INFO] [stderr]     Checking hex v0.4.3
[INFO] [stderr]     Checking arrayvec v0.5.2
[INFO] [stderr]    Compiling proc-macro-error-attr v1.0.4
[INFO] [stderr]     Checking url v2.5.0
[INFO] [stderr]     Checking uint v0.9.5
[INFO] [stderr]     Checking libsecp256k1 v0.3.5
[INFO] [stderr]     Checking regex-automata v0.4.5
[INFO] [stderr]    Compiling which v4.4.2
[INFO] [stderr]    Compiling tempfile v3.10.0
[INFO] [stderr]    Compiling prost-build v0.7.0
[INFO] [stderr]     Checking regex v1.10.3
[INFO] [stderr]     Checking env_logger v0.7.1
[INFO] [stderr]     Checking quickcheck v0.9.2
[INFO] [stderr]    Compiling synstructure v0.12.6
[INFO] [stderr]    Compiling darling_core v0.13.4
[INFO] [stderr]    Compiling prost-derive v0.7.0
[INFO] [stderr]    Compiling multihash-derive v0.7.2
[INFO] [stderr]    Compiling asn1_der_derive v0.1.2
[INFO] [stderr]    Compiling failure_derive v0.1.8
[INFO] [stderr]    Compiling derivative v2.2.0
[INFO] [stderr]    Compiling futures-macro v0.3.30
[INFO] [stderr]    Compiling zeroize_derive v1.4.2
[INFO] [stderr]    Compiling thiserror-impl v1.0.56
[INFO] [stderr]    Compiling pin-project-internal v1.1.4
[INFO] [stderr]    Compiling ref-cast-impl v1.0.22
[INFO] [stderr]     Checking asn1_der v0.6.3
[INFO] [stderr]     Checking failure v0.1.8
[INFO] [stderr]     Checking zeroize v1.3.0
[INFO] [stderr]     Checking curve25519-dalek v3.2.1
[INFO] [stderr]     Checking multihash v0.13.2
[INFO] [stderr]     Checking futures-util v0.3.30
[INFO] [stderr]    Compiling darling_macro v0.13.4
[INFO] [stderr]     Checking pin-project v0.4.30
[INFO] [stderr]     Checking thiserror v1.0.56
[INFO] [stderr]     Checking pin-project v1.1.4
[INFO] [stderr]    Compiling prost v0.7.0
[INFO] [stderr]    Compiling prost-types v0.7.0
[INFO] [stderr]    Compiling darling v0.13.4
[INFO] [stderr]    Compiling serde_with_macros v1.5.2
[INFO] [stderr]    Compiling fluence-fork-libp2p-core v0.27.2
[INFO] [stderr]    Compiling fluence-fork-libp2p-kad v0.29.2 (/opt/rustwide/workdir)
[INFO] [stderr]     Checking futures-executor v0.3.30
[INFO] [stderr]     Checking asynchronous-codec v0.6.2
[INFO] [stderr]     Checking futures v0.3.30
[INFO] [stderr]     Checking unsigned-varint v0.7.2
[INFO] [stderr]     Checking rw-stream-sink v0.2.1
[INFO] [stderr]     Checking wasm-timer v0.2.5
[INFO] [stderr]     Checking fluence-fork-multistream-select v0.10.3
[INFO] [stderr]     Checking serde_bytes v0.11.10
[INFO] [stderr]     Checking ed25519 v1.5.3
[INFO] [stderr]     Checking fluence-fork-parity-multiaddr v0.11.2
[INFO] [stderr]     Checking serde_with v1.6.4
[INFO] [stderr]     Checking ed25519-dalek v1.0.1
[INFO] [stderr]     Checking fluence-fork-libp2p-swarm v0.28.1
[INFO] [stderr]     Checking fluence-identity v0.3.0
[INFO] [stderr]     Checking trust-graph v0.2.7
[INFO] [stdout] warning: unused import: `SubBucket`
[INFO] [stdout]   --> src/kbucket/bucket.rs:29:79
[INFO] [stdout]    |
[INFO] [stdout] 29 | pub use crate::kbucket::sub_bucket::{Node, NodeStatus, PendingNode, Position, SubBucket};
[INFO] [stdout]    |                                                                               ^^^^^^^^^
[INFO] [stdout]    |
[INFO] [stdout]    = note: `#[warn(unused_imports)]` on by default
[INFO] [stdout] 
[INFO] [stdout] 
[INFO] [stdout] warning: unused import: `W_VALUE`
[INFO] [stdout]   --> src/kbucket/bucket.rs:32:26
[INFO] [stdout]    |
[INFO] [stdout] 32 | pub use crate::{K_VALUE, W_VALUE};
[INFO] [stdout]    |                          ^^^^^^^
[INFO] [stdout] 
[INFO] [stdout] 
[INFO] [stdout] error[E0432]: unresolved import `libp2p_noise`
[INFO] [stdout]   --> src/behaviour/test.rs:43:5
[INFO] [stdout]    |
[INFO] [stdout] 43 | use libp2p_noise as noise;
[INFO] [stdout]    |     ^^^^^^^^^^^^^^^^^^^^^ no external crate `libp2p_noise`
[INFO] [stdout] 
[INFO] [stdout] 
[INFO] [stdout] error[E0432]: unresolved import `libp2p_yamux`
[INFO] [stdout]   --> src/behaviour/test.rs:45:5
[INFO] [stdout]    |
[INFO] [stdout] 45 | use libp2p_yamux as yamux;
[INFO] [stdout]    |     ^^^^^^^^^^^^^^^^^^^^^ no external crate `libp2p_yamux`
[INFO] [stdout] 
[INFO] [stdout] 
[INFO] [stdout] warning: unused import: `SubBucket`
[INFO] [stdout]   --> src/kbucket/bucket.rs:29:79
[INFO] [stdout]    |
[INFO] [stdout] 29 | pub use crate::kbucket::sub_bucket::{Node, NodeStatus, PendingNode, Position, SubBucket};
[INFO] [stdout]    |                                                                               ^^^^^^^^^
[INFO] [stdout]    |
[INFO] [stdout]    = note: `#[warn(unused_imports)]` on by default
[INFO] [stdout] 
[INFO] [stdout] 
[INFO] [stdout] warning: unused import: `W_VALUE`
[INFO] [stdout]   --> src/kbucket/bucket.rs:32:26
[INFO] [stdout]    |
[INFO] [stdout] 32 | pub use crate::{K_VALUE, W_VALUE};
[INFO] [stdout]    |                          ^^^^^^^
[INFO] [stdout] 
[INFO] [stdout] 
[INFO] [stdout] warning: variable does not need to be mutable
[INFO] [stdout]    --> src/behaviour.rs:876:40
[INFO] [stdout]     |
[INFO] [stdout] 876 |             peers.iter_mut().for_each(|mut peer|
[INFO] [stdout]     |                                        ----^^^^
[INFO] [stdout]     |                                        |
[INFO] [stdout]     |                                        help: remove this `mut`
[INFO] [stdout]     |
[INFO] [stdout]     = note: `#[warn(unused_mut)]` on by default
[INFO] [stdout] 
[INFO] [stdout] 
[INFO] [stdout] error: aborting due to 2 previous errors; 2 warnings emitted
[INFO] [stdout] 
[INFO] [stdout] 
[INFO] [stdout] For more information about this error, try `rustc --explain E0432`.
[INFO] [stdout] 
[INFO] [stderr] error: could not compile `fluence-fork-libp2p-kad` (lib test) due to 3 previous errors; 2 warnings emitted
[INFO] [stderr] warning: build failed, waiting for other jobs to finish...
[INFO] [stdout] warning: 3 warnings emitted
[INFO] [stdout] 
[INFO] [stdout] 
[INFO] running `Command { std: "docker" "inspect" "a68e79c327dc45dc5cc53c6f32df47e62d3175bbfa1bdd508df39b7e046eb126", kill_on_drop: false }`
[INFO] running `Command { std: "docker" "rm" "-f" "a68e79c327dc45dc5cc53c6f32df47e62d3175bbfa1bdd508df39b7e046eb126", kill_on_drop: false }`
[INFO] [stdout] a68e79c327dc45dc5cc53c6f32df47e62d3175bbfa1bdd508df39b7e046eb126
[INFO] checking fluence-fork-libp2p-kad-0.29.2 against nightly-2024-02-05+rustflags=-Dunexpected_cfgs+cargoflags=-Zcheck-cfg for check-cfg
[INFO] extracting crate fluence-fork-libp2p-kad 0.29.2 into /workspace/builds/worker-2-tc2/source
[INFO] validating manifest of crates.io crate fluence-fork-libp2p-kad 0.29.2 on toolchain nightly-2024-02-05
[INFO] running `Command { std: CARGO_HOME="/workspace/cargo-home" RUSTUP_HOME="/workspace/rustup-home" "/workspace/cargo-home/bin/cargo" "+nightly-2024-02-05" "metadata" "--manifest-path" "Cargo.toml" "--no-deps", kill_on_drop: false }`
[INFO] started tweaking crates.io crate fluence-fork-libp2p-kad 0.29.2
[INFO] finished tweaking crates.io crate fluence-fork-libp2p-kad 0.29.2
[INFO] tweaked toml for crates.io crate fluence-fork-libp2p-kad 0.29.2 written to /workspace/builds/worker-2-tc2/source/Cargo.toml
[INFO] running `Command { std: CARGO_HOME="/workspace/cargo-home" RUSTUP_HOME="/workspace/rustup-home" "/workspace/cargo-home/bin/cargo" "+nightly-2024-02-05" "generate-lockfile" "--manifest-path" "Cargo.toml", kill_on_drop: false }`
[INFO] [stderr]     Updating crates.io index
[INFO] running `Command { std: CARGO_HOME="/workspace/cargo-home" RUSTUP_HOME="/workspace/rustup-home" "/workspace/cargo-home/bin/cargo" "+nightly-2024-02-05" "fetch" "--manifest-path" "Cargo.toml", kill_on_drop: false }`
[INFO] running `Command { std: "docker" "create" "-v" "/var/lib/crater-agent-workspace/builds/worker-2-tc2/target:/opt/rustwide/target:rw,Z" "-v" "/var/lib/crater-agent-workspace/builds/worker-2-tc2/source:/opt/rustwide/workdir:ro,Z" "-v" "/var/lib/crater-agent-workspace/cargo-home:/opt/rustwide/cargo-home:ro,Z" "-v" "/var/lib/crater-agent-workspace/rustup-home:/opt/rustwide/rustup-home:ro,Z" "-e" "SOURCE_DIR=/opt/rustwide/workdir" "-e" "CARGO_TARGET_DIR=/opt/rustwide/target" "-e" "CARGO_HOME=/opt/rustwide/cargo-home" "-e" "RUSTUP_HOME=/opt/rustwide/rustup-home" "-w" "/opt/rustwide/workdir" "-m" "1610612736" "--user" "0:0" "--network" "none" "ghcr.io/rust-lang/crates-build-env/linux@sha256:2788e3201cd34a07e3172128adcd8b3090168a8e3bcc40d7c032b9dda1df7d1c" "/opt/rustwide/cargo-home/bin/cargo" "+nightly-2024-02-05" "metadata" "--no-deps" "--format-version=1", kill_on_drop: false }`
[INFO] [stdout] 49e29671cad21e3bab53fbcaddc965eada5f451e7f45a995bed7d68c83f68aff
[INFO] running `Command { std: "docker" "start" "-a" "49e29671cad21e3bab53fbcaddc965eada5f451e7f45a995bed7d68c83f68aff", kill_on_drop: false }`
[INFO] running `Command { std: "docker" "inspect" "49e29671cad21e3bab53fbcaddc965eada5f451e7f45a995bed7d68c83f68aff", kill_on_drop: false }`
[INFO] running `Command { std: "docker" "rm" "-f" "49e29671cad21e3bab53fbcaddc965eada5f451e7f45a995bed7d68c83f68aff", kill_on_drop: false }`
[INFO] [stdout] 49e29671cad21e3bab53fbcaddc965eada5f451e7f45a995bed7d68c83f68aff
[INFO] running `Command { std: "docker" "create" "-v" "/var/lib/crater-agent-workspace/builds/worker-2-tc2/target:/opt/rustwide/target:rw,Z" "-v" "/var/lib/crater-agent-workspace/builds/worker-2-tc2/source:/opt/rustwide/workdir:ro,Z" "-v" "/var/lib/crater-agent-workspace/cargo-home:/opt/rustwide/cargo-home:ro,Z" "-v" "/var/lib/crater-agent-workspace/rustup-home:/opt/rustwide/rustup-home:ro,Z" "-e" "SOURCE_DIR=/opt/rustwide/workdir" "-e" "CARGO_TARGET_DIR=/opt/rustwide/target" "-e" "CARGO_INCREMENTAL=0" "-e" "RUST_BACKTRACE=full" "-e" "RUSTFLAGS=--cap-lints=forbid -Dunexpected_cfgs" "-e" "RUSTDOCFLAGS=--cap-lints=forbid" "-e" "CARGO_HOME=/opt/rustwide/cargo-home" "-e" "RUSTUP_HOME=/opt/rustwide/rustup-home" "-w" "/opt/rustwide/workdir" "-m" "1610612736" "--user" "0:0" "--network" "none" "ghcr.io/rust-lang/crates-build-env/linux@sha256:2788e3201cd34a07e3172128adcd8b3090168a8e3bcc40d7c032b9dda1df7d1c" "/opt/rustwide/cargo-home/bin/cargo" "+nightly-2024-02-05" "check" "--frozen" "--all" "--all-targets" "--message-format=json" "-Zcheck-cfg", kill_on_drop: false }`
[INFO] [stdout] bd055f3e887062acf26cc591151c2eb2b67e76c7963d8569a9b6c1e3ed81b4fe
[INFO] running `Command { std: "docker" "start" "-a" "bd055f3e887062acf26cc591151c2eb2b67e76c7963d8569a9b6c1e3ed81b4fe", kill_on_drop: false }`
[INFO] [stderr]    Compiling proc-macro2 v1.0.78
[INFO] [stderr]    Compiling syn v1.0.109
[INFO] [stderr]    Compiling either v1.9.0
[INFO] [stderr]    Compiling anyhow v1.0.79
[INFO] [stderr]     Checking futures-core v0.3.30
[INFO] [stderr]    Compiling linux-raw-sys v0.4.13
[INFO] [stderr]    Compiling bitflags v2.4.2
[INFO] [stderr]    Compiling rustix v0.38.31
[INFO] [stderr]    Compiling serde_derive v1.0.118
[INFO] [stderr]    Compiling getrandom v0.1.16
[INFO] [stderr]     Checking futures-io v0.3.30
[INFO] [stderr]     Checking futures-task v0.3.30
[INFO] [stderr]    Compiling serde v1.0.118
[INFO] [stderr]    Compiling home v0.5.9
[INFO] [stderr]    Compiling indexmap v1.9.3
[INFO] [stderr]     Checking byteorder v1.5.0
[INFO] [stderr]    Compiling hashbrown v0.12.3
[INFO] [stderr]     Checking futures-channel v0.3.30
[INFO] [stderr]    Compiling bytes v1.5.0
[INFO] [stderr]    Compiling unicode-segmentation v1.10.1
[INFO] [stderr]    Compiling cfg-if v1.0.0
[INFO] [stderr]    Compiling fastrand v2.0.1
[INFO] [stderr]    Compiling itertools v0.9.0
[INFO] [stderr]    Compiling fixedbitset v0.2.0
[INFO] [stderr]    Compiling proc-macro-error v1.0.4
[INFO] [stderr]    Compiling multimap v0.8.3
[INFO] [stderr]     Checking digest v0.8.1
[INFO] [stderr]     Checking block-buffer v0.9.0
[INFO] [stderr]    Compiling lock_api v0.4.11
[INFO] [stderr]    Compiling crunchy v0.2.2
[INFO] [stderr]    Compiling pin-project-internal v0.4.30
[INFO] [stderr]     Checking subtle v1.0.0
[INFO] [stderr]     Checking byte-tools v0.3.1
[INFO] [stderr]     Checking smallvec v1.13.1
[INFO] [stderr]     Checking cpufeatures v0.2.12
[INFO] [stderr]    Compiling parking_lot_core v0.8.6
[INFO] [stderr]     Checking opaque-debug v0.3.0
[INFO] [stderr]     Checking rand_core v0.5.1
[INFO] [stderr]     Checking crypto-mac v0.7.0
[INFO] [stderr]     Checking block-padding v0.1.5
[INFO] [stderr]    Compiling heck v0.3.3
[INFO] [stderr]     Checking sha2 v0.9.9
[INFO] [stderr]    Compiling ring v0.16.20
[INFO] [stderr]     Checking instant v0.1.12
[INFO] [stderr]    Compiling strsim v0.10.0
[INFO] [stderr]     Checking rand_chacha v0.2.2
[INFO] [stderr]    Compiling ident_case v1.0.1
[INFO] [stderr]     Checking unicode-bidi v0.3.15
[INFO] [stderr]     Checking subtle v2.5.0
[INFO] [stderr]    Compiling fnv v1.0.7
[INFO] [stderr]     Checking hmac v0.7.1
[INFO] [stderr]     Checking block-buffer v0.7.3
[INFO] [stderr]     Checking fake-simd v0.1.2
[INFO] [stderr]     Checking unsigned-varint v0.5.1
[INFO] [stderr]     Checking rand v0.7.3
[INFO] [stderr]     Checking spin v0.5.2
[INFO] [stderr]     Checking opaque-debug v0.2.3
[INFO] [stderr]     Checking signature v1.6.4
[INFO] [stderr]     Checking hmac-drbg v0.2.0
[INFO] [stderr]     Checking bs58 v0.4.0
[INFO] [stderr]     Checking sha2 v0.8.2
[INFO] [stderr]     Checking untrusted v0.7.1
[INFO] [stderr]    Compiling backtrace v0.3.69
[INFO] [stderr]     Checking parking_lot v0.11.2
[INFO] [stderr]     Checking futures-timer v3.0.2
[INFO] [stderr]    Compiling serde_json v1.0.99
[INFO] [stderr]     Checking void v1.0.2
[INFO] [stderr]    Compiling quote v1.0.35
[INFO] [stderr]     Checking aho-corasick v1.1.2
[INFO] [stderr]    Compiling ref-cast v1.0.22
[INFO] [stderr]    Compiling protobuf v2.28.0
[INFO] [stderr]     Checking idna v0.5.0
[INFO] [stderr]    Compiling prometheus v0.9.0
[INFO] [stderr]    Compiling petgraph v0.5.1
[INFO] [stderr]     Checking bs58 v0.3.1
[INFO] [stderr]     Checking humantime v1.3.0
[INFO] [stderr]     Checking hex v0.4.3
[INFO] [stderr]    Compiling syn v2.0.48
[INFO] [stderr]     Checking arrayvec v0.5.2
[INFO] [stderr]     Checking uint v0.9.5
[INFO] [stderr]    Compiling proc-macro-error-attr v1.0.4
[INFO] [stderr]     Checking url v2.5.0
[INFO] [stderr]     Checking libsecp256k1 v0.3.5
[INFO] [stderr]     Checking regex-automata v0.4.5
[INFO] [stderr]    Compiling which v4.4.2
[INFO] [stderr]    Compiling tempfile v3.10.0
[INFO] [stderr]    Compiling prost-build v0.7.0
[INFO] [stderr]     Checking regex v1.10.3
[INFO] [stderr]     Checking env_logger v0.7.1
[INFO] [stderr]     Checking quickcheck v0.9.2
[INFO] [stderr]    Compiling synstructure v0.12.6
[INFO] [stderr]    Compiling darling_core v0.13.4
[INFO] [stderr]    Compiling futures-macro v0.3.30
[INFO] [stderr]    Compiling zeroize_derive v1.4.2
[INFO] [stderr]    Compiling pin-project-internal v1.1.4
[INFO] [stderr]    Compiling thiserror-impl v1.0.56
[INFO] [stderr]    Compiling ref-cast-impl v1.0.22
[INFO] [stderr]    Compiling prost-derive v0.7.0
[INFO] [stderr]    Compiling multihash-derive v0.7.2
[INFO] [stderr]    Compiling asn1_der_derive v0.1.2
[INFO] [stderr]    Compiling failure_derive v0.1.8
[INFO] [stderr]    Compiling derivative v2.2.0
[INFO] [stderr]     Checking asn1_der v0.6.3
[INFO] [stderr]     Checking zeroize v1.3.0
[INFO] [stderr]     Checking failure v0.1.8
[INFO] [stderr]     Checking curve25519-dalek v3.2.1
[INFO] [stderr]     Checking futures-util v0.3.30
[INFO] [stderr]    Compiling darling_macro v0.13.4
[INFO] [stderr]     Checking multihash v0.13.2
[INFO] [stderr]     Checking pin-project v1.1.4
[INFO] [stderr]     Checking thiserror v1.0.56
[INFO] [stderr]     Checking pin-project v0.4.30
[INFO] [stderr]    Compiling prost v0.7.0
[INFO] [stderr]    Compiling darling v0.13.4
[INFO] [stderr]    Compiling serde_with_macros v1.5.2
[INFO] [stderr]    Compiling prost-types v0.7.0
[INFO] [stderr]    Compiling fluence-fork-libp2p-core v0.27.2
[INFO] [stderr]    Compiling fluence-fork-libp2p-kad v0.29.2 (/opt/rustwide/workdir)
[INFO] [stderr]     Checking futures-executor v0.3.30
[INFO] [stderr]     Checking asynchronous-codec v0.6.2
[INFO] [stderr]     Checking futures v0.3.30
[INFO] [stderr]     Checking unsigned-varint v0.7.2
[INFO] [stderr]     Checking rw-stream-sink v0.2.1
[INFO] [stderr]     Checking wasm-timer v0.2.5
[INFO] [stderr]     Checking fluence-fork-multistream-select v0.10.3
[INFO] [stderr]     Checking ed25519 v1.5.3
[INFO] [stderr]     Checking serde_bytes v0.11.10
[INFO] [stderr]     Checking fluence-fork-parity-multiaddr v0.11.2
[INFO] [stderr]     Checking serde_with v1.6.4
[INFO] [stderr]     Checking ed25519-dalek v1.0.1
[INFO] [stderr]     Checking fluence-fork-libp2p-swarm v0.28.1
[INFO] [stderr]     Checking fluence-identity v0.3.0
[INFO] [stderr]     Checking trust-graph v0.2.7
[INFO] [stdout] warning: unused import: `SubBucket`
[INFO] [stdout]   --> src/kbucket/bucket.rs:29:79
[INFO] [stdout]    |
[INFO] [stdout] 29 | pub use crate::kbucket::sub_bucket::{Node, NodeStatus, PendingNode, Position, SubBucket};
[INFO] [stdout]    |                                                                               ^^^^^^^^^
[INFO] [stdout]    |
[INFO] [stdout]    = note: `#[warn(unused_imports)]` on by default
[INFO] [stdout] 
[INFO] [stdout] 
[INFO] [stdout] warning: unused import: `W_VALUE`
[INFO] [stdout]   --> src/kbucket/bucket.rs:32:26
[INFO] [stdout]    |
[INFO] [stdout] 32 | pub use crate::{K_VALUE, W_VALUE};
[INFO] [stdout]    |                          ^^^^^^^
[INFO] [stdout] 
[INFO] [stdout] 
[INFO] [stdout] error[E0432]: unresolved import `libp2p_noise`
[INFO] [stdout]   --> src/behaviour/test.rs:43:5
[INFO] [stdout]    |
[INFO] [stdout] 43 | use libp2p_noise as noise;
[INFO] [stdout]    |     ^^^^^^^^^^^^^^^^^^^^^ no external crate `libp2p_noise`
[INFO] [stdout] 
[INFO] [stdout] 
[INFO] [stdout] error[E0432]: unresolved import `libp2p_yamux`
[INFO] [stdout]   --> src/behaviour/test.rs:45:5
[INFO] [stdout]    |
[INFO] [stdout] 45 | use libp2p_yamux as yamux;
[INFO] [stdout]    |     ^^^^^^^^^^^^^^^^^^^^^ no external crate `libp2p_yamux`
[INFO] [stdout] 
[INFO] [stdout] 
[INFO] [stdout] warning: unused import: `SubBucket`
[INFO] [stdout]   --> src/kbucket/bucket.rs:29:79
[INFO] [stdout]    |
[INFO] [stdout] 29 | pub use crate::kbucket::sub_bucket::{Node, NodeStatus, PendingNode, Position, SubBucket};
[INFO] [stdout]    |                                                                               ^^^^^^^^^
[INFO] [stdout]    |
[INFO] [stdout]    = note: `#[warn(unused_imports)]` on by default
[INFO] [stdout] 
[INFO] [stdout] 
[INFO] [stdout] warning: unused import: `W_VALUE`
[INFO] [stdout]   --> src/kbucket/bucket.rs:32:26
[INFO] [stdout]    |
[INFO] [stdout] 32 | pub use crate::{K_VALUE, W_VALUE};
[INFO] [stdout]    |                          ^^^^^^^
[INFO] [stdout] 
[INFO] [stdout] 
[INFO] [stdout] warning: variable does not need to be mutable
[INFO] [stdout]    --> src/behaviour.rs:876:40
[INFO] [stdout]     |
[INFO] [stdout] 876 |             peers.iter_mut().for_each(|mut peer|
[INFO] [stdout]     |                                        ----^^^^
[INFO] [stdout]     |                                        |
[INFO] [stdout]     |                                        help: remove this `mut`
[INFO] [stdout]     |
[INFO] [stdout]     = note: `#[warn(unused_mut)]` on by default
[INFO] [stdout] 
[INFO] [stdout] 
[INFO] [stdout] error: aborting due to 2 previous errors; 2 warnings emitted
[INFO] [stdout] 
[INFO] [stdout] 
[INFO] [stdout] For more information about this error, try `rustc --explain E0432`.
[INFO] [stdout] 
[INFO] [stderr] error: could not compile `fluence-fork-libp2p-kad` (lib test) due to 3 previous errors; 2 warnings emitted
[INFO] [stderr] warning: build failed, waiting for other jobs to finish...
[INFO] [stdout] warning: 3 warnings emitted
[INFO] [stdout] 
[INFO] [stdout] 
[INFO] running `Command { std: "docker" "inspect" "bd055f3e887062acf26cc591151c2eb2b67e76c7963d8569a9b6c1e3ed81b4fe", kill_on_drop: false }`
[INFO] running `Command { std: "docker" "rm" "-f" "bd055f3e887062acf26cc591151c2eb2b67e76c7963d8569a9b6c1e3ed81b4fe", kill_on_drop: false }`
[INFO] [stdout] bd055f3e887062acf26cc591151c2eb2b67e76c7963d8569a9b6c1e3ed81b4fe
