[INFO] fetching crate fls 0.1.0...
[INFO] checking fls-0.1.0 against nightly-2024-02-05 for check-cfg
[INFO] extracting crate fls 0.1.0 into /workspace/builds/worker-6-tc1/source
[INFO] validating manifest of crates.io crate fls 0.1.0 on toolchain nightly-2024-02-05
[INFO] running `Command { std: CARGO_HOME="/workspace/cargo-home" RUSTUP_HOME="/workspace/rustup-home" "/workspace/cargo-home/bin/cargo" "+nightly-2024-02-05" "metadata" "--manifest-path" "Cargo.toml" "--no-deps", kill_on_drop: false }`
[INFO] started tweaking crates.io crate fls 0.1.0
[INFO] finished tweaking crates.io crate fls 0.1.0
[INFO] tweaked toml for crates.io crate fls 0.1.0 written to /workspace/builds/worker-6-tc1/source/Cargo.toml
[INFO] crate crates.io crate fls 0.1.0 already has a lockfile, it will not be regenerated
[INFO] running `Command { std: CARGO_HOME="/workspace/cargo-home" RUSTUP_HOME="/workspace/rustup-home" "/workspace/cargo-home/bin/cargo" "+nightly-2024-02-05" "fetch" "--manifest-path" "Cargo.toml", kill_on_drop: false }`
[INFO] [stderr]     Updating crates.io index
[INFO] [stderr]  Downloading crates ...
[INFO] [stderr]   Downloaded veneer v0.1.0
[INFO] [stderr]   Downloaded veneer-macros v0.1.0
[INFO] [stderr]   Downloaded sc v0.2.4
[INFO] [stderr]   Downloaded compiler_builtins v0.1.47
[INFO] running `Command { std: "docker" "create" "-v" "/var/lib/crater-agent-workspace/builds/worker-6-tc1/target:/opt/rustwide/target:rw,Z" "-v" "/var/lib/crater-agent-workspace/builds/worker-6-tc1/source:/opt/rustwide/workdir:ro,Z" "-v" "/var/lib/crater-agent-workspace/cargo-home:/opt/rustwide/cargo-home:ro,Z" "-v" "/var/lib/crater-agent-workspace/rustup-home:/opt/rustwide/rustup-home:ro,Z" "-e" "SOURCE_DIR=/opt/rustwide/workdir" "-e" "CARGO_TARGET_DIR=/opt/rustwide/target" "-e" "CARGO_HOME=/opt/rustwide/cargo-home" "-e" "RUSTUP_HOME=/opt/rustwide/rustup-home" "-w" "/opt/rustwide/workdir" "-m" "1610612736" "--user" "0:0" "--network" "none" "ghcr.io/rust-lang/crates-build-env/linux@sha256:2788e3201cd34a07e3172128adcd8b3090168a8e3bcc40d7c032b9dda1df7d1c" "/opt/rustwide/cargo-home/bin/cargo" "+nightly-2024-02-05" "metadata" "--no-deps" "--format-version=1", kill_on_drop: false }`
[INFO] [stdout] dbc59d7b5096b01c5993fae2f9743b478d10b3ca3a642e8a2dd81704a7435da5
[INFO] running `Command { std: "docker" "start" "-a" "dbc59d7b5096b01c5993fae2f9743b478d10b3ca3a642e8a2dd81704a7435da5", kill_on_drop: false }`
[INFO] running `Command { std: "docker" "inspect" "dbc59d7b5096b01c5993fae2f9743b478d10b3ca3a642e8a2dd81704a7435da5", kill_on_drop: false }`
[INFO] running `Command { std: "docker" "rm" "-f" "dbc59d7b5096b01c5993fae2f9743b478d10b3ca3a642e8a2dd81704a7435da5", kill_on_drop: false }`
[INFO] [stdout] dbc59d7b5096b01c5993fae2f9743b478d10b3ca3a642e8a2dd81704a7435da5
[INFO] running `Command { std: "docker" "create" "-v" "/var/lib/crater-agent-workspace/builds/worker-6-tc1/target:/opt/rustwide/target:rw,Z" "-v" "/var/lib/crater-agent-workspace/builds/worker-6-tc1/source:/opt/rustwide/workdir:ro,Z" "-v" "/var/lib/crater-agent-workspace/cargo-home:/opt/rustwide/cargo-home:ro,Z" "-v" "/var/lib/crater-agent-workspace/rustup-home:/opt/rustwide/rustup-home:ro,Z" "-e" "SOURCE_DIR=/opt/rustwide/workdir" "-e" "CARGO_TARGET_DIR=/opt/rustwide/target" "-e" "CARGO_INCREMENTAL=0" "-e" "RUST_BACKTRACE=full" "-e" "RUSTFLAGS=--cap-lints=forbid" "-e" "RUSTDOCFLAGS=--cap-lints=forbid" "-e" "CARGO_HOME=/opt/rustwide/cargo-home" "-e" "RUSTUP_HOME=/opt/rustwide/rustup-home" "-w" "/opt/rustwide/workdir" "-m" "1610612736" "--user" "0:0" "--network" "none" "ghcr.io/rust-lang/crates-build-env/linux@sha256:2788e3201cd34a07e3172128adcd8b3090168a8e3bcc40d7c032b9dda1df7d1c" "/opt/rustwide/cargo-home/bin/cargo" "+nightly-2024-02-05" "check" "--frozen" "--all" "--all-targets" "--message-format=json", kill_on_drop: false }`
[INFO] [stdout] 57b921dbacca8a492ae323827d03aa34055da961f925cfd07d8838c97fdc8748
[INFO] running `Command { std: "docker" "start" "-a" "57b921dbacca8a492ae323827d03aa34055da961f925cfd07d8838c97fdc8748", kill_on_drop: false }`
[INFO] [stderr]    Compiling libc v0.2.97
[INFO] [stderr]    Compiling compiler_builtins v0.1.47
[INFO] [stderr]    Compiling veneer-macros v0.1.0
[INFO] [stderr]    Compiling fls v0.1.0 (/opt/rustwide/workdir)
[INFO] [stderr]     Checking tinyvec_macros v0.1.0
[INFO] [stderr]     Checking sc v0.2.4
[INFO] [stderr]     Checking unicode-width v0.1.8
[INFO] [stderr]     Checking bitflags v1.2.1
[INFO] [stderr]     Checking tinyvec v1.3.1
[INFO] [stdout] error: cannot find macro `llvm_asm` in this scope
[INFO] [stdout]   --> /opt/rustwide/cargo-home/registry/src/index.crates.io-6f17d22bba15001f/sc-0.2.4/src/platform/linux-x86_64/mod.rs:94:5
[INFO] [stdout]    |
[INFO] [stdout] 94 |     llvm_asm!("syscall"
[INFO] [stdout]    |     ^^^^^^^^
[INFO] [stdout] 
[INFO] [stdout] 
[INFO] [stdout] error: cannot find macro `llvm_asm` in this scope
[INFO] [stdout]   --> /opt/rustwide/cargo-home/registry/src/index.crates.io-6f17d22bba15001f/sc-0.2.4/src/platform/linux-x86_64/mod.rs:77:5
[INFO] [stdout]    |
[INFO] [stdout] 77 |     llvm_asm!("syscall"
[INFO] [stdout]    |     ^^^^^^^^
[INFO] [stdout] 
[INFO] [stdout] 
[INFO] [stdout] error: cannot find macro `llvm_asm` in this scope
[INFO] [stdout]   --> /opt/rustwide/cargo-home/registry/src/index.crates.io-6f17d22bba15001f/sc-0.2.4/src/platform/linux-x86_64/mod.rs:61:5
[INFO] [stdout]    |
[INFO] [stdout] 61 |     llvm_asm!("syscall"
[INFO] [stdout]    |     ^^^^^^^^
[INFO] [stdout] 
[INFO] [stdout] 
[INFO] [stdout] error: cannot find macro `llvm_asm` in this scope
[INFO] [stdout]   --> /opt/rustwide/cargo-home/registry/src/index.crates.io-6f17d22bba15001f/sc-0.2.4/src/platform/linux-x86_64/mod.rs:46:5
[INFO] [stdout]    |
[INFO] [stdout] 46 |     llvm_asm!("syscall"
[INFO] [stdout]    |     ^^^^^^^^
[INFO] [stdout] 
[INFO] [stdout] 
[INFO] [stdout] error: cannot find macro `llvm_asm` in this scope
[INFO] [stdout]   --> /opt/rustwide/cargo-home/registry/src/index.crates.io-6f17d22bba15001f/sc-0.2.4/src/platform/linux-x86_64/mod.rs:36:5
[INFO] [stdout]    |
[INFO] [stdout] 36 |     llvm_asm!("syscall"
[INFO] [stdout]    |     ^^^^^^^^
[INFO] [stdout] 
[INFO] [stdout] 
[INFO] [stdout] error: cannot find macro `llvm_asm` in this scope
[INFO] [stdout]   --> /opt/rustwide/cargo-home/registry/src/index.crates.io-6f17d22bba15001f/sc-0.2.4/src/platform/linux-x86_64/mod.rs:26:5
[INFO] [stdout]    |
[INFO] [stdout] 26 |     llvm_asm!("syscall"
[INFO] [stdout]    |     ^^^^^^^^
[INFO] [stdout] 
[INFO] [stdout] 
[INFO] [stdout] error: cannot find macro `llvm_asm` in this scope
[INFO] [stdout]   --> /opt/rustwide/cargo-home/registry/src/index.crates.io-6f17d22bba15001f/sc-0.2.4/src/platform/linux-x86_64/mod.rs:16:5
[INFO] [stdout]    |
[INFO] [stdout] 16 |     llvm_asm!("syscall"
[INFO] [stdout]    |     ^^^^^^^^
[INFO] [stdout] 
[INFO] [stdout] 
[INFO] [stdout] error[E0635]: unknown feature `llvm_asm`
[INFO] [stdout]   --> /opt/rustwide/cargo-home/registry/src/index.crates.io-6f17d22bba15001f/sc-0.2.4/src/lib.rs:15:12
[INFO] [stdout]    |
[INFO] [stdout] 15 | #![feature(llvm_asm)]
[INFO] [stdout]    |            ^^^^^^^^
[INFO] [stdout] 
[INFO] [stdout] 
[INFO] [stdout] error: aborting due to 8 previous errors
[INFO] [stdout] 
[INFO] [stdout] 
[INFO] [stdout] For more information about this error, try `rustc --explain E0635`.
[INFO] [stdout] 
[INFO] [stdout] error: cannot find macro `llvm_asm` in this scope
[INFO] [stdout]   --> /opt/rustwide/cargo-home/registry/src/index.crates.io-6f17d22bba15001f/sc-0.2.4/src/platform/linux-x86_64/mod.rs:94:5
[INFO] [stdout]    |
[INFO] [stdout] 94 |     llvm_asm!("syscall"
[INFO] [stdout]    |     ^^^^^^^^
[INFO] [stdout] 
[INFO] [stdout] 
[INFO] [stdout] error: cannot find macro `llvm_asm` in this scope
[INFO] [stdout]   --> /opt/rustwide/cargo-home/registry/src/index.crates.io-6f17d22bba15001f/sc-0.2.4/src/platform/linux-x86_64/mod.rs:77:5
[INFO] [stdout]    |
[INFO] [stdout] 77 |     llvm_asm!("syscall"
[INFO] [stdout]    |     ^^^^^^^^
[INFO] [stdout] 
[INFO] [stdout] 
[INFO] [stdout] error: cannot find macro `llvm_asm` in this scope
[INFO] [stdout]   --> /opt/rustwide/cargo-home/registry/src/index.crates.io-6f17d22bba15001f/sc-0.2.4/src/platform/linux-x86_64/mod.rs:61:5
[INFO] [stdout]    |
[INFO] [stdout] 61 |     llvm_asm!("syscall"
[INFO] [stdout]    |     ^^^^^^^^
[INFO] [stdout] 
[INFO] [stdout] 
[INFO] [stdout] error: cannot find macro `llvm_asm` in this scope
[INFO] [stdout]   --> /opt/rustwide/cargo-home/registry/src/index.crates.io-6f17d22bba15001f/sc-0.2.4/src/platform/linux-x86_64/mod.rs:46:5
[INFO] [stdout]    |
[INFO] [stdout] 46 |     llvm_asm!("syscall"
[INFO] [stdout]    |     ^^^^^^^^
[INFO] [stdout] 
[INFO] [stdout] 
[INFO] [stdout] error: cannot find macro `llvm_asm` in this scope
[INFO] [stdout]   --> /opt/rustwide/cargo-home/registry/src/index.crates.io-6f17d22bba15001f/sc-0.2.4/src/platform/linux-x86_64/mod.rs:36:5
[INFO] [stdout]    |
[INFO] [stdout] 36 |     llvm_asm!("syscall"
[INFO] [stdout]    |     ^^^^^^^^
[INFO] [stdout] 
[INFO] [stdout] 
[INFO] [stdout] error: cannot find macro `llvm_asm` in this scope
[INFO] [stdout]   --> /opt/rustwide/cargo-home/registry/src/index.crates.io-6f17d22bba15001f/sc-0.2.4/src/platform/linux-x86_64/mod.rs:26:5
[INFO] [stdout]    |
[INFO] [stdout] 26 |     llvm_asm!("syscall"
[INFO] [stdout]    |     ^^^^^^^^
[INFO] [stdout] 
[INFO] [stdout] 
[INFO] [stdout] error: cannot find macro `llvm_asm` in this scope
[INFO] [stdout]   --> /opt/rustwide/cargo-home/registry/src/index.crates.io-6f17d22bba15001f/sc-0.2.4/src/platform/linux-x86_64/mod.rs:16:5
[INFO] [stdout]    |
[INFO] [stdout] 16 |     llvm_asm!("syscall"
[INFO] [stdout]    |     ^^^^^^^^
[INFO] [stdout] 
[INFO] [stdout] 
[INFO] [stderr] error: could not compile `sc` (lib) due to 9 previous errors
[INFO] [stderr] warning: build failed, waiting for other jobs to finish...
[INFO] [stdout] error[E0635]: unknown feature `llvm_asm`
[INFO] [stdout]   --> /opt/rustwide/cargo-home/registry/src/index.crates.io-6f17d22bba15001f/sc-0.2.4/src/lib.rs:15:12
[INFO] [stdout]    |
[INFO] [stdout] 15 | #![feature(llvm_asm)]
[INFO] [stdout]    |            ^^^^^^^^
[INFO] [stdout] 
[INFO] [stdout] 
[INFO] [stdout] error: aborting due to 8 previous errors
[INFO] [stdout] 
[INFO] [stdout] 
[INFO] [stdout] For more information about this error, try `rustc --explain E0635`.
[INFO] [stdout] 
[INFO] [stderr] error: could not compile `sc` (lib) due to 9 previous errors
[INFO] running `Command { std: "docker" "inspect" "57b921dbacca8a492ae323827d03aa34055da961f925cfd07d8838c97fdc8748", kill_on_drop: false }`
[INFO] running `Command { std: "docker" "rm" "-f" "57b921dbacca8a492ae323827d03aa34055da961f925cfd07d8838c97fdc8748", kill_on_drop: false }`
[INFO] [stdout] 57b921dbacca8a492ae323827d03aa34055da961f925cfd07d8838c97fdc8748
[INFO] checking fls-0.1.0 against nightly-2024-02-05+rustflags=-Dunexpected_cfgs+cargoflags=-Zcheck-cfg for check-cfg
[INFO] extracting crate fls 0.1.0 into /workspace/builds/worker-6-tc2/source
[INFO] validating manifest of crates.io crate fls 0.1.0 on toolchain nightly-2024-02-05
[INFO] running `Command { std: CARGO_HOME="/workspace/cargo-home" RUSTUP_HOME="/workspace/rustup-home" "/workspace/cargo-home/bin/cargo" "+nightly-2024-02-05" "metadata" "--manifest-path" "Cargo.toml" "--no-deps", kill_on_drop: false }`
[INFO] started tweaking crates.io crate fls 0.1.0
[INFO] finished tweaking crates.io crate fls 0.1.0
[INFO] tweaked toml for crates.io crate fls 0.1.0 written to /workspace/builds/worker-6-tc2/source/Cargo.toml
[INFO] crate crates.io crate fls 0.1.0 already has a lockfile, it will not be regenerated
[INFO] running `Command { std: CARGO_HOME="/workspace/cargo-home" RUSTUP_HOME="/workspace/rustup-home" "/workspace/cargo-home/bin/cargo" "+nightly-2024-02-05" "fetch" "--manifest-path" "Cargo.toml", kill_on_drop: false }`
[INFO] running `Command { std: "docker" "create" "-v" "/var/lib/crater-agent-workspace/builds/worker-6-tc2/target:/opt/rustwide/target:rw,Z" "-v" "/var/lib/crater-agent-workspace/builds/worker-6-tc2/source:/opt/rustwide/workdir:ro,Z" "-v" "/var/lib/crater-agent-workspace/cargo-home:/opt/rustwide/cargo-home:ro,Z" "-v" "/var/lib/crater-agent-workspace/rustup-home:/opt/rustwide/rustup-home:ro,Z" "-e" "SOURCE_DIR=/opt/rustwide/workdir" "-e" "CARGO_TARGET_DIR=/opt/rustwide/target" "-e" "CARGO_HOME=/opt/rustwide/cargo-home" "-e" "RUSTUP_HOME=/opt/rustwide/rustup-home" "-w" "/opt/rustwide/workdir" "-m" "1610612736" "--user" "0:0" "--network" "none" "ghcr.io/rust-lang/crates-build-env/linux@sha256:2788e3201cd34a07e3172128adcd8b3090168a8e3bcc40d7c032b9dda1df7d1c" "/opt/rustwide/cargo-home/bin/cargo" "+nightly-2024-02-05" "metadata" "--no-deps" "--format-version=1", kill_on_drop: false }`
[INFO] [stdout] b35588d99ecb65d35ff4089a947ec656cb086de048a7614da6214070038a7e82
[INFO] running `Command { std: "docker" "start" "-a" "b35588d99ecb65d35ff4089a947ec656cb086de048a7614da6214070038a7e82", kill_on_drop: false }`
[INFO] running `Command { std: "docker" "inspect" "b35588d99ecb65d35ff4089a947ec656cb086de048a7614da6214070038a7e82", kill_on_drop: false }`
[INFO] running `Command { std: "docker" "rm" "-f" "b35588d99ecb65d35ff4089a947ec656cb086de048a7614da6214070038a7e82", kill_on_drop: false }`
[INFO] [stdout] b35588d99ecb65d35ff4089a947ec656cb086de048a7614da6214070038a7e82
[INFO] running `Command { std: "docker" "create" "-v" "/var/lib/crater-agent-workspace/builds/worker-6-tc2/target:/opt/rustwide/target:rw,Z" "-v" "/var/lib/crater-agent-workspace/builds/worker-6-tc2/source:/opt/rustwide/workdir:ro,Z" "-v" "/var/lib/crater-agent-workspace/cargo-home:/opt/rustwide/cargo-home:ro,Z" "-v" "/var/lib/crater-agent-workspace/rustup-home:/opt/rustwide/rustup-home:ro,Z" "-e" "SOURCE_DIR=/opt/rustwide/workdir" "-e" "CARGO_TARGET_DIR=/opt/rustwide/target" "-e" "CARGO_INCREMENTAL=0" "-e" "RUST_BACKTRACE=full" "-e" "RUSTFLAGS=--cap-lints=forbid -Dunexpected_cfgs" "-e" "RUSTDOCFLAGS=--cap-lints=forbid" "-e" "CARGO_HOME=/opt/rustwide/cargo-home" "-e" "RUSTUP_HOME=/opt/rustwide/rustup-home" "-w" "/opt/rustwide/workdir" "-m" "1610612736" "--user" "0:0" "--network" "none" "ghcr.io/rust-lang/crates-build-env/linux@sha256:2788e3201cd34a07e3172128adcd8b3090168a8e3bcc40d7c032b9dda1df7d1c" "/opt/rustwide/cargo-home/bin/cargo" "+nightly-2024-02-05" "check" "--frozen" "--all" "--all-targets" "--message-format=json" "-Zcheck-cfg", kill_on_drop: false }`
[INFO] [stdout] 3632680fe4ac9143d013f762070aade2b0a07b4a48a00316931f1b2c130e0122
[INFO] running `Command { std: "docker" "start" "-a" "3632680fe4ac9143d013f762070aade2b0a07b4a48a00316931f1b2c130e0122", kill_on_drop: false }`
[INFO] [stderr]    Compiling libc v0.2.97
[INFO] [stderr]    Compiling compiler_builtins v0.1.47
[INFO] [stderr]    Compiling veneer-macros v0.1.0
[INFO] [stderr]    Compiling fls v0.1.0 (/opt/rustwide/workdir)
[INFO] [stderr]     Checking tinyvec_macros v0.1.0
[INFO] [stderr]     Checking sc v0.2.4
[INFO] [stderr]     Checking unicode-width v0.1.8
[INFO] [stderr]     Checking bitflags v1.2.1
[INFO] [stderr]     Checking tinyvec v1.3.1
[INFO] [stdout] error: cannot find macro `llvm_asm` in this scope
[INFO] [stdout]   --> /opt/rustwide/cargo-home/registry/src/index.crates.io-6f17d22bba15001f/sc-0.2.4/src/platform/linux-x86_64/mod.rs:94:5
[INFO] [stdout]    |
[INFO] [stdout] 94 |     llvm_asm!("syscall"
[INFO] [stdout]    |     ^^^^^^^^
[INFO] [stdout] 
[INFO] [stdout] 
[INFO] [stdout] error: cannot find macro `llvm_asm` in this scope
[INFO] [stdout]   --> /opt/rustwide/cargo-home/registry/src/index.crates.io-6f17d22bba15001f/sc-0.2.4/src/platform/linux-x86_64/mod.rs:77:5
[INFO] [stdout]    |
[INFO] [stdout] 77 |     llvm_asm!("syscall"
[INFO] [stdout]    |     ^^^^^^^^
[INFO] [stdout] 
[INFO] [stdout] 
[INFO] [stdout] error: cannot find macro `llvm_asm` in this scope
[INFO] [stdout]   --> /opt/rustwide/cargo-home/registry/src/index.crates.io-6f17d22bba15001f/sc-0.2.4/src/platform/linux-x86_64/mod.rs:61:5
[INFO] [stdout]    |
[INFO] [stdout] 61 |     llvm_asm!("syscall"
[INFO] [stdout]    |     ^^^^^^^^
[INFO] [stdout] 
[INFO] [stdout] 
[INFO] [stdout] error: cannot find macro `llvm_asm` in this scope
[INFO] [stdout]   --> /opt/rustwide/cargo-home/registry/src/index.crates.io-6f17d22bba15001f/sc-0.2.4/src/platform/linux-x86_64/mod.rs:46:5
[INFO] [stdout]    |
[INFO] [stdout] 46 |     llvm_asm!("syscall"
[INFO] [stdout]    |     ^^^^^^^^
[INFO] [stdout] 
[INFO] [stdout] 
[INFO] [stdout] error: cannot find macro `llvm_asm` in this scope
[INFO] [stdout]   --> /opt/rustwide/cargo-home/registry/src/index.crates.io-6f17d22bba15001f/sc-0.2.4/src/platform/linux-x86_64/mod.rs:36:5
[INFO] [stdout]    |
[INFO] [stdout] 36 |     llvm_asm!("syscall"
[INFO] [stdout]    |     ^^^^^^^^
[INFO] [stdout] 
[INFO] [stdout] 
[INFO] [stdout] error: cannot find macro `llvm_asm` in this scope
[INFO] [stdout]   --> /opt/rustwide/cargo-home/registry/src/index.crates.io-6f17d22bba15001f/sc-0.2.4/src/platform/linux-x86_64/mod.rs:26:5
[INFO] [stdout]    |
[INFO] [stdout] 26 |     llvm_asm!("syscall"
[INFO] [stdout]    |     ^^^^^^^^
[INFO] [stdout] 
[INFO] [stdout] 
[INFO] [stdout] error: cannot find macro `llvm_asm` in this scope
[INFO] [stdout]   --> /opt/rustwide/cargo-home/registry/src/index.crates.io-6f17d22bba15001f/sc-0.2.4/src/platform/linux-x86_64/mod.rs:94:5
[INFO] [stdout]    |
[INFO] [stdout] 94 |     llvm_asm!("syscall"
[INFO] [stdout]    |     ^^^^^^^^
[INFO] [stdout] 
[INFO] [stdout] 
[INFO] [stdout] error: cannot find macro `llvm_asm` in this scope
[INFO] [stdout]   --> /opt/rustwide/cargo-home/registry/src/index.crates.io-6f17d22bba15001f/sc-0.2.4/src/platform/linux-x86_64/mod.rs:16:5
[INFO] [stdout]    |
[INFO] [stdout] 16 |     llvm_asm!("syscall"
[INFO] [stdout]    |     ^^^^^^^^
[INFO] [stdout] 
[INFO] [stdout] 
[INFO] [stdout] error: cannot find macro `llvm_asm` in this scope
[INFO] [stdout]   --> /opt/rustwide/cargo-home/registry/src/index.crates.io-6f17d22bba15001f/sc-0.2.4/src/platform/linux-x86_64/mod.rs:77:5
[INFO] [stdout]    |
[INFO] [stdout] 77 |     llvm_asm!("syscall"
[INFO] [stdout]    |     ^^^^^^^^
[INFO] [stdout] 
[INFO] [stdout] 
[INFO] [stdout] error: cannot find macro `llvm_asm` in this scope
[INFO] [stdout]   --> /opt/rustwide/cargo-home/registry/src/index.crates.io-6f17d22bba15001f/sc-0.2.4/src/platform/linux-x86_64/mod.rs:61:5
[INFO] [stdout]    |
[INFO] [stdout] 61 |     llvm_asm!("syscall"
[INFO] [stdout]    |     ^^^^^^^^
[INFO] [stdout] 
[INFO] [stdout] 
[INFO] [stdout] error: cannot find macro `llvm_asm` in this scope
[INFO] [stdout]   --> /opt/rustwide/cargo-home/registry/src/index.crates.io-6f17d22bba15001f/sc-0.2.4/src/platform/linux-x86_64/mod.rs:46:5
[INFO] [stdout]    |
[INFO] [stdout] 46 |     llvm_asm!("syscall"
[INFO] [stdout]    |     ^^^^^^^^
[INFO] [stdout] 
[INFO] [stdout] 
[INFO] [stdout] error: cannot find macro `llvm_asm` in this scope
[INFO] [stdout]   --> /opt/rustwide/cargo-home/registry/src/index.crates.io-6f17d22bba15001f/sc-0.2.4/src/platform/linux-x86_64/mod.rs:36:5
[INFO] [stdout]    |
[INFO] [stdout] 36 |     llvm_asm!("syscall"
[INFO] [stdout]    |     ^^^^^^^^
[INFO] [stdout] 
[INFO] [stdout] 
[INFO] [stdout] error: cannot find macro `llvm_asm` in this scope
[INFO] [stdout]   --> /opt/rustwide/cargo-home/registry/src/index.crates.io-6f17d22bba15001f/sc-0.2.4/src/platform/linux-x86_64/mod.rs:26:5
[INFO] [stdout]    |
[INFO] [stdout] 26 |     llvm_asm!("syscall"
[INFO] [stdout]    |     ^^^^^^^^
[INFO] [stdout] 
[INFO] [stdout] 
[INFO] [stdout] error: cannot find macro `llvm_asm` in this scope
[INFO] [stdout]   --> /opt/rustwide/cargo-home/registry/src/index.crates.io-6f17d22bba15001f/sc-0.2.4/src/platform/linux-x86_64/mod.rs:16:5
[INFO] [stdout]    |
[INFO] [stdout] 16 |     llvm_asm!("syscall"
[INFO] [stdout]    |     ^^^^^^^^
[INFO] [stdout] 
[INFO] [stdout] 
[INFO] [stdout] error[E0635]: unknown feature `llvm_asm`
[INFO] [stdout]   --> /opt/rustwide/cargo-home/registry/src/index.crates.io-6f17d22bba15001f/sc-0.2.4/src/lib.rs:15:12
[INFO] [stdout]    |
[INFO] [stdout] 15 | #![feature(llvm_asm)]
[INFO] [stdout]    |            ^^^^^^^^
[INFO] [stdout] 
[INFO] [stdout] 
[INFO] [stdout] error[E0635]: unknown feature `llvm_asm`
[INFO] [stdout]   --> /opt/rustwide/cargo-home/registry/src/index.crates.io-6f17d22bba15001f/sc-0.2.4/src/lib.rs:15:12
[INFO] [stdout]    |
[INFO] [stdout] 15 | #![feature(llvm_asm)]
[INFO] [stdout]    |            ^^^^^^^^
[INFO] [stdout] 
[INFO] [stdout] 
[INFO] [stdout] error: aborting due to 8 previous errors
[INFO] [stdout] 
[INFO] [stdout] 
[INFO] [stdout] For more information about this error, try `rustc --explain E0635`.
[INFO] [stdout] 
[INFO] [stdout] error: aborting due to 8 previous errors
[INFO] [stdout] 
[INFO] [stdout] 
[INFO] [stdout] For more information about this error, try `rustc --explain E0635`.
[INFO] [stdout] 
[INFO] [stderr] error: could not compile `sc` (lib) due to 9 previous errors
[INFO] [stderr] warning: build failed, waiting for other jobs to finish...
[INFO] [stderr] error: could not compile `sc` (lib) due to 9 previous errors
[INFO] running `Command { std: "docker" "inspect" "3632680fe4ac9143d013f762070aade2b0a07b4a48a00316931f1b2c130e0122", kill_on_drop: false }`
[INFO] running `Command { std: "docker" "rm" "-f" "3632680fe4ac9143d013f762070aade2b0a07b4a48a00316931f1b2c130e0122", kill_on_drop: false }`
[INFO] [stdout] 3632680fe4ac9143d013f762070aade2b0a07b4a48a00316931f1b2c130e0122
