[INFO] fetching crate fishnet 2.7.1...
[INFO] checking fishnet-2.7.1 against nightly-2024-02-05 for check-cfg
[INFO] extracting crate fishnet 2.7.1 into /workspace/builds/worker-0-tc1/source
[INFO] validating manifest of crates.io crate fishnet 2.7.1 on toolchain nightly-2024-02-05
[INFO] running `Command { std: CARGO_HOME="/workspace/cargo-home" RUSTUP_HOME="/workspace/rustup-home" "/workspace/cargo-home/bin/cargo" "+nightly-2024-02-05" "metadata" "--manifest-path" "Cargo.toml" "--no-deps", kill_on_drop: false }`
[INFO] started tweaking crates.io crate fishnet 2.7.1
[INFO] finished tweaking crates.io crate fishnet 2.7.1
[INFO] tweaked toml for crates.io crate fishnet 2.7.1 written to /workspace/builds/worker-0-tc1/source/Cargo.toml
[INFO] crate crates.io crate fishnet 2.7.1 already has a lockfile, it will not be regenerated
[INFO] running `Command { std: CARGO_HOME="/workspace/cargo-home" RUSTUP_HOME="/workspace/rustup-home" "/workspace/cargo-home/bin/cargo" "+nightly-2024-02-05" "fetch" "--manifest-path" "Cargo.toml", kill_on_drop: false }`
[INFO] [stderr]     Updating crates.io index
[INFO] [stderr]  Downloading crates ...
[INFO] [stderr]   Downloaded configparser v3.0.2
[INFO] [stderr]   Downloaded serde_with_macros v3.1.0
[INFO] [stderr]   Downloaded self_update v0.37.0
[INFO] [stderr]   Downloaded btoi v0.4.3
[INFO] [stderr]   Downloaded winres v0.1.12
[INFO] [stderr]   Downloaded time-macros v0.2.10
[INFO] [stderr]   Downloaded indicatif v0.17.5
[INFO] [stderr]   Downloaded tempfile v3.7.0
[INFO] [stderr]   Downloaded clap v4.3.19
[INFO] [stderr]   Downloaded time v0.3.23
[INFO] [stderr]   Downloaded serde_with v3.1.0
[INFO] [stderr]   Downloaded clap_builder v4.3.19
[INFO] [stderr]   Downloaded portable-atomic v1.4.2
[INFO] [stderr]   Downloaded quick-xml v0.23.1
[INFO] [stderr]   Downloaded webpki-roots v0.25.1
[INFO] [stderr]   Downloaded raw-cpuid v11.0.1
[INFO] [stderr]   Downloaded shakmaty v0.26.0
[INFO] running `Command { std: "docker" "create" "-v" "/var/lib/crater-agent-workspace/builds/worker-0-tc1/target:/opt/rustwide/target:rw,Z" "-v" "/var/lib/crater-agent-workspace/builds/worker-0-tc1/source:/opt/rustwide/workdir:ro,Z" "-v" "/var/lib/crater-agent-workspace/cargo-home:/opt/rustwide/cargo-home:ro,Z" "-v" "/var/lib/crater-agent-workspace/rustup-home:/opt/rustwide/rustup-home:ro,Z" "-e" "SOURCE_DIR=/opt/rustwide/workdir" "-e" "CARGO_TARGET_DIR=/opt/rustwide/target" "-e" "CARGO_HOME=/opt/rustwide/cargo-home" "-e" "RUSTUP_HOME=/opt/rustwide/rustup-home" "-w" "/opt/rustwide/workdir" "-m" "1610612736" "--user" "0:0" "--network" "none" "ghcr.io/rust-lang/crates-build-env/linux@sha256:2788e3201cd34a07e3172128adcd8b3090168a8e3bcc40d7c032b9dda1df7d1c" "/opt/rustwide/cargo-home/bin/cargo" "+nightly-2024-02-05" "metadata" "--no-deps" "--format-version=1", kill_on_drop: false }`
[INFO] [stdout] 4272eef53ae34e82655121d6a340d6ff65a17db75cc706de84b83bff0191ee4a
[INFO] running `Command { std: "docker" "start" "-a" "4272eef53ae34e82655121d6a340d6ff65a17db75cc706de84b83bff0191ee4a", kill_on_drop: false }`
[INFO] running `Command { std: "docker" "inspect" "4272eef53ae34e82655121d6a340d6ff65a17db75cc706de84b83bff0191ee4a", kill_on_drop: false }`
[INFO] running `Command { std: "docker" "rm" "-f" "4272eef53ae34e82655121d6a340d6ff65a17db75cc706de84b83bff0191ee4a", kill_on_drop: false }`
[INFO] [stdout] 4272eef53ae34e82655121d6a340d6ff65a17db75cc706de84b83bff0191ee4a
[INFO] running `Command { std: "docker" "create" "-v" "/var/lib/crater-agent-workspace/builds/worker-0-tc1/target:/opt/rustwide/target:rw,Z" "-v" "/var/lib/crater-agent-workspace/builds/worker-0-tc1/source:/opt/rustwide/workdir:ro,Z" "-v" "/var/lib/crater-agent-workspace/cargo-home:/opt/rustwide/cargo-home:ro,Z" "-v" "/var/lib/crater-agent-workspace/rustup-home:/opt/rustwide/rustup-home:ro,Z" "-e" "SOURCE_DIR=/opt/rustwide/workdir" "-e" "CARGO_TARGET_DIR=/opt/rustwide/target" "-e" "CARGO_INCREMENTAL=0" "-e" "RUST_BACKTRACE=full" "-e" "RUSTFLAGS=--cap-lints=forbid" "-e" "RUSTDOCFLAGS=--cap-lints=forbid" "-e" "CARGO_HOME=/opt/rustwide/cargo-home" "-e" "RUSTUP_HOME=/opt/rustwide/rustup-home" "-w" "/opt/rustwide/workdir" "-m" "1610612736" "--user" "0:0" "--network" "none" "ghcr.io/rust-lang/crates-build-env/linux@sha256:2788e3201cd34a07e3172128adcd8b3090168a8e3bcc40d7c032b9dda1df7d1c" "/opt/rustwide/cargo-home/bin/cargo" "+nightly-2024-02-05" "check" "--frozen" "--all" "--all-targets" "--message-format=json", kill_on_drop: false }`
[INFO] [stdout] b90ac412f8aec14458f22b247d5130799c59c67c18956602c1b69ddc3daece40
[INFO] running `Command { std: "docker" "start" "-a" "b90ac412f8aec14458f22b247d5130799c59c67c18956602c1b69ddc3daece40", kill_on_drop: false }`
[INFO] [stderr]    Compiling libc v0.2.147
[INFO] [stderr]    Compiling proc-macro2 v1.0.66
[INFO] [stderr]    Compiling unicode-ident v1.0.11
[INFO] [stderr]     Checking once_cell v1.18.0
[INFO] [stderr]     Checking pin-project-lite v0.2.10
[INFO] [stderr]     Checking untrusted v0.7.1
[INFO] [stderr]    Compiling futures-core v0.3.28
[INFO] [stderr]     Checking spin v0.5.2
[INFO] [stderr]     Checking bytes v1.4.0
[INFO] [stderr]     Checking bitflags v2.3.3
[INFO] [stderr]     Checking itoa v1.0.9
[INFO] [stderr]    Compiling rustix v0.38.4
[INFO] [stderr]    Compiling ring v0.16.20
[INFO] [stderr]    Compiling tokio v1.29.1
[INFO] [stderr]    Compiling slab v0.4.8
[INFO] [stderr]    Compiling pkg-config v0.3.27
[INFO] [stderr]    Compiling futures-task v0.3.28
[INFO] [stderr]    Compiling indexmap v1.9.3
[INFO] [stderr]    Compiling serde v1.0.178
[INFO] [stderr]     Checking linux-raw-sys v0.4.3
[INFO] [stderr]    Compiling futures-util v0.3.28
[INFO] [stderr]     Checking futures-io v0.3.28
[INFO] [stderr]     Checking tracing-core v0.1.31
[INFO] [stderr]     Checking futures-sink v0.3.28
[INFO] [stderr]    Compiling futures-channel v0.3.28
[INFO] [stderr]    Compiling rustls v0.21.5
[INFO] [stderr]    Compiling serde_derive v1.0.178
[INFO] [stderr]    Compiling io-lifetimes v1.0.11
[INFO] [stderr]     Checking http v0.2.9
[INFO] [stderr]     Checking pin-utils v0.1.0
[INFO] [stderr]    Compiling strsim v0.10.0
[INFO] [stderr]    Compiling rustix v0.37.23
[INFO] [stderr]     Checking log v0.4.19
[INFO] [stderr]     Checking tracing v0.1.37
[INFO] [stderr]     Checking try-lock v0.2.4
[INFO] [stderr]    Compiling ident_case v1.0.1
[INFO] [stderr]    Compiling lzma-sys v0.1.20
[INFO] [stderr]     Checking percent-encoding v2.3.0
[INFO] [stderr]     Checking want v0.3.1
[INFO] [stderr]     Checking unicode-normalization v0.1.22
[INFO] [stderr]    Compiling num-traits v0.2.16
[INFO] [stderr]     Checking form_urlencoded v1.2.0
[INFO] [stderr]    Compiling quote v1.0.32
[INFO] [stderr]     Checking unicode-bidi v0.3.13
[INFO] [stderr]     Checking ryu v1.0.15
[INFO] [stderr]     Checking utf8parse v0.2.1
[INFO] [stderr]    Compiling serde_json v1.0.104
[INFO] [stderr]    Compiling portable-atomic v1.4.2
[INFO] [stderr]     Checking httpdate v1.0.2
[INFO] [stderr]     Checking tower-service v0.3.2
[INFO] [stderr]    Compiling syn v2.0.27
[INFO] [stderr]     Checking linux-raw-sys v0.3.8
[INFO] [stderr]     Checking anstyle-parse v0.2.1
[INFO] [stderr]     Checking aho-corasick v1.0.2
[INFO] [stderr]     Checking anstyle-query v1.0.0
[INFO] [stderr]     Checking idna v0.4.0
[INFO] [stderr]     Checking http-body v0.4.5
[INFO] [stderr]     Checking colorchoice v1.0.0
[INFO] [stderr]     Checking anstyle v1.0.1
[INFO] [stderr]     Checking base64 v0.21.2
[INFO] [stderr]    Compiling semver v1.0.18
[INFO] [stderr]     Checking regex-syntax v0.7.4
[INFO] [stderr]     Checking unicode-width v0.1.10
[INFO] [stderr]     Checking encoding_rs v0.8.32
[INFO] [stderr]    Compiling xz2 v0.1.7
[INFO] [stderr]     Checking fastrand v2.0.0
[INFO] [stderr]     Checking rustls-pemfile v1.0.3
[INFO] [stderr]     Checking clap_lex v0.5.0
[INFO] [stderr]     Checking number_prefix v0.4.0
[INFO] [stderr]    Compiling self_update v0.37.0
[INFO] [stderr]    Compiling glob v0.3.1
[INFO] [stderr]     Checking url v2.4.0
[INFO] [stderr]     Checking ipnet v2.8.0
[INFO] [stderr]     Checking socket2 v0.4.9
[INFO] [stderr]     Checking signal-hook-registry v1.4.1
[INFO] [stderr]     Checking num_cpus v1.16.0
[INFO] [stderr]     Checking mio v0.8.8
[INFO] [stderr]     Checking getrandom v0.2.10
[INFO] [stderr]     Checking console v0.15.7
[INFO] [stderr]    Compiling heck v0.4.1
[INFO] [stderr]     Checking rand_core v0.6.4
[INFO] [stderr]     Checking ppv-lite86 v0.2.17
[INFO] [stderr]    Compiling fishnet v2.7.1 (/opt/rustwide/workdir)
[INFO] [stderr]     Checking quick-xml v0.23.1
[INFO] [stderr]     Checking urlencoding v2.1.3
[INFO] [stderr]     Checking arrayvec v0.7.4
[INFO] [stderr]     Checking indicatif v0.17.5
[INFO] [stderr]     Checking raw-cpuid v11.0.1
[INFO] [stderr]     Checking shell-escape v0.1.5
[INFO] [stderr]     Checking configparser v3.0.2
[INFO] [stderr]     Checking thousands v0.2.0
[INFO] [stderr]     Checking home v0.5.5
[INFO] [stderr]     Checking btoi v0.4.3
[INFO] [stderr]     Checking is-terminal v0.4.9
[INFO] [stderr]     Checking rand_chacha v0.3.1
[INFO] [stderr]     Checking tempfile v3.7.0
[INFO] [stderr]     Checking anstream v0.3.2
[INFO] [stderr]     Checking webpki-roots v0.25.1
[INFO] [stderr]     Checking shakmaty v0.26.0
[INFO] [stderr]     Checking rand v0.8.5
[INFO] [stderr]     Checking regex-automata v0.3.4
[INFO] [stderr]     Checking terminal_size v0.2.6
[INFO] [stderr]     Checking clap_builder v4.3.19
[INFO] [stderr] error: could not compile `syn` (lib)
[INFO] [stderr] 
[INFO] [stderr] Caused by:
[INFO] [stderr]   process didn't exit successfully: `/opt/rustwide/rustup-home/toolchains/nightly-2024-02-05-x86_64-unknown-linux-gnu/bin/rustc --crate-name syn --edition=2021 /opt/rustwide/cargo-home/registry/src/index.crates.io-6f17d22bba15001f/syn-2.0.27/src/lib.rs --error-format=json --json=diagnostic-rendered-ansi,artifacts,future-incompat --crate-type lib --emit=dep-info,metadata,link -C embed-bitcode=no --cfg 'feature="clone-impls"' --cfg 'feature="default"' --cfg 'feature="derive"' --cfg 'feature="extra-traits"' --cfg 'feature="full"' --cfg 'feature="parsing"' --cfg 'feature="printing"' --cfg 'feature="proc-macro"' --cfg 'feature="quote"' -C metadata=bed1af44f353f1a9 -C extra-filename=-bed1af44f353f1a9 --out-dir /opt/rustwide/target/debug/deps -L dependency=/opt/rustwide/target/debug/deps --extern proc_macro2=/opt/rustwide/target/debug/deps/libproc_macro2-f21fe8ecedcb5f57.rmeta --extern quote=/opt/rustwide/target/debug/deps/libquote-210eeca9952c32f0.rmeta --extern unicode_ident=/opt/rustwide/target/debug/deps/libunicode_ident-134c9022163e6338.rmeta --cap-lints allow --cap-lints=forbid` (signal: 9, SIGKILL: kill)
[INFO] [stderr] warning: build failed, waiting for other jobs to finish...
[INFO] [stderr] error: could not compile `regex-automata` (lib)
[INFO] [stderr] 
[INFO] [stderr] Caused by:
[INFO] [stderr]   process didn't exit successfully: `/opt/rustwide/rustup-home/toolchains/nightly-2024-02-05-x86_64-unknown-linux-gnu/bin/rustc --crate-name regex_automata --edition=2021 /opt/rustwide/cargo-home/registry/src/index.crates.io-6f17d22bba15001f/regex-automata-0.3.4/src/lib.rs --error-format=json --json=diagnostic-rendered-ansi,artifacts,future-incompat --crate-type lib --emit=dep-info,metadata -C embed-bitcode=no -C debuginfo=2 --cfg 'feature="alloc"' --cfg 'feature="dfa-onepass"' --cfg 'feature="hybrid"' --cfg 'feature="meta"' --cfg 'feature="nfa-backtrack"' --cfg 'feature="nfa-pikevm"' --cfg 'feature="nfa-thompson"' --cfg 'feature="perf-inline"' --cfg 'feature="perf-literal"' --cfg 'feature="perf-literal-multisubstring"' --cfg 'feature="perf-literal-substring"' --cfg 'feature="std"' --cfg 'feature="syntax"' --cfg 'feature="unicode"' --cfg 'feature="unicode-age"' --cfg 'feature="unicode-bool"' --cfg 'feature="unicode-case"' --cfg 'feature="unicode-gencat"' --cfg 'feature="unicode-perl"' --cfg 'feature="unicode-script"' --cfg 'feature="unicode-segment"' --cfg 'feature="unicode-word-boundary"' -C metadata=e7b8e93f75839af1 -C extra-filename=-e7b8e93f75839af1 --out-dir /opt/rustwide/target/debug/deps -L dependency=/opt/rustwide/target/debug/deps --extern aho_corasick=/opt/rustwide/target/debug/deps/libaho_corasick-3d0602d65920e985.rmeta --extern memchr=/opt/rustwide/target/debug/deps/libmemchr-81d74dfd91f37ba3.rmeta --extern regex_syntax=/opt/rustwide/target/debug/deps/libregex_syntax-aceb68c5e856d8c3.rmeta --cap-lints allow --cap-lints=forbid` (signal: 9, SIGKILL: kill)
[INFO] [stderr] error: could not compile `ring` (lib)
[INFO] [stderr] 
[INFO] [stderr] Caused by:
[INFO] [stderr]   process didn't exit successfully: `/opt/rustwide/rustup-home/toolchains/nightly-2024-02-05-x86_64-unknown-linux-gnu/bin/rustc --crate-name ring --edition=2018 /opt/rustwide/cargo-home/registry/src/index.crates.io-6f17d22bba15001f/ring-0.16.20/src/lib.rs --error-format=json --json=diagnostic-rendered-ansi,artifacts,future-incompat --crate-type lib --emit=dep-info,metadata -C embed-bitcode=no -C debuginfo=2 --cfg 'feature="alloc"' --cfg 'feature="default"' --cfg 'feature="dev_urandom_fallback"' --cfg 'feature="once_cell"' -C metadata=d9a56fc8bfa09f0d -C extra-filename=-d9a56fc8bfa09f0d --out-dir /opt/rustwide/target/debug/deps -L dependency=/opt/rustwide/target/debug/deps --extern libc=/opt/rustwide/target/debug/deps/liblibc-e171f93eb3f32660.rmeta --extern once_cell=/opt/rustwide/target/debug/deps/libonce_cell-15c68e2760499e0a.rmeta --extern spin=/opt/rustwide/target/debug/deps/libspin-efd988df812a95c0.rmeta --extern untrusted=/opt/rustwide/target/debug/deps/libuntrusted-1ca8f380cb5f26a6.rmeta --cap-lints allow --cap-lints=forbid -L native=/opt/rustwide/target/debug/build/ring-38a2bef5abec8097/out -l static=ring-core -l static=ring-test` (signal: 9, SIGKILL: kill)
[INFO] [stderr] error: failed to run custom build command for `fishnet v2.7.1 (/opt/rustwide/workdir)`
[INFO] [stderr] note: To improve backtraces for build dependencies, set the CARGO_PROFILE_DEV_BUILD_OVERRIDE_DEBUG=true environment variable to enable debug information generation.
[INFO] [stderr] 
[INFO] [stderr] Caused by:
[INFO] [stderr]   process didn't exit successfully: `/opt/rustwide/target/debug/build/fishnet-3f817f7b58a5a461/build-script-build` (exit status: 101)
[INFO] [stderr]   --- stdout
[INFO] [stderr]   cargo:rerun-if-env-changed=CXX
[INFO] [stderr]   cargo:rerun-if-env-changed=CXXFLAGS
[INFO] [stderr]   cargo:rerun-if-env-changed=DEPENDFLAGS
[INFO] [stderr]   cargo:rerun-if-env-changed=LDFLAGS
[INFO] [stderr]   cargo:rerun-if-env-changed=MAKE
[INFO] [stderr]   cargo:rerun-if-env-changed=SDE_PATH
[INFO] [stderr]   cargo:rustc-env=EVAL_FILE=nn-5af11540bbfe.nnue
[INFO] [stderr]   cargo:rerun-if-changed=Stockfish/src/Makefile
[INFO] [stderr]   cargo:rerun-if-changed=Stockfish/src/benchmark.cpp
[INFO] [stderr]   cargo:rerun-if-changed=Stockfish/src/bitbase.cpp
[INFO] [stderr]   cargo:rerun-if-changed=Stockfish/src/bitboard.cpp
[INFO] [stderr]   cargo:rerun-if-changed=Stockfish/src/endgame.cpp
[INFO] [stderr]   cargo:rerun-if-changed=Stockfish/src/evaluate.cpp
[INFO] [stderr]   cargo:rerun-if-changed=Stockfish/src/main.cpp
[INFO] [stderr]   cargo:rerun-if-changed=Stockfish/src/material.cpp
[INFO] [stderr]   cargo:rerun-if-changed=Stockfish/src/misc.cpp
[INFO] [stderr]   cargo:rerun-if-changed=Stockfish/src/movegen.cpp
[INFO] [stderr]   cargo:rerun-if-changed=Stockfish/src/movepick.cpp
[INFO] [stderr]   cargo:rerun-if-changed=Stockfish/src/nnue/evaluate_nnue.cpp
[INFO] [stderr]   cargo:rerun-if-changed=Stockfish/src/nnue/features/half_ka_v2_hm.cpp
[INFO] [stderr]   cargo:rerun-if-changed=Stockfish/src/pawns.cpp
[INFO] [stderr]   cargo:rerun-if-changed=Stockfish/src/position.cpp
[INFO] [stderr]   cargo:rerun-if-changed=Stockfish/src/psqt.cpp
[INFO] [stderr]   cargo:rerun-if-changed=Stockfish/src/search.cpp
[INFO] [stderr]   cargo:rerun-if-changed=Stockfish/src/syzygy/tbprobe.cpp
[INFO] [stderr]   cargo:rerun-if-changed=Stockfish/src/thread.cpp
[INFO] [stderr]   cargo:rerun-if-changed=Stockfish/src/timeman.cpp
[INFO] [stderr]   cargo:rerun-if-changed=Stockfish/src/tt.cpp
[INFO] [stderr]   cargo:rerun-if-changed=Stockfish/src/tune.cpp
[INFO] [stderr]   cargo:rerun-if-changed=Stockfish/src/uci.cpp
[INFO] [stderr]   cargo:rerun-if-changed=Stockfish/src/ucioption.cpp
[INFO] [stderr]   cargo:rerun-if-changed=Stockfish/src/benchmark.h
[INFO] [stderr]   cargo:rerun-if-changed=Stockfish/src/bitboard.h
[INFO] [stderr]   cargo:rerun-if-changed=Stockfish/src/endgame.h
[INFO] [stderr]   cargo:rerun-if-changed=Stockfish/src/evaluate.h
[INFO] [stderr]   cargo:rerun-if-changed=Stockfish/src/incbin/incbin.h
[INFO] [stderr]   cargo:rerun-if-changed=Stockfish/src/material.h
[INFO] [stderr]   cargo:rerun-if-changed=Stockfish/src/misc.h
[INFO] [stderr]   cargo:rerun-if-changed=Stockfish/src/movegen.h
[INFO] [stderr]   cargo:rerun-if-changed=Stockfish/src/movepick.h
[INFO] [stderr]   cargo:rerun-if-changed=Stockfish/src/nnue/evaluate_nnue.h
[INFO] [stderr]   cargo:rerun-if-changed=Stockfish/src/nnue/features/half_ka_v2_hm.h
[INFO] [stderr]   cargo:rerun-if-changed=Stockfish/src/nnue/layers/affine_transform.h
[INFO] [stderr]   cargo:rerun-if-changed=Stockfish/src/nnue/layers/affine_transform_sparse_input.h
[INFO] [stderr]   cargo:rerun-if-changed=Stockfish/src/nnue/layers/clipped_relu.h
[INFO] [stderr]   cargo:rerun-if-changed=Stockfish/src/nnue/layers/simd.h
[INFO] [stderr]   cargo:rerun-if-changed=Stockfish/src/nnue/layers/sqr_clipped_relu.h
[INFO] [stderr]   cargo:rerun-if-changed=Stockfish/src/nnue/nnue_accumulator.h
[INFO] [stderr]   cargo:rerun-if-changed=Stockfish/src/nnue/nnue_architecture.h
[INFO] [stderr]   cargo:rerun-if-changed=Stockfish/src/nnue/nnue_common.h
[INFO] [stderr]   cargo:rerun-if-changed=Stockfish/src/nnue/nnue_feature_transformer.h
[INFO] [stderr]   cargo:rerun-if-changed=Stockfish/src/pawns.h
[INFO] [stderr]   cargo:rerun-if-changed=Stockfish/src/position.h
[INFO] [stderr]   cargo:rerun-if-changed=Stockfish/src/psqt.h
[INFO] [stderr]   cargo:rerun-if-changed=Stockfish/src/search.h
[INFO] [stderr]   cargo:rerun-if-changed=Stockfish/src/syzygy/tbprobe.h
[INFO] [stderr]   cargo:rerun-if-changed=Stockfish/src/thread.h
[INFO] [stderr]   cargo:rerun-if-changed=Stockfish/src/thread_win32_osx.h
[INFO] [stderr]   cargo:rerun-if-changed=Stockfish/src/timeman.h
[INFO] [stderr]   cargo:rerun-if-changed=Stockfish/src/tt.h
[INFO] [stderr]   cargo:rerun-if-changed=Stockfish/src/tune.h
[INFO] [stderr]   cargo:rerun-if-changed=Stockfish/src/types.h
[INFO] [stderr]   cargo:rerun-if-changed=Stockfish/src/uci.h
[INFO] [stderr]   cargo:rerun-if-changed=Fairy-Stockfish/src/Makefile
[INFO] [stderr]   cargo:rerun-if-changed=Fairy-Stockfish/src/benchmark.cpp
[INFO] [stderr]   cargo:rerun-if-changed=Fairy-Stockfish/src/bitbase.cpp
[INFO] [stderr]   cargo:rerun-if-changed=Fairy-Stockfish/src/bitboard.cpp
[INFO] [stderr]   cargo:rerun-if-changed=Fairy-Stockfish/src/endgame.cpp
[INFO] [stderr]   cargo:rerun-if-changed=Fairy-Stockfish/src/evaluate.cpp
[INFO] [stderr]   cargo:rerun-if-changed=Fairy-Stockfish/src/ffishjs.cpp
[INFO] [stderr]   cargo:rerun-if-changed=Fairy-Stockfish/src/main.cpp
[INFO] [stderr]   cargo:rerun-if-changed=Fairy-Stockfish/src/material.cpp
[INFO] [stderr]   cargo:rerun-if-changed=Fairy-Stockfish/src/misc.cpp
[INFO] [stderr]   cargo:rerun-if-changed=Fairy-Stockfish/src/movegen.cpp
[INFO] [stderr]   cargo:rerun-if-changed=Fairy-Stockfish/src/movepick.cpp
[INFO] [stderr]   cargo:rerun-if-changed=Fairy-Stockfish/src/nnue/evaluate_nnue.cpp
[INFO] [stderr]   cargo:rerun-if-changed=Fairy-Stockfish/src/nnue/features/half_ka_v2.cpp
[INFO] [stderr]   cargo:rerun-if-changed=Fairy-Stockfish/src/nnue/features/half_ka_v2_variants.cpp
[INFO] [stderr]   cargo:rerun-if-changed=Fairy-Stockfish/src/parser.cpp
[INFO] [stderr]   cargo:rerun-if-changed=Fairy-Stockfish/src/partner.cpp
[INFO] [stderr]   cargo:rerun-if-changed=Fairy-Stockfish/src/pawns.cpp
[INFO] [stderr]   cargo:rerun-if-changed=Fairy-Stockfish/src/piece.cpp
[INFO] [stderr]   cargo:rerun-if-changed=Fairy-Stockfish/src/position.cpp
[INFO] [stderr]   cargo:rerun-if-changed=Fairy-Stockfish/src/psqt.cpp
[INFO] [stderr]   cargo:rerun-if-changed=Fairy-Stockfish/src/pyffish.cpp
[INFO] [stderr]   cargo:rerun-if-changed=Fairy-Stockfish/src/search.cpp
[INFO] [stderr]   cargo:rerun-if-changed=Fairy-Stockfish/src/syzygy/tbprobe.cpp
[INFO] [stderr]   cargo:rerun-if-changed=Fairy-Stockfish/src/thread.cpp
[INFO] [stderr]   cargo:rerun-if-changed=Fairy-Stockfish/src/timeman.cpp
[INFO] [stderr]   cargo:rerun-if-changed=Fairy-Stockfish/src/tt.cpp
[INFO] [stderr]   cargo:rerun-if-changed=Fairy-Stockfish/src/tune.cpp
[INFO] [stderr]   cargo:rerun-if-changed=Fairy-Stockfish/src/uci.cpp
[INFO] [stderr]   cargo:rerun-if-changed=Fairy-Stockfish/src/ucioption.cpp
[INFO] [stderr]   cargo:rerun-if-changed=Fairy-Stockfish/src/variant.cpp
[INFO] [stderr]   cargo:rerun-if-changed=Fairy-Stockfish/src/xboard.cpp
[INFO] [stderr]   cargo:rerun-if-changed=Fairy-Stockfish/src/apiutil.h
[INFO] [stderr]   cargo:rerun-if-changed=Fairy-Stockfish/src/bitboard.h
[INFO] [stderr]   cargo:rerun-if-changed=Fairy-Stockfish/src/endgame.h
[INFO] [stderr]   cargo:rerun-if-changed=Fairy-Stockfish/src/evaluate.h
[INFO] [stderr]   cargo:rerun-if-changed=Fairy-Stockfish/src/incbin/incbin.h
[INFO] [stderr]   cargo:rerun-if-changed=Fairy-Stockfish/src/magic.h
[INFO] [stderr]   cargo:rerun-if-changed=Fairy-Stockfish/src/material.h
[INFO] [stderr]   cargo:rerun-if-changed=Fairy-Stockfish/src/misc.h
[INFO] [stderr]   cargo:rerun-if-changed=Fairy-Stockfish/src/movegen.h
[INFO] [stderr]   cargo:rerun-if-changed=Fairy-Stockfish/src/movepick.h
[INFO] [stderr]   cargo:rerun-if-changed=Fairy-Stockfish/src/nnue/evaluate_nnue.h
[INFO] [stderr]   cargo:rerun-if-changed=Fairy-Stockfish/src/nnue/features/half_ka_v2.h
[INFO] [stderr]   cargo:rerun-if-changed=Fairy-Stockfish/src/nnue/features/half_ka_v2_variants.h
[INFO] [stderr]   cargo:rerun-if-changed=Fairy-Stockfish/src/nnue/layers/affine_transform.h
[INFO] [stderr]   cargo:rerun-if-changed=Fairy-Stockfish/src/nnue/layers/clipped_relu.h
[INFO] [stderr]   cargo:rerun-if-changed=Fairy-Stockfish/src/nnue/layers/input_slice.h
[INFO] [stderr]   cargo:rerun-if-changed=Fairy-Stockfish/src/nnue/nnue_accumulator.h
[INFO] [stderr]   cargo:rerun-if-changed=Fairy-Stockfish/src/nnue/nnue_architecture.h
[INFO] [stderr]   cargo:rerun-if-changed=Fairy-Stockfish/src/nnue/nnue_common.h
[INFO] [stderr]   cargo:rerun-if-changed=Fairy-Stockfish/src/nnue/nnue_feature_transformer.h
[INFO] [stderr]   cargo:rerun-if-changed=Fairy-Stockfish/src/parser.h
[INFO] [stderr]   cargo:rerun-if-changed=Fairy-Stockfish/src/partner.h
[INFO] [stderr]   cargo:rerun-if-changed=Fairy-Stockfish/src/pawns.h
[INFO] [stderr]   cargo:rerun-if-changed=Fairy-Stockfish/src/piece.h
[INFO] [stderr]   cargo:rerun-if-changed=Fairy-Stockfish/src/position.h
[INFO] [stderr]   cargo:rerun-if-changed=Fairy-Stockfish/src/psqt.h
[INFO] [stderr]   cargo:rerun-if-changed=Fairy-Stockfish/src/search.h
[INFO] [stderr]   cargo:rerun-if-changed=Fairy-Stockfish/src/syzygy/tbprobe.h
[INFO] [stderr]   cargo:rerun-if-changed=Fairy-Stockfish/src/thread.h
[INFO] [stderr]   cargo:rerun-if-changed=Fairy-Stockfish/src/thread_win32_osx.h
[INFO] [stderr]   cargo:rerun-if-changed=Fairy-Stockfish/src/timeman.h
[INFO] [stderr]   cargo:rerun-if-changed=Fairy-Stockfish/src/tt.h
[INFO] [stderr]   cargo:rerun-if-changed=Fairy-Stockfish/src/tune.h
[INFO] [stderr]   cargo:rerun-if-changed=Fairy-Stockfish/src/types.h
[INFO] [stderr]   cargo:rerun-if-changed=Fairy-Stockfish/src/uci.h
[INFO] [stderr]   cargo:rerun-if-changed=Fairy-Stockfish/src/variant.h
[INFO] [stderr]   cargo:rerun-if-changed=Fairy-Stockfish/src/xboard.h
[INFO] [stderr]   cargo:rerun-if-changed=favicon.ico
[INFO] [stderr]   GNU Make 4.3
[INFO] [stderr]   Built for x86_64-pc-linux-gnu
[INFO] [stderr]   Copyright (C) 1988-2020 Free Software Foundation, Inc.
[INFO] [stderr]   License GPLv3+: GNU GPL version 3 or later <http://gnu.org/licenses/gpl.html>
[INFO] [stderr]   This is free software: you are free to change and redistribute it.
[INFO] [stderr]   There is NO WARRANTY, to the extent permitted by law.
[INFO] [stderr]   g++ (Ubuntu 11.4.0-1ubuntu1~22.04) 11.4.0
[INFO] [stderr]   Copyright (C) 2021 Free Software Foundation, Inc.
[INFO] [stderr]   This is free software; see the source for copying conditions.  There is NO
[INFO] [stderr]   warranty; not even for MERCHANTABILITY or FITNESS FOR A PARTICULAR PURPOSE.
[INFO] [stderr] 
[INFO] [stderr]   Default net: nn-5af11540bbfe.nnue
[INFO] [stderr]   Downloading https://tests.stockfishchess.org/api/nn/nn-5af11540bbfe.nnue
[INFO] [stderr]   Removing failed download
[INFO] [stderr]   Downloading https://github.com/official-stockfish/networks/raw/master/nn-5af11540bbfe.nnue
[INFO] [stderr]   Removing failed download
[INFO] [stderr]   Failed to download nn-5af11540bbfe.nnue.
[INFO] [stderr]   Default net: nn-5af11540bbfe.nnue
[INFO] [stderr]   Downloading https://tests.stockfishchess.org/api/nn/nn-5af11540bbfe.nnue
[INFO] [stderr]   Removing failed download
[INFO] [stderr]   Downloading https://github.com/official-stockfish/networks/raw/master/nn-5af11540bbfe.nnue
[INFO] [stderr]   Removing failed download
[INFO] [stderr]   Failed to download nn-5af11540bbfe.nnue.
[INFO] [stderr] 
[INFO] [stderr]   Config:
[INFO] [stderr]   debug: 'no'
[INFO] [stderr]   sanitize: 'none'
[INFO] [stderr]   optimize: 'yes'
[INFO] [stderr]   arch: 'x86_64'
[INFO] [stderr]   bits: '64'
[INFO] [stderr]   kernel: 'Linux'
[INFO] [stderr]   os: 'GNU/Linux'
[INFO] [stderr]   prefetch: 'yes'
[INFO] [stderr]   popcnt: 'yes'
[INFO] [stderr]   pext: 'yes'
[INFO] [stderr]   sse: 'yes'
[INFO] [stderr]   mmx: 'no'
[INFO] [stderr]   sse2: 'yes'
[INFO] [stderr]   ssse3: 'yes'
[INFO] [stderr]   sse41: 'yes'
[INFO] [stderr]   avx2: 'yes'
[INFO] [stderr]   avxvnni: 'no'
[INFO] [stderr]   avx512: 'no'
[INFO] [stderr]   vnni256: 'yes'
[INFO] [stderr]   vnni512: 'no'
[INFO] [stderr]   neon: 'no'
[INFO] [stderr]   dotprod: 'no'
[INFO] [stderr]   arm_version: '0'
[INFO] [stderr]   target_windows: ''
[INFO] [stderr] 
[INFO] [stderr]   Flags:
[INFO] [stderr]   CXX: g++
[INFO] [stderr]   CXXFLAGS:  -DNNUE_EMBEDDING_OFF -Wall -Wcast-qual -fno-exceptions -std=c++17  -pedantic -Wextra -Wshadow -Wmissing-declarations -m64 -DUSE_PTHREADS -DNDEBUG -O3 -DIS_64BIT -msse -msse3 -mpopcnt -DUSE_POPCNT -DUSE_AVX2 -mavx2 -mbmi -DUSE_VNNI -mavx512f -mavx512bw -mavx512vnni -mavx512dq -mavx512vl -mprefer-vector-width=256 -DUSE_SSE41 -msse4.1 -DUSE_SSSE3 -mssse3 -DUSE_SSE2 -msse2 -DUSE_PEXT -mbmi2 -flto -flto-partition=one
[INFO] [stderr]   LDFLAGS:   -m64 -Wl,--no-as-needed -lpthread  -DNNUE_EMBEDDING_OFF -Wall -Wcast-qual -fno-exceptions -std=c++17  -pedantic -Wextra -Wshadow -Wmissing-declarations -m64 -DUSE_PTHREADS -DNDEBUG -O3 -DIS_64BIT -msse -msse3 -mpopcnt -DUSE_POPCNT -DUSE_AVX2 -mavx2 -mbmi -DUSE_VNNI -mavx512f -mavx512bw -mavx512vnni -mavx512dq -mavx512vl -mprefer-vector-width=256 -DUSE_SSE41 -msse4.1 -DUSE_SSSE3 -mssse3 -DUSE_SSE2 -msse2 -DUSE_PEXT -mbmi2 -flto -flto-partition=one -flto=jobserver
[INFO] [stderr] 
[INFO] [stderr]   Testing config sanity. If this fails, try 'make help' ...
[INFO] [stderr] 
[INFO] [stderr]   make ARCH=x86-64-vnni256 COMP=gcc all
[INFO] [stderr]   make[1]: Entering directory '/opt/rustwide/workdir/Stockfish/src'
[INFO] [stderr]   g++  -DNNUE_EMBEDDING_OFF -Wall -Wcast-qual -fno-exceptions -std=c++17  -pedantic -Wextra -Wshadow -Wmissing-declarations -m64 -DUSE_PTHREADS -DNDEBUG -O3 -DIS_64BIT -msse -msse3 -mpopcnt -DUSE_POPCNT -DUSE_AVX2 -mavx2 -mbmi -DUSE_VNNI -mavx512f -mavx512bw -mavx512vnni -mavx512dq -mavx512vl -mprefer-vector-width=256 -DUSE_SSE41 -msse4.1 -DUSE_SSSE3 -mssse3 -DUSE_SSE2 -msse2 -DUSE_PEXT -mbmi2 -flto -flto-partition=one   -c -o benchmark.o benchmark.cpp
[INFO] [stderr]   g++  -DNNUE_EMBEDDING_OFF -Wall -Wcast-qual -fno-exceptions -std=c++17  -pedantic -Wextra -Wshadow -Wmissing-declarations -m64 -DUSE_PTHREADS -DNDEBUG -O3 -DIS_64BIT -msse -msse3 -mpopcnt -DUSE_POPCNT -DUSE_AVX2 -mavx2 -mbmi -DUSE_VNNI -mavx512f -mavx512bw -mavx512vnni -mavx512dq -mavx512vl -mprefer-vector-width=256 -DUSE_SSE41 -msse4.1 -DUSE_SSSE3 -mssse3 -DUSE_SSE2 -msse2 -DUSE_PEXT -mbmi2 -flto -flto-partition=one   -c -o bitbase.o bitbase.cpp
[INFO] [stderr]   g++  -DNNUE_EMBEDDING_OFF -Wall -Wcast-qual -fno-exceptions -std=c++17  -pedantic -Wextra -Wshadow -Wmissing-declarations -m64 -DUSE_PTHREADS -DNDEBUG -O3 -DIS_64BIT -msse -msse3 -mpopcnt -DUSE_POPCNT -DUSE_AVX2 -mavx2 -mbmi -DUSE_VNNI -mavx512f -mavx512bw -mavx512vnni -mavx512dq -mavx512vl -mprefer-vector-width=256 -DUSE_SSE41 -msse4.1 -DUSE_SSSE3 -mssse3 -DUSE_SSE2 -msse2 -DUSE_PEXT -mbmi2 -flto -flto-partition=one   -c -o bitboard.o bitboard.cpp
[INFO] [stderr]   g++  -DNNUE_EMBEDDING_OFF -Wall -Wcast-qual -fno-exceptions -std=c++17  -pedantic -Wextra -Wshadow -Wmissing-declarations -m64 -DUSE_PTHREADS -DNDEBUG -O3 -DIS_64BIT -msse -msse3 -mpopcnt -DUSE_POPCNT -DUSE_AVX2 -mavx2 -mbmi -DUSE_VNNI -mavx512f -mavx512bw -mavx512vnni -mavx512dq -mavx512vl -mprefer-vector-width=256 -DUSE_SSE41 -msse4.1 -DUSE_SSSE3 -mssse3 -DUSE_SSE2 -msse2 -DUSE_PEXT -mbmi2 -flto -flto-partition=one   -c -o endgame.o endgame.cpp
[INFO] [stderr]   g++  -DNNUE_EMBEDDING_OFF -Wall -Wcast-qual -fno-exceptions -std=c++17  -pedantic -Wextra -Wshadow -Wmissing-declarations -m64 -DUSE_PTHREADS -DNDEBUG -O3 -DIS_64BIT -msse -msse3 -mpopcnt -DUSE_POPCNT -DUSE_AVX2 -mavx2 -mbmi -DUSE_VNNI -mavx512f -mavx512bw -mavx512vnni -mavx512dq -mavx512vl -mprefer-vector-width=256 -DUSE_SSE41 -msse4.1 -DUSE_SSSE3 -mssse3 -DUSE_SSE2 -msse2 -DUSE_PEXT -mbmi2 -flto -flto-partition=one   -c -o evaluate.o evaluate.cpp
[INFO] [stderr]   g++  -DNNUE_EMBEDDING_OFF -Wall -Wcast-qual -fno-exceptions -std=c++17  -pedantic -Wextra -Wshadow -Wmissing-declarations -m64 -DUSE_PTHREADS -DNDEBUG -O3 -DIS_64BIT -msse -msse3 -mpopcnt -DUSE_POPCNT -DUSE_AVX2 -mavx2 -mbmi -DUSE_VNNI -mavx512f -mavx512bw -mavx512vnni -mavx512dq -mavx512vl -mprefer-vector-width=256 -DUSE_SSE41 -msse4.1 -DUSE_SSSE3 -mssse3 -DUSE_SSE2 -msse2 -DUSE_PEXT -mbmi2 -flto -flto-partition=one   -c -o main.o main.cpp
[INFO] [stderr]   g++  -DNNUE_EMBEDDING_OFF -Wall -Wcast-qual -fno-exceptions -std=c++17  -pedantic -Wextra -Wshadow -Wmissing-declarations -m64 -DUSE_PTHREADS -DNDEBUG -O3 -DIS_64BIT -msse -msse3 -mpopcnt -DUSE_POPCNT -DUSE_AVX2 -mavx2 -mbmi -DUSE_VNNI -mavx512f -mavx512bw -mavx512vnni -mavx512dq -mavx512vl -mprefer-vector-width=256 -DUSE_SSE41 -msse4.1 -DUSE_SSSE3 -mssse3 -DUSE_SSE2 -msse2 -DUSE_PEXT -mbmi2 -flto -flto-partition=one   -c -o material.o material.cpp
[INFO] [stderr]   g++  -DNNUE_EMBEDDING_OFF -Wall -Wcast-qual -fno-exceptions -std=c++17  -pedantic -Wextra -Wshadow -Wmissing-declarations -m64 -DUSE_PTHREADS -DNDEBUG -O3 -DIS_64BIT -msse -msse3 -mpopcnt -DUSE_POPCNT -DUSE_AVX2 -mavx2 -mbmi -DUSE_VNNI -mavx512f -mavx512bw -mavx512vnni -mavx512dq -mavx512vl -mprefer-vector-width=256 -DUSE_SSE41 -msse4.1 -DUSE_SSSE3 -mssse3 -DUSE_SSE2 -msse2 -DUSE_PEXT -mbmi2 -flto -flto-partition=one   -c -o misc.o misc.cpp
[INFO] [stderr]   g++  -DNNUE_EMBEDDING_OFF -Wall -Wcast-qual -fno-exceptions -std=c++17  -pedantic -Wextra -Wshadow -Wmissing-declarations -m64 -DUSE_PTHREADS -DNDEBUG -O3 -DIS_64BIT -msse -msse3 -mpopcnt -DUSE_POPCNT -DUSE_AVX2 -mavx2 -mbmi -DUSE_VNNI -mavx512f -mavx512bw -mavx512vnni -mavx512dq -mavx512vl -mprefer-vector-width=256 -DUSE_SSE41 -msse4.1 -DUSE_SSSE3 -mssse3 -DUSE_SSE2 -msse2 -DUSE_PEXT -mbmi2 -flto -flto-partition=one   -c -o movegen.o movegen.cpp
[INFO] [stderr]   g++  -DNNUE_EMBEDDING_OFF -Wall -Wcast-qual -fno-exceptions -std=c++17  -pedantic -Wextra -Wshadow -Wmissing-declarations -m64 -DUSE_PTHREADS -DNDEBUG -O3 -DIS_64BIT -msse -msse3 -mpopcnt -DUSE_POPCNT -DUSE_AVX2 -mavx2 -mbmi -DUSE_VNNI -mavx512f -mavx512bw -mavx512vnni -mavx512dq -mavx512vl -mprefer-vector-width=256 -DUSE_SSE41 -msse4.1 -DUSE_SSSE3 -mssse3 -DUSE_SSE2 -msse2 -DUSE_PEXT -mbmi2 -flto -flto-partition=one   -c -o movepick.o movepick.cpp
[INFO] [stderr]   g++  -DNNUE_EMBEDDING_OFF -Wall -Wcast-qual -fno-exceptions -std=c++17  -pedantic -Wextra -Wshadow -Wmissing-declarations -m64 -DUSE_PTHREADS -DNDEBUG -O3 -DIS_64BIT -msse -msse3 -mpopcnt -DUSE_POPCNT -DUSE_AVX2 -mavx2 -mbmi -DUSE_VNNI -mavx512f -mavx512bw -mavx512vnni -mavx512dq -mavx512vl -mprefer-vector-width=256 -DUSE_SSE41 -msse4.1 -DUSE_SSSE3 -mssse3 -DUSE_SSE2 -msse2 -DUSE_PEXT -mbmi2 -flto -flto-partition=one   -c -o pawns.o pawns.cpp
[INFO] [stderr]   g++  -DNNUE_EMBEDDING_OFF -Wall -Wcast-qual -fno-exceptions -std=c++17  -pedantic -Wextra -Wshadow -Wmissing-declarations -m64 -DUSE_PTHREADS -DNDEBUG -O3 -DIS_64BIT -msse -msse3 -mpopcnt -DUSE_POPCNT -DUSE_AVX2 -mavx2 -mbmi -DUSE_VNNI -mavx512f -mavx512bw -mavx512vnni -mavx512dq -mavx512vl -mprefer-vector-width=256 -DUSE_SSE41 -msse4.1 -DUSE_SSSE3 -mssse3 -DUSE_SSE2 -msse2 -DUSE_PEXT -mbmi2 -flto -flto-partition=one   -c -o position.o position.cpp
[INFO] [stderr]   g++  -DNNUE_EMBEDDING_OFF -Wall -Wcast-qual -fno-exceptions -std=c++17  -pedantic -Wextra -Wshadow -Wmissing-declarations -m64 -DUSE_PTHREADS -DNDEBUG -O3 -DIS_64BIT -msse -msse3 -mpopcnt -DUSE_POPCNT -DUSE_AVX2 -mavx2 -mbmi -DUSE_VNNI -mavx512f -mavx512bw -mavx512vnni -mavx512dq -mavx512vl -mprefer-vector-width=256 -DUSE_SSE41 -msse4.1 -DUSE_SSSE3 -mssse3 -DUSE_SSE2 -msse2 -DUSE_PEXT -mbmi2 -flto -flto-partition=one   -c -o psqt.o psqt.cpp
[INFO] [stderr]   make[1]: Leaving directory '/opt/rustwide/workdir/Stockfish/src'
[INFO] [stderr] 
[INFO] [stderr]   --- stderr
[INFO] [stderr]   /bin/sh: 6: cannot create nn-5af11540bbfe.nnue: Read-only file system
[INFO] [stderr]   shasum: nn-5af11540bbfe.nnue: No such file or directory
[INFO] [stderr]   /bin/sh: 6: cannot create nn-5af11540bbfe.nnue: Read-only file system
[INFO] [stderr]   shasum: nn-5af11540bbfe.nnue: No such file or directory
[INFO] [stderr]   /bin/sh: 1: cannot create .depend: Read-only file system
[INFO] [stderr]   make: [Makefile:1039: .depend] Error 2 (ignored)
[INFO] [stderr]   /bin/sh: 6: cannot create nn-5af11540bbfe.nnue: Read-only file system
[INFO] [stderr]   shasum: nn-5af11540bbfe.nnue: No such file or directory
[INFO] [stderr]   /bin/sh: 6: cannot create nn-5af11540bbfe.nnue: Read-only file system
[INFO] [stderr]   shasum: nn-5af11540bbfe.nnue: No such file or directory
[INFO] [stderr]   /bin/sh: 1: cannot create .depend: Read-only file system
[INFO] [stderr]   make[1]: [Makefile:1039: .depend] Error 2 (ignored)
[INFO] [stderr]   Assembler messages:
[INFO] [stderr]   Fatal error: can't create bitbase.o: Read-only file system
[INFO] [stderr]   make[1]: *** [<builtin>: bitbase.o] Error 1
[INFO] [stderr]   make[1]: *** Waiting for unfinished jobs....
[INFO] [stderr]   g++: fatal error: Killed signal terminated program cc1plus
[INFO] [stderr]   compilation terminated.
[INFO] [stderr]   make[1]: *** [<builtin>: main.o] Error 1
[INFO] [stderr]   g++: fatal error: Killed signal terminated program cc1plus
[INFO] [stderr]   compilation terminated.
[INFO] [stderr]   make[1]: *** [<builtin>: endgame.o] Error 1
[INFO] [stderr]   Assembler messages:
[INFO] [stderr]   Fatal error: can't create bitboard.o: Read-only file system
[INFO] [stderr]   make[1]: *** [<builtin>: bitboard.o] Error 1
[INFO] [stderr]   Assembler messages:
[INFO] [stderr]   Fatal error: can't create benchmark.o: Read-only file system
[INFO] [stderr]   make[1]: *** [<builtin>: benchmark.o] Error 1
[INFO] [stderr]   Assembler messages:
[INFO] [stderr]   Fatal error: can't create material.o: Read-only file system
[INFO] [stderr]   make[1]: *** [<builtin>: material.o] Error 1
[INFO] [stderr]   Assembler messages:
[INFO] [stderr]   Fatal error: can't create movegen.o: Read-only file system
[INFO] [stderr]   make[1]: *** [<builtin>: movegen.o] Error 1
[INFO] [stderr]   Assembler messages:
[INFO] [stderr]   Fatal error: can't create misc.o: Read-only file system
[INFO] [stderr]   make[1]: *** [<builtin>: misc.o] Error 1
[INFO] [stderr]   Assembler messages:
[INFO] [stderr]   Fatal error: can't create movepick.o: Read-only file system
[INFO] [stderr]   make[1]: *** [<builtin>: movepick.o] Error 1
[INFO] [stderr]   Assembler messages:
[INFO] [stderr]   Fatal error: can't create evaluate.o: Read-only file system
[INFO] [stderr]   make[1]: *** [<builtin>: evaluate.o] Error 1
[INFO] [stderr]   Assembler messages:
[INFO] [stderr]   Fatal error: can't create psqt.o: Read-only file system
[INFO] [stderr]   make[1]: *** [<builtin>: psqt.o] Error 1
[INFO] [stderr]   Assembler messages:
[INFO] [stderr]   Fatal error: can't create pawns.o: Read-only file system
[INFO] [stderr]   make[1]: *** [<builtin>: pawns.o] Error 1
[INFO] [stderr]   Assembler messages:
[INFO] [stderr]   Fatal error: can't create position.o: Read-only file system
[INFO] [stderr]   make[1]: *** [<builtin>: position.o] Error 1
[INFO] [stderr]   make: *** [Makefile:844: build] Error 2
[INFO] [stderr]   thread 'main' panicked at build.rs:148:9:
[INFO] [stderr]   $(MAKE) build
[INFO] [stderr]   stack backtrace:
[INFO] [stderr]      0:     0x55b90c22a796 - std::backtrace_rs::backtrace::libunwind::trace::heebc7766b165eb2a
[INFO] [stderr]                                  at /rustc/268dbbbc4b3fd71c5f360a4d0728295252430b5b/library/std/src/../../backtrace/src/backtrace/libunwind.rs:104:5
[INFO] [stderr]      1:     0x55b90c22a796 - std::backtrace_rs::backtrace::trace_unsynchronized::ha677020d8fc0296d
[INFO] [stderr]                                  at /rustc/268dbbbc4b3fd71c5f360a4d0728295252430b5b/library/std/src/../../backtrace/src/backtrace/mod.rs:66:5
[INFO] [stderr]      2:     0x55b90c22a796 - std::sys_common::backtrace::_print_fmt::hcaff2fd86a1aeaa3
[INFO] [stderr]                                  at /rustc/268dbbbc4b3fd71c5f360a4d0728295252430b5b/library/std/src/sys_common/backtrace.rs:68:5
[INFO] [stderr]      3:     0x55b90c22a796 - <std::sys_common::backtrace::_print::DisplayBacktrace as core::fmt::Display>::fmt::hc2446d8aa0059188
[INFO] [stderr]                                  at /rustc/268dbbbc4b3fd71c5f360a4d0728295252430b5b/library/std/src/sys_common/backtrace.rs:44:22
[INFO] [stderr]      4:     0x55b90c24d7a0 - core::fmt::rt::Argument::fmt::h2fbb6454da37999b
[INFO] [stderr]                                  at /rustc/268dbbbc4b3fd71c5f360a4d0728295252430b5b/library/core/src/fmt/rt.rs:142:9
[INFO] [stderr]      5:     0x55b90c24d7a0 - core::fmt::write::had96bdeda7d49d3a
[INFO] [stderr]                                  at /rustc/268dbbbc4b3fd71c5f360a4d0728295252430b5b/library/core/src/fmt/mod.rs:1120:17
[INFO] [stderr]      6:     0x55b90c22849f - std::io::Write::write_fmt::h30b1f36eea05b391
[INFO] [stderr]                                  at /rustc/268dbbbc4b3fd71c5f360a4d0728295252430b5b/library/std/src/io/mod.rs:1849:15
[INFO] [stderr]      7:     0x55b90c22a574 - std::sys_common::backtrace::_print::hc333bb91ae972137
[INFO] [stderr]                                  at /rustc/268dbbbc4b3fd71c5f360a4d0728295252430b5b/library/std/src/sys_common/backtrace.rs:47:5
[INFO] [stderr]      8:     0x55b90c22a574 - std::sys_common::backtrace::print::h18fd3c71a95a3169
[INFO] [stderr]                                  at /rustc/268dbbbc4b3fd71c5f360a4d0728295252430b5b/library/std/src/sys_common/backtrace.rs:34:9
[INFO] [stderr]      9:     0x55b90c22c2b7 - std::panicking::default_hook::{{closure}}::ha3473f9bcb4e9a37
[INFO] [stderr]     10:     0x55b90c22c019 - std::panicking::default_hook::h23d9d43185db6584
[INFO] [stderr]                                  at /rustc/268dbbbc4b3fd71c5f360a4d0728295252430b5b/library/std/src/panicking.rs:292:9
[INFO] [stderr]     11:     0x55b90c22c748 - std::panicking::rust_panic_with_hook::h94aceaa7df3a6edd
[INFO] [stderr]                                  at /rustc/268dbbbc4b3fd71c5f360a4d0728295252430b5b/library/std/src/panicking.rs:781:13
[INFO] [stderr]     12:     0x55b90c22c5e9 - std::panicking::begin_panic_handler::{{closure}}::h9905d45d1d82fc42
[INFO] [stderr]                                  at /rustc/268dbbbc4b3fd71c5f360a4d0728295252430b5b/library/std/src/panicking.rs:651:13
[INFO] [stderr]     13:     0x55b90c22ac96 - std::sys_common::backtrace::__rust_end_short_backtrace::hb02085545dc143b9
[INFO] [stderr]                                  at /rustc/268dbbbc4b3fd71c5f360a4d0728295252430b5b/library/std/src/sys_common/backtrace.rs:171:18
[INFO] [stderr]     14:     0x55b90c22c374 - rust_begin_unwind
[INFO] [stderr]                                  at /rustc/268dbbbc4b3fd71c5f360a4d0728295252430b5b/library/std/src/panicking.rs:647:5
[INFO] [stderr]     15:     0x55b90c1e7775 - core::panicking::panic_fmt::h6dca3983f8a9f4d0
[INFO] [stderr]                                  at /rustc/268dbbbc4b3fd71c5f360a4d0728295252430b5b/library/core/src/panicking.rs:72:14
[INFO] [stderr]     16:     0x55b90c1f0fdf - build_script_build::Target::build::h2cfaffa69944a69f
[INFO] [stderr]     17:     0x55b90c1f19ed - build_script_build::Target::build_official::h7f9ebfe6c9e022bd
[INFO] [stderr]     18:     0x55b90c1f1a2a - build_script_build::Target::build_both::hf18850fb7c061813
[INFO] [stderr]     19:     0x55b90c1f1fe6 - build_script_build::stockfish_build::hd99a5a36738df64f
[INFO] [stderr]     20:     0x55b90c1f3f8b - build_script_build::main::h77447e640ece0ba5
[INFO] [stderr]     21:     0x55b90c1ee223 - core::ops::function::FnOnce::call_once::hb68d33ab888b5287
[INFO] [stderr]     22:     0x55b90c1e8786 - std::sys_common::backtrace::__rust_begin_short_backtrace::h8dc64c9d0bdce6db
[INFO] [stderr]     23:     0x55b90c1e8c39 - std::rt::lang_start::{{closure}}::h15fbcf49c36ce7b1
[INFO] [stderr]     24:     0x55b90c224e21 - core::ops::function::impls::<impl core::ops::function::FnOnce<A> for &F>::call_once::h298d8ff12ebcec8c
[INFO] [stderr]                                  at /rustc/268dbbbc4b3fd71c5f360a4d0728295252430b5b/library/core/src/ops/function.rs:284:13
[INFO] [stderr]     25:     0x55b90c224e21 - std::panicking::try::do_call::hbd0ffb05da5bd343
[INFO] [stderr]                                  at /rustc/268dbbbc4b3fd71c5f360a4d0728295252430b5b/library/std/src/panicking.rs:554:40
[INFO] [stderr]     26:     0x55b90c224e21 - std::panicking::try::h11c9a152defd5d2a
[INFO] [stderr]                                  at /rustc/268dbbbc4b3fd71c5f360a4d0728295252430b5b/library/std/src/panicking.rs:518:19
[INFO] [stderr]     27:     0x55b90c224e21 - std::panic::catch_unwind::h0d6db2fa902b4d64
[INFO] [stderr]                                  at /rustc/268dbbbc4b3fd71c5f360a4d0728295252430b5b/library/std/src/panic.rs:142:14
[INFO] [stderr]     28:     0x55b90c224e21 - std::rt::lang_start_internal::{{closure}}::hdcc09b4aad7ef821
[INFO] [stderr]                                  at /rustc/268dbbbc4b3fd71c5f360a4d0728295252430b5b/library/std/src/rt.rs:148:48
[INFO] [stderr]     29:     0x55b90c224e21 - std::panicking::try::do_call::h3ffd2f162d60900f
[INFO] [stderr]                                  at /rustc/268dbbbc4b3fd71c5f360a4d0728295252430b5b/library/std/src/panicking.rs:554:40
[INFO] [stderr]     30:     0x55b90c224e21 - std::panicking::try::heeba82b9c3e190fb
[INFO] [stderr]                                  at /rustc/268dbbbc4b3fd71c5f360a4d0728295252430b5b/library/std/src/panicking.rs:518:19
[INFO] [stderr]     31:     0x55b90c224e21 - std::panic::catch_unwind::hdaab8f1c188f387f
[INFO] [stderr]                                  at /rustc/268dbbbc4b3fd71c5f360a4d0728295252430b5b/library/std/src/panic.rs:142:14
[INFO] [stderr]     32:     0x55b90c224e21 - std::rt::lang_start_internal::h9989e088c48b7903
[INFO] [stderr]                                  at /rustc/268dbbbc4b3fd71c5f360a4d0728295252430b5b/library/std/src/rt.rs:148:20
[INFO] [stderr]     33:     0x55b90c1e8c17 - std::rt::lang_start::h11e736f8d9e271f1
[INFO] [stderr]     34:     0x55b90c1f4295 - main
[INFO] [stderr]     35:     0x7f142b8bad90 - <unknown>
[INFO] [stderr]     36:     0x7f142b8bae40 - __libc_start_main
[INFO] [stderr]     37:     0x55b90c1e7ee5 - _start
[INFO] [stderr]     38:                0x0 - <unknown>
[INFO] running `Command { std: "docker" "inspect" "b90ac412f8aec14458f22b247d5130799c59c67c18956602c1b69ddc3daece40", kill_on_drop: false }`
[INFO] running `Command { std: "docker" "rm" "-f" "b90ac412f8aec14458f22b247d5130799c59c67c18956602c1b69ddc3daece40", kill_on_drop: false }`
[INFO] [stdout] b90ac412f8aec14458f22b247d5130799c59c67c18956602c1b69ddc3daece40
