[INFO] fetching crate fips_terminal_ui 0.1.0...
[INFO] checking fips_terminal_ui-0.1.0 against nightly-2024-02-05 for check-cfg
[INFO] extracting crate fips_terminal_ui 0.1.0 into /workspace/builds/worker-6-tc1/source
[INFO] validating manifest of crates.io crate fips_terminal_ui 0.1.0 on toolchain nightly-2024-02-05
[INFO] running `Command { std: CARGO_HOME="/workspace/cargo-home" RUSTUP_HOME="/workspace/rustup-home" "/workspace/cargo-home/bin/cargo" "+nightly-2024-02-05" "metadata" "--manifest-path" "Cargo.toml" "--no-deps", kill_on_drop: false }`
[INFO] started tweaking crates.io crate fips_terminal_ui 0.1.0
[INFO] finished tweaking crates.io crate fips_terminal_ui 0.1.0
[INFO] tweaked toml for crates.io crate fips_terminal_ui 0.1.0 written to /workspace/builds/worker-6-tc1/source/Cargo.toml
[INFO] running `Command { std: CARGO_HOME="/workspace/cargo-home" RUSTUP_HOME="/workspace/rustup-home" "/workspace/cargo-home/bin/cargo" "+nightly-2024-02-05" "generate-lockfile" "--manifest-path" "Cargo.toml", kill_on_drop: false }`
[INFO] [stderr]     Updating crates.io index
[INFO] running `Command { std: CARGO_HOME="/workspace/cargo-home" RUSTUP_HOME="/workspace/rustup-home" "/workspace/cargo-home/bin/cargo" "+nightly-2024-02-05" "fetch" "--manifest-path" "Cargo.toml", kill_on_drop: false }`
[INFO] [stderr]  Downloading crates ...
[INFO] [stderr]   Downloaded crossterm_winapi v0.9.1
[INFO] [stderr]   Downloaded fips_plugin_registry v0.1.0
[INFO] [stderr]   Downloaded fips_utility v0.1.0
[INFO] [stderr]   Downloaded json_dotpath v1.1.0
[INFO] [stderr]   Downloaded csscolorparser v0.6.2
[INFO] [stderr]   Downloaded phf_macros v0.11.2
[INFO] [stderr]   Downloaded colorgrad v0.6.2
[INFO] [stderr]   Downloaded fips_configuration v0.1.0
[INFO] [stderr]   Downloaded gradient_tui_fork v0.19.0
[INFO] running `Command { std: "docker" "create" "-v" "/var/lib/crater-agent-workspace/builds/worker-6-tc1/target:/opt/rustwide/target:rw,Z" "-v" "/var/lib/crater-agent-workspace/builds/worker-6-tc1/source:/opt/rustwide/workdir:ro,Z" "-v" "/var/lib/crater-agent-workspace/cargo-home:/opt/rustwide/cargo-home:ro,Z" "-v" "/var/lib/crater-agent-workspace/rustup-home:/opt/rustwide/rustup-home:ro,Z" "-e" "SOURCE_DIR=/opt/rustwide/workdir" "-e" "CARGO_TARGET_DIR=/opt/rustwide/target" "-e" "CARGO_HOME=/opt/rustwide/cargo-home" "-e" "RUSTUP_HOME=/opt/rustwide/rustup-home" "-w" "/opt/rustwide/workdir" "-m" "1610612736" "--user" "0:0" "--network" "none" "ghcr.io/rust-lang/crates-build-env/linux@sha256:2788e3201cd34a07e3172128adcd8b3090168a8e3bcc40d7c032b9dda1df7d1c" "/opt/rustwide/cargo-home/bin/cargo" "+nightly-2024-02-05" "metadata" "--no-deps" "--format-version=1", kill_on_drop: false }`
[INFO] [stdout] affa674567ea0db1453ab278b9b76e443287722d8a2c2305e4fa35e15a243200
[INFO] running `Command { std: "docker" "start" "-a" "affa674567ea0db1453ab278b9b76e443287722d8a2c2305e4fa35e15a243200", kill_on_drop: false }`
[INFO] running `Command { std: "docker" "inspect" "affa674567ea0db1453ab278b9b76e443287722d8a2c2305e4fa35e15a243200", kill_on_drop: false }`
[INFO] running `Command { std: "docker" "rm" "-f" "affa674567ea0db1453ab278b9b76e443287722d8a2c2305e4fa35e15a243200", kill_on_drop: false }`
[INFO] [stdout] affa674567ea0db1453ab278b9b76e443287722d8a2c2305e4fa35e15a243200
[INFO] running `Command { std: "docker" "create" "-v" "/var/lib/crater-agent-workspace/builds/worker-6-tc1/target:/opt/rustwide/target:rw,Z" "-v" "/var/lib/crater-agent-workspace/builds/worker-6-tc1/source:/opt/rustwide/workdir:ro,Z" "-v" "/var/lib/crater-agent-workspace/cargo-home:/opt/rustwide/cargo-home:ro,Z" "-v" "/var/lib/crater-agent-workspace/rustup-home:/opt/rustwide/rustup-home:ro,Z" "-e" "SOURCE_DIR=/opt/rustwide/workdir" "-e" "CARGO_TARGET_DIR=/opt/rustwide/target" "-e" "CARGO_INCREMENTAL=0" "-e" "RUST_BACKTRACE=full" "-e" "RUSTFLAGS=--cap-lints=forbid" "-e" "RUSTDOCFLAGS=--cap-lints=forbid" "-e" "CARGO_HOME=/opt/rustwide/cargo-home" "-e" "RUSTUP_HOME=/opt/rustwide/rustup-home" "-w" "/opt/rustwide/workdir" "-m" "1610612736" "--user" "0:0" "--network" "none" "ghcr.io/rust-lang/crates-build-env/linux@sha256:2788e3201cd34a07e3172128adcd8b3090168a8e3bcc40d7c032b9dda1df7d1c" "/opt/rustwide/cargo-home/bin/cargo" "+nightly-2024-02-05" "check" "--frozen" "--all" "--all-targets" "--message-format=json", kill_on_drop: false }`
[INFO] [stdout] 94b5a93bf0b2f6d966912d593726f5c8dd23e03d90397622c27a48687e556665
[INFO] running `Command { std: "docker" "start" "-a" "94b5a93bf0b2f6d966912d593726f5c8dd23e03d90397622c27a48687e556665", kill_on_drop: false }`
[INFO] [stderr]     Checking mio v0.8.10
[INFO] [stderr]    Compiling phf_shared v0.11.2
[INFO] [stderr]    Compiling signal-hook v0.3.17
[INFO] [stderr]    Compiling proc-macro-error-attr v1.0.4
[INFO] [stderr]    Compiling serde_derive_internals v0.26.0
[INFO] [stderr]     Checking os_str_bytes v6.6.1
[INFO] [stderr]    Compiling schemars v0.8.16
[INFO] [stderr]    Compiling phf_generator v0.11.2
[INFO] [stderr]     Checking json_dotpath v1.1.0
[INFO] [stderr]     Checking clap_lex v0.2.4
[INFO] [stderr]    Compiling phf_macros v0.11.2
[INFO] [stderr]     Checking libloading v0.6.7
[INFO] [stderr]     Checking textwrap v0.16.0
[INFO] [stderr]     Checking dyn-clone v1.0.16
[INFO] [stderr]     Checking tokio v1.36.0
[INFO] [stderr]     Checking fips_plugin_registry v0.1.0
[INFO] [stderr]    Compiling strum_macros v0.20.1
[INFO] [stderr]     Checking signal-hook-mio v0.2.3
[INFO] [stderr]     Checking crossterm v0.25.0
[INFO] [stderr]     Checking serde_yaml v0.8.26
[INFO] [stderr]     Checking rand v0.7.3
[INFO] [stderr]    Compiling proc-macro-error v1.0.4
[INFO] [stderr]    Compiling clap_derive v3.2.25
[INFO] [stderr]     Checking cassowary v0.3.0
[INFO] [stderr]     Checking gradient_tui_fork v0.19.0
[INFO] [stderr]    Compiling schemars_derive v0.8.16
[INFO] [stderr]     Checking phf v0.11.2
[INFO] [stderr]     Checking csscolorparser v0.6.2
[INFO] [stderr]     Checking colorgrad v0.6.2
[INFO] [stderr]     Checking clap v3.2.25
[INFO] [stderr]     Checking tokio-util v0.7.10
[INFO] [stderr]     Checking h2 v0.3.24
[INFO] [stderr]     Checking hyper v0.14.28
[INFO] [stderr]     Checking fips_utility v0.1.0
[INFO] [stderr]     Checking fips_configuration v0.1.0
[INFO] [stderr]     Checking fips_terminal_ui v0.1.0 (/opt/rustwide/workdir)
[INFO] [stdout] error[E0283]: type annotations needed
[INFO] [stdout]    --> src/cli/ui.rs:141:10
[INFO] [stdout]     |
[INFO] [stdout] 141 |         .constraints(constraints.as_ref())
[INFO] [stdout]     |          ^^^^^^^^^^^             ------ type must be known at this point
[INFO] [stdout]     |          |
[INFO] [stdout]     |          cannot infer type of the type parameter `C` declared on the method `constraints`
[INFO] [stdout]     |
[INFO] [stdout]     = note: multiple `impl`s satisfying `Vec<Constraint>: AsRef<_>` found in the `alloc` crate:
[INFO] [stdout]             - impl<T, A> AsRef<Vec<T, A>> for Vec<T, A>
[INFO] [stdout]               where A: Allocator;
[INFO] [stdout]             - impl<T, A> AsRef<[T]> for Vec<T, A>
[INFO] [stdout]               where A: Allocator;
[INFO] [stdout] help: consider specifying the generic argument
[INFO] [stdout]     |
[INFO] [stdout] 141 |         .constraints::<&T>(constraints.as_ref())
[INFO] [stdout]     |                     ++++++
[INFO] [stdout] 
[INFO] [stdout] 
[INFO] [stdout] error[E0283]: type annotations needed
[INFO] [stdout]    --> src/cli/ui.rs:141:10
[INFO] [stdout]     |
[INFO] [stdout] 141 |         .constraints(constraints.as_ref())
[INFO] [stdout]     |          ^^^^^^^^^^^             ------ type must be known at this point
[INFO] [stdout]     |          |
[INFO] [stdout]     |          cannot infer type of the type parameter `C` declared on the method `constraints`
[INFO] [stdout]     |
[INFO] [stdout]     = note: multiple `impl`s satisfying `Vec<Constraint>: AsRef<_>` found in the `alloc` crate:
[INFO] [stdout]             - impl<T, A> AsRef<Vec<T, A>> for Vec<T, A>
[INFO] [stdout]               where A: Allocator;
[INFO] [stdout]             - impl<T, A> AsRef<[T]> for Vec<T, A>
[INFO] [stdout]               where A: Allocator;
[INFO] [stdout] help: consider specifying the generic argument
[INFO] [stdout]     |
[INFO] [stdout] 141 |         .constraints::<&T>(constraints.as_ref())
[INFO] [stdout]     |                     ++++++
[INFO] [stdout] 
[INFO] [stdout] 
[INFO] [stdout] error[E0283]: type annotations needed
[INFO] [stdout]    --> src/cli/ui.rs:167:10
[INFO] [stdout]     |
[INFO] [stdout] 167 |         .constraints(constraints.as_ref())
[INFO] [stdout]     |          ^^^^^^^^^^^             ------ type must be known at this point
[INFO] [stdout]     |          |
[INFO] [stdout]     |          cannot infer type of the type parameter `C` declared on the method `constraints`
[INFO] [stdout]     |
[INFO] [stdout]     = note: multiple `impl`s satisfying `Vec<Constraint>: AsRef<_>` found in the `alloc` crate:
[INFO] [stdout]             - impl<T, A> AsRef<Vec<T, A>> for Vec<T, A>
[INFO] [stdout]               where A: Allocator;
[INFO] [stdout]             - impl<T, A> AsRef<[T]> for Vec<T, A>
[INFO] [stdout]               where A: Allocator;
[INFO] [stdout] help: consider specifying the generic argument
[INFO] [stdout]     |
[INFO] [stdout] 167 |         .constraints::<&T>(constraints.as_ref())
[INFO] [stdout]     |                     ++++++
[INFO] [stdout] 
[INFO] [stdout] 
[INFO] [stdout] error[E0283]: type annotations needed
[INFO] [stdout]    --> src/cli/ui.rs:167:10
[INFO] [stdout]     |
[INFO] [stdout] 167 |         .constraints(constraints.as_ref())
[INFO] [stdout]     |          ^^^^^^^^^^^             ------ type must be known at this point
[INFO] [stdout]     |          |
[INFO] [stdout]     |          cannot infer type of the type parameter `C` declared on the method `constraints`
[INFO] [stdout]     |
[INFO] [stdout]     = note: multiple `impl`s satisfying `Vec<Constraint>: AsRef<_>` found in the `alloc` crate:
[INFO] [stdout]             - impl<T, A> AsRef<Vec<T, A>> for Vec<T, A>
[INFO] [stdout]               where A: Allocator;
[INFO] [stdout]             - impl<T, A> AsRef<[T]> for Vec<T, A>
[INFO] [stdout]               where A: Allocator;
[INFO] [stdout] help: consider specifying the generic argument
[INFO] [stdout]     |
[INFO] [stdout] 167 |         .constraints::<&T>(constraints.as_ref())
[INFO] [stdout]     |                     ++++++
[INFO] [stdout] 
[INFO] [stdout] 
[INFO] [stdout] error: aborting due to 2 previous errors
[INFO] [stdout] 
[INFO] [stdout] 
[INFO] [stdout] For more information about this error, try `rustc --explain E0283`.
[INFO] [stdout] 
[INFO] [stdout] error: aborting due to 2 previous errors
[INFO] [stdout] 
[INFO] [stdout] 
[INFO] [stdout] For more information about this error, try `rustc --explain E0283`.
[INFO] [stdout] 
[INFO] [stderr] error: could not compile `fips_terminal_ui` (lib) due to 3 previous errors
[INFO] [stderr] warning: build failed, waiting for other jobs to finish...
[INFO] [stderr] error: could not compile `fips_terminal_ui` (lib test) due to 3 previous errors
[INFO] running `Command { std: "docker" "inspect" "94b5a93bf0b2f6d966912d593726f5c8dd23e03d90397622c27a48687e556665", kill_on_drop: false }`
[INFO] running `Command { std: "docker" "rm" "-f" "94b5a93bf0b2f6d966912d593726f5c8dd23e03d90397622c27a48687e556665", kill_on_drop: false }`
[INFO] [stdout] 94b5a93bf0b2f6d966912d593726f5c8dd23e03d90397622c27a48687e556665
[INFO] checking fips_terminal_ui-0.1.0 against nightly-2024-02-05+rustflags=-Dunexpected_cfgs+cargoflags=-Zcheck-cfg for check-cfg
[INFO] extracting crate fips_terminal_ui 0.1.0 into /workspace/builds/worker-6-tc2/source
[INFO] validating manifest of crates.io crate fips_terminal_ui 0.1.0 on toolchain nightly-2024-02-05
[INFO] running `Command { std: CARGO_HOME="/workspace/cargo-home" RUSTUP_HOME="/workspace/rustup-home" "/workspace/cargo-home/bin/cargo" "+nightly-2024-02-05" "metadata" "--manifest-path" "Cargo.toml" "--no-deps", kill_on_drop: false }`
[INFO] started tweaking crates.io crate fips_terminal_ui 0.1.0
[INFO] finished tweaking crates.io crate fips_terminal_ui 0.1.0
[INFO] tweaked toml for crates.io crate fips_terminal_ui 0.1.0 written to /workspace/builds/worker-6-tc2/source/Cargo.toml
[INFO] running `Command { std: CARGO_HOME="/workspace/cargo-home" RUSTUP_HOME="/workspace/rustup-home" "/workspace/cargo-home/bin/cargo" "+nightly-2024-02-05" "generate-lockfile" "--manifest-path" "Cargo.toml", kill_on_drop: false }`
[INFO] [stderr]     Updating crates.io index
[INFO] running `Command { std: CARGO_HOME="/workspace/cargo-home" RUSTUP_HOME="/workspace/rustup-home" "/workspace/cargo-home/bin/cargo" "+nightly-2024-02-05" "fetch" "--manifest-path" "Cargo.toml", kill_on_drop: false }`
[INFO] running `Command { std: "docker" "create" "-v" "/var/lib/crater-agent-workspace/builds/worker-6-tc2/target:/opt/rustwide/target:rw,Z" "-v" "/var/lib/crater-agent-workspace/builds/worker-6-tc2/source:/opt/rustwide/workdir:ro,Z" "-v" "/var/lib/crater-agent-workspace/cargo-home:/opt/rustwide/cargo-home:ro,Z" "-v" "/var/lib/crater-agent-workspace/rustup-home:/opt/rustwide/rustup-home:ro,Z" "-e" "SOURCE_DIR=/opt/rustwide/workdir" "-e" "CARGO_TARGET_DIR=/opt/rustwide/target" "-e" "CARGO_HOME=/opt/rustwide/cargo-home" "-e" "RUSTUP_HOME=/opt/rustwide/rustup-home" "-w" "/opt/rustwide/workdir" "-m" "1610612736" "--user" "0:0" "--network" "none" "ghcr.io/rust-lang/crates-build-env/linux@sha256:2788e3201cd34a07e3172128adcd8b3090168a8e3bcc40d7c032b9dda1df7d1c" "/opt/rustwide/cargo-home/bin/cargo" "+nightly-2024-02-05" "metadata" "--no-deps" "--format-version=1", kill_on_drop: false }`
[INFO] [stdout] 70f83bfdc82fc77e598b317975f26545f5e3d3a8aecf35a9f35dbf303a0750d3
[INFO] running `Command { std: "docker" "start" "-a" "70f83bfdc82fc77e598b317975f26545f5e3d3a8aecf35a9f35dbf303a0750d3", kill_on_drop: false }`
[INFO] running `Command { std: "docker" "inspect" "70f83bfdc82fc77e598b317975f26545f5e3d3a8aecf35a9f35dbf303a0750d3", kill_on_drop: false }`
[INFO] running `Command { std: "docker" "rm" "-f" "70f83bfdc82fc77e598b317975f26545f5e3d3a8aecf35a9f35dbf303a0750d3", kill_on_drop: false }`
[INFO] [stdout] 70f83bfdc82fc77e598b317975f26545f5e3d3a8aecf35a9f35dbf303a0750d3
[INFO] running `Command { std: "docker" "create" "-v" "/var/lib/crater-agent-workspace/builds/worker-6-tc2/target:/opt/rustwide/target:rw,Z" "-v" "/var/lib/crater-agent-workspace/builds/worker-6-tc2/source:/opt/rustwide/workdir:ro,Z" "-v" "/var/lib/crater-agent-workspace/cargo-home:/opt/rustwide/cargo-home:ro,Z" "-v" "/var/lib/crater-agent-workspace/rustup-home:/opt/rustwide/rustup-home:ro,Z" "-e" "SOURCE_DIR=/opt/rustwide/workdir" "-e" "CARGO_TARGET_DIR=/opt/rustwide/target" "-e" "CARGO_INCREMENTAL=0" "-e" "RUST_BACKTRACE=full" "-e" "RUSTFLAGS=--cap-lints=forbid -Dunexpected_cfgs" "-e" "RUSTDOCFLAGS=--cap-lints=forbid" "-e" "CARGO_HOME=/opt/rustwide/cargo-home" "-e" "RUSTUP_HOME=/opt/rustwide/rustup-home" "-w" "/opt/rustwide/workdir" "-m" "1610612736" "--user" "0:0" "--network" "none" "ghcr.io/rust-lang/crates-build-env/linux@sha256:2788e3201cd34a07e3172128adcd8b3090168a8e3bcc40d7c032b9dda1df7d1c" "/opt/rustwide/cargo-home/bin/cargo" "+nightly-2024-02-05" "check" "--frozen" "--all" "--all-targets" "--message-format=json" "-Zcheck-cfg", kill_on_drop: false }`
[INFO] [stdout] 4f19505b952e0d8612bc6a5422dc613634f39567e92b312e30469516044ec7a7
[INFO] running `Command { std: "docker" "start" "-a" "4f19505b952e0d8612bc6a5422dc613634f39567e92b312e30469516044ec7a7", kill_on_drop: false }`
[INFO] [stderr]     Checking mio v0.8.10
[INFO] [stderr]    Compiling phf_shared v0.11.2
[INFO] [stderr]    Compiling signal-hook v0.3.17
[INFO] [stderr]    Compiling proc-macro-error-attr v1.0.4
[INFO] [stderr]    Compiling serde_derive_internals v0.26.0
[INFO] [stderr]     Checking os_str_bytes v6.6.1
[INFO] [stderr]    Compiling schemars v0.8.16
[INFO] [stderr]     Checking json_dotpath v1.1.0
[INFO] [stderr]    Compiling phf_generator v0.11.2
[INFO] [stderr]     Checking clap_lex v0.2.4
[INFO] [stderr]     Checking libloading v0.6.7
[INFO] [stderr]    Compiling phf_macros v0.11.2
[INFO] [stderr]     Checking textwrap v0.16.0
[INFO] [stderr]     Checking dyn-clone v1.0.16
[INFO] [stderr]     Checking tokio v1.36.0
[INFO] [stderr]     Checking fips_plugin_registry v0.1.0
[INFO] [stderr]    Compiling strum_macros v0.20.1
[INFO] [stderr]     Checking signal-hook-mio v0.2.3
[INFO] [stderr]     Checking serde_yaml v0.8.26
[INFO] [stderr]     Checking rand v0.7.3
[INFO] [stderr]    Compiling proc-macro-error v1.0.4
[INFO] [stderr]     Checking crossterm v0.25.0
[INFO] [stderr]    Compiling clap_derive v3.2.25
[INFO] [stderr]     Checking cassowary v0.3.0
[INFO] [stderr]    Compiling schemars_derive v0.8.16
[INFO] [stderr]     Checking gradient_tui_fork v0.19.0
[INFO] [stderr]     Checking phf v0.11.2
[INFO] [stderr]     Checking csscolorparser v0.6.2
[INFO] [stderr]     Checking colorgrad v0.6.2
[INFO] [stderr]     Checking clap v3.2.25
[INFO] [stderr]     Checking tokio-util v0.7.10
[INFO] [stderr]     Checking h2 v0.3.24
[INFO] [stderr]     Checking hyper v0.14.28
[INFO] [stderr]     Checking fips_configuration v0.1.0
[INFO] [stderr]     Checking fips_utility v0.1.0
[INFO] [stderr]     Checking fips_terminal_ui v0.1.0 (/opt/rustwide/workdir)
[INFO] [stdout] error: unexpected `cfg` condition value: `termion`
[INFO] [stdout]  --> src/util/mod.rs:1:7
[INFO] [stdout]   |
[INFO] [stdout] 1 | #[cfg(feature = "termion")]
[INFO] [stdout]   |       ^^^^^^^^^^^^^^^^^^^ help: remove the condition
[INFO] [stdout]   |
[INFO] [stdout]   = note: no expected values for `feature`
[INFO] [stdout]   = help: consider adding `termion` as a feature in `Cargo.toml`
[INFO] [stdout]   = note: see <https://doc.rust-lang.org/nightly/cargo/reference/unstable.html#check-cfg> for more information about checking conditional configuration
[INFO] [stdout]   = note: requested on the command line with `-D unexpected-cfgs`
[INFO] [stdout] 
[INFO] [stdout] 
[INFO] [stdout] error: unexpected `cfg` condition value: `termion`
[INFO] [stdout]  --> src/util/mod.rs:1:7
[INFO] [stdout]   |
[INFO] [stdout] 1 | #[cfg(feature = "termion")]
[INFO] [stdout]   |       ^^^^^^^^^^^^^^^^^^^ help: remove the condition
[INFO] [stdout]   |
[INFO] [stdout]   = note: no expected values for `feature`
[INFO] [stdout]   = help: consider adding `termion` as a feature in `Cargo.toml`
[INFO] [stdout]   = note: see <https://doc.rust-lang.org/nightly/cargo/reference/unstable.html#check-cfg> for more information about checking conditional configuration
[INFO] [stdout]   = note: requested on the command line with `-D unexpected-cfgs`
[INFO] [stdout] 
[INFO] [stdout] 
[INFO] [stdout] error[E0283]: type annotations needed
[INFO] [stdout]    --> src/cli/ui.rs:141:10
[INFO] [stdout]     |
[INFO] [stdout] 141 |         .constraints(constraints.as_ref())
[INFO] [stdout]     |          ^^^^^^^^^^^             ------ type must be known at this point
[INFO] [stdout]     |          |
[INFO] [stdout]     |          cannot infer type of the type parameter `C` declared on the method `constraints`
[INFO] [stdout]     |
[INFO] [stdout]     = note: multiple `impl`s satisfying `Vec<Constraint>: AsRef<_>` found in the `alloc` crate:
[INFO] [stdout]             - impl<T, A> AsRef<Vec<T, A>> for Vec<T, A>
[INFO] [stdout]               where A: Allocator;
[INFO] [stdout]             - impl<T, A> AsRef<[T]> for Vec<T, A>
[INFO] [stdout]               where A: Allocator;
[INFO] [stdout] help: consider specifying the generic argument
[INFO] [stdout]     |
[INFO] [stdout] 141 |         .constraints::<&T>(constraints.as_ref())
[INFO] [stdout]     |                     ++++++
[INFO] [stdout] 
[INFO] [stdout] 
[INFO] [stdout] error[E0283]: type annotations needed
[INFO] [stdout]    --> src/cli/ui.rs:141:10
[INFO] [stdout]     |
[INFO] [stdout] 141 |         .constraints(constraints.as_ref())
[INFO] [stdout]     |          ^^^^^^^^^^^             ------ type must be known at this point
[INFO] [stdout]     |          |
[INFO] [stdout]     |          cannot infer type of the type parameter `C` declared on the method `constraints`
[INFO] [stdout]     |
[INFO] [stdout]     = note: multiple `impl`s satisfying `Vec<Constraint>: AsRef<_>` found in the `alloc` crate:
[INFO] [stdout]             - impl<T, A> AsRef<Vec<T, A>> for Vec<T, A>
[INFO] [stdout]               where A: Allocator;
[INFO] [stdout]             - impl<T, A> AsRef<[T]> for Vec<T, A>
[INFO] [stdout]               where A: Allocator;
[INFO] [stdout] help: consider specifying the generic argument
[INFO] [stdout]     |
[INFO] [stdout] 141 |         .constraints::<&T>(constraints.as_ref())
[INFO] [stdout]     |                     ++++++
[INFO] [stdout] 
[INFO] [stdout] 
[INFO] [stdout] error[E0283]: type annotations needed
[INFO] [stdout]    --> src/cli/ui.rs:167:10
[INFO] [stdout]     |
[INFO] [stdout] 167 |         .constraints(constraints.as_ref())
[INFO] [stdout]     |          ^^^^^^^^^^^             ------ type must be known at this point
[INFO] [stdout]     |          |
[INFO] [stdout]     |          cannot infer type of the type parameter `C` declared on the method `constraints`
[INFO] [stdout]     |
[INFO] [stdout]     = note: multiple `impl`s satisfying `Vec<Constraint>: AsRef<_>` found in the `alloc` crate:
[INFO] [stdout]             - impl<T, A> AsRef<Vec<T, A>> for Vec<T, A>
[INFO] [stdout]               where A: Allocator;
[INFO] [stdout]             - impl<T, A> AsRef<[T]> for Vec<T, A>
[INFO] [stdout]               where A: Allocator;
[INFO] [stdout] help: consider specifying the generic argument
[INFO] [stdout]     |
[INFO] [stdout] 167 |         .constraints::<&T>(constraints.as_ref())
[INFO] [stdout]     |                     ++++++
[INFO] [stdout] 
[INFO] [stdout] 
[INFO] [stdout] error[E0283]: type annotations needed
[INFO] [stdout]    --> src/cli/ui.rs:167:10
[INFO] [stdout]     |
[INFO] [stdout] 167 |         .constraints(constraints.as_ref())
[INFO] [stdout]     |          ^^^^^^^^^^^             ------ type must be known at this point
[INFO] [stdout]     |          |
[INFO] [stdout]     |          cannot infer type of the type parameter `C` declared on the method `constraints`
[INFO] [stdout]     |
[INFO] [stdout]     = note: multiple `impl`s satisfying `Vec<Constraint>: AsRef<_>` found in the `alloc` crate:
[INFO] [stdout]             - impl<T, A> AsRef<Vec<T, A>> for Vec<T, A>
[INFO] [stdout]               where A: Allocator;
[INFO] [stdout]             - impl<T, A> AsRef<[T]> for Vec<T, A>
[INFO] [stdout]               where A: Allocator;
[INFO] [stdout] help: consider specifying the generic argument
[INFO] [stdout]     |
[INFO] [stdout] 167 |         .constraints::<&T>(constraints.as_ref())
[INFO] [stdout]     |                     ++++++
[INFO] [stdout] 
[INFO] [stdout] 
[INFO] [stdout] error: aborting due to 3 previous errors
[INFO] [stdout] 
[INFO] [stdout] 
[INFO] [stdout] For more information about this error, try `rustc --explain E0283`.
[INFO] [stdout] 
[INFO] [stdout] error: aborting due to 3 previous errors
[INFO] [stdout] 
[INFO] [stdout] 
[INFO] [stdout] For more information about this error, try `rustc --explain E0283`.
[INFO] [stdout] 
[INFO] [stderr] error: could not compile `fips_terminal_ui` (lib) due to 4 previous errors
[INFO] [stderr] warning: build failed, waiting for other jobs to finish...
[INFO] [stderr] error: could not compile `fips_terminal_ui` (lib test) due to 4 previous errors
[INFO] running `Command { std: "docker" "inspect" "4f19505b952e0d8612bc6a5422dc613634f39567e92b312e30469516044ec7a7", kill_on_drop: false }`
[INFO] running `Command { std: "docker" "rm" "-f" "4f19505b952e0d8612bc6a5422dc613634f39567e92b312e30469516044ec7a7", kill_on_drop: false }`
[INFO] [stdout] 4f19505b952e0d8612bc6a5422dc613634f39567e92b312e30469516044ec7a7
