[INFO] fetching crate fin_iex 0.1.2...
[INFO] checking fin_iex-0.1.2 against nightly-2024-02-05 for check-cfg
[INFO] extracting crate fin_iex 0.1.2 into /workspace/builds/worker-5-tc1/source
[INFO] validating manifest of crates.io crate fin_iex 0.1.2 on toolchain nightly-2024-02-05
[INFO] running `Command { std: CARGO_HOME="/workspace/cargo-home" RUSTUP_HOME="/workspace/rustup-home" "/workspace/cargo-home/bin/cargo" "+nightly-2024-02-05" "metadata" "--manifest-path" "Cargo.toml" "--no-deps", kill_on_drop: false }`
[INFO] started tweaking crates.io crate fin_iex 0.1.2
[INFO] finished tweaking crates.io crate fin_iex 0.1.2
[INFO] tweaked toml for crates.io crate fin_iex 0.1.2 written to /workspace/builds/worker-5-tc1/source/Cargo.toml
[INFO] running `Command { std: CARGO_HOME="/workspace/cargo-home" RUSTUP_HOME="/workspace/rustup-home" "/workspace/cargo-home/bin/cargo" "+nightly-2024-02-05" "generate-lockfile" "--manifest-path" "Cargo.toml", kill_on_drop: false }`
[INFO] [stderr]     Updating crates.io index
[INFO] running `Command { std: CARGO_HOME="/workspace/cargo-home" RUSTUP_HOME="/workspace/rustup-home" "/workspace/cargo-home/bin/cargo" "+nightly-2024-02-05" "fetch" "--manifest-path" "Cargo.toml", kill_on_drop: false }`
[INFO] [stderr]  Downloading crates ...
[INFO] [stderr]   Downloaded sized-chunks v0.1.3
[INFO] [stderr]   Downloaded parking_lot v0.8.0
[INFO] [stderr]   Downloaded fin_model v0.1.2
[INFO] [stderr]   Downloaded prettytable-rs v0.8.0
[INFO] [stderr]   Downloaded atomic-shim v0.1.0
[INFO] [stderr]   Downloaded steel-cent v0.2.3
[INFO] [stderr]   Downloaded quanta v0.3.2
[INFO] [stderr]   Downloaded fin_data v0.1.2
[INFO] [stderr]   Downloaded flexi_logger v0.13.4
[INFO] [stderr]   Downloaded lock_api v0.2.0
[INFO] [stderr]   Downloaded hdrhistogram v6.3.4
[INFO] [stderr]   Downloaded arc-swap v0.3.11
[INFO] [stderr]   Downloaded parking_lot_core v0.5.0
[INFO] [stderr]   Downloaded clap v2.33.4
[INFO] [stderr]   Downloaded metrics-exporter-http v0.1.2
[INFO] [stderr]   Downloaded im v12.3.4
[INFO] [stderr]   Downloaded metrics-core v0.4.0
[INFO] [stderr]   Downloaded metrics-recorder-text v0.2.2
[INFO] [stderr]   Downloaded metrics-exporter-log v0.2.1
[INFO] [stderr]   Downloaded metrics-util v0.2.1
[INFO] [stderr]   Downloaded metrics-recorder-prometheus v0.2.3
[INFO] [stderr]   Downloaded metrics-facade v0.1.1
[INFO] [stderr]   Downloaded metrics v0.10.3
[INFO] [stderr]   Downloaded hashbrown v0.4.0
[INFO] [stderr]   Downloaded csv v0.15.0
[INFO] running `Command { std: "docker" "create" "-v" "/var/lib/crater-agent-workspace/builds/worker-5-tc1/target:/opt/rustwide/target:rw,Z" "-v" "/var/lib/crater-agent-workspace/builds/worker-5-tc1/source:/opt/rustwide/workdir:ro,Z" "-v" "/var/lib/crater-agent-workspace/cargo-home:/opt/rustwide/cargo-home:ro,Z" "-v" "/var/lib/crater-agent-workspace/rustup-home:/opt/rustwide/rustup-home:ro,Z" "-e" "SOURCE_DIR=/opt/rustwide/workdir" "-e" "CARGO_TARGET_DIR=/opt/rustwide/target" "-e" "CARGO_HOME=/opt/rustwide/cargo-home" "-e" "RUSTUP_HOME=/opt/rustwide/rustup-home" "-w" "/opt/rustwide/workdir" "-m" "1610612736" "--user" "0:0" "--network" "none" "ghcr.io/rust-lang/crates-build-env/linux@sha256:2788e3201cd34a07e3172128adcd8b3090168a8e3bcc40d7c032b9dda1df7d1c" "/opt/rustwide/cargo-home/bin/cargo" "+nightly-2024-02-05" "metadata" "--no-deps" "--format-version=1", kill_on_drop: false }`
[INFO] [stdout] a40140691906defd3f8b57a035e75923f303f605ce55cc15778fd539b6b1f2eb
[INFO] running `Command { std: "docker" "start" "-a" "a40140691906defd3f8b57a035e75923f303f605ce55cc15778fd539b6b1f2eb", kill_on_drop: false }`
[INFO] running `Command { std: "docker" "inspect" "a40140691906defd3f8b57a035e75923f303f605ce55cc15778fd539b6b1f2eb", kill_on_drop: false }`
[INFO] running `Command { std: "docker" "rm" "-f" "a40140691906defd3f8b57a035e75923f303f605ce55cc15778fd539b6b1f2eb", kill_on_drop: false }`
[INFO] [stdout] a40140691906defd3f8b57a035e75923f303f605ce55cc15778fd539b6b1f2eb
[INFO] running `Command { std: "docker" "create" "-v" "/var/lib/crater-agent-workspace/builds/worker-5-tc1/target:/opt/rustwide/target:rw,Z" "-v" "/var/lib/crater-agent-workspace/builds/worker-5-tc1/source:/opt/rustwide/workdir:ro,Z" "-v" "/var/lib/crater-agent-workspace/cargo-home:/opt/rustwide/cargo-home:ro,Z" "-v" "/var/lib/crater-agent-workspace/rustup-home:/opt/rustwide/rustup-home:ro,Z" "-e" "SOURCE_DIR=/opt/rustwide/workdir" "-e" "CARGO_TARGET_DIR=/opt/rustwide/target" "-e" "CARGO_INCREMENTAL=0" "-e" "RUST_BACKTRACE=full" "-e" "RUSTFLAGS=--cap-lints=forbid" "-e" "RUSTDOCFLAGS=--cap-lints=forbid" "-e" "CARGO_HOME=/opt/rustwide/cargo-home" "-e" "RUSTUP_HOME=/opt/rustwide/rustup-home" "-w" "/opt/rustwide/workdir" "-m" "1610612736" "--user" "0:0" "--network" "none" "ghcr.io/rust-lang/crates-build-env/linux@sha256:2788e3201cd34a07e3172128adcd8b3090168a8e3bcc40d7c032b9dda1df7d1c" "/opt/rustwide/cargo-home/bin/cargo" "+nightly-2024-02-05" "check" "--frozen" "--all" "--all-targets" "--message-format=json", kill_on_drop: false }`
[INFO] [stdout] e8a65d092cfa1643a28eeae6490b3ee66c4a916983cabbbbad9df53155698451
[INFO] running `Command { std: "docker" "start" "-a" "e8a65d092cfa1643a28eeae6490b3ee66c4a916983cabbbbad9df53155698451", kill_on_drop: false }`
[INFO] [stderr]    Compiling libc v0.2.153
[INFO] [stderr]    Compiling semver-parser v0.7.0
[INFO] [stderr]     Checking futures v0.1.31
[INFO] [stderr]    Compiling maybe-uninit v2.0.0
[INFO] [stderr]    Compiling crossbeam-utils v0.7.2
[INFO] [stderr]     Checking log v0.4.20
[INFO] [stderr]    Compiling memoffset v0.5.6
[INFO] [stderr]     Checking either v1.9.0
[INFO] [stderr]    Compiling semver v0.9.0
[INFO] [stderr]    Compiling autocfg v0.1.8
[INFO] [stderr]     Checking rand_core v0.4.2
[INFO] [stderr]     Checking memchr v2.7.1
[INFO] [stderr]    Compiling rustc_version v0.2.3
[INFO] [stderr]     Checking unicode-normalization v0.1.22
[INFO] [stderr]     Checking rand_core v0.3.1
[INFO] [stderr]     Checking smallvec v0.6.14
[INFO] [stderr]    Compiling crossbeam-epoch v0.8.2
[INFO] [stderr]     Checking unicode-bidi v0.3.15
[INFO] [stderr]    Compiling parking_lot_core v0.6.3
[INFO] [stderr]    Compiling parking_lot v0.9.0
[INFO] [stderr]     Checking miniz_oxide v0.7.2
[INFO] [stderr]     Checking tokio-executor v0.1.10
[INFO] [stderr]     Checking lock_api v0.3.4
[INFO] [stderr]     Checking itoa v0.4.8
[INFO] [stderr]     Checking tokio-sync v0.1.8
[INFO] [stderr]    Compiling rand_pcg v0.1.2
[INFO] [stderr]    Compiling rand_chacha v0.1.1
[INFO] [stderr]    Compiling indexmap v1.9.3
[INFO] [stderr]     Checking matches v0.1.10
[INFO] [stderr]     Checking crossbeam-deque v0.7.4
[INFO] [stderr]     Checking tokio-timer v0.2.13
[INFO] [stderr]     Checking crossbeam-queue v0.2.3
[INFO] [stderr]    Compiling rand v0.6.5
[INFO] [stderr]     Checking crossbeam-utils v0.6.6
[INFO] [stderr]    Compiling arrayvec v0.4.12
[INFO] [stderr]    Compiling version_check v0.1.5
[INFO] [stderr]    Compiling rustc-serialize v0.3.25
[INFO] [stderr]    Compiling byteorder v1.5.0
[INFO] [stderr]    Compiling nom v4.2.3
[INFO] [stderr]    Compiling cc v1.0.83
[INFO] [stderr]    Compiling memchr v1.0.2
[INFO] [stderr]     Checking tokio-current-thread v0.1.7
[INFO] [stderr]     Checking metrics-core v0.4.0
[INFO] [stderr]    Compiling hyper v0.12.36
[INFO] [stderr]     Checking rand_hc v0.1.0
[INFO] [stderr]     Checking rand_isaac v0.1.1
[INFO] [stderr]     Checking iovec v0.1.4
[INFO] [stderr]     Checking num_cpus v1.16.0
[INFO] [stderr]     Checking bytes v0.4.12
[INFO] [stderr]     Checking net2 v0.2.39
[INFO] [stderr]     Checking time v0.1.45
[INFO] [stderr]     Checking tokio-threadpool v0.1.18
[INFO] [stderr]     Checking rand_os v0.1.3
[INFO] [stderr]     Checking rand_xorshift v0.1.1
[INFO] [stderr]     Checking mio v0.6.23
[INFO] [stderr]     Checking rand_jitter v0.1.4
[INFO] [stderr]     Checking nodrop v0.1.14
[INFO] [stderr]     Checking want v0.2.0
[INFO] [stderr]     Checking tokio-io v0.1.13
[INFO] [stderr]     Checking http v0.1.21
[INFO] [stderr]     Checking string v0.2.1
[INFO] [stderr]     Checking tokio-buf v0.1.1
[INFO] [stderr]     Checking futures-cpupool v0.1.8
[INFO] [stderr]     Checking flate2 v1.0.28
[INFO] [stderr]    Compiling syn v1.0.109
[INFO] [stderr]     Checking idna v0.1.5
[INFO] [stderr]     Checking tokio-reactor v0.1.12
[INFO] [stderr]     Checking base64 v0.10.1
[INFO] [stderr]     Checking tokio-tcp v0.1.4
[INFO] [stderr]    Compiling csv v0.15.0
[INFO] [stderr]    Compiling openssl-sys v0.9.99
[INFO] [stderr]    Compiling backtrace v0.3.69
[INFO] [stderr]     Checking tokio v0.1.22
[INFO] [stderr]     Checking percent-encoding v1.0.1
[INFO] [stderr]     Checking gimli v0.28.1
[INFO] [stderr]    Compiling failure_derive v0.1.8
[INFO] [stderr]     Checking url v1.7.2
[INFO] [stderr]    Compiling steel-cent v0.2.3
[INFO] [stderr]     Checking crossbeam-epoch v0.7.2
[INFO] [stderr]     Checking http-body v0.1.0
[INFO] [stderr]     Checking h2 v0.1.26
[INFO] [stderr]     Checking crossbeam-channel v0.3.9
[INFO] [stderr]    Compiling aho-corasick v1.1.2
[INFO] [stderr]    Compiling openssl v0.10.63
[INFO] [stderr]     Checking idna v0.5.0
[INFO] [stderr]    Compiling parking_lot_core v0.5.0
[INFO] [stderr]     Checking object v0.32.2
[INFO] [stderr]     Checking rustc-demangle v0.1.23
[INFO] [stderr]    Compiling native-tls v0.2.11
[INFO] [stderr]     Checking url v2.5.0
[INFO] [stderr]     Checking hdrhistogram v6.3.4
[INFO] [stderr]    Compiling regex-automata v0.4.5
[INFO] [stderr]    Compiling mime_guess v2.0.4
[INFO] [stderr]     Checking addr2line v0.21.0
[INFO] [stderr]     Checking metrics-util v0.2.1
[INFO] [stderr]     Checking idna v0.2.3
[INFO] [stderr]    Compiling synstructure v0.12.6
[INFO] [stderr]    Compiling im v12.3.4
[INFO] [stderr]    Compiling parking_lot v0.8.0
[INFO] [stderr]    Compiling num-traits v0.2.17
[INFO] [stderr]    Compiling metrics-facade v0.1.1
[INFO] [stderr]    Compiling iana-time-zone v0.1.60
[INFO] [stderr]     Checking serde_json v1.0.113
[INFO] [stderr]     Checking publicsuffix v1.5.6
[INFO] [stderr]    Compiling chrono v0.4.33
[INFO] [stderr]     Checking sized-chunks v0.1.3
[INFO] [stderr]    Compiling regex v1.10.3
[INFO] [stderr]     Checking cookie v0.12.0
[INFO] [stderr]     Checking try_from v0.3.2
[INFO] [stderr]     Checking lock_api v0.2.0
[INFO] [stderr]     Checking dtoa v0.4.8
[INFO] [stderr]     Checking atomic-shim v0.1.0
[INFO] [stderr]     Checking quanta v0.3.2
[INFO] [stderr]     Checking serde_urlencoded v0.5.5
[INFO] [stderr]     Checking hyper-tls v0.3.2
[INFO] [stderr]     Checking metrics-exporter-http v0.1.2
[INFO] [stderr]     Checking metrics-recorder-text v0.2.2
[INFO] [stderr]     Checking metrics-recorder-prometheus v0.2.3
[INFO] [stderr]     Checking uuid v0.7.4
[INFO] [stderr]     Checking metrics-exporter-log v0.2.1
[INFO] [stderr]     Checking hashbrown v0.4.0
[INFO] [stderr]     Checking arc-swap v0.3.11
[INFO] [stderr]     Checking metrics v0.10.3
[INFO] [stderr]    Compiling fin_model v0.1.2
[INFO] [stderr]     Checking failure v0.1.8
[INFO] [stderr]     Checking cookie_store v0.7.0
[INFO] [stderr]     Checking reqwest v0.9.24
[INFO] [stderr]     Checking fin_data v0.1.2
[INFO] [stderr]     Checking fin_iex v0.1.2 (/opt/rustwide/workdir)
[INFO] [stdout] warning: derive helper attribute is used before it is introduced
[INFO] [stdout]   --> src/analysis.rs:21:3
[INFO] [stdout]    |
[INFO] [stdout] 21 | #[serde(rename_all = "camelCase")]
[INFO] [stdout]    |   ^^^^^
[INFO] [stdout] 22 | #[derive(Serialize, Deserialize, Debug)]
[INFO] [stdout]    |          --------- the attribute is introduced here
[INFO] [stdout]    |
[INFO] [stdout]    = warning: this was previously accepted by the compiler but is being phased out; it will become a hard error in a future release!
[INFO] [stdout]    = note: for more information, see issue #79202 <https://github.com/rust-lang/rust/issues/79202>
[INFO] [stdout]    = note: `#[warn(legacy_derive_helpers)]` on by default
[INFO] [stdout] 
[INFO] [stdout] 
[INFO] [stdout] warning: derive helper attribute is used before it is introduced
[INFO] [stdout]   --> src/analysis.rs:32:3
[INFO] [stdout]    |
[INFO] [stdout] 32 | #[serde(rename_all = "camelCase")]
[INFO] [stdout]    |   ^^^^^
[INFO] [stdout] 33 | #[derive(Serialize, Deserialize, Debug)]
[INFO] [stdout]    |          --------- the attribute is introduced here
[INFO] [stdout]    |
[INFO] [stdout]    = warning: this was previously accepted by the compiler but is being phased out; it will become a hard error in a future release!
[INFO] [stdout]    = note: for more information, see issue #79202 <https://github.com/rust-lang/rust/issues/79202>
[INFO] [stdout] 
[INFO] [stdout] 
[INFO] [stdout] warning: derive helper attribute is used before it is introduced
[INFO] [stdout]   --> src/analysis.rs:47:3
[INFO] [stdout]    |
[INFO] [stdout] 47 | #[serde(rename_all = "camelCase")]
[INFO] [stdout]    |   ^^^^^
[INFO] [stdout] 48 | #[derive(Serialize, Deserialize, Debug)]
[INFO] [stdout]    |          --------- the attribute is introduced here
[INFO] [stdout]    |
[INFO] [stdout]    = warning: this was previously accepted by the compiler but is being phased out; it will become a hard error in a future release!
[INFO] [stdout]    = note: for more information, see issue #79202 <https://github.com/rust-lang/rust/issues/79202>
[INFO] [stdout] 
[INFO] [stdout] 
[INFO] [stdout] warning: derive helper attribute is used before it is introduced
[INFO] [stdout]   --> src/analysis.rs:54:3
[INFO] [stdout]    |
[INFO] [stdout] 54 | #[serde(rename_all = "camelCase")]
[INFO] [stdout]    |   ^^^^^
[INFO] [stdout] 55 | #[derive(Serialize, Deserialize, Debug)]
[INFO] [stdout]    |          --------- the attribute is introduced here
[INFO] [stdout]    |
[INFO] [stdout]    = warning: this was previously accepted by the compiler but is being phased out; it will become a hard error in a future release!
[INFO] [stdout]    = note: for more information, see issue #79202 <https://github.com/rust-lang/rust/issues/79202>
[INFO] [stdout] 
[INFO] [stdout] 
[INFO] [stdout] warning: derive helper attribute is used before it is introduced
[INFO] [stdout]   --> src/news.rs:21:3
[INFO] [stdout]    |
[INFO] [stdout] 21 | #[serde(rename_all = "camelCase")]
[INFO] [stdout]    |   ^^^^^
[INFO] [stdout] 22 | #[derive(Serialize, Deserialize, Debug)]
[INFO] [stdout]    |          --------- the attribute is introduced here
[INFO] [stdout]    |
[INFO] [stdout]    = warning: this was previously accepted by the compiler but is being phased out; it will become a hard error in a future release!
[INFO] [stdout]    = note: for more information, see issue #79202 <https://github.com/rust-lang/rust/issues/79202>
[INFO] [stdout] 
[INFO] [stdout] 
[INFO] [stdout] warning: derive helper attribute is used before it is introduced
[INFO] [stdout]   --> src/quote.rs:24:3
[INFO] [stdout]    |
[INFO] [stdout] 24 | #[serde(rename_all = "camelCase")]
[INFO] [stdout]    |   ^^^^^
[INFO] [stdout] 25 | #[derive(Serialize, Deserialize, Debug)]
[INFO] [stdout]    |          --------- the attribute is introduced here
[INFO] [stdout]    |
[INFO] [stdout]    = warning: this was previously accepted by the compiler but is being phased out; it will become a hard error in a future release!
[INFO] [stdout]    = note: for more information, see issue #79202 <https://github.com/rust-lang/rust/issues/79202>
[INFO] [stdout] 
[INFO] [stdout] 
[INFO] [stdout] warning: derive helper attribute is used before it is introduced
[INFO] [stdout]   --> src/quote.rs:77:3
[INFO] [stdout]    |
[INFO] [stdout] 77 | #[serde(rename_all = "camelCase")]
[INFO] [stdout]    |   ^^^^^
[INFO] [stdout] 78 | #[derive(Serialize, Deserialize, Debug)]
[INFO] [stdout]    |          --------- the attribute is introduced here
[INFO] [stdout]    |
[INFO] [stdout]    = warning: this was previously accepted by the compiler but is being phased out; it will become a hard error in a future release!
[INFO] [stdout]    = note: for more information, see issue #79202 <https://github.com/rust-lang/rust/issues/79202>
[INFO] [stdout] 
[INFO] [stdout] 
[INFO] [stdout] warning: derive helper attribute is used before it is introduced
[INFO] [stdout]   --> src/quote.rs:90:3
[INFO] [stdout]    |
[INFO] [stdout] 90 | #[serde(rename_all = "camelCase")]
[INFO] [stdout]    |   ^^^^^
[INFO] [stdout] 91 | #[derive(Serialize, Deserialize, Debug)]
[INFO] [stdout]    |          --------- the attribute is introduced here
[INFO] [stdout]    |
[INFO] [stdout]    = warning: this was previously accepted by the compiler but is being phased out; it will become a hard error in a future release!
[INFO] [stdout]    = note: for more information, see issue #79202 <https://github.com/rust-lang/rust/issues/79202>
[INFO] [stdout] 
[INFO] [stdout] 
[INFO] [stdout] warning: derive helper attribute is used before it is introduced
[INFO] [stdout]    --> src/quote.rs:120:3
[INFO] [stdout]     |
[INFO] [stdout] 120 | #[serde(rename_all = "camelCase")]
[INFO] [stdout]     |   ^^^^^
[INFO] [stdout] 121 | #[derive(Serialize, Deserialize, Debug)]
[INFO] [stdout]     |          --------- the attribute is introduced here
[INFO] [stdout]     |
[INFO] [stdout]     = warning: this was previously accepted by the compiler but is being phased out; it will become a hard error in a future release!
[INFO] [stdout]     = note: for more information, see issue #79202 <https://github.com/rust-lang/rust/issues/79202>
[INFO] [stdout] 
[INFO] [stdout] 
[INFO] [stdout] warning: derive helper attribute is used before it is introduced
[INFO] [stdout]   --> src/analysis.rs:21:3
[INFO] [stdout]    |
[INFO] [stdout] 21 | #[serde(rename_all = "camelCase")]
[INFO] [stdout]    |   ^^^^^
[INFO] [stdout] 22 | #[derive(Serialize, Deserialize, Debug)]
[INFO] [stdout]    |          --------- the attribute is introduced here
[INFO] [stdout]    |
[INFO] [stdout]    = warning: this was previously accepted by the compiler but is being phased out; it will become a hard error in a future release!
[INFO] [stdout]    = note: for more information, see issue #79202 <https://github.com/rust-lang/rust/issues/79202>
[INFO] [stdout]    = note: `#[warn(legacy_derive_helpers)]` on by default
[INFO] [stdout] 
[INFO] [stdout] 
[INFO] [stdout] warning: derive helper attribute is used before it is introduced
[INFO] [stdout]   --> src/analysis.rs:32:3
[INFO] [stdout]    |
[INFO] [stdout] 32 | #[serde(rename_all = "camelCase")]
[INFO] [stdout]    |   ^^^^^
[INFO] [stdout] 33 | #[derive(Serialize, Deserialize, Debug)]
[INFO] [stdout]    |          --------- the attribute is introduced here
[INFO] [stdout]    |
[INFO] [stdout]    = warning: this was previously accepted by the compiler but is being phased out; it will become a hard error in a future release!
[INFO] [stdout]    = note: for more information, see issue #79202 <https://github.com/rust-lang/rust/issues/79202>
[INFO] [stdout] 
[INFO] [stdout] 
[INFO] [stdout] warning: derive helper attribute is used before it is introduced
[INFO] [stdout]   --> src/analysis.rs:47:3
[INFO] [stdout]    |
[INFO] [stdout] 47 | #[serde(rename_all = "camelCase")]
[INFO] [stdout]    |   ^^^^^
[INFO] [stdout] 48 | #[derive(Serialize, Deserialize, Debug)]
[INFO] [stdout]    |          --------- the attribute is introduced here
[INFO] [stdout]    |
[INFO] [stdout]    = warning: this was previously accepted by the compiler but is being phased out; it will become a hard error in a future release!
[INFO] [stdout]    = note: for more information, see issue #79202 <https://github.com/rust-lang/rust/issues/79202>
[INFO] [stdout] 
[INFO] [stdout] 
[INFO] [stdout] warning: derive helper attribute is used before it is introduced
[INFO] [stdout]   --> src/analysis.rs:54:3
[INFO] [stdout]    |
[INFO] [stdout] 54 | #[serde(rename_all = "camelCase")]
[INFO] [stdout]    |   ^^^^^
[INFO] [stdout] 55 | #[derive(Serialize, Deserialize, Debug)]
[INFO] [stdout]    |          --------- the attribute is introduced here
[INFO] [stdout]    |
[INFO] [stdout]    = warning: this was previously accepted by the compiler but is being phased out; it will become a hard error in a future release!
[INFO] [stdout]    = note: for more information, see issue #79202 <https://github.com/rust-lang/rust/issues/79202>
[INFO] [stdout] 
[INFO] [stdout] 
[INFO] [stdout] warning: derive helper attribute is used before it is introduced
[INFO] [stdout]   --> src/news.rs:21:3
[INFO] [stdout]    |
[INFO] [stdout] 21 | #[serde(rename_all = "camelCase")]
[INFO] [stdout]    |   ^^^^^
[INFO] [stdout] 22 | #[derive(Serialize, Deserialize, Debug)]
[INFO] [stdout]    |          --------- the attribute is introduced here
[INFO] [stdout]    |
[INFO] [stdout]    = warning: this was previously accepted by the compiler but is being phased out; it will become a hard error in a future release!
[INFO] [stdout]    = note: for more information, see issue #79202 <https://github.com/rust-lang/rust/issues/79202>
[INFO] [stdout] 
[INFO] [stdout] 
[INFO] [stdout] warning: derive helper attribute is used before it is introduced
[INFO] [stdout]   --> src/quote.rs:24:3
[INFO] [stdout]    |
[INFO] [stdout] 24 | #[serde(rename_all = "camelCase")]
[INFO] [stdout]    |   ^^^^^
[INFO] [stdout] 25 | #[derive(Serialize, Deserialize, Debug)]
[INFO] [stdout]    |          --------- the attribute is introduced here
[INFO] [stdout]    |
[INFO] [stdout]    = warning: this was previously accepted by the compiler but is being phased out; it will become a hard error in a future release!
[INFO] [stdout]    = note: for more information, see issue #79202 <https://github.com/rust-lang/rust/issues/79202>
[INFO] [stdout] 
[INFO] [stdout] 
[INFO] [stdout] warning: derive helper attribute is used before it is introduced
[INFO] [stdout]   --> src/quote.rs:77:3
[INFO] [stdout]    |
[INFO] [stdout] 77 | #[serde(rename_all = "camelCase")]
[INFO] [stdout]    |   ^^^^^
[INFO] [stdout] 78 | #[derive(Serialize, Deserialize, Debug)]
[INFO] [stdout]    |          --------- the attribute is introduced here
[INFO] [stdout]    |
[INFO] [stdout]    = warning: this was previously accepted by the compiler but is being phased out; it will become a hard error in a future release!
[INFO] [stdout]    = note: for more information, see issue #79202 <https://github.com/rust-lang/rust/issues/79202>
[INFO] [stdout] 
[INFO] [stdout] 
[INFO] [stdout] warning: derive helper attribute is used before it is introduced
[INFO] [stdout]   --> src/quote.rs:90:3
[INFO] [stdout]    |
[INFO] [stdout] 90 | #[serde(rename_all = "camelCase")]
[INFO] [stdout]    |   ^^^^^
[INFO] [stdout] 91 | #[derive(Serialize, Deserialize, Debug)]
[INFO] [stdout]    |          --------- the attribute is introduced here
[INFO] [stdout]    |
[INFO] [stdout]    = warning: this was previously accepted by the compiler but is being phased out; it will become a hard error in a future release!
[INFO] [stdout]    = note: for more information, see issue #79202 <https://github.com/rust-lang/rust/issues/79202>
[INFO] [stdout] 
[INFO] [stdout] 
[INFO] [stdout] warning: derive helper attribute is used before it is introduced
[INFO] [stdout]    --> src/quote.rs:120:3
[INFO] [stdout]     |
[INFO] [stdout] 120 | #[serde(rename_all = "camelCase")]
[INFO] [stdout]     |   ^^^^^
[INFO] [stdout] 121 | #[derive(Serialize, Deserialize, Debug)]
[INFO] [stdout]     |          --------- the attribute is introduced here
[INFO] [stdout]     |
[INFO] [stdout]     = warning: this was previously accepted by the compiler but is being phased out; it will become a hard error in a future release!
[INFO] [stdout]     = note: for more information, see issue #79202 <https://github.com/rust-lang/rust/issues/79202>
[INFO] [stdout] 
[INFO] [stdout] 
[INFO] [stdout] warning: use of deprecated associated function `fin_model::prelude::DateTime::from_timestamp`: use `from_timestamp_opt()` instead
[INFO] [stdout]   --> src/internal/convert.rs:32:18
[INFO] [stdout]    |
[INFO] [stdout] 32 |     Ok(DateTime::from_timestamp(ts.trunc() as i64, 0))
[INFO] [stdout]    |                  ^^^^^^^^^^^^^^
[INFO] [stdout]    |
[INFO] [stdout]    = note: `#[warn(deprecated)]` on by default
[INFO] [stdout] 
[INFO] [stdout] 
[INFO] [stdout] warning: use of deprecated associated function `fin_model::prelude::DateTime::from_timestamp`: use `from_timestamp_opt()` instead
[INFO] [stdout]   --> src/internal/convert.rs:32:18
[INFO] [stdout]    |
[INFO] [stdout] 32 |     Ok(DateTime::from_timestamp(ts.trunc() as i64, 0))
[INFO] [stdout]    |                  ^^^^^^^^^^^^^^
[INFO] [stdout]    |
[INFO] [stdout]    = note: `#[warn(deprecated)]` on by default
[INFO] [stdout] 
[INFO] [stdout] 
[INFO] [stdout] error[E0308]: mismatched types
[INFO] [stdout]   --> src/internal/convert.rs:82:21
[INFO] [stdout]    |
[INFO] [stdout] 81 |                 Ok(Money::of_major_minor(
[INFO] [stdout]    |                    --------------------- arguments to this function are incorrect
[INFO] [stdout] 82 |                     currency,
[INFO] [stdout]    |                     ^^^^^^^^ expected `steel_cent::currency::Currency`, found `Currency`
[INFO] [stdout]    |
[INFO] [stdout]    = note: `Currency` and `steel_cent::currency::Currency` have similar names, but are actually distinct types
[INFO] [stdout] note: `Currency` is defined in crate `steel_cent`
[INFO] [stdout]   --> /opt/rustwide/cargo-home/registry/src/index.crates.io-6f17d22bba15001f/steel-cent-0.2.3/src/currency.rs:25:1
[INFO] [stdout]    |
[INFO] [stdout] 25 | pub struct Currency {
[INFO] [stdout]    | ^^^^^^^^^^^^^^^^^^^
[INFO] [stdout] note: `steel_cent::currency::Currency` is defined in crate `steel_cent`
[INFO] [stdout]   --> /opt/rustwide/cargo-home/registry/src/index.crates.io-6f17d22bba15001f/steel-cent-0.2.3/src/currency.rs:25:1
[INFO] [stdout]    |
[INFO] [stdout] 25 | pub struct Currency {
[INFO] [stdout]    | ^^^^^^^^^^^^^^^^^^^
[INFO] [stdout]    = note: perhaps two different versions of crate `steel_cent` are being used?
[INFO] [stdout] note: associated function defined here
[INFO] [stdout]   --> /opt/rustwide/cargo-home/registry/src/index.crates.io-6f17d22bba15001f/steel-cent-0.2.3/src/small_money.rs:70:12
[INFO] [stdout]    |
[INFO] [stdout] 70 |     pub fn of_major_minor(currency: Currency, amount_major: i32, amount_minor: i32) -> Self {
[INFO] [stdout]    |            ^^^^^^^^^^^^^^
[INFO] [stdout] 
[INFO] [stdout] 
[INFO] [stdout] error[E0308]: mismatched types
[INFO] [stdout]   --> src/internal/convert.rs:88:21
[INFO] [stdout]    |
[INFO] [stdout] 87 |                 Ok(Money::of_major_minor(
[INFO] [stdout]    |                    --------------------- arguments to this function are incorrect
[INFO] [stdout] 88 |                     currency,
[INFO] [stdout]    |                     ^^^^^^^^ expected `steel_cent::currency::Currency`, found `Currency`
[INFO] [stdout]    |
[INFO] [stdout]    = note: `Currency` and `steel_cent::currency::Currency` have similar names, but are actually distinct types
[INFO] [stdout] note: `Currency` is defined in crate `steel_cent`
[INFO] [stdout]   --> /opt/rustwide/cargo-home/registry/src/index.crates.io-6f17d22bba15001f/steel-cent-0.2.3/src/currency.rs:25:1
[INFO] [stdout]    |
[INFO] [stdout] 25 | pub struct Currency {
[INFO] [stdout]    | ^^^^^^^^^^^^^^^^^^^
[INFO] [stdout] note: `steel_cent::currency::Currency` is defined in crate `steel_cent`
[INFO] [stdout]   --> /opt/rustwide/cargo-home/registry/src/index.crates.io-6f17d22bba15001f/steel-cent-0.2.3/src/currency.rs:25:1
[INFO] [stdout]    |
[INFO] [stdout] 25 | pub struct Currency {
[INFO] [stdout]    | ^^^^^^^^^^^^^^^^^^^
[INFO] [stdout]    = note: perhaps two different versions of crate `steel_cent` are being used?
[INFO] [stdout] note: associated function defined here
[INFO] [stdout]   --> /opt/rustwide/cargo-home/registry/src/index.crates.io-6f17d22bba15001f/steel-cent-0.2.3/src/small_money.rs:70:12
[INFO] [stdout]    |
[INFO] [stdout] 70 |     pub fn of_major_minor(currency: Currency, amount_major: i32, amount_minor: i32) -> Self {
[INFO] [stdout]    |            ^^^^^^^^^^^^^^
[INFO] [stdout] 
[INFO] [stdout] 
[INFO] [stdout] error: aborting due to 2 previous errors; 10 warnings emitted
[INFO] [stdout] 
[INFO] [stdout] 
[INFO] [stdout] For more information about this error, try `rustc --explain E0308`.
[INFO] [stdout] 
[INFO] [stderr] error: could not compile `fin_iex` (lib) due to 3 previous errors; 10 warnings emitted
[INFO] [stderr] warning: build failed, waiting for other jobs to finish...
[INFO] [stdout] error[E0308]: mismatched types
[INFO] [stdout]   --> src/internal/convert.rs:82:21
[INFO] [stdout]    |
[INFO] [stdout] 81 |                 Ok(Money::of_major_minor(
[INFO] [stdout]    |                    --------------------- arguments to this function are incorrect
[INFO] [stdout] 82 |                     currency,
[INFO] [stdout]    |                     ^^^^^^^^ expected `steel_cent::currency::Currency`, found `Currency`
[INFO] [stdout]    |
[INFO] [stdout]    = note: `Currency` and `steel_cent::currency::Currency` have similar names, but are actually distinct types
[INFO] [stdout] note: `Currency` is defined in crate `steel_cent`
[INFO] [stdout]   --> /opt/rustwide/cargo-home/registry/src/index.crates.io-6f17d22bba15001f/steel-cent-0.2.3/src/currency.rs:25:1
[INFO] [stdout]    |
[INFO] [stdout] 25 | pub struct Currency {
[INFO] [stdout]    | ^^^^^^^^^^^^^^^^^^^
[INFO] [stdout] note: `steel_cent::currency::Currency` is defined in crate `steel_cent`
[INFO] [stdout]   --> /opt/rustwide/cargo-home/registry/src/index.crates.io-6f17d22bba15001f/steel-cent-0.2.3/src/currency.rs:25:1
[INFO] [stdout]    |
[INFO] [stdout] 25 | pub struct Currency {
[INFO] [stdout]    | ^^^^^^^^^^^^^^^^^^^
[INFO] [stdout]    = note: perhaps two different versions of crate `steel_cent` are being used?
[INFO] [stdout] note: associated function defined here
[INFO] [stdout]   --> /opt/rustwide/cargo-home/registry/src/index.crates.io-6f17d22bba15001f/steel-cent-0.2.3/src/small_money.rs:70:12
[INFO] [stdout]    |
[INFO] [stdout] 70 |     pub fn of_major_minor(currency: Currency, amount_major: i32, amount_minor: i32) -> Self {
[INFO] [stdout]    |            ^^^^^^^^^^^^^^
[INFO] [stdout] 
[INFO] [stdout] 
[INFO] [stdout] error[E0308]: mismatched types
[INFO] [stdout]   --> src/internal/convert.rs:88:21
[INFO] [stdout]    |
[INFO] [stdout] 87 |                 Ok(Money::of_major_minor(
[INFO] [stdout]    |                    --------------------- arguments to this function are incorrect
[INFO] [stdout] 88 |                     currency,
[INFO] [stdout]    |                     ^^^^^^^^ expected `steel_cent::currency::Currency`, found `Currency`
[INFO] [stdout]    |
[INFO] [stdout]    = note: `Currency` and `steel_cent::currency::Currency` have similar names, but are actually distinct types
[INFO] [stdout] note: `Currency` is defined in crate `steel_cent`
[INFO] [stdout]   --> /opt/rustwide/cargo-home/registry/src/index.crates.io-6f17d22bba15001f/steel-cent-0.2.3/src/currency.rs:25:1
[INFO] [stdout]    |
[INFO] [stdout] 25 | pub struct Currency {
[INFO] [stdout]    | ^^^^^^^^^^^^^^^^^^^
[INFO] [stdout] note: `steel_cent::currency::Currency` is defined in crate `steel_cent`
[INFO] [stdout]   --> /opt/rustwide/cargo-home/registry/src/index.crates.io-6f17d22bba15001f/steel-cent-0.2.3/src/currency.rs:25:1
[INFO] [stdout]    |
[INFO] [stdout] 25 | pub struct Currency {
[INFO] [stdout]    | ^^^^^^^^^^^^^^^^^^^
[INFO] [stdout]    = note: perhaps two different versions of crate `steel_cent` are being used?
[INFO] [stdout] note: associated function defined here
[INFO] [stdout]   --> /opt/rustwide/cargo-home/registry/src/index.crates.io-6f17d22bba15001f/steel-cent-0.2.3/src/small_money.rs:70:12
[INFO] [stdout]    |
[INFO] [stdout] 70 |     pub fn of_major_minor(currency: Currency, amount_major: i32, amount_minor: i32) -> Self {
[INFO] [stdout]    |            ^^^^^^^^^^^^^^
[INFO] [stdout] 
[INFO] [stdout] 
[INFO] [stdout] error: aborting due to 2 previous errors; 10 warnings emitted
[INFO] [stdout] 
[INFO] [stdout] 
[INFO] [stdout] For more information about this error, try `rustc --explain E0308`.
[INFO] [stdout] 
[INFO] [stderr] error: could not compile `fin_iex` (lib test) due to 3 previous errors; 10 warnings emitted
[INFO] running `Command { std: "docker" "inspect" "e8a65d092cfa1643a28eeae6490b3ee66c4a916983cabbbbad9df53155698451", kill_on_drop: false }`
[INFO] running `Command { std: "docker" "rm" "-f" "e8a65d092cfa1643a28eeae6490b3ee66c4a916983cabbbbad9df53155698451", kill_on_drop: false }`
[INFO] [stdout] e8a65d092cfa1643a28eeae6490b3ee66c4a916983cabbbbad9df53155698451
[INFO] checking fin_iex-0.1.2 against nightly-2024-02-05+rustflags=-Dunexpected_cfgs+cargoflags=-Zcheck-cfg for check-cfg
[INFO] extracting crate fin_iex 0.1.2 into /workspace/builds/worker-5-tc2/source
[INFO] validating manifest of crates.io crate fin_iex 0.1.2 on toolchain nightly-2024-02-05
[INFO] running `Command { std: CARGO_HOME="/workspace/cargo-home" RUSTUP_HOME="/workspace/rustup-home" "/workspace/cargo-home/bin/cargo" "+nightly-2024-02-05" "metadata" "--manifest-path" "Cargo.toml" "--no-deps", kill_on_drop: false }`
[INFO] started tweaking crates.io crate fin_iex 0.1.2
[INFO] finished tweaking crates.io crate fin_iex 0.1.2
[INFO] tweaked toml for crates.io crate fin_iex 0.1.2 written to /workspace/builds/worker-5-tc2/source/Cargo.toml
[INFO] running `Command { std: CARGO_HOME="/workspace/cargo-home" RUSTUP_HOME="/workspace/rustup-home" "/workspace/cargo-home/bin/cargo" "+nightly-2024-02-05" "generate-lockfile" "--manifest-path" "Cargo.toml", kill_on_drop: false }`
[INFO] [stderr]     Updating crates.io index
[INFO] running `Command { std: CARGO_HOME="/workspace/cargo-home" RUSTUP_HOME="/workspace/rustup-home" "/workspace/cargo-home/bin/cargo" "+nightly-2024-02-05" "fetch" "--manifest-path" "Cargo.toml", kill_on_drop: false }`
[INFO] running `Command { std: "docker" "create" "-v" "/var/lib/crater-agent-workspace/builds/worker-5-tc2/target:/opt/rustwide/target:rw,Z" "-v" "/var/lib/crater-agent-workspace/builds/worker-5-tc2/source:/opt/rustwide/workdir:ro,Z" "-v" "/var/lib/crater-agent-workspace/cargo-home:/opt/rustwide/cargo-home:ro,Z" "-v" "/var/lib/crater-agent-workspace/rustup-home:/opt/rustwide/rustup-home:ro,Z" "-e" "SOURCE_DIR=/opt/rustwide/workdir" "-e" "CARGO_TARGET_DIR=/opt/rustwide/target" "-e" "CARGO_HOME=/opt/rustwide/cargo-home" "-e" "RUSTUP_HOME=/opt/rustwide/rustup-home" "-w" "/opt/rustwide/workdir" "-m" "1610612736" "--user" "0:0" "--network" "none" "ghcr.io/rust-lang/crates-build-env/linux@sha256:2788e3201cd34a07e3172128adcd8b3090168a8e3bcc40d7c032b9dda1df7d1c" "/opt/rustwide/cargo-home/bin/cargo" "+nightly-2024-02-05" "metadata" "--no-deps" "--format-version=1", kill_on_drop: false }`
[INFO] [stdout] 2afe7522fa0f7a23dba1de4da6da7c1ee09fbeeb729b55e25a489b87630b4151
[INFO] running `Command { std: "docker" "start" "-a" "2afe7522fa0f7a23dba1de4da6da7c1ee09fbeeb729b55e25a489b87630b4151", kill_on_drop: false }`
[INFO] running `Command { std: "docker" "inspect" "2afe7522fa0f7a23dba1de4da6da7c1ee09fbeeb729b55e25a489b87630b4151", kill_on_drop: false }`
[INFO] running `Command { std: "docker" "rm" "-f" "2afe7522fa0f7a23dba1de4da6da7c1ee09fbeeb729b55e25a489b87630b4151", kill_on_drop: false }`
[INFO] [stdout] 2afe7522fa0f7a23dba1de4da6da7c1ee09fbeeb729b55e25a489b87630b4151
[INFO] running `Command { std: "docker" "create" "-v" "/var/lib/crater-agent-workspace/builds/worker-5-tc2/target:/opt/rustwide/target:rw,Z" "-v" "/var/lib/crater-agent-workspace/builds/worker-5-tc2/source:/opt/rustwide/workdir:ro,Z" "-v" "/var/lib/crater-agent-workspace/cargo-home:/opt/rustwide/cargo-home:ro,Z" "-v" "/var/lib/crater-agent-workspace/rustup-home:/opt/rustwide/rustup-home:ro,Z" "-e" "SOURCE_DIR=/opt/rustwide/workdir" "-e" "CARGO_TARGET_DIR=/opt/rustwide/target" "-e" "CARGO_INCREMENTAL=0" "-e" "RUST_BACKTRACE=full" "-e" "RUSTFLAGS=--cap-lints=forbid -Dunexpected_cfgs" "-e" "RUSTDOCFLAGS=--cap-lints=forbid" "-e" "CARGO_HOME=/opt/rustwide/cargo-home" "-e" "RUSTUP_HOME=/opt/rustwide/rustup-home" "-w" "/opt/rustwide/workdir" "-m" "1610612736" "--user" "0:0" "--network" "none" "ghcr.io/rust-lang/crates-build-env/linux@sha256:2788e3201cd34a07e3172128adcd8b3090168a8e3bcc40d7c032b9dda1df7d1c" "/opt/rustwide/cargo-home/bin/cargo" "+nightly-2024-02-05" "check" "--frozen" "--all" "--all-targets" "--message-format=json" "-Zcheck-cfg", kill_on_drop: false }`
[INFO] [stdout] 288416bd8bd4f372d3d2c19a84ed5b3e8d9b07625b70d2f407038a0371c240af
[INFO] running `Command { std: "docker" "start" "-a" "288416bd8bd4f372d3d2c19a84ed5b3e8d9b07625b70d2f407038a0371c240af", kill_on_drop: false }`
[INFO] [stderr]    Compiling libc v0.2.153
[INFO] [stderr]    Compiling semver-parser v0.7.0
[INFO] [stderr]     Checking futures v0.1.31
[INFO] [stderr]    Compiling maybe-uninit v2.0.0
[INFO] [stderr]    Compiling crossbeam-utils v0.7.2
[INFO] [stderr]     Checking log v0.4.20
[INFO] [stderr]    Compiling memoffset v0.5.6
[INFO] [stderr]     Checking either v1.9.0
[INFO] [stderr]    Compiling semver v0.9.0
[INFO] [stderr]    Compiling autocfg v0.1.8
[INFO] [stderr]     Checking rand_core v0.4.2
[INFO] [stderr]     Checking memchr v2.7.1
[INFO] [stderr]    Compiling rustc_version v0.2.3
[INFO] [stderr]     Checking smallvec v0.6.14
[INFO] [stderr]     Checking unicode-normalization v0.1.22
[INFO] [stderr]    Compiling parking_lot_core v0.6.3
[INFO] [stderr]    Compiling parking_lot v0.9.0
[INFO] [stderr]     Checking rand_core v0.3.1
[INFO] [stderr]    Compiling crossbeam-epoch v0.8.2
[INFO] [stderr]     Checking unicode-bidi v0.3.15
[INFO] [stderr]     Checking miniz_oxide v0.7.2
[INFO] [stderr]     Checking lock_api v0.3.4
[INFO] [stderr]     Checking tokio-executor v0.1.10
[INFO] [stderr]     Checking itoa v0.4.8
[INFO] [stderr]     Checking tokio-sync v0.1.8
[INFO] [stderr]    Compiling rand_pcg v0.1.2
[INFO] [stderr]    Compiling rand_chacha v0.1.1
[INFO] [stderr]    Compiling indexmap v1.9.3
[INFO] [stderr]     Checking matches v0.1.10
[INFO] [stderr]     Checking tokio-timer v0.2.13
[INFO] [stderr]     Checking crossbeam-queue v0.2.3
[INFO] [stderr]     Checking crossbeam-deque v0.7.4
[INFO] [stderr]    Compiling rand v0.6.5
[INFO] [stderr]     Checking crossbeam-utils v0.6.6
[INFO] [stderr]    Compiling version_check v0.1.5
[INFO] [stderr]    Compiling arrayvec v0.4.12
[INFO] [stderr]    Compiling byteorder v1.5.0
[INFO] [stderr]    Compiling rustc-serialize v0.3.25
[INFO] [stderr]     Checking iovec v0.1.4
[INFO] [stderr]    Compiling cc v1.0.83
[INFO] [stderr]     Checking bytes v0.4.12
[INFO] [stderr]     Checking num_cpus v1.16.0
[INFO] [stderr]     Checking net2 v0.2.39
[INFO] [stderr]    Compiling memchr v1.0.2
[INFO] [stderr]     Checking time v0.1.45
[INFO] [stderr]     Checking tokio-threadpool v0.1.18
[INFO] [stderr]     Checking mio v0.6.23
[INFO] [stderr]     Checking tokio-io v0.1.13
[INFO] [stderr]     Checking http v0.1.21
[INFO] [stderr]     Checking tokio-buf v0.1.1
[INFO] [stderr]     Checking string v0.2.1
[INFO] [stderr]    Compiling nom v4.2.3
[INFO] [stderr]     Checking rand_os v0.1.3
[INFO] [stderr]     Checking tokio-current-thread v0.1.7
[INFO] [stderr]     Checking metrics-core v0.4.0
[INFO] [stderr]     Checking tokio-reactor v0.1.12
[INFO] [stderr]     Checking rand_xorshift v0.1.1
[INFO] [stderr]     Checking rand_hc v0.1.0
[INFO] [stderr]     Checking rand_isaac v0.1.1
[INFO] [stderr]    Compiling hyper v0.12.36
[INFO] [stderr]     Checking rand_jitter v0.1.4
[INFO] [stderr]     Checking nodrop v0.1.14
[INFO] [stderr]     Checking tokio-tcp v0.1.4
[INFO] [stderr]     Checking want v0.2.0
[INFO] [stderr]    Compiling csv v0.15.0
[INFO] [stderr]     Checking tokio v0.1.22
[INFO] [stderr]     Checking flate2 v1.0.28
[INFO] [stderr]    Compiling openssl-sys v0.9.99
[INFO] [stderr]    Compiling backtrace v0.3.69
[INFO] [stderr]    Compiling syn v1.0.109
[INFO] [stderr]     Checking futures-cpupool v0.1.8
[INFO] [stderr]    Compiling steel-cent v0.2.3
[INFO] [stderr]     Checking idna v0.1.5
[INFO] [stderr]     Checking base64 v0.10.1
[INFO] [stderr]    Compiling failure_derive v0.1.8
[INFO] [stderr]     Checking gimli v0.28.1
[INFO] [stderr]     Checking h2 v0.1.26
[INFO] [stderr]     Checking http-body v0.1.0
[INFO] [stderr]     Checking percent-encoding v1.0.1
[INFO] [stderr]    Compiling openssl v0.10.63
[INFO] [stderr]     Checking url v1.7.2
[INFO] [stderr]     Checking crossbeam-epoch v0.7.2
[INFO] [stderr]     Checking crossbeam-channel v0.3.9
[INFO] [stderr]    Compiling aho-corasick v1.1.2
[INFO] [stderr]     Checking idna v0.5.0
[INFO] [stderr]     Checking object v0.32.2
[INFO] [stderr]    Compiling parking_lot_core v0.5.0
[INFO] [stderr]     Checking rustc-demangle v0.1.23
[INFO] [stderr]     Checking url v2.5.0
[INFO] [stderr]    Compiling native-tls v0.2.11
[INFO] [stderr]     Checking hdrhistogram v6.3.4
[INFO] [stderr]    Compiling mime_guess v2.0.4
[INFO] [stderr]    Compiling regex-automata v0.4.5
[INFO] [stderr]     Checking addr2line v0.21.0
[INFO] [stderr]     Checking metrics-util v0.2.1
[INFO] [stderr]     Checking idna v0.2.3
[INFO] [stderr]    Compiling im v12.3.4
[INFO] [stderr]    Compiling parking_lot v0.8.0
[INFO] [stderr]    Compiling num-traits v0.2.17
[INFO] [stderr]    Compiling metrics-facade v0.1.1
[INFO] [stderr]    Compiling iana-time-zone v0.1.60
[INFO] [stderr]    Compiling synstructure v0.12.6
[INFO] [stderr]     Checking serde_json v1.0.113
[INFO] [stderr]    Compiling chrono v0.4.33
[INFO] [stderr]     Checking publicsuffix v1.5.6
[INFO] [stderr]     Checking sized-chunks v0.1.3
[INFO] [stderr]    Compiling regex v1.10.3
[INFO] [stderr]     Checking cookie v0.12.0
[INFO] [stderr]     Checking try_from v0.3.2
[INFO] [stderr]     Checking lock_api v0.2.0
[INFO] [stderr]     Checking atomic-shim v0.1.0
[INFO] [stderr]     Checking dtoa v0.4.8
[INFO] [stderr]     Checking hyper-tls v0.3.2
[INFO] [stderr]     Checking quanta v0.3.2
[INFO] [stderr]     Checking serde_urlencoded v0.5.5
[INFO] [stderr]     Checking metrics-exporter-http v0.1.2
[INFO] [stderr]     Checking metrics-recorder-prometheus v0.2.3
[INFO] [stderr]     Checking metrics-recorder-text v0.2.2
[INFO] [stderr]     Checking uuid v0.7.4
[INFO] [stderr]     Checking metrics-exporter-log v0.2.1
[INFO] [stderr]     Checking arc-swap v0.3.11
[INFO] [stderr]     Checking hashbrown v0.4.0
[INFO] [stderr]     Checking metrics v0.10.3
[INFO] [stderr]    Compiling fin_model v0.1.2
[INFO] [stderr]     Checking failure v0.1.8
[INFO] [stderr]     Checking cookie_store v0.7.0
[INFO] [stderr]     Checking reqwest v0.9.24
[INFO] [stderr]     Checking fin_data v0.1.2
[INFO] [stderr]     Checking fin_iex v0.1.2 (/opt/rustwide/workdir)
[INFO] [stdout] warning: derive helper attribute is used before it is introduced
[INFO] [stdout]   --> src/analysis.rs:21:3
[INFO] [stdout]    |
[INFO] [stdout] 21 | #[serde(rename_all = "camelCase")]
[INFO] [stdout]    |   ^^^^^
[INFO] [stdout] 22 | #[derive(Serialize, Deserialize, Debug)]
[INFO] [stdout]    |          --------- the attribute is introduced here
[INFO] [stdout]    |
[INFO] [stdout]    = warning: this was previously accepted by the compiler but is being phased out; it will become a hard error in a future release!
[INFO] [stdout]    = note: for more information, see issue #79202 <https://github.com/rust-lang/rust/issues/79202>
[INFO] [stdout]    = note: `#[warn(legacy_derive_helpers)]` on by default
[INFO] [stdout] 
[INFO] [stdout] 
[INFO] [stdout] warning: derive helper attribute is used before it is introduced
[INFO] [stdout]   --> src/analysis.rs:32:3
[INFO] [stdout]    |
[INFO] [stdout] 32 | #[serde(rename_all = "camelCase")]
[INFO] [stdout]    |   ^^^^^
[INFO] [stdout] 33 | #[derive(Serialize, Deserialize, Debug)]
[INFO] [stdout]    |          --------- the attribute is introduced here
[INFO] [stdout]    |
[INFO] [stdout]    = warning: this was previously accepted by the compiler but is being phased out; it will become a hard error in a future release!
[INFO] [stdout]    = note: for more information, see issue #79202 <https://github.com/rust-lang/rust/issues/79202>
[INFO] [stdout] 
[INFO] [stdout] 
[INFO] [stdout] warning: derive helper attribute is used before it is introduced
[INFO] [stdout]   --> src/analysis.rs:47:3
[INFO] [stdout]    |
[INFO] [stdout] 47 | #[serde(rename_all = "camelCase")]
[INFO] [stdout]    |   ^^^^^
[INFO] [stdout] 48 | #[derive(Serialize, Deserialize, Debug)]
[INFO] [stdout]    |          --------- the attribute is introduced here
[INFO] [stdout]    |
[INFO] [stdout]    = warning: this was previously accepted by the compiler but is being phased out; it will become a hard error in a future release!
[INFO] [stdout]    = note: for more information, see issue #79202 <https://github.com/rust-lang/rust/issues/79202>
[INFO] [stdout] 
[INFO] [stdout] 
[INFO] [stdout] warning: derive helper attribute is used before it is introduced
[INFO] [stdout]   --> src/analysis.rs:54:3
[INFO] [stdout]    |
[INFO] [stdout] 54 | #[serde(rename_all = "camelCase")]
[INFO] [stdout]    |   ^^^^^
[INFO] [stdout] 55 | #[derive(Serialize, Deserialize, Debug)]
[INFO] [stdout]    |          --------- the attribute is introduced here
[INFO] [stdout]    |
[INFO] [stdout]    = warning: this was previously accepted by the compiler but is being phased out; it will become a hard error in a future release!
[INFO] [stdout]    = note: for more information, see issue #79202 <https://github.com/rust-lang/rust/issues/79202>
[INFO] [stdout] 
[INFO] [stdout] 
[INFO] [stdout] warning: derive helper attribute is used before it is introduced
[INFO] [stdout]   --> src/news.rs:21:3
[INFO] [stdout]    |
[INFO] [stdout] 21 | #[serde(rename_all = "camelCase")]
[INFO] [stdout]    |   ^^^^^
[INFO] [stdout] 22 | #[derive(Serialize, Deserialize, Debug)]
[INFO] [stdout]    |          --------- the attribute is introduced here
[INFO] [stdout]    |
[INFO] [stdout]    = warning: this was previously accepted by the compiler but is being phased out; it will become a hard error in a future release!
[INFO] [stdout]    = note: for more information, see issue #79202 <https://github.com/rust-lang/rust/issues/79202>
[INFO] [stdout] 
[INFO] [stdout] 
[INFO] [stdout] warning: derive helper attribute is used before it is introduced
[INFO] [stdout]   --> src/quote.rs:24:3
[INFO] [stdout]    |
[INFO] [stdout] 24 | #[serde(rename_all = "camelCase")]
[INFO] [stdout]    |   ^^^^^
[INFO] [stdout] 25 | #[derive(Serialize, Deserialize, Debug)]
[INFO] [stdout]    |          --------- the attribute is introduced here
[INFO] [stdout]    |
[INFO] [stdout]    = warning: this was previously accepted by the compiler but is being phased out; it will become a hard error in a future release!
[INFO] [stdout]    = note: for more information, see issue #79202 <https://github.com/rust-lang/rust/issues/79202>
[INFO] [stdout] 
[INFO] [stdout] 
[INFO] [stdout] warning: derive helper attribute is used before it is introduced
[INFO] [stdout]   --> src/quote.rs:77:3
[INFO] [stdout]    |
[INFO] [stdout] 77 | #[serde(rename_all = "camelCase")]
[INFO] [stdout]    |   ^^^^^
[INFO] [stdout] 78 | #[derive(Serialize, Deserialize, Debug)]
[INFO] [stdout]    |          --------- the attribute is introduced here
[INFO] [stdout]    |
[INFO] [stdout]    = warning: this was previously accepted by the compiler but is being phased out; it will become a hard error in a future release!
[INFO] [stdout]    = note: for more information, see issue #79202 <https://github.com/rust-lang/rust/issues/79202>
[INFO] [stdout] 
[INFO] [stdout] 
[INFO] [stdout] warning: derive helper attribute is used before it is introduced
[INFO] [stdout]   --> src/quote.rs:90:3
[INFO] [stdout]    |
[INFO] [stdout] 90 | #[serde(rename_all = "camelCase")]
[INFO] [stdout]    |   ^^^^^
[INFO] [stdout] 91 | #[derive(Serialize, Deserialize, Debug)]
[INFO] [stdout]    |          --------- the attribute is introduced here
[INFO] [stdout]    |
[INFO] [stdout]    = warning: this was previously accepted by the compiler but is being phased out; it will become a hard error in a future release!
[INFO] [stdout]    = note: for more information, see issue #79202 <https://github.com/rust-lang/rust/issues/79202>
[INFO] [stdout] 
[INFO] [stdout] 
[INFO] [stdout] warning: derive helper attribute is used before it is introduced
[INFO] [stdout]    --> src/quote.rs:120:3
[INFO] [stdout]     |
[INFO] [stdout] 120 | #[serde(rename_all = "camelCase")]
[INFO] [stdout]     |   ^^^^^
[INFO] [stdout] 121 | #[derive(Serialize, Deserialize, Debug)]
[INFO] [stdout]     |          --------- the attribute is introduced here
[INFO] [stdout]     |
[INFO] [stdout]     = warning: this was previously accepted by the compiler but is being phased out; it will become a hard error in a future release!
[INFO] [stdout]     = note: for more information, see issue #79202 <https://github.com/rust-lang/rust/issues/79202>
[INFO] [stdout] 
[INFO] [stdout] 
[INFO] [stdout] warning: derive helper attribute is used before it is introduced
[INFO] [stdout]   --> src/analysis.rs:21:3
[INFO] [stdout]    |
[INFO] [stdout] 21 | #[serde(rename_all = "camelCase")]
[INFO] [stdout]    |   ^^^^^
[INFO] [stdout] 22 | #[derive(Serialize, Deserialize, Debug)]
[INFO] [stdout]    |          --------- the attribute is introduced here
[INFO] [stdout]    |
[INFO] [stdout]    = warning: this was previously accepted by the compiler but is being phased out; it will become a hard error in a future release!
[INFO] [stdout]    = note: for more information, see issue #79202 <https://github.com/rust-lang/rust/issues/79202>
[INFO] [stdout]    = note: `#[warn(legacy_derive_helpers)]` on by default
[INFO] [stdout] 
[INFO] [stdout] 
[INFO] [stdout] warning: derive helper attribute is used before it is introduced
[INFO] [stdout]   --> src/analysis.rs:32:3
[INFO] [stdout]    |
[INFO] [stdout] 32 | #[serde(rename_all = "camelCase")]
[INFO] [stdout]    |   ^^^^^
[INFO] [stdout] 33 | #[derive(Serialize, Deserialize, Debug)]
[INFO] [stdout]    |          --------- the attribute is introduced here
[INFO] [stdout]    |
[INFO] [stdout]    = warning: this was previously accepted by the compiler but is being phased out; it will become a hard error in a future release!
[INFO] [stdout]    = note: for more information, see issue #79202 <https://github.com/rust-lang/rust/issues/79202>
[INFO] [stdout] 
[INFO] [stdout] 
[INFO] [stdout] warning: derive helper attribute is used before it is introduced
[INFO] [stdout]   --> src/analysis.rs:47:3
[INFO] [stdout]    |
[INFO] [stdout] 47 | #[serde(rename_all = "camelCase")]
[INFO] [stdout]    |   ^^^^^
[INFO] [stdout] 48 | #[derive(Serialize, Deserialize, Debug)]
[INFO] [stdout]    |          --------- the attribute is introduced here
[INFO] [stdout]    |
[INFO] [stdout]    = warning: this was previously accepted by the compiler but is being phased out; it will become a hard error in a future release!
[INFO] [stdout]    = note: for more information, see issue #79202 <https://github.com/rust-lang/rust/issues/79202>
[INFO] [stdout] 
[INFO] [stdout] 
[INFO] [stdout] warning: derive helper attribute is used before it is introduced
[INFO] [stdout]   --> src/analysis.rs:54:3
[INFO] [stdout]    |
[INFO] [stdout] 54 | #[serde(rename_all = "camelCase")]
[INFO] [stdout]    |   ^^^^^
[INFO] [stdout] 55 | #[derive(Serialize, Deserialize, Debug)]
[INFO] [stdout]    |          --------- the attribute is introduced here
[INFO] [stdout]    |
[INFO] [stdout]    = warning: this was previously accepted by the compiler but is being phased out; it will become a hard error in a future release!
[INFO] [stdout]    = note: for more information, see issue #79202 <https://github.com/rust-lang/rust/issues/79202>
[INFO] [stdout] 
[INFO] [stdout] 
[INFO] [stdout] warning: derive helper attribute is used before it is introduced
[INFO] [stdout]   --> src/news.rs:21:3
[INFO] [stdout]    |
[INFO] [stdout] 21 | #[serde(rename_all = "camelCase")]
[INFO] [stdout]    |   ^^^^^
[INFO] [stdout] 22 | #[derive(Serialize, Deserialize, Debug)]
[INFO] [stdout]    |          --------- the attribute is introduced here
[INFO] [stdout]    |
[INFO] [stdout]    = warning: this was previously accepted by the compiler but is being phased out; it will become a hard error in a future release!
[INFO] [stdout]    = note: for more information, see issue #79202 <https://github.com/rust-lang/rust/issues/79202>
[INFO] [stdout] 
[INFO] [stdout] 
[INFO] [stdout] warning: derive helper attribute is used before it is introduced
[INFO] [stdout]   --> src/quote.rs:24:3
[INFO] [stdout]    |
[INFO] [stdout] 24 | #[serde(rename_all = "camelCase")]
[INFO] [stdout]    |   ^^^^^
[INFO] [stdout] 25 | #[derive(Serialize, Deserialize, Debug)]
[INFO] [stdout]    |          --------- the attribute is introduced here
[INFO] [stdout]    |
[INFO] [stdout]    = warning: this was previously accepted by the compiler but is being phased out; it will become a hard error in a future release!
[INFO] [stdout]    = note: for more information, see issue #79202 <https://github.com/rust-lang/rust/issues/79202>
[INFO] [stdout] 
[INFO] [stdout] 
[INFO] [stdout] warning: derive helper attribute is used before it is introduced
[INFO] [stdout]   --> src/quote.rs:77:3
[INFO] [stdout]    |
[INFO] [stdout] 77 | #[serde(rename_all = "camelCase")]
[INFO] [stdout]    |   ^^^^^
[INFO] [stdout] 78 | #[derive(Serialize, Deserialize, Debug)]
[INFO] [stdout]    |          --------- the attribute is introduced here
[INFO] [stdout]    |
[INFO] [stdout]    = warning: this was previously accepted by the compiler but is being phased out; it will become a hard error in a future release!
[INFO] [stdout]    = note: for more information, see issue #79202 <https://github.com/rust-lang/rust/issues/79202>
[INFO] [stdout] 
[INFO] [stdout] 
[INFO] [stdout] warning: derive helper attribute is used before it is introduced
[INFO] [stdout]   --> src/quote.rs:90:3
[INFO] [stdout]    |
[INFO] [stdout] 90 | #[serde(rename_all = "camelCase")]
[INFO] [stdout]    |   ^^^^^
[INFO] [stdout] 91 | #[derive(Serialize, Deserialize, Debug)]
[INFO] [stdout]    |          --------- the attribute is introduced here
[INFO] [stdout]    |
[INFO] [stdout]    = warning: this was previously accepted by the compiler but is being phased out; it will become a hard error in a future release!
[INFO] [stdout]    = note: for more information, see issue #79202 <https://github.com/rust-lang/rust/issues/79202>
[INFO] [stdout] 
[INFO] [stdout] 
[INFO] [stdout] warning: derive helper attribute is used before it is introduced
[INFO] [stdout]    --> src/quote.rs:120:3
[INFO] [stdout]     |
[INFO] [stdout] 120 | #[serde(rename_all = "camelCase")]
[INFO] [stdout]     |   ^^^^^
[INFO] [stdout] 121 | #[derive(Serialize, Deserialize, Debug)]
[INFO] [stdout]     |          --------- the attribute is introduced here
[INFO] [stdout]     |
[INFO] [stdout]     = warning: this was previously accepted by the compiler but is being phased out; it will become a hard error in a future release!
[INFO] [stdout]     = note: for more information, see issue #79202 <https://github.com/rust-lang/rust/issues/79202>
[INFO] [stdout] 
[INFO] [stdout] 
[INFO] [stdout] warning: use of deprecated associated function `fin_model::prelude::DateTime::from_timestamp`: use `from_timestamp_opt()` instead
[INFO] [stdout]   --> src/internal/convert.rs:32:18
[INFO] [stdout]    |
[INFO] [stdout] 32 |     Ok(DateTime::from_timestamp(ts.trunc() as i64, 0))
[INFO] [stdout]    |                  ^^^^^^^^^^^^^^
[INFO] [stdout]    |
[INFO] [stdout]    = note: `#[warn(deprecated)]` on by default
[INFO] [stdout] 
[INFO] [stdout] 
[INFO] [stdout] error[E0308]: mismatched types
[INFO] [stdout]   --> src/internal/convert.rs:82:21
[INFO] [stdout]    |
[INFO] [stdout] 81 |                 Ok(Money::of_major_minor(
[INFO] [stdout]    |                    --------------------- arguments to this function are incorrect
[INFO] [stdout] 82 |                     currency,
[INFO] [stdout]    |                     ^^^^^^^^ expected `steel_cent::currency::Currency`, found `Currency`
[INFO] [stdout]    |
[INFO] [stdout]    = note: `Currency` and `steel_cent::currency::Currency` have similar names, but are actually distinct types
[INFO] [stdout] note: `Currency` is defined in crate `steel_cent`
[INFO] [stdout]   --> /opt/rustwide/cargo-home/registry/src/index.crates.io-6f17d22bba15001f/steel-cent-0.2.3/src/currency.rs:25:1
[INFO] [stdout]    |
[INFO] [stdout] 25 | pub struct Currency {
[INFO] [stdout]    | ^^^^^^^^^^^^^^^^^^^
[INFO] [stdout] note: `steel_cent::currency::Currency` is defined in crate `steel_cent`
[INFO] [stdout]   --> /opt/rustwide/cargo-home/registry/src/index.crates.io-6f17d22bba15001f/steel-cent-0.2.3/src/currency.rs:25:1
[INFO] [stdout]    |
[INFO] [stdout] 25 | pub struct Currency {
[INFO] [stdout]    | ^^^^^^^^^^^^^^^^^^^
[INFO] [stdout]    = note: perhaps two different versions of crate `steel_cent` are being used?
[INFO] [stdout] note: associated function defined here
[INFO] [stdout]   --> /opt/rustwide/cargo-home/registry/src/index.crates.io-6f17d22bba15001f/steel-cent-0.2.3/src/small_money.rs:70:12
[INFO] [stdout]    |
[INFO] [stdout] 70 |     pub fn of_major_minor(currency: Currency, amount_major: i32, amount_minor: i32) -> Self {
[INFO] [stdout]    |            ^^^^^^^^^^^^^^
[INFO] [stdout] 
[INFO] [stdout] 
[INFO] [stdout] warning: use of deprecated associated function `fin_model::prelude::DateTime::from_timestamp`: use `from_timestamp_opt()` instead
[INFO] [stdout]   --> src/internal/convert.rs:32:18
[INFO] [stdout]    |
[INFO] [stdout] 32 |     Ok(DateTime::from_timestamp(ts.trunc() as i64, 0))
[INFO] [stdout]    |                  ^^^^^^^^^^^^^^
[INFO] [stdout]    |
[INFO] [stdout]    = note: `#[warn(deprecated)]` on by default
[INFO] [stdout] 
[INFO] [stdout] 
[INFO] [stdout] error[E0308]: mismatched types
[INFO] [stdout]   --> src/internal/convert.rs:88:21
[INFO] [stdout]    |
[INFO] [stdout] 87 |                 Ok(Money::of_major_minor(
[INFO] [stdout]    |                    --------------------- arguments to this function are incorrect
[INFO] [stdout] 88 |                     currency,
[INFO] [stdout]    |                     ^^^^^^^^ expected `steel_cent::currency::Currency`, found `Currency`
[INFO] [stdout]    |
[INFO] [stdout]    = note: `Currency` and `steel_cent::currency::Currency` have similar names, but are actually distinct types
[INFO] [stdout] note: `Currency` is defined in crate `steel_cent`
[INFO] [stdout]   --> /opt/rustwide/cargo-home/registry/src/index.crates.io-6f17d22bba15001f/steel-cent-0.2.3/src/currency.rs:25:1
[INFO] [stdout]    |
[INFO] [stdout] 25 | pub struct Currency {
[INFO] [stdout]    | ^^^^^^^^^^^^^^^^^^^
[INFO] [stdout] note: `steel_cent::currency::Currency` is defined in crate `steel_cent`
[INFO] [stdout]   --> /opt/rustwide/cargo-home/registry/src/index.crates.io-6f17d22bba15001f/steel-cent-0.2.3/src/currency.rs:25:1
[INFO] [stdout]    |
[INFO] [stdout] 25 | pub struct Currency {
[INFO] [stdout]    | ^^^^^^^^^^^^^^^^^^^
[INFO] [stdout]    = note: perhaps two different versions of crate `steel_cent` are being used?
[INFO] [stdout] note: associated function defined here
[INFO] [stdout]   --> /opt/rustwide/cargo-home/registry/src/index.crates.io-6f17d22bba15001f/steel-cent-0.2.3/src/small_money.rs:70:12
[INFO] [stdout]    |
[INFO] [stdout] 70 |     pub fn of_major_minor(currency: Currency, amount_major: i32, amount_minor: i32) -> Self {
[INFO] [stdout]    |            ^^^^^^^^^^^^^^
[INFO] [stdout] 
[INFO] [stdout] 
[INFO] [stdout] error: aborting due to 2 previous errors; 10 warnings emitted
[INFO] [stdout] 
[INFO] [stdout] 
[INFO] [stdout] For more information about this error, try `rustc --explain E0308`.
[INFO] [stdout] 
[INFO] [stdout] error[E0308]: mismatched types
[INFO] [stdout]   --> src/internal/convert.rs:82:21
[INFO] [stdout]    |
[INFO] [stdout] 81 |                 Ok(Money::of_major_minor(
[INFO] [stdout]    |                    --------------------- arguments to this function are incorrect
[INFO] [stdout] 82 |                     currency,
[INFO] [stdout]    |                     ^^^^^^^^ expected `steel_cent::currency::Currency`, found `Currency`
[INFO] [stdout]    |
[INFO] [stdout]    = note: `Currency` and `steel_cent::currency::Currency` have similar names, but are actually distinct types
[INFO] [stdout] note: `Currency` is defined in crate `steel_cent`
[INFO] [stdout]   --> /opt/rustwide/cargo-home/registry/src/index.crates.io-6f17d22bba15001f/steel-cent-0.2.3/src/currency.rs:25:1
[INFO] [stdout]    |
[INFO] [stdout] 25 | pub struct Currency {
[INFO] [stdout]    | ^^^^^^^^^^^^^^^^^^^
[INFO] [stdout] note: `steel_cent::currency::Currency` is defined in crate `steel_cent`
[INFO] [stdout]   --> /opt/rustwide/cargo-home/registry/src/index.crates.io-6f17d22bba15001f/steel-cent-0.2.3/src/currency.rs:25:1
[INFO] [stdout]    |
[INFO] [stdout] 25 | pub struct Currency {
[INFO] [stdout]    | ^^^^^^^^^^^^^^^^^^^
[INFO] [stdout]    = note: perhaps two different versions of crate `steel_cent` are being used?
[INFO] [stdout] note: associated function defined here
[INFO] [stdout]   --> /opt/rustwide/cargo-home/registry/src/index.crates.io-6f17d22bba15001f/steel-cent-0.2.3/src/small_money.rs:70:12
[INFO] [stdout]    |
[INFO] [stdout] 70 |     pub fn of_major_minor(currency: Currency, amount_major: i32, amount_minor: i32) -> Self {
[INFO] [stdout]    |            ^^^^^^^^^^^^^^
[INFO] [stdout] 
[INFO] [stdout] 
[INFO] [stderr] error: could not compile `fin_iex` (lib test) due to 3 previous errors; 10 warnings emitted
[INFO] [stderr] warning: build failed, waiting for other jobs to finish...
[INFO] [stdout] error[E0308]: mismatched types
[INFO] [stdout]   --> src/internal/convert.rs:88:21
[INFO] [stdout]    |
[INFO] [stdout] 87 |                 Ok(Money::of_major_minor(
[INFO] [stdout]    |                    --------------------- arguments to this function are incorrect
[INFO] [stdout] 88 |                     currency,
[INFO] [stdout]    |                     ^^^^^^^^ expected `steel_cent::currency::Currency`, found `Currency`
[INFO] [stdout]    |
[INFO] [stdout]    = note: `Currency` and `steel_cent::currency::Currency` have similar names, but are actually distinct types
[INFO] [stdout] note: `Currency` is defined in crate `steel_cent`
[INFO] [stdout]   --> /opt/rustwide/cargo-home/registry/src/index.crates.io-6f17d22bba15001f/steel-cent-0.2.3/src/currency.rs:25:1
[INFO] [stdout]    |
[INFO] [stdout] 25 | pub struct Currency {
[INFO] [stdout]    | ^^^^^^^^^^^^^^^^^^^
[INFO] [stdout] note: `steel_cent::currency::Currency` is defined in crate `steel_cent`
[INFO] [stdout]   --> /opt/rustwide/cargo-home/registry/src/index.crates.io-6f17d22bba15001f/steel-cent-0.2.3/src/currency.rs:25:1
[INFO] [stdout]    |
[INFO] [stdout] 25 | pub struct Currency {
[INFO] [stdout]    | ^^^^^^^^^^^^^^^^^^^
[INFO] [stdout]    = note: perhaps two different versions of crate `steel_cent` are being used?
[INFO] [stdout] note: associated function defined here
[INFO] [stdout]   --> /opt/rustwide/cargo-home/registry/src/index.crates.io-6f17d22bba15001f/steel-cent-0.2.3/src/small_money.rs:70:12
[INFO] [stdout]    |
[INFO] [stdout] 70 |     pub fn of_major_minor(currency: Currency, amount_major: i32, amount_minor: i32) -> Self {
[INFO] [stdout]    |            ^^^^^^^^^^^^^^
[INFO] [stdout] 
[INFO] [stdout] 
[INFO] [stdout] error: aborting due to 2 previous errors; 10 warnings emitted
[INFO] [stdout] 
[INFO] [stdout] 
[INFO] [stdout] For more information about this error, try `rustc --explain E0308`.
[INFO] [stdout] 
[INFO] [stderr] error: could not compile `fin_iex` (lib) due to 3 previous errors; 10 warnings emitted
[INFO] running `Command { std: "docker" "inspect" "288416bd8bd4f372d3d2c19a84ed5b3e8d9b07625b70d2f407038a0371c240af", kill_on_drop: false }`
[INFO] running `Command { std: "docker" "rm" "-f" "288416bd8bd4f372d3d2c19a84ed5b3e8d9b07625b70d2f407038a0371c240af", kill_on_drop: false }`
[INFO] [stdout] 288416bd8bd4f372d3d2c19a84ed5b3e8d9b07625b70d2f407038a0371c240af
