[INFO] fetching crate fido2-rs 0.1.0...
[INFO] checking fido2-rs-0.1.0 against nightly-2024-02-05 for check-cfg
[INFO] extracting crate fido2-rs 0.1.0 into /workspace/builds/worker-0-tc1/source
[INFO] validating manifest of crates.io crate fido2-rs 0.1.0 on toolchain nightly-2024-02-05
[INFO] running `Command { std: CARGO_HOME="/workspace/cargo-home" RUSTUP_HOME="/workspace/rustup-home" "/workspace/cargo-home/bin/cargo" "+nightly-2024-02-05" "metadata" "--manifest-path" "Cargo.toml" "--no-deps", kill_on_drop: false }`
[INFO] started tweaking crates.io crate fido2-rs 0.1.0
[INFO] finished tweaking crates.io crate fido2-rs 0.1.0
[INFO] tweaked toml for crates.io crate fido2-rs 0.1.0 written to /workspace/builds/worker-0-tc1/source/Cargo.toml
[INFO] running `Command { std: CARGO_HOME="/workspace/cargo-home" RUSTUP_HOME="/workspace/rustup-home" "/workspace/cargo-home/bin/cargo" "+nightly-2024-02-05" "generate-lockfile" "--manifest-path" "Cargo.toml", kill_on_drop: false }`
[INFO] [stderr]     Updating crates.io index
[INFO] running `Command { std: CARGO_HOME="/workspace/cargo-home" RUSTUP_HOME="/workspace/rustup-home" "/workspace/cargo-home/bin/cargo" "+nightly-2024-02-05" "fetch" "--manifest-path" "Cargo.toml", kill_on_drop: false }`
[INFO] [stderr]  Downloading crates ...
[INFO] [stderr]   Downloaded libfido2-sys v0.2.0
[INFO] [stderr]   Downloaded rustls-webpki v0.102.2
[INFO] [stderr]   Downloaded rustls v0.22.2
[INFO] [stderr]   Downloaded webpki-roots v0.26.1
[INFO] running `Command { std: "docker" "create" "-v" "/var/lib/crater-agent-workspace/builds/worker-0-tc1/target:/opt/rustwide/target:rw,Z" "-v" "/var/lib/crater-agent-workspace/builds/worker-0-tc1/source:/opt/rustwide/workdir:ro,Z" "-v" "/var/lib/crater-agent-workspace/cargo-home:/opt/rustwide/cargo-home:ro,Z" "-v" "/var/lib/crater-agent-workspace/rustup-home:/opt/rustwide/rustup-home:ro,Z" "-e" "SOURCE_DIR=/opt/rustwide/workdir" "-e" "CARGO_TARGET_DIR=/opt/rustwide/target" "-e" "CARGO_HOME=/opt/rustwide/cargo-home" "-e" "RUSTUP_HOME=/opt/rustwide/rustup-home" "-w" "/opt/rustwide/workdir" "-m" "1610612736" "--user" "0:0" "--network" "none" "ghcr.io/rust-lang/crates-build-env/linux@sha256:2788e3201cd34a07e3172128adcd8b3090168a8e3bcc40d7c032b9dda1df7d1c" "/opt/rustwide/cargo-home/bin/cargo" "+nightly-2024-02-05" "metadata" "--no-deps" "--format-version=1", kill_on_drop: false }`
[INFO] [stdout] 98385c3987786d0603e3a7e5c3f51aeb4cb8660a3f73d9b43d862c9054a2f51a
[INFO] running `Command { std: "docker" "start" "-a" "98385c3987786d0603e3a7e5c3f51aeb4cb8660a3f73d9b43d862c9054a2f51a", kill_on_drop: false }`
[INFO] running `Command { std: "docker" "inspect" "98385c3987786d0603e3a7e5c3f51aeb4cb8660a3f73d9b43d862c9054a2f51a", kill_on_drop: false }`
[INFO] running `Command { std: "docker" "rm" "-f" "98385c3987786d0603e3a7e5c3f51aeb4cb8660a3f73d9b43d862c9054a2f51a", kill_on_drop: false }`
[INFO] [stdout] 98385c3987786d0603e3a7e5c3f51aeb4cb8660a3f73d9b43d862c9054a2f51a
[INFO] running `Command { std: "docker" "create" "-v" "/var/lib/crater-agent-workspace/builds/worker-0-tc1/target:/opt/rustwide/target:rw,Z" "-v" "/var/lib/crater-agent-workspace/builds/worker-0-tc1/source:/opt/rustwide/workdir:ro,Z" "-v" "/var/lib/crater-agent-workspace/cargo-home:/opt/rustwide/cargo-home:ro,Z" "-v" "/var/lib/crater-agent-workspace/rustup-home:/opt/rustwide/rustup-home:ro,Z" "-e" "SOURCE_DIR=/opt/rustwide/workdir" "-e" "CARGO_TARGET_DIR=/opt/rustwide/target" "-e" "CARGO_INCREMENTAL=0" "-e" "RUST_BACKTRACE=full" "-e" "RUSTFLAGS=--cap-lints=forbid" "-e" "RUSTDOCFLAGS=--cap-lints=forbid" "-e" "CARGO_HOME=/opt/rustwide/cargo-home" "-e" "RUSTUP_HOME=/opt/rustwide/rustup-home" "-w" "/opt/rustwide/workdir" "-m" "1610612736" "--user" "0:0" "--network" "none" "ghcr.io/rust-lang/crates-build-env/linux@sha256:2788e3201cd34a07e3172128adcd8b3090168a8e3bcc40d7c032b9dda1df7d1c" "/opt/rustwide/cargo-home/bin/cargo" "+nightly-2024-02-05" "check" "--frozen" "--all" "--all-targets" "--message-format=json", kill_on_drop: false }`
[INFO] [stdout] 1d86ab9ff6ae661f57985077efd1670d42f0ebefd74f8158970c9f913c26075f
[INFO] running `Command { std: "docker" "start" "-a" "1d86ab9ff6ae661f57985077efd1670d42f0ebefd74f8158970c9f913c26075f", kill_on_drop: false }`
[INFO] [stderr]    Compiling httparse v1.8.0
[INFO] [stderr]    Compiling typenum v1.17.0
[INFO] [stderr]    Compiling jobserver v0.1.27
[INFO] [stderr]    Compiling generic-array v0.14.7
[INFO] [stderr]    Compiling getrandom v0.2.12
[INFO] [stderr]    Compiling serde v1.0.196
[INFO] [stderr]    Compiling rustls-pki-types v1.2.0
[INFO] [stderr]    Compiling subtle v2.5.0
[INFO] [stderr]    Compiling serde_json v1.0.113
[INFO] [stderr]    Compiling unicode-normalization v0.1.22
[INFO] [stderr]    Compiling unicode-bidi v0.3.15
[INFO] [stderr]    Compiling linux-raw-sys v0.4.13
[INFO] [stderr]    Compiling cc v1.0.83
[INFO] [stderr]    Compiling rustls v0.22.2
[INFO] [stderr]    Compiling hoot v0.1.3
[INFO] [stderr]    Compiling thiserror v1.0.56
[INFO] [stderr]    Compiling idna v0.3.0
[INFO] [stderr]    Compiling zeroize v1.7.0
[INFO] [stderr]    Compiling rustix v0.38.31
[INFO] [stderr]    Compiling webpki-roots v0.26.1
[INFO] [stderr]    Compiling filetime v0.2.23
[INFO] [stderr]    Compiling cpufeatures v0.2.12
[INFO] [stderr]    Compiling cmake v0.1.50
[INFO] [stderr]    Compiling anyhow v1.0.79
[INFO] [stderr]    Compiling url v2.3.1
[INFO] [stderr]    Compiling hex v0.4.3
[INFO] [stderr]    Compiling openssl-macros v0.1.1
[INFO] [stderr]    Compiling crypto-common v0.1.6
[INFO] [stderr]    Compiling block-buffer v0.10.4
[INFO] [stderr]    Compiling ring v0.17.7
[INFO] [stderr]    Compiling openssl-sys v0.9.99
[INFO] [stderr]    Compiling digest v0.10.7
[INFO] [stderr]    Compiling sha2 v0.10.8
[INFO] [stderr]    Compiling xattr v1.3.1
[INFO] [stderr]    Compiling openssl v0.10.63
[INFO] [stderr]    Compiling tar v0.4.40
[INFO] [stderr]    Compiling hootbin v0.1.1
[INFO] [stderr]    Compiling rustls-webpki v0.102.2
[INFO] [stderr]    Compiling ureq v2.9.4
[INFO] [stderr]    Compiling libfido2-sys v0.2.0
[INFO] [stdout] error[E0425]: cannot find value `out_dir` in this scope
[INFO] [stdout]    --> /opt/rustwide/cargo-home/registry/src/index.crates.io-6f17d22bba15001f/libfido2-sys-0.2.0/build.rs:179:20
[INFO] [stdout]     |
[INFO] [stdout] 179 |         tar.unpack(out_dir.join("libfido2"))?;
[INFO] [stdout]     |                    ^^^^^^^ not found in this scope
[INFO] [stdout] 
[INFO] [stdout] 
[INFO] [stdout] error[E0425]: cannot find value `archive` in this scope
[INFO] [stdout]    --> /opt/rustwide/cargo-home/registry/src/index.crates.io-6f17d22bba15001f/libfido2-sys-0.2.0/build.rs:217:18
[INFO] [stdout]     |
[INFO] [stdout] 217 |     extract_tar(&archive, out_dir.join("libfido2"))?;
[INFO] [stdout]     |                  ^^^^^^^ not found in this scope
[INFO] [stdout] 
[INFO] [stdout] 
[INFO] [stdout] error: aborting due to 2 previous errors
[INFO] [stdout] 
[INFO] [stdout] 
[INFO] [stdout] For more information about this error, try `rustc --explain E0425`.
[INFO] [stdout] 
[INFO] [stderr] error: could not compile `libfido2-sys` (build script) due to 3 previous errors
[INFO] running `Command { std: "docker" "inspect" "1d86ab9ff6ae661f57985077efd1670d42f0ebefd74f8158970c9f913c26075f", kill_on_drop: false }`
[INFO] running `Command { std: "docker" "rm" "-f" "1d86ab9ff6ae661f57985077efd1670d42f0ebefd74f8158970c9f913c26075f", kill_on_drop: false }`
[INFO] [stdout] 1d86ab9ff6ae661f57985077efd1670d42f0ebefd74f8158970c9f913c26075f
[INFO] checking fido2-rs-0.1.0 against nightly-2024-02-05+rustflags=-Dunexpected_cfgs+cargoflags=-Zcheck-cfg for check-cfg
[INFO] extracting crate fido2-rs 0.1.0 into /workspace/builds/worker-0-tc2/source
[INFO] validating manifest of crates.io crate fido2-rs 0.1.0 on toolchain nightly-2024-02-05
[INFO] running `Command { std: CARGO_HOME="/workspace/cargo-home" RUSTUP_HOME="/workspace/rustup-home" "/workspace/cargo-home/bin/cargo" "+nightly-2024-02-05" "metadata" "--manifest-path" "Cargo.toml" "--no-deps", kill_on_drop: false }`
[INFO] started tweaking crates.io crate fido2-rs 0.1.0
[INFO] finished tweaking crates.io crate fido2-rs 0.1.0
[INFO] tweaked toml for crates.io crate fido2-rs 0.1.0 written to /workspace/builds/worker-0-tc2/source/Cargo.toml
[INFO] running `Command { std: CARGO_HOME="/workspace/cargo-home" RUSTUP_HOME="/workspace/rustup-home" "/workspace/cargo-home/bin/cargo" "+nightly-2024-02-05" "generate-lockfile" "--manifest-path" "Cargo.toml", kill_on_drop: false }`
[INFO] [stderr]     Updating crates.io index
[INFO] running `Command { std: CARGO_HOME="/workspace/cargo-home" RUSTUP_HOME="/workspace/rustup-home" "/workspace/cargo-home/bin/cargo" "+nightly-2024-02-05" "fetch" "--manifest-path" "Cargo.toml", kill_on_drop: false }`
[INFO] running `Command { std: "docker" "create" "-v" "/var/lib/crater-agent-workspace/builds/worker-0-tc2/target:/opt/rustwide/target:rw,Z" "-v" "/var/lib/crater-agent-workspace/builds/worker-0-tc2/source:/opt/rustwide/workdir:ro,Z" "-v" "/var/lib/crater-agent-workspace/cargo-home:/opt/rustwide/cargo-home:ro,Z" "-v" "/var/lib/crater-agent-workspace/rustup-home:/opt/rustwide/rustup-home:ro,Z" "-e" "SOURCE_DIR=/opt/rustwide/workdir" "-e" "CARGO_TARGET_DIR=/opt/rustwide/target" "-e" "CARGO_HOME=/opt/rustwide/cargo-home" "-e" "RUSTUP_HOME=/opt/rustwide/rustup-home" "-w" "/opt/rustwide/workdir" "-m" "1610612736" "--user" "0:0" "--network" "none" "ghcr.io/rust-lang/crates-build-env/linux@sha256:2788e3201cd34a07e3172128adcd8b3090168a8e3bcc40d7c032b9dda1df7d1c" "/opt/rustwide/cargo-home/bin/cargo" "+nightly-2024-02-05" "metadata" "--no-deps" "--format-version=1", kill_on_drop: false }`
[INFO] [stdout] 14c69e65a9c7da11597ff2eae7648055b4c7749c29b5455b81e06d833f4e4d06
[INFO] running `Command { std: "docker" "start" "-a" "14c69e65a9c7da11597ff2eae7648055b4c7749c29b5455b81e06d833f4e4d06", kill_on_drop: false }`
[INFO] running `Command { std: "docker" "inspect" "14c69e65a9c7da11597ff2eae7648055b4c7749c29b5455b81e06d833f4e4d06", kill_on_drop: false }`
[INFO] running `Command { std: "docker" "rm" "-f" "14c69e65a9c7da11597ff2eae7648055b4c7749c29b5455b81e06d833f4e4d06", kill_on_drop: false }`
[INFO] [stdout] 14c69e65a9c7da11597ff2eae7648055b4c7749c29b5455b81e06d833f4e4d06
[INFO] running `Command { std: "docker" "create" "-v" "/var/lib/crater-agent-workspace/builds/worker-0-tc2/target:/opt/rustwide/target:rw,Z" "-v" "/var/lib/crater-agent-workspace/builds/worker-0-tc2/source:/opt/rustwide/workdir:ro,Z" "-v" "/var/lib/crater-agent-workspace/cargo-home:/opt/rustwide/cargo-home:ro,Z" "-v" "/var/lib/crater-agent-workspace/rustup-home:/opt/rustwide/rustup-home:ro,Z" "-e" "SOURCE_DIR=/opt/rustwide/workdir" "-e" "CARGO_TARGET_DIR=/opt/rustwide/target" "-e" "CARGO_INCREMENTAL=0" "-e" "RUST_BACKTRACE=full" "-e" "RUSTFLAGS=--cap-lints=forbid -Dunexpected_cfgs" "-e" "RUSTDOCFLAGS=--cap-lints=forbid" "-e" "CARGO_HOME=/opt/rustwide/cargo-home" "-e" "RUSTUP_HOME=/opt/rustwide/rustup-home" "-w" "/opt/rustwide/workdir" "-m" "1610612736" "--user" "0:0" "--network" "none" "ghcr.io/rust-lang/crates-build-env/linux@sha256:2788e3201cd34a07e3172128adcd8b3090168a8e3bcc40d7c032b9dda1df7d1c" "/opt/rustwide/cargo-home/bin/cargo" "+nightly-2024-02-05" "check" "--frozen" "--all" "--all-targets" "--message-format=json" "-Zcheck-cfg", kill_on_drop: false }`
[INFO] [stdout] 56f0108704a7fc9568b19a74d703d874021166708753a6ffa6a5677de88993bf
[INFO] running `Command { std: "docker" "start" "-a" "56f0108704a7fc9568b19a74d703d874021166708753a6ffa6a5677de88993bf", kill_on_drop: false }`
[INFO] [stderr]    Compiling httparse v1.8.0
[INFO] [stderr]    Compiling typenum v1.17.0
[INFO] [stderr]    Compiling jobserver v0.1.27
[INFO] [stderr]    Compiling generic-array v0.14.7
[INFO] [stderr]    Compiling getrandom v0.2.12
[INFO] [stderr]    Compiling serde v1.0.196
[INFO] [stderr]    Compiling rustls-pki-types v1.2.0
[INFO] [stderr]    Compiling subtle v2.5.0
[INFO] [stderr]    Compiling serde_json v1.0.113
[INFO] [stderr]    Compiling unicode-normalization v0.1.22
[INFO] [stderr]    Compiling rustls v0.22.2
[INFO] [stderr]    Compiling linux-raw-sys v0.4.13
[INFO] [stderr]    Compiling cc v1.0.83
[INFO] [stderr]    Compiling unicode-bidi v0.3.15
[INFO] [stderr]    Compiling thiserror v1.0.56
[INFO] [stderr]    Compiling rustix v0.38.31
[INFO] [stderr]    Compiling zeroize v1.7.0
[INFO] [stderr]    Compiling hoot v0.1.3
[INFO] [stderr]    Compiling webpki-roots v0.26.1
[INFO] [stderr]    Compiling filetime v0.2.23
[INFO] [stderr]    Compiling idna v0.3.0
[INFO] [stderr]    Compiling cpufeatures v0.2.12
[INFO] [stderr]    Compiling anyhow v1.0.79
[INFO] [stderr]    Compiling cmake v0.1.50
[INFO] [stderr]    Compiling url v2.3.1
[INFO] [stderr]    Compiling hex v0.4.3
[INFO] [stderr]    Compiling openssl-macros v0.1.1
[INFO] [stderr]    Compiling crypto-common v0.1.6
[INFO] [stderr]    Compiling block-buffer v0.10.4
[INFO] [stderr]    Compiling digest v0.10.7
[INFO] [stderr]    Compiling ring v0.17.7
[INFO] [stderr]    Compiling openssl-sys v0.9.99
[INFO] [stderr]    Compiling sha2 v0.10.8
[INFO] [stderr]    Compiling xattr v1.3.1
[INFO] [stderr]    Compiling tar v0.4.40
[INFO] [stderr]    Compiling openssl v0.10.63
[INFO] [stderr]    Compiling hootbin v0.1.1
[INFO] [stderr]    Compiling rustls-webpki v0.102.2
[INFO] [stderr]    Compiling ureq v2.9.4
[INFO] [stderr]    Compiling libfido2-sys v0.2.0
[INFO] [stdout] error[E0425]: cannot find value `out_dir` in this scope
[INFO] [stdout]    --> /opt/rustwide/cargo-home/registry/src/index.crates.io-6f17d22bba15001f/libfido2-sys-0.2.0/build.rs:179:20
[INFO] [stdout]     |
[INFO] [stdout] 179 |         tar.unpack(out_dir.join("libfido2"))?;
[INFO] [stdout]     |                    ^^^^^^^ not found in this scope
[INFO] [stdout] 
[INFO] [stdout] 
[INFO] [stdout] error[E0425]: cannot find value `archive` in this scope
[INFO] [stdout]    --> /opt/rustwide/cargo-home/registry/src/index.crates.io-6f17d22bba15001f/libfido2-sys-0.2.0/build.rs:217:18
[INFO] [stdout]     |
[INFO] [stdout] 217 |     extract_tar(&archive, out_dir.join("libfido2"))?;
[INFO] [stdout]     |                  ^^^^^^^ not found in this scope
[INFO] [stdout] 
[INFO] [stdout] 
[INFO] [stdout] error: aborting due to 2 previous errors
[INFO] [stdout] 
[INFO] [stdout] 
[INFO] [stdout] For more information about this error, try `rustc --explain E0425`.
[INFO] [stdout] 
[INFO] [stderr] error: could not compile `libfido2-sys` (build script) due to 3 previous errors
[INFO] running `Command { std: "docker" "inspect" "56f0108704a7fc9568b19a74d703d874021166708753a6ffa6a5677de88993bf", kill_on_drop: false }`
[INFO] running `Command { std: "docker" "rm" "-f" "56f0108704a7fc9568b19a74d703d874021166708753a6ffa6a5677de88993bf", kill_on_drop: false }`
[INFO] [stdout] 56f0108704a7fc9568b19a74d703d874021166708753a6ffa6a5677de88993bf
