[INFO] fetching crate fhirbolt-serde 0.4.0...
[INFO] checking fhirbolt-serde-0.4.0 against nightly-2024-02-05 for check-cfg
[INFO] extracting crate fhirbolt-serde 0.4.0 into /workspace/builds/worker-6-tc1/source
[INFO] validating manifest of crates.io crate fhirbolt-serde 0.4.0 on toolchain nightly-2024-02-05
[INFO] running `Command { std: CARGO_HOME="/workspace/cargo-home" RUSTUP_HOME="/workspace/rustup-home" "/workspace/cargo-home/bin/cargo" "+nightly-2024-02-05" "metadata" "--manifest-path" "Cargo.toml" "--no-deps", kill_on_drop: false }`
[INFO] started tweaking crates.io crate fhirbolt-serde 0.4.0
[INFO] finished tweaking crates.io crate fhirbolt-serde 0.4.0
[INFO] tweaked toml for crates.io crate fhirbolt-serde 0.4.0 written to /workspace/builds/worker-6-tc1/source/Cargo.toml
[INFO] running `Command { std: CARGO_HOME="/workspace/cargo-home" RUSTUP_HOME="/workspace/rustup-home" "/workspace/cargo-home/bin/cargo" "+nightly-2024-02-05" "generate-lockfile" "--manifest-path" "Cargo.toml", kill_on_drop: false }`
[INFO] [stderr]     Blocking waiting for file lock on package cache
[INFO] [stderr]     Updating crates.io index
[INFO] running `Command { std: CARGO_HOME="/workspace/cargo-home" RUSTUP_HOME="/workspace/rustup-home" "/workspace/cargo-home/bin/cargo" "+nightly-2024-02-05" "fetch" "--manifest-path" "Cargo.toml", kill_on_drop: false }`
[INFO] running `Command { std: "docker" "create" "-v" "/var/lib/crater-agent-workspace/builds/worker-6-tc1/target:/opt/rustwide/target:rw,Z" "-v" "/var/lib/crater-agent-workspace/builds/worker-6-tc1/source:/opt/rustwide/workdir:ro,Z" "-v" "/var/lib/crater-agent-workspace/cargo-home:/opt/rustwide/cargo-home:ro,Z" "-v" "/var/lib/crater-agent-workspace/rustup-home:/opt/rustwide/rustup-home:ro,Z" "-e" "SOURCE_DIR=/opt/rustwide/workdir" "-e" "CARGO_TARGET_DIR=/opt/rustwide/target" "-e" "CARGO_HOME=/opt/rustwide/cargo-home" "-e" "RUSTUP_HOME=/opt/rustwide/rustup-home" "-w" "/opt/rustwide/workdir" "-m" "1610612736" "--user" "0:0" "--network" "none" "ghcr.io/rust-lang/crates-build-env/linux@sha256:2788e3201cd34a07e3172128adcd8b3090168a8e3bcc40d7c032b9dda1df7d1c" "/opt/rustwide/cargo-home/bin/cargo" "+nightly-2024-02-05" "metadata" "--no-deps" "--format-version=1", kill_on_drop: false }`
[INFO] [stdout] 65f6db006d97873193634a5796c5abe1273a5e6f9405309f0a5d264aa3a2d432
[INFO] running `Command { std: "docker" "start" "-a" "65f6db006d97873193634a5796c5abe1273a5e6f9405309f0a5d264aa3a2d432", kill_on_drop: false }`
[INFO] running `Command { std: "docker" "inspect" "65f6db006d97873193634a5796c5abe1273a5e6f9405309f0a5d264aa3a2d432", kill_on_drop: false }`
[INFO] running `Command { std: "docker" "rm" "-f" "65f6db006d97873193634a5796c5abe1273a5e6f9405309f0a5d264aa3a2d432", kill_on_drop: false }`
[INFO] [stdout] 65f6db006d97873193634a5796c5abe1273a5e6f9405309f0a5d264aa3a2d432
[INFO] running `Command { std: "docker" "create" "-v" "/var/lib/crater-agent-workspace/builds/worker-6-tc1/target:/opt/rustwide/target:rw,Z" "-v" "/var/lib/crater-agent-workspace/builds/worker-6-tc1/source:/opt/rustwide/workdir:ro,Z" "-v" "/var/lib/crater-agent-workspace/cargo-home:/opt/rustwide/cargo-home:ro,Z" "-v" "/var/lib/crater-agent-workspace/rustup-home:/opt/rustwide/rustup-home:ro,Z" "-e" "SOURCE_DIR=/opt/rustwide/workdir" "-e" "CARGO_TARGET_DIR=/opt/rustwide/target" "-e" "CARGO_INCREMENTAL=0" "-e" "RUST_BACKTRACE=full" "-e" "RUSTFLAGS=--cap-lints=forbid" "-e" "RUSTDOCFLAGS=--cap-lints=forbid" "-e" "CARGO_HOME=/opt/rustwide/cargo-home" "-e" "RUSTUP_HOME=/opt/rustwide/rustup-home" "-w" "/opt/rustwide/workdir" "-m" "1610612736" "--user" "0:0" "--network" "none" "ghcr.io/rust-lang/crates-build-env/linux@sha256:2788e3201cd34a07e3172128adcd8b3090168a8e3bcc40d7c032b9dda1df7d1c" "/opt/rustwide/cargo-home/bin/cargo" "+nightly-2024-02-05" "check" "--frozen" "--all" "--all-targets" "--message-format=json", kill_on_drop: false }`
[INFO] [stdout] adde36f5fa28d8050f0809506e42346d688c5f3fd3e25800dc7c42cb71e71ed8
[INFO] running `Command { std: "docker" "start" "-a" "adde36f5fa28d8050f0809506e42346d688c5f3fd3e25800dc7c42cb71e71ed8", kill_on_drop: false }`
[INFO] [stderr]    Compiling phf_shared v0.11.2
[INFO] [stderr]    Compiling serde_json v1.0.113
[INFO] [stderr]    Compiling syn v2.0.48
[INFO] [stderr]     Checking quick-xml v0.25.0
[INFO] [stderr]    Compiling phf_generator v0.11.2
[INFO] [stderr]    Compiling serde_derive v1.0.196
[INFO] [stderr]    Compiling phf_macros v0.11.2
[INFO] [stderr]     Checking phf v0.11.2
[INFO] [stderr]     Checking fhirbolt-shared v0.4.0
[INFO] [stderr]     Checking serde v1.0.196
[INFO] [stderr]     Checking assert-json-diff v2.0.2
[INFO] [stderr]     Checking fhirbolt-element v0.4.0
[INFO] [stderr]     Checking fhirbolt-serde v0.4.0 (/opt/rustwide/workdir)
[INFO] [stdout] error[E0433]: failed to resolve: use of undeclared crate or module `fhirbolt_model`
[INFO] [stdout]  --> src/model/mod.rs:7:9
[INFO] [stdout]   |
[INFO] [stdout] 7 |     use fhirbolt_model::r4b::{
[INFO] [stdout]   |         ^^^^^^^^^^^^^^ use of undeclared crate or module `fhirbolt_model`
[INFO] [stdout] 
[INFO] [stdout] 
[INFO] [stdout] error[E0432]: unresolved import `test_utils`
[INFO] [stdout]    --> src/element/mod.rs:124:9
[INFO] [stdout]     |
[INFO] [stdout] 124 |     use test_utils::assert_xml_eq;
[INFO] [stdout]     |         ^^^^^^^^^^ use of undeclared crate or module `test_utils`
[INFO] [stdout] 
[INFO] [stdout] 
[INFO] [stdout] error: aborting due to 2 previous errors
[INFO] [stdout] 
[INFO] [stdout] 
[INFO] [stdout] Some errors have detailed explanations: E0432, E0433.
[INFO] [stdout] 
[INFO] [stdout] For more information about an error, try `rustc --explain E0432`.
[INFO] [stdout] 
[INFO] [stderr] error: could not compile `fhirbolt-serde` (lib test) due to 3 previous errors
[INFO] [stderr] warning: build failed, waiting for other jobs to finish...
[INFO] running `Command { std: "docker" "inspect" "adde36f5fa28d8050f0809506e42346d688c5f3fd3e25800dc7c42cb71e71ed8", kill_on_drop: false }`
[INFO] running `Command { std: "docker" "rm" "-f" "adde36f5fa28d8050f0809506e42346d688c5f3fd3e25800dc7c42cb71e71ed8", kill_on_drop: false }`
[INFO] [stdout] adde36f5fa28d8050f0809506e42346d688c5f3fd3e25800dc7c42cb71e71ed8
[INFO] checking fhirbolt-serde-0.4.0 against nightly-2024-02-05+rustflags=-Dunexpected_cfgs+cargoflags=-Zcheck-cfg for check-cfg
[INFO] extracting crate fhirbolt-serde 0.4.0 into /workspace/builds/worker-6-tc2/source
[INFO] validating manifest of crates.io crate fhirbolt-serde 0.4.0 on toolchain nightly-2024-02-05
[INFO] running `Command { std: CARGO_HOME="/workspace/cargo-home" RUSTUP_HOME="/workspace/rustup-home" "/workspace/cargo-home/bin/cargo" "+nightly-2024-02-05" "metadata" "--manifest-path" "Cargo.toml" "--no-deps", kill_on_drop: false }`
[INFO] started tweaking crates.io crate fhirbolt-serde 0.4.0
[INFO] finished tweaking crates.io crate fhirbolt-serde 0.4.0
[INFO] tweaked toml for crates.io crate fhirbolt-serde 0.4.0 written to /workspace/builds/worker-6-tc2/source/Cargo.toml
[INFO] running `Command { std: CARGO_HOME="/workspace/cargo-home" RUSTUP_HOME="/workspace/rustup-home" "/workspace/cargo-home/bin/cargo" "+nightly-2024-02-05" "generate-lockfile" "--manifest-path" "Cargo.toml", kill_on_drop: false }`
[INFO] [stderr]     Updating crates.io index
[INFO] running `Command { std: CARGO_HOME="/workspace/cargo-home" RUSTUP_HOME="/workspace/rustup-home" "/workspace/cargo-home/bin/cargo" "+nightly-2024-02-05" "fetch" "--manifest-path" "Cargo.toml", kill_on_drop: false }`
[INFO] running `Command { std: "docker" "create" "-v" "/var/lib/crater-agent-workspace/builds/worker-6-tc2/target:/opt/rustwide/target:rw,Z" "-v" "/var/lib/crater-agent-workspace/builds/worker-6-tc2/source:/opt/rustwide/workdir:ro,Z" "-v" "/var/lib/crater-agent-workspace/cargo-home:/opt/rustwide/cargo-home:ro,Z" "-v" "/var/lib/crater-agent-workspace/rustup-home:/opt/rustwide/rustup-home:ro,Z" "-e" "SOURCE_DIR=/opt/rustwide/workdir" "-e" "CARGO_TARGET_DIR=/opt/rustwide/target" "-e" "CARGO_HOME=/opt/rustwide/cargo-home" "-e" "RUSTUP_HOME=/opt/rustwide/rustup-home" "-w" "/opt/rustwide/workdir" "-m" "1610612736" "--user" "0:0" "--network" "none" "ghcr.io/rust-lang/crates-build-env/linux@sha256:2788e3201cd34a07e3172128adcd8b3090168a8e3bcc40d7c032b9dda1df7d1c" "/opt/rustwide/cargo-home/bin/cargo" "+nightly-2024-02-05" "metadata" "--no-deps" "--format-version=1", kill_on_drop: false }`
[INFO] [stdout] 25caa2225915185205e02e23c3f236dbc9ae339ea329eb09f35f31a3764b26c0
[INFO] running `Command { std: "docker" "start" "-a" "25caa2225915185205e02e23c3f236dbc9ae339ea329eb09f35f31a3764b26c0", kill_on_drop: false }`
[INFO] running `Command { std: "docker" "inspect" "25caa2225915185205e02e23c3f236dbc9ae339ea329eb09f35f31a3764b26c0", kill_on_drop: false }`
[INFO] running `Command { std: "docker" "rm" "-f" "25caa2225915185205e02e23c3f236dbc9ae339ea329eb09f35f31a3764b26c0", kill_on_drop: false }`
[INFO] [stdout] 25caa2225915185205e02e23c3f236dbc9ae339ea329eb09f35f31a3764b26c0
[INFO] running `Command { std: "docker" "create" "-v" "/var/lib/crater-agent-workspace/builds/worker-6-tc2/target:/opt/rustwide/target:rw,Z" "-v" "/var/lib/crater-agent-workspace/builds/worker-6-tc2/source:/opt/rustwide/workdir:ro,Z" "-v" "/var/lib/crater-agent-workspace/cargo-home:/opt/rustwide/cargo-home:ro,Z" "-v" "/var/lib/crater-agent-workspace/rustup-home:/opt/rustwide/rustup-home:ro,Z" "-e" "SOURCE_DIR=/opt/rustwide/workdir" "-e" "CARGO_TARGET_DIR=/opt/rustwide/target" "-e" "CARGO_INCREMENTAL=0" "-e" "RUST_BACKTRACE=full" "-e" "RUSTFLAGS=--cap-lints=forbid -Dunexpected_cfgs" "-e" "RUSTDOCFLAGS=--cap-lints=forbid" "-e" "CARGO_HOME=/opt/rustwide/cargo-home" "-e" "RUSTUP_HOME=/opt/rustwide/rustup-home" "-w" "/opt/rustwide/workdir" "-m" "1610612736" "--user" "0:0" "--network" "none" "ghcr.io/rust-lang/crates-build-env/linux@sha256:2788e3201cd34a07e3172128adcd8b3090168a8e3bcc40d7c032b9dda1df7d1c" "/opt/rustwide/cargo-home/bin/cargo" "+nightly-2024-02-05" "check" "--frozen" "--all" "--all-targets" "--message-format=json" "-Zcheck-cfg", kill_on_drop: false }`
[INFO] [stdout] d1ed6618f6c6dd648d9376560bd2f4edf54de9da6744259bd2fef03fb347cfeb
[INFO] running `Command { std: "docker" "start" "-a" "d1ed6618f6c6dd648d9376560bd2f4edf54de9da6744259bd2fef03fb347cfeb", kill_on_drop: false }`
[INFO] [stderr]    Compiling phf_shared v0.11.2
[INFO] [stderr]    Compiling serde_json v1.0.113
[INFO] [stderr]    Compiling syn v2.0.48
[INFO] [stderr]     Checking quick-xml v0.25.0
[INFO] [stderr]    Compiling phf_generator v0.11.2
[INFO] [stderr]    Compiling phf_macros v0.11.2
[INFO] [stderr]    Compiling serde_derive v1.0.196
[INFO] [stderr]     Checking phf v0.11.2
[INFO] [stderr]     Checking fhirbolt-shared v0.4.0
[INFO] [stderr]     Checking serde v1.0.196
[INFO] [stderr]     Checking assert-json-diff v2.0.2
[INFO] [stderr]     Checking fhirbolt-element v0.4.0
[INFO] [stderr]     Checking fhirbolt-serde v0.4.0 (/opt/rustwide/workdir)
[INFO] [stdout] error[E0433]: failed to resolve: use of undeclared crate or module `fhirbolt_model`
[INFO] [stdout]  --> src/model/mod.rs:7:9
[INFO] [stdout]   |
[INFO] [stdout] 7 |     use fhirbolt_model::r4b::{
[INFO] [stdout]   |         ^^^^^^^^^^^^^^ use of undeclared crate or module `fhirbolt_model`
[INFO] [stdout] 
[INFO] [stdout] 
[INFO] [stdout] error[E0432]: unresolved import `test_utils`
[INFO] [stdout]    --> src/element/mod.rs:124:9
[INFO] [stdout]     |
[INFO] [stdout] 124 |     use test_utils::assert_xml_eq;
[INFO] [stdout]     |         ^^^^^^^^^^ use of undeclared crate or module `test_utils`
[INFO] [stdout] 
[INFO] [stdout] 
[INFO] [stdout] error: unexpected `cfg` condition name: `docsrs`
[INFO] [stdout]  --> src/model/mod.rs:1:11
[INFO] [stdout]   |
[INFO] [stdout] 1 | #[cfg(not(docsrs))]
[INFO] [stdout]   |           ^^^^^^
[INFO] [stdout]   |
[INFO] [stdout]   = help: expected names are: `debug_assertions`, `doc`, `doctest`, `feature`, `miri`, `overflow_checks`, `panic`, `proc_macro`, `relocation_model`, `sanitize`, `sanitizer_cfi_generalize_pointers`, `sanitizer_cfi_normalize_integers`, `target_abi`, `target_arch`, `target_endian`, `target_env`, `target_family`, `target_feature`, `target_has_atomic`, `target_has_atomic_equal_alignment`, `target_has_atomic_load_store`, `target_os`, `target_pointer_width`, `target_thread_local`, `target_vendor`, `test`, `unix`, `windows`
[INFO] [stdout]   = help: consider using a Cargo feature instead or adding `println!("cargo:rustc-check-cfg=cfg(docsrs)");` to the top of a `build.rs`
[INFO] [stdout]   = note: see <https://doc.rust-lang.org/nightly/cargo/reference/unstable.html#check-cfg> for more information about checking conditional configuration
[INFO] [stdout]   = note: requested on the command line with `-D unexpected-cfgs`
[INFO] [stdout] 
[INFO] [stdout] 
[INFO] [stdout] error: unexpected `cfg` condition name: `docsrs`
[INFO] [stdout]  --> src/model/mod.rs:1:11
[INFO] [stdout]   |
[INFO] [stdout] 1 | #[cfg(not(docsrs))]
[INFO] [stdout]   |           ^^^^^^
[INFO] [stdout]   |
[INFO] [stdout]   = help: expected names are: `debug_assertions`, `doc`, `doctest`, `feature`, `miri`, `overflow_checks`, `panic`, `proc_macro`, `relocation_model`, `sanitize`, `sanitizer_cfi_generalize_pointers`, `sanitizer_cfi_normalize_integers`, `target_abi`, `target_arch`, `target_endian`, `target_env`, `target_family`, `target_feature`, `target_has_atomic`, `target_has_atomic_equal_alignment`, `target_has_atomic_load_store`, `target_os`, `target_pointer_width`, `target_thread_local`, `target_vendor`, `test`, `unix`, `windows`
[INFO] [stdout]   = help: consider using a Cargo feature instead or adding `println!("cargo:rustc-check-cfg=cfg(docsrs)");` to the top of a `build.rs`
[INFO] [stdout]   = note: see <https://doc.rust-lang.org/nightly/cargo/reference/unstable.html#check-cfg> for more information about checking conditional configuration
[INFO] [stdout]   = note: requested on the command line with `-D unexpected-cfgs`
[INFO] [stdout] 
[INFO] [stdout] 
[INFO] [stdout] error: aborting due to 3 previous errors
[INFO] [stdout] 
[INFO] [stdout] 
[INFO] [stdout] Some errors have detailed explanations: E0432, E0433.
[INFO] [stdout] 
[INFO] [stdout] For more information about an error, try `rustc --explain E0432`.
[INFO] [stdout] 
[INFO] [stderr] error: could not compile `fhirbolt-serde` (lib test) due to 4 previous errors
[INFO] [stderr] warning: build failed, waiting for other jobs to finish...
[INFO] [stdout] error: aborting due to 1 previous error
[INFO] [stdout] 
[INFO] [stdout] 
[INFO] [stderr] error: could not compile `fhirbolt-serde` (lib) due to 2 previous errors
[INFO] running `Command { std: "docker" "inspect" "d1ed6618f6c6dd648d9376560bd2f4edf54de9da6744259bd2fef03fb347cfeb", kill_on_drop: false }`
[INFO] running `Command { std: "docker" "rm" "-f" "d1ed6618f6c6dd648d9376560bd2f4edf54de9da6744259bd2fef03fb347cfeb", kill_on_drop: false }`
[INFO] [stdout] d1ed6618f6c6dd648d9376560bd2f4edf54de9da6744259bd2fef03fb347cfeb
