[INFO] fetching crate fgen 0.1.0...
[INFO] checking fgen-0.1.0 against nightly-2024-02-05 for check-cfg
[INFO] extracting crate fgen 0.1.0 into /workspace/builds/worker-4-tc1/source
[INFO] validating manifest of crates.io crate fgen 0.1.0 on toolchain nightly-2024-02-05
[INFO] running `Command { std: CARGO_HOME="/workspace/cargo-home" RUSTUP_HOME="/workspace/rustup-home" "/workspace/cargo-home/bin/cargo" "+nightly-2024-02-05" "metadata" "--manifest-path" "Cargo.toml" "--no-deps", kill_on_drop: false }`
[INFO] started tweaking crates.io crate fgen 0.1.0
[INFO] finished tweaking crates.io crate fgen 0.1.0
[INFO] tweaked toml for crates.io crate fgen 0.1.0 written to /workspace/builds/worker-4-tc1/source/Cargo.toml
[INFO] running `Command { std: CARGO_HOME="/workspace/cargo-home" RUSTUP_HOME="/workspace/rustup-home" "/workspace/cargo-home/bin/cargo" "+nightly-2024-02-05" "generate-lockfile" "--manifest-path" "Cargo.toml", kill_on_drop: false }`
[INFO] [stderr]     Blocking waiting for file lock on package cache
[INFO] [stderr]     Updating crates.io index
[INFO] running `Command { std: CARGO_HOME="/workspace/cargo-home" RUSTUP_HOME="/workspace/rustup-home" "/workspace/cargo-home/bin/cargo" "+nightly-2024-02-05" "fetch" "--manifest-path" "Cargo.toml", kill_on_drop: false }`
[INFO] [stderr]  Downloading crates ...
[INFO] [stderr]   Downloaded unic-char-range v0.7.0
[INFO] [stderr]   Downloaded unic-segment v0.7.0
[INFO] [stderr]   Downloaded unic-ucd-version v0.7.0
[INFO] [stderr]   Downloaded unic-common v0.7.0
[INFO] [stderr]   Downloaded unic-char-property v0.7.0
[INFO] [stderr]   Downloaded unic-ucd-segment v0.7.0
[INFO] [stderr]   Downloaded tera v0.11.20
[INFO] [stderr]   Downloaded serde_derive v1.0.58
[INFO] [stderr]   Downloaded cbindgen v0.6.8
[INFO] running `Command { std: "docker" "create" "-v" "/var/lib/crater-agent-workspace/builds/worker-4-tc1/target:/opt/rustwide/target:rw,Z" "-v" "/var/lib/crater-agent-workspace/builds/worker-4-tc1/source:/opt/rustwide/workdir:ro,Z" "-v" "/var/lib/crater-agent-workspace/cargo-home:/opt/rustwide/cargo-home:ro,Z" "-v" "/var/lib/crater-agent-workspace/rustup-home:/opt/rustwide/rustup-home:ro,Z" "-e" "SOURCE_DIR=/opt/rustwide/workdir" "-e" "CARGO_TARGET_DIR=/opt/rustwide/target" "-e" "CARGO_HOME=/opt/rustwide/cargo-home" "-e" "RUSTUP_HOME=/opt/rustwide/rustup-home" "-w" "/opt/rustwide/workdir" "-m" "1610612736" "--user" "0:0" "--network" "none" "ghcr.io/rust-lang/crates-build-env/linux@sha256:2788e3201cd34a07e3172128adcd8b3090168a8e3bcc40d7c032b9dda1df7d1c" "/opt/rustwide/cargo-home/bin/cargo" "+nightly-2024-02-05" "metadata" "--no-deps" "--format-version=1", kill_on_drop: false }`
[INFO] [stdout] 8659b2fd179726eaa8dd7da79f88b4f9eb01890fcfadc55b0a9d253a80105608
[INFO] running `Command { std: "docker" "start" "-a" "8659b2fd179726eaa8dd7da79f88b4f9eb01890fcfadc55b0a9d253a80105608", kill_on_drop: false }`
[INFO] running `Command { std: "docker" "inspect" "8659b2fd179726eaa8dd7da79f88b4f9eb01890fcfadc55b0a9d253a80105608", kill_on_drop: false }`
[INFO] running `Command { std: "docker" "rm" "-f" "8659b2fd179726eaa8dd7da79f88b4f9eb01890fcfadc55b0a9d253a80105608", kill_on_drop: false }`
[INFO] [stdout] 8659b2fd179726eaa8dd7da79f88b4f9eb01890fcfadc55b0a9d253a80105608
[INFO] running `Command { std: "docker" "create" "-v" "/var/lib/crater-agent-workspace/builds/worker-4-tc1/target:/opt/rustwide/target:rw,Z" "-v" "/var/lib/crater-agent-workspace/builds/worker-4-tc1/source:/opt/rustwide/workdir:ro,Z" "-v" "/var/lib/crater-agent-workspace/cargo-home:/opt/rustwide/cargo-home:ro,Z" "-v" "/var/lib/crater-agent-workspace/rustup-home:/opt/rustwide/rustup-home:ro,Z" "-e" "SOURCE_DIR=/opt/rustwide/workdir" "-e" "CARGO_TARGET_DIR=/opt/rustwide/target" "-e" "CARGO_INCREMENTAL=0" "-e" "RUST_BACKTRACE=full" "-e" "RUSTFLAGS=--cap-lints=forbid" "-e" "RUSTDOCFLAGS=--cap-lints=forbid" "-e" "CARGO_HOME=/opt/rustwide/cargo-home" "-e" "RUSTUP_HOME=/opt/rustwide/rustup-home" "-w" "/opt/rustwide/workdir" "-m" "1610612736" "--user" "0:0" "--network" "none" "ghcr.io/rust-lang/crates-build-env/linux@sha256:2788e3201cd34a07e3172128adcd8b3090168a8e3bcc40d7c032b9dda1df7d1c" "/opt/rustwide/cargo-home/bin/cargo" "+nightly-2024-02-05" "check" "--frozen" "--all" "--all-targets" "--message-format=json", kill_on_drop: false }`
[INFO] [stdout] f0a8706cd0e930fcb0e3c765fb48f1155462f32892e8ace8d4a90592e17f2c73
[INFO] running `Command { std: "docker" "start" "-a" "f0a8706cd0e930fcb0e3c765fb48f1155462f32892e8ace8d4a90592e17f2c73", kill_on_drop: false }`
[INFO] [stderr]    Compiling libc v0.2.153
[INFO] [stderr]    Compiling proc-macro2 v1.0.78
[INFO] [stderr]    Compiling unicode-ident v1.0.12
[INFO] [stderr]     Checking memchr v2.7.1
[INFO] [stderr]    Compiling thiserror v1.0.56
[INFO] [stderr]    Compiling ucd-trie v0.1.6
[INFO] [stderr]     Checking gimli v0.28.1
[INFO] [stderr]     Checking adler v1.0.2
[INFO] [stderr]     Checking tinyvec_macros v0.1.1
[INFO] [stderr]    Compiling serde v1.0.102
[INFO] [stderr]     Checking unic-char-range v0.7.0
[INFO] [stderr]     Checking regex-syntax v0.8.2
[INFO] [stderr]    Compiling once_cell v1.19.0
[INFO] [stderr]     Checking rustc-demangle v0.1.23
[INFO] [stderr]    Compiling num-traits v0.2.17
[INFO] [stderr]     Checking tinyvec v1.6.0
[INFO] [stderr]     Checking miniz_oxide v0.7.2
[INFO] [stderr]     Checking unic-common v0.7.0
[INFO] [stderr]    Compiling version_check v0.9.4
[INFO] [stderr]     Checking unic-ucd-version v0.7.0
[INFO] [stderr]     Checking unic-char-property v0.7.0
[INFO] [stderr]    Compiling serde_json v1.0.99
[INFO] [stderr]     Checking unicode-bidi v0.3.15
[INFO] [stderr]     Checking matches v0.1.10
[INFO] [stderr]     Checking unic-ucd-segment v0.7.0
[INFO] [stderr]     Checking percent-encoding v1.0.1
[INFO] [stderr]     Checking itoa v1.0.10
[INFO] [stderr]     Checking iana-time-zone v0.1.60
[INFO] [stderr]     Checking deunicode v1.4.2
[INFO] [stderr]    Compiling error-chain v0.12.4
[INFO] [stderr]     Checking object v0.32.2
[INFO] [stderr]     Checking aho-corasick v1.1.2
[INFO] [stderr]     Checking ryu v1.0.16
[INFO] [stderr]     Checking quick-error v1.2.3
[INFO] [stderr]     Checking slug v0.1.5
[INFO] [stderr]     Checking humantime v1.3.0
[INFO] [stderr]     Checking unic-segment v0.7.0
[INFO] [stderr]     Checking log v0.4.20
[INFO] [stderr]     Checking glob v0.2.11
[INFO] [stderr]    Compiling fgen v0.1.0 (/opt/rustwide/workdir)
[INFO] [stdout] warning: unused import: `std::env`
[INFO] [stdout]  --> build.rs:4:5
[INFO] [stdout]   |
[INFO] [stdout] 4 | use std::env;
[INFO] [stdout]   |     ^^^^^^^^
[INFO] [stdout]   |
[INFO] [stdout]   = note: `#[warn(unused_imports)]` on by default
[INFO] [stdout] 
[INFO] [stdout] 
[INFO] [stderr]     Checking humansize v1.1.1
[INFO] [stderr]    Compiling quote v1.0.35
[INFO] [stderr]     Checking termcolor v1.4.1
[INFO] [stderr]     Checking lazy_static v1.4.0
[INFO] [stderr]     Checking remove_dir_all v0.5.3
[INFO] [stderr]     Checking unicode-normalization v0.1.22
[INFO] [stdout] warning: 1 warning emitted
[INFO] [stdout] 
[INFO] [stdout] 
[INFO] [stderr]    Compiling syn v2.0.48
[INFO] [stderr]     Checking atty v0.2.14
[INFO] [stderr]     Checking rand v0.4.6
[INFO] [stderr]    Compiling cc v1.0.83
[INFO] [stderr]     Checking idna v0.1.5
[INFO] [stderr]     Checking chrono v0.4.33
[INFO] [stderr]     Checking tempdir v0.3.7
[INFO] [stderr]     Checking url v1.7.2
[INFO] [stderr]     Checking regex-automata v0.4.5
[INFO] [stderr]    Compiling backtrace v0.3.69
[INFO] [stderr]     Checking addr2line v0.21.0
[INFO] [stderr]     Checking error-chain v0.11.0
[INFO] [stderr]     Checking regex v1.10.3
[INFO] [stderr]    Compiling thiserror-impl v1.0.56
[INFO] [stderr]     Checking env_logger v0.5.13
[INFO] [stderr]    Compiling pest v2.7.7
[INFO] [stderr]    Compiling pest_meta v2.7.7
[INFO] [stderr]    Compiling pest_generator v2.7.7
[INFO] [stderr]    Compiling pest_derive v2.7.7
[INFO] [stderr]     Checking tera v0.11.20
[INFO] [stdout] warning: use of deprecated method `std::error::Error::description`: use the Display impl or to_string()
[INFO] [stdout]   --> src/errors.rs:1:1
[INFO] [stdout]    |
[INFO] [stdout] 1  | / error_chain! {
[INFO] [stdout] 2  | |
[INFO] [stdout] 3  | |     foreign_links {
[INFO] [stdout] 4  | |         Fmt(::std::fmt::Error);
[INFO] [stdout] ...  |
[INFO] [stdout] 29 | |     }
[INFO] [stdout] 30 | | }
[INFO] [stdout]    | |_^
[INFO] [stdout]    |
[INFO] [stdout]    = note: `#[warn(deprecated)]` on by default
[INFO] [stdout]    = note: this warning originates in the macro `impl_error_chain_processed` which comes from the expansion of the macro `error_chain` (in Nightly builds, run with -Z macro-backtrace for more info)
[INFO] [stdout] 
[INFO] [stdout] 
[INFO] [stdout] warning: use of deprecated method `std::error::Error::description`: use the Display impl or to_string()
[INFO] [stdout]   --> src/errors.rs:1:1
[INFO] [stdout]    |
[INFO] [stdout] 1  | / error_chain! {
[INFO] [stdout] 2  | |
[INFO] [stdout] 3  | |     foreign_links {
[INFO] [stdout] 4  | |         Fmt(::std::fmt::Error);
[INFO] [stdout] ...  |
[INFO] [stdout] 29 | |     }
[INFO] [stdout] 30 | | }
[INFO] [stdout]    | |_^
[INFO] [stdout]    |
[INFO] [stdout]    = note: `#[warn(deprecated)]` on by default
[INFO] [stdout]    = note: this warning originates in the macro `impl_error_chain_processed` which comes from the expansion of the macro `error_chain` (in Nightly builds, run with -Z macro-backtrace for more info)
[INFO] [stdout] 
[INFO] [stdout] 
[INFO] [stdout] warning: use of deprecated method `std::error::Error::cause`: replaced by Error::source, which can support downcasting
[INFO] [stdout]   --> src/errors.rs:1:1
[INFO] [stdout]    |
[INFO] [stdout] 1  | / error_chain! {
[INFO] [stdout] 2  | |
[INFO] [stdout] 3  | |     foreign_links {
[INFO] [stdout] 4  | |         Fmt(::std::fmt::Error);
[INFO] [stdout] ...  |
[INFO] [stdout] 29 | |     }
[INFO] [stdout] 30 | | }
[INFO] [stdout]    | |_^
[INFO] [stdout]    |
[INFO] [stdout]    = note: this warning originates in the macro `impl_error_chain_processed` which comes from the expansion of the macro `error_chain` (in Nightly builds, run with -Z macro-backtrace for more info)
[INFO] [stdout] 
[INFO] [stdout] 
[INFO] [stdout] warning: use of deprecated method `tera::Context::add`: Use `insert` instead to keep consistency with std collections
[INFO] [stdout]    --> src/generator.rs:211:17
[INFO] [stdout]     |
[INFO] [stdout] 211 |         context.add("msg", &"Hello World!");
[INFO] [stdout]     |                 ^^^
[INFO] [stdout] 
[INFO] [stdout] 
[INFO] [stdout] warning: use of deprecated method `tera::Context::add`: Use `insert` instead to keep consistency with std collections
[INFO] [stdout]    --> src/generator.rs:237:17
[INFO] [stdout]     |
[INFO] [stdout] 237 |         context.add("msg", &"Hello World!");
[INFO] [stdout]     |                 ^^^
[INFO] [stdout] 
[INFO] [stdout] 
[INFO] [stdout] warning: use of deprecated method `std::error::Error::cause`: replaced by Error::source, which can support downcasting
[INFO] [stdout]   --> src/errors.rs:1:1
[INFO] [stdout]    |
[INFO] [stdout] 1  | / error_chain! {
[INFO] [stdout] 2  | |
[INFO] [stdout] 3  | |     foreign_links {
[INFO] [stdout] 4  | |         Fmt(::std::fmt::Error);
[INFO] [stdout] ...  |
[INFO] [stdout] 29 | |     }
[INFO] [stdout] 30 | | }
[INFO] [stdout]    | |_^
[INFO] [stdout]    |
[INFO] [stdout]    = note: this warning originates in the macro `impl_error_chain_processed` which comes from the expansion of the macro `error_chain` (in Nightly builds, run with -Z macro-backtrace for more info)
[INFO] [stdout] 
[INFO] [stdout] 
[INFO] [stdout] warning: 2 warnings emitted
[INFO] [stdout] 
[INFO] [stdout] 
[INFO] [stdout] warning: 4 warnings emitted
[INFO] [stdout] 
[INFO] [stdout] 
[INFO] [stdout] error: expected `;`, found `}`
[INFO] [stdout]   --> tests/integration.rs:19:41
[INFO] [stdout]    |
[INFO] [stdout] 19 |     let generated_path = project_path.cl
[INFO] [stdout]    |                                         ^ help: add `;` here
[INFO] [stdout] 20 | }
[INFO] [stdout]    | - unexpected token
[INFO] [stdout] 
[INFO] [stdout] 
[INFO] [stdout] error[E0463]: can't find crate for `generator`
[INFO] [stdout]  --> tests/integration.rs:1:1
[INFO] [stdout]   |
[INFO] [stdout] 1 | extern crate generator;
[INFO] [stdout]   | ^^^^^^^^^^^^^^^^^^^^^^^ can't find crate
[INFO] [stdout] 
[INFO] [stdout] 
[INFO] [stdout] error[E0609]: no field `cl` on type `&Path`
[INFO] [stdout]   --> tests/integration.rs:19:39
[INFO] [stdout]    |
[INFO] [stdout] 19 |     let generated_path = project_path.cl
[INFO] [stdout]    |                                       ^^ unknown field
[INFO] [stdout] 
[INFO] [stdout] 
[INFO] [stdout] error: aborting due to 3 previous errors
[INFO] [stdout] 
[INFO] [stdout] 
[INFO] [stdout] Some errors have detailed explanations: E0463, E0609.
[INFO] [stdout] 
[INFO] [stdout] For more information about an error, try `rustc --explain E0463`.
[INFO] [stdout] 
[INFO] [stderr] error: could not compile `fgen` (test "integration") due to 4 previous errors
[INFO] running `Command { std: "docker" "inspect" "f0a8706cd0e930fcb0e3c765fb48f1155462f32892e8ace8d4a90592e17f2c73", kill_on_drop: false }`
[INFO] running `Command { std: "docker" "rm" "-f" "f0a8706cd0e930fcb0e3c765fb48f1155462f32892e8ace8d4a90592e17f2c73", kill_on_drop: false }`
[INFO] [stdout] f0a8706cd0e930fcb0e3c765fb48f1155462f32892e8ace8d4a90592e17f2c73
[INFO] checking fgen-0.1.0 against nightly-2024-02-05+rustflags=-Dunexpected_cfgs+cargoflags=-Zcheck-cfg for check-cfg
[INFO] extracting crate fgen 0.1.0 into /workspace/builds/worker-4-tc2/source
[INFO] validating manifest of crates.io crate fgen 0.1.0 on toolchain nightly-2024-02-05
[INFO] running `Command { std: CARGO_HOME="/workspace/cargo-home" RUSTUP_HOME="/workspace/rustup-home" "/workspace/cargo-home/bin/cargo" "+nightly-2024-02-05" "metadata" "--manifest-path" "Cargo.toml" "--no-deps", kill_on_drop: false }`
[INFO] started tweaking crates.io crate fgen 0.1.0
[INFO] finished tweaking crates.io crate fgen 0.1.0
[INFO] tweaked toml for crates.io crate fgen 0.1.0 written to /workspace/builds/worker-4-tc2/source/Cargo.toml
[INFO] running `Command { std: CARGO_HOME="/workspace/cargo-home" RUSTUP_HOME="/workspace/rustup-home" "/workspace/cargo-home/bin/cargo" "+nightly-2024-02-05" "generate-lockfile" "--manifest-path" "Cargo.toml", kill_on_drop: false }`
[INFO] [stderr]     Updating crates.io index
[INFO] running `Command { std: CARGO_HOME="/workspace/cargo-home" RUSTUP_HOME="/workspace/rustup-home" "/workspace/cargo-home/bin/cargo" "+nightly-2024-02-05" "fetch" "--manifest-path" "Cargo.toml", kill_on_drop: false }`
[INFO] running `Command { std: "docker" "create" "-v" "/var/lib/crater-agent-workspace/builds/worker-4-tc2/target:/opt/rustwide/target:rw,Z" "-v" "/var/lib/crater-agent-workspace/builds/worker-4-tc2/source:/opt/rustwide/workdir:ro,Z" "-v" "/var/lib/crater-agent-workspace/cargo-home:/opt/rustwide/cargo-home:ro,Z" "-v" "/var/lib/crater-agent-workspace/rustup-home:/opt/rustwide/rustup-home:ro,Z" "-e" "SOURCE_DIR=/opt/rustwide/workdir" "-e" "CARGO_TARGET_DIR=/opt/rustwide/target" "-e" "CARGO_HOME=/opt/rustwide/cargo-home" "-e" "RUSTUP_HOME=/opt/rustwide/rustup-home" "-w" "/opt/rustwide/workdir" "-m" "1610612736" "--user" "0:0" "--network" "none" "ghcr.io/rust-lang/crates-build-env/linux@sha256:2788e3201cd34a07e3172128adcd8b3090168a8e3bcc40d7c032b9dda1df7d1c" "/opt/rustwide/cargo-home/bin/cargo" "+nightly-2024-02-05" "metadata" "--no-deps" "--format-version=1", kill_on_drop: false }`
[INFO] [stdout] 13b5c4830c733188c456c0f59ec1d7943700f0af1cd44b43bba375d054b29538
[INFO] running `Command { std: "docker" "start" "-a" "13b5c4830c733188c456c0f59ec1d7943700f0af1cd44b43bba375d054b29538", kill_on_drop: false }`
[INFO] running `Command { std: "docker" "inspect" "13b5c4830c733188c456c0f59ec1d7943700f0af1cd44b43bba375d054b29538", kill_on_drop: false }`
[INFO] running `Command { std: "docker" "rm" "-f" "13b5c4830c733188c456c0f59ec1d7943700f0af1cd44b43bba375d054b29538", kill_on_drop: false }`
[INFO] [stdout] 13b5c4830c733188c456c0f59ec1d7943700f0af1cd44b43bba375d054b29538
[INFO] running `Command { std: "docker" "create" "-v" "/var/lib/crater-agent-workspace/builds/worker-4-tc2/target:/opt/rustwide/target:rw,Z" "-v" "/var/lib/crater-agent-workspace/builds/worker-4-tc2/source:/opt/rustwide/workdir:ro,Z" "-v" "/var/lib/crater-agent-workspace/cargo-home:/opt/rustwide/cargo-home:ro,Z" "-v" "/var/lib/crater-agent-workspace/rustup-home:/opt/rustwide/rustup-home:ro,Z" "-e" "SOURCE_DIR=/opt/rustwide/workdir" "-e" "CARGO_TARGET_DIR=/opt/rustwide/target" "-e" "CARGO_INCREMENTAL=0" "-e" "RUST_BACKTRACE=full" "-e" "RUSTFLAGS=--cap-lints=forbid -Dunexpected_cfgs" "-e" "RUSTDOCFLAGS=--cap-lints=forbid" "-e" "CARGO_HOME=/opt/rustwide/cargo-home" "-e" "RUSTUP_HOME=/opt/rustwide/rustup-home" "-w" "/opt/rustwide/workdir" "-m" "1610612736" "--user" "0:0" "--network" "none" "ghcr.io/rust-lang/crates-build-env/linux@sha256:2788e3201cd34a07e3172128adcd8b3090168a8e3bcc40d7c032b9dda1df7d1c" "/opt/rustwide/cargo-home/bin/cargo" "+nightly-2024-02-05" "check" "--frozen" "--all" "--all-targets" "--message-format=json" "-Zcheck-cfg", kill_on_drop: false }`
[INFO] [stdout] ab6d823cd77ac92d99304057db6518776660e09bee758880be1ae6c093940ce0
[INFO] running `Command { std: "docker" "start" "-a" "ab6d823cd77ac92d99304057db6518776660e09bee758880be1ae6c093940ce0", kill_on_drop: false }`
[INFO] [stderr]    Compiling libc v0.2.153
[INFO] [stderr]    Compiling proc-macro2 v1.0.78
[INFO] [stderr]    Compiling unicode-ident v1.0.12
[INFO] [stderr]     Checking memchr v2.7.1
[INFO] [stderr]    Compiling thiserror v1.0.56
[INFO] [stderr]     Checking tinyvec_macros v0.1.1
[INFO] [stderr]    Compiling ucd-trie v0.1.6
[INFO] [stderr]     Checking adler v1.0.2
[INFO] [stderr]     Checking gimli v0.28.1
[INFO] [stderr]    Compiling serde v1.0.102
[INFO] [stderr]     Checking unic-char-range v0.7.0
[INFO] [stderr]     Checking rustc-demangle v0.1.23
[INFO] [stderr]    Compiling version_check v0.9.4
[INFO] [stderr]    Compiling num-traits v0.2.17
[INFO] [stderr]     Checking regex-syntax v0.8.2
[INFO] [stderr]     Checking tinyvec v1.6.0
[INFO] [stderr]     Checking miniz_oxide v0.7.2
[INFO] [stderr]     Checking unic-common v0.7.0
[INFO] [stderr]    Compiling once_cell v1.19.0
[INFO] [stderr]     Checking unic-ucd-version v0.7.0
[INFO] [stderr]     Checking unic-char-property v0.7.0
[INFO] [stderr]     Checking unicode-bidi v0.3.15
[INFO] [stderr]     Checking matches v0.1.10
[INFO] [stderr]    Compiling serde_json v1.0.99
[INFO] [stderr]     Checking unic-ucd-segment v0.7.0
[INFO] [stderr]     Checking percent-encoding v1.0.1
[INFO] [stderr]    Compiling error-chain v0.12.4
[INFO] [stderr]     Checking deunicode v1.4.2
[INFO] [stderr]     Checking iana-time-zone v0.1.60
[INFO] [stderr]     Checking itoa v1.0.10
[INFO] [stderr]     Checking quick-error v1.2.3
[INFO] [stderr]     Checking ryu v1.0.16
[INFO] [stderr]     Checking object v0.32.2
[INFO] [stderr]     Checking aho-corasick v1.1.2
[INFO] [stderr]     Checking humantime v1.3.0
[INFO] [stderr]     Checking slug v0.1.5
[INFO] [stderr]     Checking unic-segment v0.7.0
[INFO] [stderr]     Checking log v0.4.20
[INFO] [stderr]     Checking glob v0.2.11
[INFO] [stderr]    Compiling fgen v0.1.0 (/opt/rustwide/workdir)
[INFO] [stdout] warning: unused import: `std::env`
[INFO] [stdout]  --> build.rs:4:5
[INFO] [stdout]   |
[INFO] [stdout] 4 | use std::env;
[INFO] [stdout]   |     ^^^^^^^^
[INFO] [stdout]   |
[INFO] [stdout]   = note: `#[warn(unused_imports)]` on by default
[INFO] [stdout] 
[INFO] [stdout] 
[INFO] [stderr]     Checking termcolor v1.4.1
[INFO] [stderr]     Checking humansize v1.1.1
[INFO] [stderr]     Checking lazy_static v1.4.0
[INFO] [stderr]     Checking remove_dir_all v0.5.3
[INFO] [stderr]    Compiling quote v1.0.35
[INFO] [stdout] warning: 1 warning emitted
[INFO] [stdout] 
[INFO] [stdout] 
[INFO] [stderr]     Checking unicode-normalization v0.1.22
[INFO] [stderr]    Compiling syn v2.0.48
[INFO] [stderr]     Checking atty v0.2.14
[INFO] [stderr]     Checking rand v0.4.6
[INFO] [stderr]    Compiling cc v1.0.83
[INFO] [stderr]     Checking chrono v0.4.33
[INFO] [stderr]     Checking idna v0.1.5
[INFO] [stderr]     Checking tempdir v0.3.7
[INFO] [stderr]     Checking url v1.7.2
[INFO] [stderr]    Compiling backtrace v0.3.69
[INFO] [stderr]     Checking addr2line v0.21.0
[INFO] [stderr]     Checking regex-automata v0.4.5
[INFO] [stderr]     Checking error-chain v0.11.0
[INFO] [stderr]     Checking regex v1.10.3
[INFO] [stderr]    Compiling thiserror-impl v1.0.56
[INFO] [stderr]     Checking env_logger v0.5.13
[INFO] [stderr]    Compiling pest v2.7.7
[INFO] [stderr]    Compiling pest_meta v2.7.7
[INFO] [stderr]    Compiling pest_generator v2.7.7
[INFO] [stderr]    Compiling pest_derive v2.7.7
[INFO] [stderr]     Checking tera v0.11.20
[INFO] [stdout] warning: use of deprecated method `std::error::Error::description`: use the Display impl or to_string()
[INFO] [stdout]   --> src/errors.rs:1:1
[INFO] [stdout]    |
[INFO] [stdout] 1  | / error_chain! {
[INFO] [stdout] 2  | |
[INFO] [stdout] 3  | |     foreign_links {
[INFO] [stdout] 4  | |         Fmt(::std::fmt::Error);
[INFO] [stdout] ...  |
[INFO] [stdout] 29 | |     }
[INFO] [stdout] 30 | | }
[INFO] [stdout]    | |_^
[INFO] [stdout]    |
[INFO] [stdout]    = note: `#[warn(deprecated)]` on by default
[INFO] [stdout]    = note: this warning originates in the macro `impl_error_chain_processed` which comes from the expansion of the macro `error_chain` (in Nightly builds, run with -Z macro-backtrace for more info)
[INFO] [stdout] 
[INFO] [stdout] 
[INFO] [stdout] warning: use of deprecated method `std::error::Error::description`: use the Display impl or to_string()
[INFO] [stdout]   --> src/errors.rs:1:1
[INFO] [stdout]    |
[INFO] [stdout] 1  | / error_chain! {
[INFO] [stdout] 2  | |
[INFO] [stdout] 3  | |     foreign_links {
[INFO] [stdout] 4  | |         Fmt(::std::fmt::Error);
[INFO] [stdout] ...  |
[INFO] [stdout] 29 | |     }
[INFO] [stdout] 30 | | }
[INFO] [stdout]    | |_^
[INFO] [stdout]    |
[INFO] [stdout]    = note: `#[warn(deprecated)]` on by default
[INFO] [stdout]    = note: this warning originates in the macro `impl_error_chain_processed` which comes from the expansion of the macro `error_chain` (in Nightly builds, run with -Z macro-backtrace for more info)
[INFO] [stdout] 
[INFO] [stdout] 
[INFO] [stdout] warning: use of deprecated method `std::error::Error::cause`: replaced by Error::source, which can support downcasting
[INFO] [stdout]   --> src/errors.rs:1:1
[INFO] [stdout]    |
[INFO] [stdout] 1  | / error_chain! {
[INFO] [stdout] 2  | |
[INFO] [stdout] 3  | |     foreign_links {
[INFO] [stdout] 4  | |         Fmt(::std::fmt::Error);
[INFO] [stdout] ...  |
[INFO] [stdout] 29 | |     }
[INFO] [stdout] 30 | | }
[INFO] [stdout]    | |_^
[INFO] [stdout]    |
[INFO] [stdout]    = note: this warning originates in the macro `impl_error_chain_processed` which comes from the expansion of the macro `error_chain` (in Nightly builds, run with -Z macro-backtrace for more info)
[INFO] [stdout] 
[INFO] [stdout] 
[INFO] [stdout] warning: use of deprecated method `tera::Context::add`: Use `insert` instead to keep consistency with std collections
[INFO] [stdout]    --> src/generator.rs:211:17
[INFO] [stdout]     |
[INFO] [stdout] 211 |         context.add("msg", &"Hello World!");
[INFO] [stdout]     |                 ^^^
[INFO] [stdout] 
[INFO] [stdout] 
[INFO] [stdout] warning: use of deprecated method `tera::Context::add`: Use `insert` instead to keep consistency with std collections
[INFO] [stdout]    --> src/generator.rs:237:17
[INFO] [stdout]     |
[INFO] [stdout] 237 |         context.add("msg", &"Hello World!");
[INFO] [stdout]     |                 ^^^
[INFO] [stdout] 
[INFO] [stdout] 
[INFO] [stdout] warning: use of deprecated method `std::error::Error::cause`: replaced by Error::source, which can support downcasting
[INFO] [stdout]   --> src/errors.rs:1:1
[INFO] [stdout]    |
[INFO] [stdout] 1  | / error_chain! {
[INFO] [stdout] 2  | |
[INFO] [stdout] 3  | |     foreign_links {
[INFO] [stdout] 4  | |         Fmt(::std::fmt::Error);
[INFO] [stdout] ...  |
[INFO] [stdout] 29 | |     }
[INFO] [stdout] 30 | | }
[INFO] [stdout]    | |_^
[INFO] [stdout]    |
[INFO] [stdout]    = note: this warning originates in the macro `impl_error_chain_processed` which comes from the expansion of the macro `error_chain` (in Nightly builds, run with -Z macro-backtrace for more info)
[INFO] [stdout] 
[INFO] [stdout] 
[INFO] [stdout] warning: 2 warnings emitted
[INFO] [stdout] 
[INFO] [stdout] 
[INFO] [stdout] warning: 4 warnings emitted
[INFO] [stdout] 
[INFO] [stdout] 
[INFO] [stdout] error: expected `;`, found `}`
[INFO] [stdout]   --> tests/integration.rs:19:41
[INFO] [stdout]    |
[INFO] [stdout] 19 |     let generated_path = project_path.cl
[INFO] [stdout]    |                                         ^ help: add `;` here
[INFO] [stdout] 20 | }
[INFO] [stdout]    | - unexpected token
[INFO] [stdout] 
[INFO] [stdout] 
[INFO] [stdout] error[E0463]: can't find crate for `generator`
[INFO] [stdout]  --> tests/integration.rs:1:1
[INFO] [stdout]   |
[INFO] [stdout] 1 | extern crate generator;
[INFO] [stdout]   | ^^^^^^^^^^^^^^^^^^^^^^^ can't find crate
[INFO] [stdout] 
[INFO] [stdout] 
[INFO] [stdout] error[E0609]: no field `cl` on type `&Path`
[INFO] [stdout]   --> tests/integration.rs:19:39
[INFO] [stdout]    |
[INFO] [stdout] 19 |     let generated_path = project_path.cl
[INFO] [stdout]    |                                       ^^ unknown field
[INFO] [stdout] 
[INFO] [stdout] 
[INFO] [stdout] error: aborting due to 3 previous errors
[INFO] [stdout] 
[INFO] [stdout] 
[INFO] [stdout] Some errors have detailed explanations: E0463, E0609.
[INFO] [stdout] 
[INFO] [stdout] For more information about an error, try `rustc --explain E0463`.
[INFO] [stdout] 
[INFO] [stderr] error: could not compile `fgen` (test "integration") due to 4 previous errors
[INFO] running `Command { std: "docker" "inspect" "ab6d823cd77ac92d99304057db6518776660e09bee758880be1ae6c093940ce0", kill_on_drop: false }`
[INFO] running `Command { std: "docker" "rm" "-f" "ab6d823cd77ac92d99304057db6518776660e09bee758880be1ae6c093940ce0", kill_on_drop: false }`
[INFO] [stdout] ab6d823cd77ac92d99304057db6518776660e09bee758880be1ae6c093940ce0
