[INFO] fetching crate fast-paillier 0.1.0...
[INFO] checking fast-paillier-0.1.0 against nightly-2024-02-05 for check-cfg
[INFO] extracting crate fast-paillier 0.1.0 into /workspace/builds/worker-0-tc1/source
[INFO] validating manifest of crates.io crate fast-paillier 0.1.0 on toolchain nightly-2024-02-05
[INFO] running `Command { std: CARGO_HOME="/workspace/cargo-home" RUSTUP_HOME="/workspace/rustup-home" "/workspace/cargo-home/bin/cargo" "+nightly-2024-02-05" "metadata" "--manifest-path" "Cargo.toml" "--no-deps", kill_on_drop: false }`
[INFO] started tweaking crates.io crate fast-paillier 0.1.0
[INFO] finished tweaking crates.io crate fast-paillier 0.1.0
[INFO] tweaked toml for crates.io crate fast-paillier 0.1.0 written to /workspace/builds/worker-0-tc1/source/Cargo.toml
[INFO] running `Command { std: CARGO_HOME="/workspace/cargo-home" RUSTUP_HOME="/workspace/rustup-home" "/workspace/cargo-home/bin/cargo" "+nightly-2024-02-05" "generate-lockfile" "--manifest-path" "Cargo.toml", kill_on_drop: false }`
[INFO] [stderr]     Updating crates.io index
[INFO] running `Command { std: CARGO_HOME="/workspace/cargo-home" RUSTUP_HOME="/workspace/rustup-home" "/workspace/cargo-home/bin/cargo" "+nightly-2024-02-05" "fetch" "--manifest-path" "Cargo.toml", kill_on_drop: false }`
[INFO] [stderr]  Downloading crates ...
[INFO] [stderr]   Downloaded serde_bare v0.5.0
[INFO] [stderr]   Downloaded az v1.2.1
[INFO] [stderr]   Downloaded rug v1.24.0
[INFO] [stderr]   Downloaded gmp-mpfr-sys v1.6.2
[INFO] [stderr]   Downloaded libpaillier v0.5.0
[INFO] [stderr]   Downloaded unknown_order v0.6.0
[INFO] [stderr]   Downloaded rand_dev v0.1.1
[INFO] running `Command { std: "docker" "create" "-v" "/var/lib/crater-agent-workspace/builds/worker-0-tc1/target:/opt/rustwide/target:rw,Z" "-v" "/var/lib/crater-agent-workspace/builds/worker-0-tc1/source:/opt/rustwide/workdir:ro,Z" "-v" "/var/lib/crater-agent-workspace/cargo-home:/opt/rustwide/cargo-home:ro,Z" "-v" "/var/lib/crater-agent-workspace/rustup-home:/opt/rustwide/rustup-home:ro,Z" "-e" "SOURCE_DIR=/opt/rustwide/workdir" "-e" "CARGO_TARGET_DIR=/opt/rustwide/target" "-e" "CARGO_HOME=/opt/rustwide/cargo-home" "-e" "RUSTUP_HOME=/opt/rustwide/rustup-home" "-w" "/opt/rustwide/workdir" "-m" "1610612736" "--user" "0:0" "--network" "none" "ghcr.io/rust-lang/crates-build-env/linux@sha256:2788e3201cd34a07e3172128adcd8b3090168a8e3bcc40d7c032b9dda1df7d1c" "/opt/rustwide/cargo-home/bin/cargo" "+nightly-2024-02-05" "metadata" "--no-deps" "--format-version=1", kill_on_drop: false }`
[INFO] [stdout] d5e5f6e92505a080de9cf1b417e246862f74cadb1243fbbea2528d1a0b21ed37
[INFO] running `Command { std: "docker" "start" "-a" "d5e5f6e92505a080de9cf1b417e246862f74cadb1243fbbea2528d1a0b21ed37", kill_on_drop: false }`
[INFO] running `Command { std: "docker" "inspect" "d5e5f6e92505a080de9cf1b417e246862f74cadb1243fbbea2528d1a0b21ed37", kill_on_drop: false }`
[INFO] running `Command { std: "docker" "rm" "-f" "d5e5f6e92505a080de9cf1b417e246862f74cadb1243fbbea2528d1a0b21ed37", kill_on_drop: false }`
[INFO] [stdout] d5e5f6e92505a080de9cf1b417e246862f74cadb1243fbbea2528d1a0b21ed37
[INFO] running `Command { std: "docker" "create" "-v" "/var/lib/crater-agent-workspace/builds/worker-0-tc1/target:/opt/rustwide/target:rw,Z" "-v" "/var/lib/crater-agent-workspace/builds/worker-0-tc1/source:/opt/rustwide/workdir:ro,Z" "-v" "/var/lib/crater-agent-workspace/cargo-home:/opt/rustwide/cargo-home:ro,Z" "-v" "/var/lib/crater-agent-workspace/rustup-home:/opt/rustwide/rustup-home:ro,Z" "-e" "SOURCE_DIR=/opt/rustwide/workdir" "-e" "CARGO_TARGET_DIR=/opt/rustwide/target" "-e" "CARGO_INCREMENTAL=0" "-e" "RUST_BACKTRACE=full" "-e" "RUSTFLAGS=--cap-lints=forbid" "-e" "RUSTDOCFLAGS=--cap-lints=forbid" "-e" "CARGO_HOME=/opt/rustwide/cargo-home" "-e" "RUSTUP_HOME=/opt/rustwide/rustup-home" "-w" "/opt/rustwide/workdir" "-m" "1610612736" "--user" "0:0" "--network" "none" "ghcr.io/rust-lang/crates-build-env/linux@sha256:2788e3201cd34a07e3172128adcd8b3090168a8e3bcc40d7c032b9dda1df7d1c" "/opt/rustwide/cargo-home/bin/cargo" "+nightly-2024-02-05" "check" "--frozen" "--all" "--all-targets" "--message-format=json", kill_on_drop: false }`
[INFO] [stdout] 0b530c71afb97d570c1f2229677ffb8ad9f2e4c43255350e1dbb1b5165153166
[INFO] running `Command { std: "docker" "start" "-a" "0b530c71afb97d570c1f2229677ffb8ad9f2e4c43255350e1dbb1b5165153166", kill_on_drop: false }`
[INFO] [stderr]    Compiling gmp-mpfr-sys v1.6.2
[INFO] [stderr]    Compiling libm v0.2.8
[INFO] [stderr]    Compiling az v1.2.1
[INFO] [stderr]    Compiling rug v1.24.0
[INFO] [stderr]    Compiling rustix v0.38.31
[INFO] [stderr]    Compiling num-integer v0.1.45
[INFO] [stderr]     Checking half v2.3.1
[INFO] [stderr]    Compiling syn v2.0.48
[INFO] [stderr]     Checking bitflags v2.4.2
[INFO] [stderr]     Checking ciborium-io v0.2.2
[INFO] [stderr]     Checking linux-raw-sys v0.4.13
[INFO] [stderr]     Checking rand_chacha v0.3.1
[INFO] [stderr]     Checking anstyle v1.0.6
[INFO] [stderr]     Checking crypto-common v0.1.6
[INFO] [stderr]     Checking digest v0.9.0
[INFO] [stderr]     Checking subtle v2.5.0
[INFO] [stderr]     Checking criterion-plot v0.5.0
[INFO] [stderr]     Checking digest v0.10.7
[INFO] [stderr]     Checking plotters v0.3.5
[INFO] [stderr]     Checking rand v0.8.5
[INFO] [stderr]     Checking rand_dev v0.1.1
[INFO] [stderr]     Checking clap_builder v4.4.18
[INFO] [stderr]     Checking ciborium-ll v0.2.2
[INFO] [stderr]     Checking is-terminal v0.4.10
[INFO] [stderr]     Checking clap v4.4.18
[INFO] [stderr]    Compiling serde_derive v1.0.196
[INFO] [stderr]    Compiling zeroize_derive v1.4.2
[INFO] [stderr]    Compiling bytemuck_derive v1.5.0
[INFO] [stderr]    Compiling thiserror-impl v1.0.56
[INFO] [stderr]     Checking zeroize v1.7.0
[INFO] [stderr]     Checking bytemuck v1.14.1
[INFO] [stderr]     Checking thiserror v1.0.56
[INFO] [stderr]     Checking serde v1.0.196
[INFO] [stderr]     Checking serde_json v1.0.113
[INFO] [stderr]     Checking ciborium v0.2.2
[INFO] [stderr]     Checking serde_bare v0.5.0
[INFO] [stderr]     Checking tinytemplate v1.2.1
[INFO] [stderr]     Checking criterion v0.5.1
[INFO] [stderr]     Checking unknown_order v0.6.0
[INFO] [stderr]     Checking fast-paillier v0.1.0 (/opt/rustwide/workdir)
[INFO] [stdout] error[E0599]: no function or associated item named `new_custom` found for struct `ThreadRandState` in the current scope
[INFO] [stdout]    --> src/utils.rs:25:33
[INFO] [stdout]     |
[INFO] [stdout] 25  |     rug::rand::ThreadRandState::new_custom(ExternalRand::wrap_mut(rng))
[INFO] [stdout]     |                                 ^^^^^^^^^^ function or associated item not found in `ThreadRandState<'_>`
[INFO] [stdout]     |
[INFO] [stdout] note: if you're trying to build a new `ThreadRandState<'_>`, consider using `ThreadRandState::<'_>::from_raw` which returns `ThreadRandState<'static>`
[INFO] [stdout]    --> /opt/rustwide/cargo-home/registry/src/index.crates.io-6f17d22bba15001f/rug-1.24.0/src/rand.rs:750:5
[INFO] [stdout]     |
[INFO] [stdout] 750 |     pub unsafe fn from_raw(raw: randstate_t) -> ThreadRandState<'static> {
[INFO] [stdout]     |     ^^^^^^^^^^^^^^^^^^^^^^^^^^^^^^^^^^^^^^^^^^^^^^^^^^^^^^^^^^^^^^^^^^^^
[INFO] [stdout] 
[INFO] [stdout] 
[INFO] [stdout] error: aborting due to 1 previous error
[INFO] [stdout] 
[INFO] [stdout] 
[INFO] [stdout] For more information about this error, try `rustc --explain E0599`.
[INFO] [stdout] 
[INFO] [stderr] error: could not compile `fast-paillier` (lib) due to 2 previous errors
[INFO] [stderr] warning: build failed, waiting for other jobs to finish...
[INFO] [stdout] error[E0599]: no method named `to_string_radix` found for struct `rug::Integer` in the current scope
[INFO] [stdout]   --> /opt/rustwide/cargo-home/registry/src/index.crates.io-6f17d22bba15001f/unknown_order-0.6.0/src/gmp_backend.rs:46:18
[INFO] [stdout]    |
[INFO] [stdout] 46 |     |b: &Bn| b.0.to_string_radix(16),
[INFO] [stdout]    |                  ^^^^^^^^^^^^^^^ method not found in `Integer`
[INFO] [stdout] 
[INFO] [stdout] 
[INFO] [stdout] error[E0599]: no method named `to_digits` found for struct `rug::Integer` in the current scope
[INFO] [stdout]   --> /opt/rustwide/cargo-home/registry/src/index.crates.io-6f17d22bba15001f/unknown_order-0.6.0/src/gmp_backend.rs:50:39
[INFO] [stdout]    |
[INFO] [stdout] 50 |         let mut digits = (&b.0).abs().to_digits::<u8>(rug::integer::Order::LsfBe);
[INFO] [stdout]    |                                       ^^^^^^^^^ help: there is a method with a similar name: `write_digits`
[INFO] [stdout] 
[INFO] [stdout] 
[INFO] [stdout] error[E0599]: no method named `to_digits` found for struct `rug::Integer` in the current scope
[INFO] [stdout]    --> /opt/rustwide/cargo-home/registry/src/index.crates.io-6f17d22bba15001f/unknown_order-0.6.0/src/gmp_backend.rs:260:16
[INFO] [stdout]     |
[INFO] [stdout] 260 |         self.0.to_digits::<u8>(rug::integer::Order::MsfBe)
[INFO] [stdout]     |                ^^^^^^^^^ help: there is a method with a similar name: `write_digits`
[INFO] [stdout] 
[INFO] [stdout] 
[INFO] [stdout] error[E0599]: no function or associated item named `new_custom` found for struct `ThreadRandState` in the current scope
[INFO] [stdout]    --> /opt/rustwide/cargo-home/registry/src/index.crates.io-6f17d22bba15001f/unknown_order-0.6.0/src/gmp_backend.rs:336:36
[INFO] [stdout]     |
[INFO] [stdout] 336 |     let mut rng = ThreadRandState::new_custom(gmprng);
[INFO] [stdout]     |                                    ^^^^^^^^^^ function or associated item not found in `ThreadRandState<'_>`
[INFO] [stdout]     |
[INFO] [stdout] note: if you're trying to build a new `ThreadRandState<'_>`, consider using `ThreadRandState::<'_>::from_raw` which returns `ThreadRandState<'static>`
[INFO] [stdout]    --> /opt/rustwide/cargo-home/registry/src/index.crates.io-6f17d22bba15001f/rug-1.24.0/src/rand.rs:750:5
[INFO] [stdout]     |
[INFO] [stdout] 750 |     pub unsafe fn from_raw(raw: randstate_t) -> ThreadRandState<'static> {
[INFO] [stdout]     |     ^^^^^^^^^^^^^^^^^^^^^^^^^^^^^^^^^^^^^^^^^^^^^^^^^^^^^^^^^^^^^^^^^^^^
[INFO] [stdout] 
[INFO] [stdout] 
[INFO] [stdout] error: aborting due to 4 previous errors
[INFO] [stdout] 
[INFO] [stdout] 
[INFO] [stdout] For more information about this error, try `rustc --explain E0599`.
[INFO] [stdout] 
[INFO] [stderr] error: could not compile `unknown_order` (lib) due to 5 previous errors
[INFO] running `Command { std: "docker" "inspect" "0b530c71afb97d570c1f2229677ffb8ad9f2e4c43255350e1dbb1b5165153166", kill_on_drop: false }`
[INFO] running `Command { std: "docker" "rm" "-f" "0b530c71afb97d570c1f2229677ffb8ad9f2e4c43255350e1dbb1b5165153166", kill_on_drop: false }`
[INFO] [stdout] 0b530c71afb97d570c1f2229677ffb8ad9f2e4c43255350e1dbb1b5165153166
