[INFO] fetching crate falcon-z3 0.5.2...
[INFO] checking falcon-z3-0.5.2 against nightly-2024-02-05 for check-cfg
[INFO] extracting crate falcon-z3 0.5.2 into /workspace/builds/worker-1-tc1/source
[INFO] validating manifest of crates.io crate falcon-z3 0.5.2 on toolchain nightly-2024-02-05
[INFO] running `Command { std: CARGO_HOME="/workspace/cargo-home" RUSTUP_HOME="/workspace/rustup-home" "/workspace/cargo-home/bin/cargo" "+nightly-2024-02-05" "metadata" "--manifest-path" "Cargo.toml" "--no-deps", kill_on_drop: false }`
[INFO] started tweaking crates.io crate falcon-z3 0.5.2
[INFO] finished tweaking crates.io crate falcon-z3 0.5.2
[INFO] tweaked toml for crates.io crate falcon-z3 0.5.2 written to /workspace/builds/worker-1-tc1/source/Cargo.toml
[INFO] running `Command { std: CARGO_HOME="/workspace/cargo-home" RUSTUP_HOME="/workspace/rustup-home" "/workspace/cargo-home/bin/cargo" "+nightly-2024-02-05" "generate-lockfile" "--manifest-path" "Cargo.toml", kill_on_drop: false }`
[INFO] [stderr]     Updating crates.io index
[INFO] running `Command { std: CARGO_HOME="/workspace/cargo-home" RUSTUP_HOME="/workspace/rustup-home" "/workspace/cargo-home/bin/cargo" "+nightly-2024-02-05" "fetch" "--manifest-path" "Cargo.toml", kill_on_drop: false }`
[INFO] [stderr]  Downloading crates ...
[INFO] [stderr]   Downloaded cstr_core v0.2.6
[INFO] [stderr]   Downloaded bindgen v0.58.1
[INFO] [stderr]   Downloaded falcon_capstone v0.5.2
[INFO] [stderr]   Downloaded falcon v0.5.5
[INFO] [stderr]   Downloaded bad64 v0.6.0
[INFO] [stderr]   Downloaded bad64-sys v0.5.0
[INFO] [stderr]   Downloaded z3-sys v0.7.1
[INFO] running `Command { std: "docker" "create" "-v" "/var/lib/crater-agent-workspace/builds/worker-1-tc1/target:/opt/rustwide/target:rw,Z" "-v" "/var/lib/crater-agent-workspace/builds/worker-1-tc1/source:/opt/rustwide/workdir:ro,Z" "-v" "/var/lib/crater-agent-workspace/cargo-home:/opt/rustwide/cargo-home:ro,Z" "-v" "/var/lib/crater-agent-workspace/rustup-home:/opt/rustwide/rustup-home:ro,Z" "-e" "SOURCE_DIR=/opt/rustwide/workdir" "-e" "CARGO_TARGET_DIR=/opt/rustwide/target" "-e" "CARGO_HOME=/opt/rustwide/cargo-home" "-e" "RUSTUP_HOME=/opt/rustwide/rustup-home" "-w" "/opt/rustwide/workdir" "-m" "1610612736" "--user" "0:0" "--network" "none" "ghcr.io/rust-lang/crates-build-env/linux@sha256:2788e3201cd34a07e3172128adcd8b3090168a8e3bcc40d7c032b9dda1df7d1c" "/opt/rustwide/cargo-home/bin/cargo" "+nightly-2024-02-05" "metadata" "--no-deps" "--format-version=1", kill_on_drop: false }`
[INFO] [stdout] 86b1f00f44fd2d4c32cf25775e7a65e064fecbfb8c692d92a8c9723f82a3c66a
[INFO] running `Command { std: "docker" "start" "-a" "86b1f00f44fd2d4c32cf25775e7a65e064fecbfb8c692d92a8c9723f82a3c66a", kill_on_drop: false }`
[INFO] running `Command { std: "docker" "inspect" "86b1f00f44fd2d4c32cf25775e7a65e064fecbfb8c692d92a8c9723f82a3c66a", kill_on_drop: false }`
[INFO] running `Command { std: "docker" "rm" "-f" "86b1f00f44fd2d4c32cf25775e7a65e064fecbfb8c692d92a8c9723f82a3c66a", kill_on_drop: false }`
[INFO] [stdout] 86b1f00f44fd2d4c32cf25775e7a65e064fecbfb8c692d92a8c9723f82a3c66a
[INFO] running `Command { std: "docker" "create" "-v" "/var/lib/crater-agent-workspace/builds/worker-1-tc1/target:/opt/rustwide/target:rw,Z" "-v" "/var/lib/crater-agent-workspace/builds/worker-1-tc1/source:/opt/rustwide/workdir:ro,Z" "-v" "/var/lib/crater-agent-workspace/cargo-home:/opt/rustwide/cargo-home:ro,Z" "-v" "/var/lib/crater-agent-workspace/rustup-home:/opt/rustwide/rustup-home:ro,Z" "-e" "SOURCE_DIR=/opt/rustwide/workdir" "-e" "CARGO_TARGET_DIR=/opt/rustwide/target" "-e" "CARGO_INCREMENTAL=0" "-e" "RUST_BACKTRACE=full" "-e" "RUSTFLAGS=--cap-lints=forbid" "-e" "RUSTDOCFLAGS=--cap-lints=forbid" "-e" "CARGO_HOME=/opt/rustwide/cargo-home" "-e" "RUSTUP_HOME=/opt/rustwide/rustup-home" "-w" "/opt/rustwide/workdir" "-m" "1610612736" "--user" "0:0" "--network" "none" "ghcr.io/rust-lang/crates-build-env/linux@sha256:2788e3201cd34a07e3172128adcd8b3090168a8e3bcc40d7c032b9dda1df7d1c" "/opt/rustwide/cargo-home/bin/cargo" "+nightly-2024-02-05" "check" "--frozen" "--all" "--all-targets" "--message-format=json", kill_on_drop: false }`
[INFO] [stdout] 3676016bd765d7309e76400cafd1ed87a11a79d6faeaeef2d3e1d1d60f751e37
[INFO] running `Command { std: "docker" "start" "-a" "3676016bd765d7309e76400cafd1ed87a11a79d6faeaeef2d3e1d1d60f751e37", kill_on_drop: false }`
[INFO] [stderr]    Compiling memchr v2.7.1
[INFO] [stderr]    Compiling glob v0.3.1
[INFO] [stderr]    Compiling regex-syntax v0.8.2
[INFO] [stderr]    Compiling bitflags v1.3.2
[INFO] [stderr]    Compiling libloading v0.8.1
[INFO] [stderr]    Compiling jobserver v0.1.27
[INFO] [stderr]    Compiling lazycell v1.3.0
[INFO] [stderr]    Compiling peeking_take_while v0.1.2
[INFO] [stderr]    Compiling shlex v1.3.0
[INFO] [stderr]    Compiling rustc-hash v1.1.0
[INFO] [stderr]    Compiling minimal-lexical v0.2.1
[INFO] [stderr]    Compiling syn v1.0.109
[INFO] [stderr]    Compiling rustix v0.38.31
[INFO] [stderr]    Compiling nom v5.1.3
[INFO] [stderr]    Compiling cc v1.0.83
[INFO] [stderr]    Compiling clang-sys v1.7.0
[INFO] [stderr]    Compiling bitflags v2.4.2
[INFO] [stderr]    Compiling linux-raw-sys v0.4.13
[INFO] [stderr]    Compiling aho-corasick v1.1.2
[INFO] [stderr]    Compiling nom v7.1.3
[INFO] [stderr]    Compiling bindgen v0.59.2
[INFO] [stderr]    Compiling num-traits v0.2.17
[INFO] [stderr]    Compiling atty v0.2.14
[INFO] [stderr]    Compiling home v0.5.9
[INFO] [stderr]    Compiling bindgen v0.63.0
[INFO] [stderr]    Compiling regex-automata v0.4.5
[INFO] [stderr]    Compiling textwrap v0.11.0
[INFO] [stderr]    Compiling cexpr v0.6.0
[INFO] [stderr]    Compiling which v4.4.2
[INFO] [stderr]    Compiling termcolor v1.4.1
[INFO] [stderr]    Compiling strsim v0.8.0
[INFO] [stderr]    Compiling humantime v2.1.0
[INFO] [stderr]    Compiling ansi_term v0.12.1
[INFO] [stderr]    Compiling serde v1.0.196
[INFO] [stderr]    Compiling bindgen v0.58.1
[INFO] [stderr]    Compiling vec_map v0.8.2
[INFO] [stderr]    Compiling clap v2.34.0
[INFO] [stderr]    Compiling cmake v0.1.50
[INFO] [stderr]    Compiling num-integer v0.1.45
[INFO] [stderr]    Compiling which v3.1.1
[INFO] [stderr]    Compiling fs_extra v1.3.0
[INFO] [stderr]    Compiling regex v1.10.3
[INFO] [stderr]    Compiling backtrace v0.3.69
[INFO] [stderr]    Compiling cexpr v0.4.0
[INFO] [stderr]    Compiling env_logger v0.8.4
[INFO] [stderr]    Compiling scroll_derive v0.11.1
[INFO] [stderr]    Compiling num-bigint v0.4.4
[INFO] [stderr]     Checking cty v0.2.2
[INFO] [stderr]     Checking cstr_core v0.2.6
[INFO] [stderr]     Checking object v0.32.2
[INFO] [stderr]    Compiling num-derive v0.3.3
[INFO] [stderr]    Compiling error-chain v0.12.4
[INFO] [stderr]     Checking serde_json v1.0.113
[INFO] [stderr]     Checking scroll v0.11.0
[INFO] [stderr]     Checking goblin v0.6.1
[INFO] [stderr]    Compiling bad64-sys v0.5.0
[INFO] [stderr]    Compiling falcon_capstone v0.5.2
[INFO] [stderr]    Compiling z3-sys v0.7.1
[INFO] [stderr]     Checking bad64 v0.6.0
[INFO] [stderr]     Checking falcon v0.5.5
[INFO] [stderr]     Checking falcon-z3 v0.5.2 (/opt/rustwide/workdir)
[INFO] [stdout] error[E0433]: failed to resolve: could not find `error` in `falcon`
[INFO] [stdout]   --> lib/lib.rs:31:30
[INFO] [stdout]    |
[INFO] [stdout] 31 |             Falcon(::falcon::error::Error);
[INFO] [stdout]    |                              ^^^^^ could not find `error` in `falcon`
[INFO] [stdout]    |
[INFO] [stdout] help: consider importing this module
[INFO] [stdout]    |
[INFO] [stdout] 26 +     use std::error;
[INFO] [stdout]    |
[INFO] [stdout] help: if you import `error`, refer to it directly
[INFO] [stdout]    |
[INFO] [stdout] 31 -             Falcon(::falcon::error::Error);
[INFO] [stdout] 31 +             Falcon(error::Error);
[INFO] [stdout]    |
[INFO] [stdout] 
[INFO] [stdout] 
[INFO] [stdout] error[E0433]: failed to resolve: could not find `error` in `falcon`
[INFO] [stdout]   --> lib/lib.rs:31:30
[INFO] [stdout]    |
[INFO] [stdout] 31 |             Falcon(::falcon::error::Error);
[INFO] [stdout]    |                              ^^^^^ could not find `error` in `falcon`
[INFO] [stdout]    |
[INFO] [stdout] help: consider importing this module
[INFO] [stdout]    |
[INFO] [stdout] 26 +     use std::error;
[INFO] [stdout]    |
[INFO] [stdout] help: if you import `error`, refer to it directly
[INFO] [stdout]    |
[INFO] [stdout] 31 -             Falcon(::falcon::error::Error);
[INFO] [stdout] 31 +             Falcon(error::Error);
[INFO] [stdout]    |
[INFO] [stdout] 
[INFO] [stdout] 
[INFO] [stdout] error: aborting due to 1 previous error
[INFO] [stdout] 
[INFO] [stdout] 
[INFO] [stdout] For more information about this error, try `rustc --explain E0433`.
[INFO] [stdout] 
[INFO] [stdout] error: aborting due to 1 previous error
[INFO] [stdout] 
[INFO] [stdout] 
[INFO] [stdout] For more information about this error, try `rustc --explain E0433`.
[INFO] [stdout] 
[INFO] [stderr] error: could not compile `falcon-z3` (lib test) due to 2 previous errors
[INFO] [stderr] warning: build failed, waiting for other jobs to finish...
[INFO] [stderr] error: could not compile `falcon-z3` (lib) due to 2 previous errors
[INFO] running `Command { std: "docker" "inspect" "3676016bd765d7309e76400cafd1ed87a11a79d6faeaeef2d3e1d1d60f751e37", kill_on_drop: false }`
[INFO] running `Command { std: "docker" "rm" "-f" "3676016bd765d7309e76400cafd1ed87a11a79d6faeaeef2d3e1d1d60f751e37", kill_on_drop: false }`
[INFO] [stdout] 3676016bd765d7309e76400cafd1ed87a11a79d6faeaeef2d3e1d1d60f751e37
[INFO] checking falcon-z3-0.5.2 against nightly-2024-02-05+rustflags=-Dunexpected_cfgs+cargoflags=-Zcheck-cfg for check-cfg
[INFO] extracting crate falcon-z3 0.5.2 into /workspace/builds/worker-1-tc2/source
[INFO] validating manifest of crates.io crate falcon-z3 0.5.2 on toolchain nightly-2024-02-05
[INFO] running `Command { std: CARGO_HOME="/workspace/cargo-home" RUSTUP_HOME="/workspace/rustup-home" "/workspace/cargo-home/bin/cargo" "+nightly-2024-02-05" "metadata" "--manifest-path" "Cargo.toml" "--no-deps", kill_on_drop: false }`
[INFO] started tweaking crates.io crate falcon-z3 0.5.2
[INFO] finished tweaking crates.io crate falcon-z3 0.5.2
[INFO] tweaked toml for crates.io crate falcon-z3 0.5.2 written to /workspace/builds/worker-1-tc2/source/Cargo.toml
[INFO] running `Command { std: CARGO_HOME="/workspace/cargo-home" RUSTUP_HOME="/workspace/rustup-home" "/workspace/cargo-home/bin/cargo" "+nightly-2024-02-05" "generate-lockfile" "--manifest-path" "Cargo.toml", kill_on_drop: false }`
[INFO] [stderr]     Updating crates.io index
[INFO] running `Command { std: CARGO_HOME="/workspace/cargo-home" RUSTUP_HOME="/workspace/rustup-home" "/workspace/cargo-home/bin/cargo" "+nightly-2024-02-05" "fetch" "--manifest-path" "Cargo.toml", kill_on_drop: false }`
[INFO] running `Command { std: "docker" "create" "-v" "/var/lib/crater-agent-workspace/builds/worker-1-tc2/target:/opt/rustwide/target:rw,Z" "-v" "/var/lib/crater-agent-workspace/builds/worker-1-tc2/source:/opt/rustwide/workdir:ro,Z" "-v" "/var/lib/crater-agent-workspace/cargo-home:/opt/rustwide/cargo-home:ro,Z" "-v" "/var/lib/crater-agent-workspace/rustup-home:/opt/rustwide/rustup-home:ro,Z" "-e" "SOURCE_DIR=/opt/rustwide/workdir" "-e" "CARGO_TARGET_DIR=/opt/rustwide/target" "-e" "CARGO_HOME=/opt/rustwide/cargo-home" "-e" "RUSTUP_HOME=/opt/rustwide/rustup-home" "-w" "/opt/rustwide/workdir" "-m" "1610612736" "--user" "0:0" "--network" "none" "ghcr.io/rust-lang/crates-build-env/linux@sha256:2788e3201cd34a07e3172128adcd8b3090168a8e3bcc40d7c032b9dda1df7d1c" "/opt/rustwide/cargo-home/bin/cargo" "+nightly-2024-02-05" "metadata" "--no-deps" "--format-version=1", kill_on_drop: false }`
[INFO] [stdout] f05e688f0a4b2566a39d98206effc38e43917273885bc5254692210c04144e5b
[INFO] running `Command { std: "docker" "start" "-a" "f05e688f0a4b2566a39d98206effc38e43917273885bc5254692210c04144e5b", kill_on_drop: false }`
[INFO] running `Command { std: "docker" "inspect" "f05e688f0a4b2566a39d98206effc38e43917273885bc5254692210c04144e5b", kill_on_drop: false }`
[INFO] running `Command { std: "docker" "rm" "-f" "f05e688f0a4b2566a39d98206effc38e43917273885bc5254692210c04144e5b", kill_on_drop: false }`
[INFO] [stdout] f05e688f0a4b2566a39d98206effc38e43917273885bc5254692210c04144e5b
[INFO] running `Command { std: "docker" "create" "-v" "/var/lib/crater-agent-workspace/builds/worker-1-tc2/target:/opt/rustwide/target:rw,Z" "-v" "/var/lib/crater-agent-workspace/builds/worker-1-tc2/source:/opt/rustwide/workdir:ro,Z" "-v" "/var/lib/crater-agent-workspace/cargo-home:/opt/rustwide/cargo-home:ro,Z" "-v" "/var/lib/crater-agent-workspace/rustup-home:/opt/rustwide/rustup-home:ro,Z" "-e" "SOURCE_DIR=/opt/rustwide/workdir" "-e" "CARGO_TARGET_DIR=/opt/rustwide/target" "-e" "CARGO_INCREMENTAL=0" "-e" "RUST_BACKTRACE=full" "-e" "RUSTFLAGS=--cap-lints=forbid -Dunexpected_cfgs" "-e" "RUSTDOCFLAGS=--cap-lints=forbid" "-e" "CARGO_HOME=/opt/rustwide/cargo-home" "-e" "RUSTUP_HOME=/opt/rustwide/rustup-home" "-w" "/opt/rustwide/workdir" "-m" "1610612736" "--user" "0:0" "--network" "none" "ghcr.io/rust-lang/crates-build-env/linux@sha256:2788e3201cd34a07e3172128adcd8b3090168a8e3bcc40d7c032b9dda1df7d1c" "/opt/rustwide/cargo-home/bin/cargo" "+nightly-2024-02-05" "check" "--frozen" "--all" "--all-targets" "--message-format=json" "-Zcheck-cfg", kill_on_drop: false }`
[INFO] [stdout] 5860d4caee032c481e613ea7a6157e11baa3ad00940bd66758b3ced8e8760ab9
[INFO] running `Command { std: "docker" "start" "-a" "5860d4caee032c481e613ea7a6157e11baa3ad00940bd66758b3ced8e8760ab9", kill_on_drop: false }`
[INFO] [stderr]    Compiling memchr v2.7.1
[INFO] [stderr]    Compiling glob v0.3.1
[INFO] [stderr]    Compiling regex-syntax v0.8.2
[INFO] [stderr]    Compiling bitflags v1.3.2
[INFO] [stderr]    Compiling libloading v0.8.1
[INFO] [stderr]    Compiling peeking_take_while v0.1.2
[INFO] [stderr]    Compiling jobserver v0.1.27
[INFO] [stderr]    Compiling rustc-hash v1.1.0
[INFO] [stderr]    Compiling lazycell v1.3.0
[INFO] [stderr]    Compiling shlex v1.3.0
[INFO] [stderr]    Compiling minimal-lexical v0.2.1
[INFO] [stderr]    Compiling syn v1.0.109
[INFO] [stderr]    Compiling rustix v0.38.31
[INFO] [stderr]    Compiling nom v5.1.3
[INFO] [stderr]    Compiling cc v1.0.83
[INFO] [stderr]    Compiling clang-sys v1.7.0
[INFO] [stderr]    Compiling bitflags v2.4.2
[INFO] [stderr]    Compiling linux-raw-sys v0.4.13
[INFO] [stderr]    Compiling aho-corasick v1.1.2
[INFO] [stderr]    Compiling nom v7.1.3
[INFO] [stderr]    Compiling bindgen v0.59.2
[INFO] [stderr]    Compiling num-traits v0.2.17
[INFO] [stderr]    Compiling atty v0.2.14
[INFO] [stderr]    Compiling regex-automata v0.4.5
[INFO] [stderr]    Compiling bindgen v0.63.0
[INFO] [stderr]    Compiling cexpr v0.6.0
[INFO] [stderr]    Compiling home v0.5.9
[INFO] [stderr]    Compiling textwrap v0.11.0
[INFO] [stderr]    Compiling which v4.4.2
[INFO] [stderr]    Compiling strsim v0.8.0
[INFO] [stderr]    Compiling serde v1.0.196
[INFO] [stderr]    Compiling termcolor v1.4.1
[INFO] [stderr]    Compiling ansi_term v0.12.1
[INFO] [stderr]    Compiling vec_map v0.8.2
[INFO] [stderr]    Compiling humantime v2.1.0
[INFO] [stderr]    Compiling bindgen v0.58.1
[INFO] [stderr]    Compiling clap v2.34.0
[INFO] [stderr]    Compiling cmake v0.1.50
[INFO] [stderr]    Compiling regex v1.10.3
[INFO] [stderr]    Compiling env_logger v0.8.4
[INFO] [stderr]    Compiling cexpr v0.4.0
[INFO] [stderr]    Compiling num-integer v0.1.45
[INFO] [stderr]    Compiling which v3.1.1
[INFO] [stderr]    Compiling fs_extra v1.3.0
[INFO] [stderr]    Compiling backtrace v0.3.69
[INFO] [stderr]    Compiling scroll_derive v0.11.1
[INFO] [stderr]    Compiling num-bigint v0.4.4
[INFO] [stderr]     Checking cty v0.2.2
[INFO] [stderr]     Checking cstr_core v0.2.6
[INFO] [stderr]    Compiling num-derive v0.3.3
[INFO] [stderr]     Checking object v0.32.2
[INFO] [stderr]     Checking scroll v0.11.0
[INFO] [stderr]    Compiling error-chain v0.12.4
[INFO] [stderr]     Checking goblin v0.6.1
[INFO] [stderr]     Checking serde_json v1.0.113
[INFO] [stderr]    Compiling bad64-sys v0.5.0
[INFO] [stderr]    Compiling falcon_capstone v0.5.2
[INFO] [stderr]    Compiling z3-sys v0.7.1
[INFO] [stderr]     Checking bad64 v0.6.0
[INFO] [stderr]     Checking falcon v0.5.5
[INFO] [stderr]     Checking falcon-z3 v0.5.2 (/opt/rustwide/workdir)
[INFO] [stdout] error[E0433]: failed to resolve: could not find `error` in `falcon`
[INFO] [stdout]   --> lib/lib.rs:31:30
[INFO] [stdout]    |
[INFO] [stdout] 31 |             Falcon(::falcon::error::Error);
[INFO] [stdout]    |                              ^^^^^ could not find `error` in `falcon`
[INFO] [stdout]    |
[INFO] [stdout] help: consider importing this module
[INFO] [stdout]    |
[INFO] [stdout] 26 +     use std::error;
[INFO] [stdout]    |
[INFO] [stdout] help: if you import `error`, refer to it directly
[INFO] [stdout]    |
[INFO] [stdout] 31 -             Falcon(::falcon::error::Error);
[INFO] [stdout] 31 +             Falcon(error::Error);
[INFO] [stdout]    |
[INFO] [stdout] 
[INFO] [stdout] 
[INFO] [stdout] error[E0433]: failed to resolve: could not find `error` in `falcon`
[INFO] [stdout]   --> lib/lib.rs:31:30
[INFO] [stdout]    |
[INFO] [stdout] 31 |             Falcon(::falcon::error::Error);
[INFO] [stdout]    |                              ^^^^^ could not find `error` in `falcon`
[INFO] [stdout]    |
[INFO] [stdout] help: consider importing this module
[INFO] [stdout]    |
[INFO] [stdout] 26 +     use std::error;
[INFO] [stdout]    |
[INFO] [stdout] help: if you import `error`, refer to it directly
[INFO] [stdout]    |
[INFO] [stdout] 31 -             Falcon(::falcon::error::Error);
[INFO] [stdout] 31 +             Falcon(error::Error);
[INFO] [stdout]    |
[INFO] [stdout] 
[INFO] [stdout] 
[INFO] [stdout] error: aborting due to 1 previous error
[INFO] [stdout] 
[INFO] [stdout] 
[INFO] [stdout] For more information about this error, try `rustc --explain E0433`.
[INFO] [stdout] 
[INFO] [stdout] error: aborting due to 1 previous error
[INFO] [stdout] 
[INFO] [stdout] 
[INFO] [stdout] For more information about this error, try `rustc --explain E0433`.
[INFO] [stdout] 
[INFO] [stderr] error: could not compile `falcon-z3` (lib) due to 2 previous errors
[INFO] [stderr] warning: build failed, waiting for other jobs to finish...
[INFO] [stderr] error: could not compile `falcon-z3` (lib test) due to 2 previous errors
[INFO] running `Command { std: "docker" "inspect" "5860d4caee032c481e613ea7a6157e11baa3ad00940bd66758b3ced8e8760ab9", kill_on_drop: false }`
[INFO] running `Command { std: "docker" "rm" "-f" "5860d4caee032c481e613ea7a6157e11baa3ad00940bd66758b3ced8e8760ab9", kill_on_drop: false }`
[INFO] [stdout] 5860d4caee032c481e613ea7a6157e11baa3ad00940bd66758b3ced8e8760ab9
