[INFO] fetching crate fake 2.9.1...
[INFO] checking fake-2.9.1 against nightly-2024-02-05 for check-cfg
[INFO] extracting crate fake 2.9.1 into /workspace/builds/worker-0-tc1/source
[INFO] validating manifest of crates.io crate fake 2.9.1 on toolchain nightly-2024-02-05
[INFO] running `Command { std: CARGO_HOME="/workspace/cargo-home" RUSTUP_HOME="/workspace/rustup-home" "/workspace/cargo-home/bin/cargo" "+nightly-2024-02-05" "metadata" "--manifest-path" "Cargo.toml" "--no-deps", kill_on_drop: false }`
[INFO] started tweaking crates.io crate fake 2.9.1
[INFO] removed 0 missing examples
[INFO] finished tweaking crates.io crate fake 2.9.1
[INFO] tweaked toml for crates.io crate fake 2.9.1 written to /workspace/builds/worker-0-tc1/source/Cargo.toml
[INFO] crate crates.io crate fake 2.9.1 already has a lockfile, it will not be regenerated
[INFO] running `Command { std: CARGO_HOME="/workspace/cargo-home" RUSTUP_HOME="/workspace/rustup-home" "/workspace/cargo-home/bin/cargo" "+nightly-2024-02-05" "fetch" "--manifest-path" "Cargo.toml", kill_on_drop: false }`
[INFO] [stderr]     Updating crates.io index
[INFO] [stderr]  Downloading crates ...
[INFO] [stderr]   Downloaded windows-targets v0.48.3
[INFO] [stderr]   Downloaded url-escape v0.1.1
[INFO] [stderr]   Downloaded phf_codegen v0.11.2
[INFO] [stderr]   Downloaded unarray v0.1.4
[INFO] [stderr]   Downloaded darling_macro v0.20.3
[INFO] [stderr]   Downloaded random_color v0.6.1
[INFO] [stderr]   Downloaded dummy v0.7.0
[INFO] [stderr]   Downloaded phf_generator v0.11.2
[INFO] [stderr]   Downloaded time-macros v0.2.11
[INFO] [stderr]   Downloaded darling v0.20.3
[INFO] [stderr]   Downloaded atomic v0.5.3
[INFO] [stderr]   Downloaded bigdecimal v0.4.1
[INFO] [stderr]   Downloaded uuid v1.5.0
[INFO] [stderr]   Downloaded zerocopy v0.7.15
[INFO] [stderr]   Downloaded regex v1.9.3
[INFO] [stderr]   Downloaded windows_aarch64_msvc v0.48.3
[INFO] [stderr]   Downloaded regex-automata v0.3.6
[INFO] [stderr]   Downloaded windows_x86_64_gnu v0.48.3
[INFO] [stderr]   Downloaded chrono-tz v0.8.3
[INFO] [stderr]   Downloaded windows_x86_64_msvc v0.48.3
[INFO] [stderr]   Downloaded windows_i686_msvc v0.48.3
[INFO] [stderr]   Downloaded windows_i686_gnu v0.48.3
[INFO] [stderr]   Downloaded glam v0.24.1
[INFO] [stderr]   Downloaded windows_x86_64_gnullvm v0.48.3
[INFO] [stderr]   Downloaded deunicode v1.4.0
[INFO] [stderr]   Downloaded windows_aarch64_gnullvm v0.48.3
[INFO] [stderr]   Downloaded zerocopy-derive v0.7.15
[INFO] [stderr]   Downloaded libm v0.2.7
[INFO] [stderr]   Downloaded rust_decimal v1.32.0
[INFO] [stderr]   Downloaded proptest v1.2.0
[INFO] [stderr]   Downloaded darling_core v0.20.3
[INFO] [stderr]   Downloaded geo-types v0.7.11
[INFO] [stderr]   Downloaded chrono-tz-build v0.2.0
[INFO] running `Command { std: "docker" "create" "-v" "/var/lib/crater-agent-workspace/builds/worker-0-tc1/target:/opt/rustwide/target:rw,Z" "-v" "/var/lib/crater-agent-workspace/builds/worker-0-tc1/source:/opt/rustwide/workdir:ro,Z" "-v" "/var/lib/crater-agent-workspace/cargo-home:/opt/rustwide/cargo-home:ro,Z" "-v" "/var/lib/crater-agent-workspace/rustup-home:/opt/rustwide/rustup-home:ro,Z" "-e" "SOURCE_DIR=/opt/rustwide/workdir" "-e" "CARGO_TARGET_DIR=/opt/rustwide/target" "-e" "CARGO_HOME=/opt/rustwide/cargo-home" "-e" "RUSTUP_HOME=/opt/rustwide/rustup-home" "-w" "/opt/rustwide/workdir" "-m" "1610612736" "--user" "0:0" "--network" "none" "ghcr.io/rust-lang/crates-build-env/linux@sha256:2788e3201cd34a07e3172128adcd8b3090168a8e3bcc40d7c032b9dda1df7d1c" "/opt/rustwide/cargo-home/bin/cargo" "+nightly-2024-02-05" "metadata" "--no-deps" "--format-version=1", kill_on_drop: false }`
[INFO] [stdout] 929de7839fc474d174579d3bcbf661726d0e3f3e0c61bb30e9f036d9d04643c6
[INFO] running `Command { std: "docker" "start" "-a" "929de7839fc474d174579d3bcbf661726d0e3f3e0c61bb30e9f036d9d04643c6", kill_on_drop: false }`
[INFO] running `Command { std: "docker" "inspect" "929de7839fc474d174579d3bcbf661726d0e3f3e0c61bb30e9f036d9d04643c6", kill_on_drop: false }`
[INFO] running `Command { std: "docker" "rm" "-f" "929de7839fc474d174579d3bcbf661726d0e3f3e0c61bb30e9f036d9d04643c6", kill_on_drop: false }`
[INFO] [stdout] 929de7839fc474d174579d3bcbf661726d0e3f3e0c61bb30e9f036d9d04643c6
[INFO] running `Command { std: "docker" "create" "-v" "/var/lib/crater-agent-workspace/builds/worker-0-tc1/target:/opt/rustwide/target:rw,Z" "-v" "/var/lib/crater-agent-workspace/builds/worker-0-tc1/source:/opt/rustwide/workdir:ro,Z" "-v" "/var/lib/crater-agent-workspace/cargo-home:/opt/rustwide/cargo-home:ro,Z" "-v" "/var/lib/crater-agent-workspace/rustup-home:/opt/rustwide/rustup-home:ro,Z" "-e" "SOURCE_DIR=/opt/rustwide/workdir" "-e" "CARGO_TARGET_DIR=/opt/rustwide/target" "-e" "CARGO_INCREMENTAL=0" "-e" "RUST_BACKTRACE=full" "-e" "RUSTFLAGS=--cap-lints=forbid" "-e" "RUSTDOCFLAGS=--cap-lints=forbid" "-e" "CARGO_HOME=/opt/rustwide/cargo-home" "-e" "RUSTUP_HOME=/opt/rustwide/rustup-home" "-w" "/opt/rustwide/workdir" "-m" "1610612736" "--user" "0:0" "--network" "none" "ghcr.io/rust-lang/crates-build-env/linux@sha256:2788e3201cd34a07e3172128adcd8b3090168a8e3bcc40d7c032b9dda1df7d1c" "/opt/rustwide/cargo-home/bin/cargo" "+nightly-2024-02-05" "check" "--frozen" "--all" "--all-targets" "--message-format=json", kill_on_drop: false }`
[INFO] [stdout] 00a7fd9617733f93185bc57f1ba540c72adb4bf32cfc0d80e30dcc08e34b9376
[INFO] running `Command { std: "docker" "start" "-a" "00a7fd9617733f93185bc57f1ba540c72adb4bf32cfc0d80e30dcc08e34b9376", kill_on_drop: false }`
[INFO] [stderr]    Compiling libc v0.2.147
[INFO] [stderr]    Compiling rustix v0.38.8
[INFO] [stderr]    Compiling libm v0.2.7
[INFO] [stderr]     Checking bitflags v2.4.0
[INFO] [stderr]     Checking linux-raw-sys v0.4.5
[INFO] [stderr]     Checking fastrand v2.0.0
[INFO] [stderr]     Checking bit-vec v0.6.3
[INFO] [stderr]     Checking iana-time-zone v0.1.57
[INFO] [stderr]     Checking deunicode v1.4.0
[INFO] [stderr]     Checking regex-syntax v0.6.29
[INFO] [stderr]    Compiling num-traits v0.2.16
[INFO] [stderr]     Checking unarray v0.1.4
[INFO] [stderr]     Checking byteorder v1.4.3
[INFO] [stderr]     Checking bit-set v0.5.3
[INFO] [stderr]     Checking getrandom v0.2.10
[INFO] [stderr]     Checking wait-timeout v0.2.0
[INFO] [stderr]     Checking rand_core v0.6.4
[INFO] [stderr]     Checking rand_chacha v0.3.1
[INFO] [stderr]     Checking rand_xorshift v0.3.0
[INFO] [stderr]     Checking rand v0.8.5
[INFO] [stderr]     Checking chrono v0.4.26
[INFO] [stderr]     Checking fake v2.9.1 (/opt/rustwide/workdir)
[INFO] [stderr]     Checking tempfile v3.7.1
[INFO] [stderr]     Checking rusty-fork v0.3.0
[INFO] [stderr]     Checking proptest v1.2.0
[INFO] [stdout] error[E0433]: failed to resolve: could not find `Dummy` in `fake`
[INFO] [stdout]    --> tests/derive_macros.rs:315:28
[INFO] [stdout]     |
[INFO] [stdout] 315 |             #[derive(fake::Dummy)]
[INFO] [stdout]     |                            ^^^^^ could not find `Dummy` in `fake`
[INFO] [stdout]     |
[INFO] [stdout] note: found an item that was configured out
[INFO] [stdout]    --> /opt/rustwide/workdir/src/lib.rs:416:16
[INFO] [stdout]     |
[INFO] [stdout] 416 | pub use dummy::Dummy;
[INFO] [stdout]     |                ^^^^^
[INFO] [stdout]     = note: the item is gated behind the `derive` feature
[INFO] [stdout] 
[INFO] [stdout] 
[INFO] [stdout] error[E0433]: failed to resolve: could not find `Dummy` in `fake`
[INFO] [stdout]    --> tests/derive_macros.rs:320:28
[INFO] [stdout]     |
[INFO] [stdout] 320 |             #[derive(fake::Dummy)]
[INFO] [stdout]     |                            ^^^^^ could not find `Dummy` in `fake`
[INFO] [stdout]     |
[INFO] [stdout] note: found an item that was configured out
[INFO] [stdout]    --> /opt/rustwide/workdir/src/lib.rs:416:16
[INFO] [stdout]     |
[INFO] [stdout] 416 | pub use dummy::Dummy;
[INFO] [stdout]     |                ^^^^^
[INFO] [stdout]     = note: the item is gated behind the `derive` feature
[INFO] [stdout] 
[INFO] [stdout] 
[INFO] [stdout] error: cannot find derive macro `Dummy` in this scope
[INFO] [stdout]  --> examples/opt.rs:3:17
[INFO] [stdout]   |
[INFO] [stdout] 3 | #[derive(Debug, Dummy)]
[INFO] [stdout]   |                 ^^^^^
[INFO] [stdout]   |
[INFO] [stdout] note: `Dummy` is imported here, but it is only a trait, without a derive macro
[INFO] [stdout]  --> examples/opt.rs:1:12
[INFO] [stdout]   |
[INFO] [stdout] 1 | use fake::{Dummy, Fake, Faker, Opt, Optional};
[INFO] [stdout]   |            ^^^^^
[INFO] [stdout] 
[INFO] [stdout] 
[INFO] [stdout] error: cannot find attribute `dummy` in this scope
[INFO] [stdout]  --> examples/opt.rs:5:7
[INFO] [stdout]   |
[INFO] [stdout] 5 |     #[dummy(faker = "0..200")]
[INFO] [stdout]   |       ^^^^^
[INFO] [stdout] 
[INFO] [stdout] 
[INFO] [stdout] error: cannot find attribute `dummy` in this scope
[INFO] [stdout]  --> examples/opt.rs:8:7
[INFO] [stdout]   |
[INFO] [stdout] 8 |     #[dummy(faker = "Opt(0..200, 100)", from = "Optional<u64>")]
[INFO] [stdout]   |       ^^^^^
[INFO] [stdout] 
[INFO] [stdout] 
[INFO] [stdout] error: cannot find attribute `dummy` in this scope
[INFO] [stdout]   --> examples/opt.rs:11:7
[INFO] [stdout]    |
[INFO] [stdout] 11 |     #[dummy(expr = "Some((0..200).fake())")]
[INFO] [stdout]    |       ^^^^^
[INFO] [stdout] 
[INFO] [stdout] 
[INFO] [stdout] error: cannot find attribute `dummy` in this scope
[INFO] [stdout]   --> examples/opt.rs:14:7
[INFO] [stdout]    |
[INFO] [stdout] 14 |     #[dummy(faker = "Opt(0..200, 0)", from = "Optional<u64>")]
[INFO] [stdout]    |       ^^^^^
[INFO] [stdout] 
[INFO] [stdout] 
[INFO] [stdout] error: cannot find attribute `dummy` in this scope
[INFO] [stdout]    --> tests/derive_macros.rs:322:19
[INFO] [stdout]     |
[INFO] [stdout] 322 |                 #[dummy(faker = "1000..2000")]
[INFO] [stdout]     |                   ^^^^^
[INFO] [stdout] 
[INFO] [stdout] 
[INFO] [stdout] error: cannot find attribute `dummy` in this scope
[INFO] [stdout]   --> examples/opt.rs:17:7
[INFO] [stdout]    |
[INFO] [stdout] 17 |     #[dummy(expr = "None")]
[INFO] [stdout]    |       ^^^^^
[INFO] [stdout] 
[INFO] [stdout] 
[INFO] [stdout] error: cannot find attribute `dummy` in this scope
[INFO] [stdout]   --> examples/opt.rs:20:7
[INFO] [stdout]    |
[INFO] [stdout] 20 |     #[dummy(faker = "0..200")]
[INFO] [stdout]    |       ^^^^^
[INFO] [stdout] 
[INFO] [stdout] 
[INFO] [stdout] error: cannot find derive macro `Dummy` in this scope
[INFO] [stdout]   --> tests/derive_macros.rs:22:22
[INFO] [stdout]    |
[INFO] [stdout] 22 |             #[derive(Dummy, Debug, Eq, PartialEq)]
[INFO] [stdout]    |                      ^^^^^
[INFO] [stdout]    |
[INFO] [stdout] note: `Dummy` is imported here, but it is only a trait, without a derive macro
[INFO] [stdout]   --> tests/derive_macros.rs:18:13
[INFO] [stdout]    |
[INFO] [stdout] 18 |         use super::*;
[INFO] [stdout]    |             ^^^^^^^^
[INFO] [stdout] 
[INFO] [stdout] 
[INFO] [stdout] error: cannot find attribute `dummy` in this scope
[INFO] [stdout]   --> examples/opt.rs:23:7
[INFO] [stdout]    |
[INFO] [stdout] 23 |     #[dummy(expr = "Opt(Opt(0..200, 50), 50).fake::<Optional<Optional<u64>>>().0.map(|v| v.0)")]
[INFO] [stdout]    |       ^^^^^
[INFO] [stdout] 
[INFO] [stdout] 
[INFO] [stdout] error: cannot find derive macro `Dummy` in this scope
[INFO] [stdout]   --> tests/derive_macros.rs:36:22
[INFO] [stdout]    |
[INFO] [stdout] 36 |             #[derive(Dummy, Debug, Eq, PartialEq)]
[INFO] [stdout]    |                      ^^^^^
[INFO] [stdout]    |
[INFO] [stdout] note: `Dummy` is imported here, but it is only a trait, without a derive macro
[INFO] [stdout]   --> tests/derive_macros.rs:18:13
[INFO] [stdout]    |
[INFO] [stdout] 18 |         use super::*;
[INFO] [stdout]    |             ^^^^^^^^
[INFO] [stdout] 
[INFO] [stdout] 
[INFO] [stdout] error: cannot find derive macro `Dummy` in this scope
[INFO] [stdout]   --> tests/derive_macros.rs:44:22
[INFO] [stdout]    |
[INFO] [stdout] 44 |             #[derive(Dummy, Debug, Eq, PartialEq)]
[INFO] [stdout]    |                      ^^^^^
[INFO] [stdout]    |
[INFO] [stdout] note: `Dummy` is imported here, but it is only a trait, without a derive macro
[INFO] [stdout]   --> tests/derive_macros.rs:18:13
[INFO] [stdout]    |
[INFO] [stdout] 18 |         use super::*;
[INFO] [stdout]    |             ^^^^^^^^
[INFO] [stdout] 
[INFO] [stdout] 
[INFO] [stdout] error: cannot find attribute `dummy` in this scope
[INFO] [stdout]   --> tests/derive_macros.rs:48:23
[INFO] [stdout]    |
[INFO] [stdout] 48 |                     #[dummy(faker = "1..100")] i32,
[INFO] [stdout]    |                       ^^^^^
[INFO] [stdout] 
[INFO] [stdout] 
[INFO] [stdout] error: cannot find attribute `dummy` in this scope
[INFO] [stdout]   --> tests/derive_macros.rs:49:23
[INFO] [stdout]    |
[INFO] [stdout] 49 |                     #[dummy(default)] i32,
[INFO] [stdout]    |                       ^^^^^
[INFO] [stdout] 
[INFO] [stdout] 
[INFO] [stdout] error: cannot find attribute `dummy` in this scope
[INFO] [stdout]   --> tests/derive_macros.rs:50:23
[INFO] [stdout]    |
[INFO] [stdout] 50 |                     #[dummy(expr = "1")] i32,
[INFO] [stdout]    |                       ^^^^^
[INFO] [stdout] 
[INFO] [stdout] 
[INFO] [stdout] error: cannot find derive macro `Dummy` in this scope
[INFO] [stdout]   --> tests/derive_macros.rs:61:22
[INFO] [stdout]    |
[INFO] [stdout] 61 |             #[derive(Dummy, Debug, Eq, PartialEq)]
[INFO] [stdout]    |                      ^^^^^
[INFO] [stdout]    |
[INFO] [stdout] note: `Dummy` is imported here, but it is only a trait, without a derive macro
[INFO] [stdout]   --> tests/derive_macros.rs:18:13
[INFO] [stdout]    |
[INFO] [stdout] 18 |         use super::*;
[INFO] [stdout]    |             ^^^^^^^^
[INFO] [stdout] 
[INFO] [stdout] 
[INFO] [stdout] error: cannot find attribute `dummy` in this scope
[INFO] [stdout]   --> tests/derive_macros.rs:65:23
[INFO] [stdout]    |
[INFO] [stdout] 65 |                     #[dummy(faker = "1..100")]
[INFO] [stdout]    |                       ^^^^^
[INFO] [stdout] 
[INFO] [stdout] 
[INFO] [stdout] error: cannot find attribute `dummy` in this scope
[INFO] [stdout]   --> tests/derive_macros.rs:67:23
[INFO] [stdout]    |
[INFO] [stdout] 67 |                     #[dummy(default)]
[INFO] [stdout]    |                       ^^^^^
[INFO] [stdout] 
[INFO] [stdout] 
[INFO] [stdout] error: cannot find attribute `dummy` in this scope
[INFO] [stdout]   --> tests/derive_macros.rs:69:23
[INFO] [stdout]    |
[INFO] [stdout] 69 |                     #[dummy(expr = "1")]
[INFO] [stdout]    |                       ^^^^^
[INFO] [stdout] 
[INFO] [stdout] 
[INFO] [stdout] error: cannot find derive macro `Dummy` in this scope
[INFO] [stdout]   --> tests/derive_macros.rs:85:22
[INFO] [stdout]    |
[INFO] [stdout] 85 |             #[derive(Dummy)]
[INFO] [stdout]    |                      ^^^^^
[INFO] [stdout]    |
[INFO] [stdout] note: `Dummy` is imported here, but it is only a trait, without a derive macro
[INFO] [stdout]   --> tests/derive_macros.rs:81:13
[INFO] [stdout]    |
[INFO] [stdout] 81 |         use super::*;
[INFO] [stdout]    |             ^^^^^^^^
[INFO] [stdout] 
[INFO] [stdout] 
[INFO] [stdout] error: cannot find derive macro `Dummy` in this scope
[INFO] [stdout]   --> tests/derive_macros.rs:99:22
[INFO] [stdout]    |
[INFO] [stdout] 99 |             #[derive(Dummy)]
[INFO] [stdout]    |                      ^^^^^
[INFO] [stdout]    |
[INFO] [stdout] note: `Dummy` is imported here, but it is only a trait, without a derive macro
[INFO] [stdout]   --> tests/derive_macros.rs:95:13
[INFO] [stdout]    |
[INFO] [stdout] 95 |         use super::*;
[INFO] [stdout]    |             ^^^^^^^^
[INFO] [stdout] 
[INFO] [stdout] 
[INFO] [stdout] error: cannot find derive macro `Dummy` in this scope
[INFO] [stdout]    --> tests/derive_macros.rs:109:22
[INFO] [stdout]     |
[INFO] [stdout] 109 |             #[derive(Dummy)]
[INFO] [stdout]     |                      ^^^^^
[INFO] [stdout]     |
[INFO] [stdout] note: `Dummy` is imported here, but it is only a trait, without a derive macro
[INFO] [stdout]    --> tests/derive_macros.rs:95:13
[INFO] [stdout]     |
[INFO] [stdout] 95  |         use super::*;
[INFO] [stdout]     |             ^^^^^^^^
[INFO] [stdout] 
[INFO] [stdout] 
[INFO] [stdout] error: cannot find attribute `dummy` in this scope
[INFO] [stdout]    --> tests/derive_macros.rs:110:26
[INFO] [stdout]     |
[INFO] [stdout] 110 |             struct Obj(#[dummy(faker = "100..200")] i32);
[INFO] [stdout]     |                          ^^^^^
[INFO] [stdout] 
[INFO] [stdout] 
[INFO] [stdout] error: cannot find derive macro `Dummy` in this scope
[INFO] [stdout]    --> tests/derive_macros.rs:119:22
[INFO] [stdout]     |
[INFO] [stdout] 119 |             #[derive(Dummy, Debug, Eq, PartialEq)]
[INFO] [stdout]     |                      ^^^^^
[INFO] [stdout]     |
[INFO] [stdout] note: `Dummy` is imported here, but it is only a trait, without a derive macro
[INFO] [stdout]    --> tests/derive_macros.rs:95:13
[INFO] [stdout]     |
[INFO] [stdout] 95  |         use super::*;
[INFO] [stdout]     |             ^^^^^^^^
[INFO] [stdout] 
[INFO] [stdout] 
[INFO] [stdout] error: cannot find derive macro `Dummy` in this scope
[INFO] [stdout]    --> tests/derive_macros.rs:124:22
[INFO] [stdout]     |
[INFO] [stdout] 124 |             #[derive(Dummy)]
[INFO] [stdout]     |                      ^^^^^
[INFO] [stdout]     |
[INFO] [stdout] note: `Dummy` is imported here, but it is only a trait, without a derive macro
[INFO] [stdout]    --> tests/derive_macros.rs:95:13
[INFO] [stdout]     |
[INFO] [stdout] 95  |         use super::*;
[INFO] [stdout]     |             ^^^^^^^^
[INFO] [stdout] 
[INFO] [stdout] 
[INFO] [stdout] error: cannot find derive macro `Dummy` in this scope
[INFO] [stdout]    --> tests/derive_macros.rs:134:22
[INFO] [stdout]     |
[INFO] [stdout] 134 |             #[derive(Dummy)]
[INFO] [stdout]     |                      ^^^^^
[INFO] [stdout]     |
[INFO] [stdout] note: `Dummy` is imported here, but it is only a trait, without a derive macro
[INFO] [stdout]    --> tests/derive_macros.rs:95:13
[INFO] [stdout]     |
[INFO] [stdout] 95  |         use super::*;
[INFO] [stdout]     |             ^^^^^^^^
[INFO] [stdout] 
[INFO] [stdout] 
[INFO] [stdout] error: cannot find attribute `dummy` in this scope
[INFO] [stdout]    --> tests/derive_macros.rs:135:26
[INFO] [stdout]     |
[INFO] [stdout] 135 |             struct Obj(#[dummy(default)] String);
[INFO] [stdout]     |                          ^^^^^
[INFO] [stdout] 
[INFO] [stdout] 
[INFO] [stdout] error: cannot find derive macro `Dummy` in this scope
[INFO] [stdout]    --> tests/derive_macros.rs:144:22
[INFO] [stdout]     |
[INFO] [stdout] 144 |             #[derive(Dummy)]
[INFO] [stdout]     |                      ^^^^^
[INFO] [stdout]     |
[INFO] [stdout] note: `Dummy` is imported here, but it is only a trait, without a derive macro
[INFO] [stdout]    --> tests/derive_macros.rs:95:13
[INFO] [stdout]     |
[INFO] [stdout] 95  |         use super::*;
[INFO] [stdout]     |             ^^^^^^^^
[INFO] [stdout] 
[INFO] [stdout] 
[INFO] [stdout] error: cannot find attribute `dummy` in this scope
[INFO] [stdout]    --> tests/derive_macros.rs:145:26
[INFO] [stdout]     |
[INFO] [stdout] 145 |             struct Obj(#[dummy(faker = "fake::faker::name::en::Name()")] String);
[INFO] [stdout]     |                          ^^^^^
[INFO] [stdout] 
[INFO] [stdout] 
[INFO] [stdout] error: cannot find derive macro `Dummy` in this scope
[INFO] [stdout]    --> tests/derive_macros.rs:154:22
[INFO] [stdout]     |
[INFO] [stdout] 154 |             #[derive(Dummy)]
[INFO] [stdout]     |                      ^^^^^
[INFO] [stdout]     |
[INFO] [stdout] note: `Dummy` is imported here, but it is only a trait, without a derive macro
[INFO] [stdout]    --> tests/derive_macros.rs:95:13
[INFO] [stdout]     |
[INFO] [stdout] 95  |         use super::*;
[INFO] [stdout]     |             ^^^^^^^^
[INFO] [stdout] 
[INFO] [stdout] 
[INFO] [stdout] error: cannot find attribute `dummy` in this scope
[INFO] [stdout]    --> tests/derive_macros.rs:155:26
[INFO] [stdout]     |
[INFO] [stdout] 155 |             struct Obj(#[dummy(expr = "42")] i32);
[INFO] [stdout]     |                          ^^^^^
[INFO] [stdout] 
[INFO] [stdout] 
[INFO] [stdout] error: cannot find derive macro `Dummy` in this scope
[INFO] [stdout]    --> tests/derive_macros.rs:168:22
[INFO] [stdout]     |
[INFO] [stdout] 168 |             #[derive(Dummy)]
[INFO] [stdout]     |                      ^^^^^
[INFO] [stdout]     |
[INFO] [stdout] note: `Dummy` is imported here, but it is only a trait, without a derive macro
[INFO] [stdout]    --> tests/derive_macros.rs:164:13
[INFO] [stdout]     |
[INFO] [stdout] 164 |         use super::*;
[INFO] [stdout]     |             ^^^^^^^^
[INFO] [stdout] 
[INFO] [stdout] 
[INFO] [stdout] error: cannot find derive macro `Dummy` in this scope
[INFO] [stdout]    --> tests/derive_macros.rs:180:22
[INFO] [stdout]     |
[INFO] [stdout] 180 |             #[derive(Dummy)]
[INFO] [stdout]     |                      ^^^^^
[INFO] [stdout]     |
[INFO] [stdout] note: `Dummy` is imported here, but it is only a trait, without a derive macro
[INFO] [stdout]    --> tests/derive_macros.rs:164:13
[INFO] [stdout]     |
[INFO] [stdout] 164 |         use super::*;
[INFO] [stdout]     |             ^^^^^^^^
[INFO] [stdout] 
[INFO] [stdout] 
[INFO] [stdout] error: cannot find attribute `dummy` in this scope
[INFO] [stdout]    --> tests/derive_macros.rs:182:19
[INFO] [stdout]     |
[INFO] [stdout] 182 |                 #[dummy(faker = "100..200")]
[INFO] [stdout]     |                   ^^^^^
[INFO] [stdout] 
[INFO] [stdout] 
[INFO] [stdout] error: cannot find derive macro `Dummy` in this scope
[INFO] [stdout]    --> tests/derive_macros.rs:193:22
[INFO] [stdout]     |
[INFO] [stdout] 193 |             #[derive(Dummy)]
[INFO] [stdout]     |                      ^^^^^
[INFO] [stdout]     |
[INFO] [stdout] note: `Dummy` is imported here, but it is only a trait, without a derive macro
[INFO] [stdout]    --> tests/derive_macros.rs:164:13
[INFO] [stdout]     |
[INFO] [stdout] 164 |         use super::*;
[INFO] [stdout]     |             ^^^^^^^^
[INFO] [stdout] 
[INFO] [stdout] 
[INFO] [stdout] error: cannot find attribute `dummy` in this scope
[INFO] [stdout]    --> tests/derive_macros.rs:195:19
[INFO] [stdout]     |
[INFO] [stdout] 195 |                 #[dummy(faker = "fake::faker::name::en::Name()")]
[INFO] [stdout]     |                   ^^^^^
[INFO] [stdout] 
[INFO] [stdout] 
[INFO] [stdout] error: cannot find derive macro `Dummy` in this scope
[INFO] [stdout]    --> tests/derive_macros.rs:206:22
[INFO] [stdout]     |
[INFO] [stdout] 206 |             #[derive(Dummy, Debug, Eq, PartialEq)]
[INFO] [stdout]     |                      ^^^^^
[INFO] [stdout]     |
[INFO] [stdout] note: `Dummy` is imported here, but it is only a trait, without a derive macro
[INFO] [stdout]    --> tests/derive_macros.rs:164:13
[INFO] [stdout]     |
[INFO] [stdout] 164 |         use super::*;
[INFO] [stdout]     |             ^^^^^^^^
[INFO] [stdout] 
[INFO] [stdout] 
[INFO] [stdout] error: cannot find derive macro `Dummy` in this scope
[INFO] [stdout]    --> tests/derive_macros.rs:211:22
[INFO] [stdout]     |
[INFO] [stdout] 211 |             #[derive(Dummy)]
[INFO] [stdout]     |                      ^^^^^
[INFO] [stdout]     |
[INFO] [stdout] note: `Dummy` is imported here, but it is only a trait, without a derive macro
[INFO] [stdout]    --> tests/derive_macros.rs:164:13
[INFO] [stdout]     |
[INFO] [stdout] 164 |         use super::*;
[INFO] [stdout]     |             ^^^^^^^^
[INFO] [stdout] 
[INFO] [stdout] 
[INFO] [stdout] error: cannot find derive macro `Dummy` in this scope
[INFO] [stdout]    --> tests/derive_macros.rs:223:22
[INFO] [stdout]     |
[INFO] [stdout] 223 |             #[derive(Dummy)]
[INFO] [stdout]     |                      ^^^^^
[INFO] [stdout]     |
[INFO] [stdout] note: `Dummy` is imported here, but it is only a trait, without a derive macro
[INFO] [stdout]    --> tests/derive_macros.rs:164:13
[INFO] [stdout]     |
[INFO] [stdout] 164 |         use super::*;
[INFO] [stdout]     |             ^^^^^^^^
[INFO] [stdout] 
[INFO] [stdout] 
[INFO] [stdout] error: cannot find attribute `dummy` in this scope
[INFO] [stdout]    --> tests/derive_macros.rs:225:19
[INFO] [stdout]     |
[INFO] [stdout] 225 |                 #[dummy(default)]
[INFO] [stdout]     |                   ^^^^^
[INFO] [stdout] 
[INFO] [stdout] 
[INFO] [stdout] error: cannot find derive macro `Dummy` in this scope
[INFO] [stdout]    --> tests/derive_macros.rs:236:22
[INFO] [stdout]     |
[INFO] [stdout] 236 |             #[derive(Dummy)]
[INFO] [stdout]     |                      ^^^^^
[INFO] [stdout]     |
[INFO] [stdout] note: `Dummy` is imported here, but it is only a trait, without a derive macro
[INFO] [stdout]    --> tests/derive_macros.rs:164:13
[INFO] [stdout]     |
[INFO] [stdout] 164 |         use super::*;
[INFO] [stdout]     |             ^^^^^^^^
[INFO] [stdout] 
[INFO] [stdout] 
[INFO] [stdout] error: cannot find attribute `dummy` in this scope
[INFO] [stdout]    --> tests/derive_macros.rs:238:19
[INFO] [stdout]     |
[INFO] [stdout] 238 |                 #[dummy(expr = "42")]
[INFO] [stdout]     |                   ^^^^^
[INFO] [stdout] 
[INFO] [stdout] 
[INFO] [stdout] error: cannot find derive macro `Dummy` in this scope
[INFO] [stdout]    --> tests/derive_macros.rs:249:22
[INFO] [stdout]     |
[INFO] [stdout] 249 |             #[derive(Dummy)]
[INFO] [stdout]     |                      ^^^^^
[INFO] [stdout]     |
[INFO] [stdout] note: `Dummy` is imported here, but it is only a trait, without a derive macro
[INFO] [stdout]    --> tests/derive_macros.rs:164:13
[INFO] [stdout]     |
[INFO] [stdout] 164 |         use super::*;
[INFO] [stdout]     |             ^^^^^^^^
[INFO] [stdout] 
[INFO] [stdout] 
[INFO] [stdout] error: cannot find attribute `dummy` in this scope
[INFO] [stdout]    --> tests/derive_macros.rs:251:19
[INFO] [stdout]     |
[INFO] [stdout] 251 |                 #[dummy(expr = "\"My string\".into()")]
[INFO] [stdout]     |                   ^^^^^
[INFO] [stdout] 
[INFO] [stdout] 
[INFO] [stdout] error: cannot find derive macro `Dummy` in this scope
[INFO] [stdout]    --> tests/derive_macros.rs:265:22
[INFO] [stdout]     |
[INFO] [stdout] 265 |             #[derive(Dummy)]
[INFO] [stdout]     |                      ^^^^^
[INFO] [stdout]     |
[INFO] [stdout] note: `Dummy` is imported here, but it is only a trait, without a derive macro
[INFO] [stdout]    --> tests/derive_macros.rs:164:13
[INFO] [stdout]     |
[INFO] [stdout] 164 |         use super::*;
[INFO] [stdout]     |             ^^^^^^^^
[INFO] [stdout] 
[INFO] [stdout] 
[INFO] [stdout] error: cannot find attribute `dummy` in this scope
[INFO] [stdout]    --> tests/derive_macros.rs:267:19
[INFO] [stdout]     |
[INFO] [stdout] 267 |                 #[dummy(expr = "my_default()")]
[INFO] [stdout]     |                   ^^^^^
[INFO] [stdout] 
[INFO] [stdout] 
[INFO] [stdout] error: cannot find derive macro `Dummy` in this scope
[INFO] [stdout]    --> tests/derive_macros.rs:278:22
[INFO] [stdout]     |
[INFO] [stdout] 278 |             #[derive(Dummy)]
[INFO] [stdout]     |                      ^^^^^
[INFO] [stdout]     |
[INFO] [stdout] note: `Dummy` is imported here, but it is only a trait, without a derive macro
[INFO] [stdout]    --> tests/derive_macros.rs:164:13
[INFO] [stdout]     |
[INFO] [stdout] 164 |         use super::*;
[INFO] [stdout]     |             ^^^^^^^^
[INFO] [stdout] 
[INFO] [stdout] 
[INFO] [stdout] error: cannot find attribute `dummy` in this scope
[INFO] [stdout]    --> tests/derive_macros.rs:280:19
[INFO] [stdout]     |
[INFO] [stdout] 280 |                 #[dummy(expr = "\"My string\"")]
[INFO] [stdout]     |                   ^^^^^
[INFO] [stdout] 
[INFO] [stdout] 
[INFO] [stdout] error: cannot find derive macro `Dummy` in this scope
[INFO] [stdout]    --> tests/derive_macros.rs:297:22
[INFO] [stdout]     |
[INFO] [stdout] 297 |             #[derive(Dummy)]
[INFO] [stdout]     |                      ^^^^^
[INFO] [stdout]     |
[INFO] [stdout] note: `Dummy` is imported here, but it is only a trait, without a derive macro
[INFO] [stdout]    --> tests/derive_macros.rs:164:13
[INFO] [stdout]     |
[INFO] [stdout] 164 |         use super::*;
[INFO] [stdout]     |             ^^^^^^^^
[INFO] [stdout] 
[INFO] [stdout] 
[INFO] [stdout] error: cannot find attribute `dummy` in this scope
[INFO] [stdout]    --> tests/derive_macros.rs:299:19
[INFO] [stdout]     |
[INFO] [stdout] 299 |                 #[dummy(expr = "MyEnum::One")]
[INFO] [stdout]     |                   ^^^^^
[INFO] [stdout] 
[INFO] [stdout] 
[INFO] [stdout] error: cannot find derive macro `Dummy` in this scope
[INFO] [stdout]    --> tests/derive_macros.rs:335:40
[INFO] [stdout]     |
[INFO] [stdout] 335 |         #[derive(Eq, PartialEq, Debug, Dummy)]
[INFO] [stdout]     |                                        ^^^^^
[INFO] [stdout]     |
[INFO] [stdout] note: `Dummy` is imported here, but it is only a trait, without a derive macro
[INFO] [stdout]    --> tests/derive_macros.rs:330:9
[INFO] [stdout]     |
[INFO] [stdout] 330 |     use super::*;
[INFO] [stdout]     |         ^^^^^^^^
[INFO] [stdout] 
[INFO] [stdout] 
[INFO] [stdout] error: cannot find derive macro `Dummy` in this scope
[INFO] [stdout]    --> tests/derive_macros.rs:350:40
[INFO] [stdout]     |
[INFO] [stdout] 350 |         #[derive(Eq, PartialEq, Debug, Dummy)]
[INFO] [stdout]     |                                        ^^^^^
[INFO] [stdout]     |
[INFO] [stdout] note: `Dummy` is imported here, but it is only a trait, without a derive macro
[INFO] [stdout]    --> tests/derive_macros.rs:330:9
[INFO] [stdout]     |
[INFO] [stdout] 330 |     use super::*;
[INFO] [stdout]     |         ^^^^^^^^
[INFO] [stdout] 
[INFO] [stdout] 
[INFO] [stdout] error: cannot find derive macro `Dummy` in this scope
[INFO] [stdout]    --> tests/derive_macros.rs:364:40
[INFO] [stdout]     |
[INFO] [stdout] 364 |         #[derive(Eq, PartialEq, Debug, Dummy)]
[INFO] [stdout]     |                                        ^^^^^
[INFO] [stdout]     |
[INFO] [stdout] note: `Dummy` is imported here, but it is only a trait, without a derive macro
[INFO] [stdout]    --> tests/derive_macros.rs:330:9
[INFO] [stdout]     |
[INFO] [stdout] 330 |     use super::*;
[INFO] [stdout]     |         ^^^^^^^^
[INFO] [stdout] 
[INFO] [stdout] 
[INFO] [stdout] error[E0277]: the trait bound `Order: Dummy<Faker>` is not satisfied
[INFO] [stdout]    --> examples/opt.rs:37:26
[INFO] [stdout]     |
[INFO] [stdout] 37  |     let o: Order = Faker.fake();
[INFO] [stdout]     |                          ^^^^ the trait `Dummy<Faker>` is not implemented for `Order`, which is required by `Faker: fake::private::FakeBase<_>`
[INFO] [stdout]     |
[INFO] [stdout]     = help: the following other types implement trait `Dummy<T>`:
[INFO] [stdout]               <bool as Dummy<bool>>
[INFO] [stdout]               <bool as Dummy<Faker>>
[INFO] [stdout]               <bool as Dummy<Boolean<L>>>
[INFO] [stdout]               <char as Dummy<char>>
[INFO] [stdout]               <char as Dummy<Faker>>
[INFO] [stdout]               <isize as Dummy<isize>>
[INFO] [stdout]               <isize as Dummy<Faker>>
[INFO] [stdout]               <isize as Dummy<rand::distributions::uniform::Uniform<isize>>>
[INFO] [stdout]             and 325 others
[INFO] [stdout]     = note: required for `Faker` to implement `fake::private::FakeBase<Order>`
[INFO] [stdout] note: required by a bound in `fake`
[INFO] [stdout]    --> /opt/rustwide/workdir/src/lib.rs:202:15
[INFO] [stdout]     |
[INFO] [stdout] 200 |     fn fake<U>(&self) -> U
[INFO] [stdout]     |        ---- required by a bound in this associated function
[INFO] [stdout] 201 |     where
[INFO] [stdout] 202 |         Self: private::FakeBase<U>,
[INFO] [stdout]     |               ^^^^^^^^^^^^^^^^^^^^ required by this bound in `Fake::fake`
[INFO] [stdout] 
[INFO] [stdout] 
[INFO] [stdout] error: aborting due to 9 previous errors
[INFO] [stdout] 
[INFO] [stdout] 
[INFO] [stdout] For more information about this error, try `rustc --explain E0277`.
[INFO] [stdout] 
[INFO] [stderr] error: could not compile `fake` (example "opt") due to 10 previous errors
[INFO] [stderr] warning: build failed, waiting for other jobs to finish...
[INFO] [stdout] error[E0277]: the trait bound `enum_type::no_overrides::MyEnum: fake::Dummy<fake::Faker>` is not satisfied
[INFO] [stdout]    --> tests/derive_macros.rs:28:35
[INFO] [stdout]     |
[INFO] [stdout] 28  |             let o: MyEnum = Faker.fake_with_rng(&mut rng());
[INFO] [stdout]     |                                   ^^^^^^^^^^^^^ the trait `fake::Dummy<fake::Faker>` is not implemented for `enum_type::no_overrides::MyEnum`, which is required by `fake::Faker: fake::private::FakeBase<_>`
[INFO] [stdout]     |
[INFO] [stdout]     = help: the following other types implement trait `fake::Dummy<T>`:
[INFO] [stdout]               <bool as fake::Dummy<bool>>
[INFO] [stdout]               <bool as fake::Dummy<fake::Faker>>
[INFO] [stdout]               <bool as fake::Dummy<Boolean<L>>>
[INFO] [stdout]               <char as fake::Dummy<char>>
[INFO] [stdout]               <char as fake::Dummy<fake::Faker>>
[INFO] [stdout]               <isize as fake::Dummy<isize>>
[INFO] [stdout]               <isize as fake::Dummy<fake::Faker>>
[INFO] [stdout]               <isize as fake::Dummy<Uniform<isize>>>
[INFO] [stdout]             and 325 others
[INFO] [stdout]     = note: required for `fake::Faker` to implement `fake::private::FakeBase<enum_type::no_overrides::MyEnum>`
[INFO] [stdout] note: required by a bound in `fake_with_rng`
[INFO] [stdout]    --> /opt/rustwide/workdir/src/lib.rs:210:15
[INFO] [stdout]     |
[INFO] [stdout] 208 |     fn fake_with_rng<U, R: Rng + ?Sized>(&self, rng: &mut R) -> U
[INFO] [stdout]     |        ------------- required by a bound in this associated function
[INFO] [stdout] 209 |     where
[INFO] [stdout] 210 |         Self: private::FakeBase<U>,
[INFO] [stdout]     |               ^^^^^^^^^^^^^^^^^^^^ required by this bound in `Fake::fake_with_rng`
[INFO] [stdout] 
[INFO] [stdout] 
[INFO] [stdout] error[E0277]: the trait bound `enum_type::with_no_variants::MyEnum: fake::Dummy<fake::Faker>` is not satisfied
[INFO] [stdout]    --> tests/derive_macros.rs:39:36
[INFO] [stdout]     |
[INFO] [stdout] 39  |             let _o: MyEnum = Faker.fake_with_rng(&mut rng());
[INFO] [stdout]     |                                    ^^^^^^^^^^^^^ the trait `fake::Dummy<fake::Faker>` is not implemented for `enum_type::with_no_variants::MyEnum`, which is required by `fake::Faker: fake::private::FakeBase<_>`
[INFO] [stdout]     |
[INFO] [stdout]     = help: the following other types implement trait `fake::Dummy<T>`:
[INFO] [stdout]               <bool as fake::Dummy<bool>>
[INFO] [stdout]               <bool as fake::Dummy<fake::Faker>>
[INFO] [stdout]               <bool as fake::Dummy<Boolean<L>>>
[INFO] [stdout]               <char as fake::Dummy<char>>
[INFO] [stdout]               <char as fake::Dummy<fake::Faker>>
[INFO] [stdout]               <isize as fake::Dummy<isize>>
[INFO] [stdout]               <isize as fake::Dummy<fake::Faker>>
[INFO] [stdout]               <isize as fake::Dummy<Uniform<isize>>>
[INFO] [stdout]             and 325 others
[INFO] [stdout]     = note: required for `fake::Faker` to implement `fake::private::FakeBase<enum_type::with_no_variants::MyEnum>`
[INFO] [stdout] note: required by a bound in `fake_with_rng`
[INFO] [stdout]    --> /opt/rustwide/workdir/src/lib.rs:210:15
[INFO] [stdout]     |
[INFO] [stdout] 208 |     fn fake_with_rng<U, R: Rng + ?Sized>(&self, rng: &mut R) -> U
[INFO] [stdout]     |        ------------- required by a bound in this associated function
[INFO] [stdout] 209 |     where
[INFO] [stdout] 210 |         Self: private::FakeBase<U>,
[INFO] [stdout]     |               ^^^^^^^^^^^^^^^^^^^^ required by this bound in `Fake::fake_with_rng`
[INFO] [stdout] 
[INFO] [stdout] 
[INFO] [stdout] error[E0277]: the trait bound `enum_type::with_tuple::MyEnum: fake::Dummy<fake::Faker>` is not satisfied
[INFO] [stdout]    --> tests/derive_macros.rs:54:35
[INFO] [stdout]     |
[INFO] [stdout] 54  |             let o: MyEnum = Faker.fake_with_rng(&mut rng());
[INFO] [stdout]     |                                   ^^^^^^^^^^^^^ the trait `fake::Dummy<fake::Faker>` is not implemented for `enum_type::with_tuple::MyEnum`, which is required by `fake::Faker: fake::private::FakeBase<_>`
[INFO] [stdout]     |
[INFO] [stdout]     = help: the following other types implement trait `fake::Dummy<T>`:
[INFO] [stdout]               <bool as fake::Dummy<bool>>
[INFO] [stdout]               <bool as fake::Dummy<fake::Faker>>
[INFO] [stdout]               <bool as fake::Dummy<Boolean<L>>>
[INFO] [stdout]               <char as fake::Dummy<char>>
[INFO] [stdout]               <char as fake::Dummy<fake::Faker>>
[INFO] [stdout]               <isize as fake::Dummy<isize>>
[INFO] [stdout]               <isize as fake::Dummy<fake::Faker>>
[INFO] [stdout]               <isize as fake::Dummy<Uniform<isize>>>
[INFO] [stdout]             and 325 others
[INFO] [stdout]     = note: required for `fake::Faker` to implement `fake::private::FakeBase<enum_type::with_tuple::MyEnum>`
[INFO] [stdout] note: required by a bound in `fake_with_rng`
[INFO] [stdout]    --> /opt/rustwide/workdir/src/lib.rs:210:15
[INFO] [stdout]     |
[INFO] [stdout] 208 |     fn fake_with_rng<U, R: Rng + ?Sized>(&self, rng: &mut R) -> U
[INFO] [stdout]     |        ------------- required by a bound in this associated function
[INFO] [stdout] 209 |     where
[INFO] [stdout] 210 |         Self: private::FakeBase<U>,
[INFO] [stdout]     |               ^^^^^^^^^^^^^^^^^^^^ required by this bound in `Fake::fake_with_rng`
[INFO] [stdout] 
[INFO] [stdout] 
[INFO] [stdout] error[E0277]: the trait bound `enum_type::with_struct::MyEnum: fake::Dummy<fake::Faker>` is not satisfied
[INFO] [stdout]    --> tests/derive_macros.rs:74:35
[INFO] [stdout]     |
[INFO] [stdout] 74  |             let o: MyEnum = Faker.fake_with_rng(&mut rng());
[INFO] [stdout]     |                                   ^^^^^^^^^^^^^ the trait `fake::Dummy<fake::Faker>` is not implemented for `enum_type::with_struct::MyEnum`, which is required by `fake::Faker: fake::private::FakeBase<_>`
[INFO] [stdout]     |
[INFO] [stdout]     = help: the following other types implement trait `fake::Dummy<T>`:
[INFO] [stdout]               <bool as fake::Dummy<bool>>
[INFO] [stdout]               <bool as fake::Dummy<fake::Faker>>
[INFO] [stdout]               <bool as fake::Dummy<Boolean<L>>>
[INFO] [stdout]               <char as fake::Dummy<char>>
[INFO] [stdout]               <char as fake::Dummy<fake::Faker>>
[INFO] [stdout]               <isize as fake::Dummy<isize>>
[INFO] [stdout]               <isize as fake::Dummy<fake::Faker>>
[INFO] [stdout]               <isize as fake::Dummy<Uniform<isize>>>
[INFO] [stdout]             and 325 others
[INFO] [stdout]     = note: required for `fake::Faker` to implement `fake::private::FakeBase<enum_type::with_struct::MyEnum>`
[INFO] [stdout] note: required by a bound in `fake_with_rng`
[INFO] [stdout]    --> /opt/rustwide/workdir/src/lib.rs:210:15
[INFO] [stdout]     |
[INFO] [stdout] 208 |     fn fake_with_rng<U, R: Rng + ?Sized>(&self, rng: &mut R) -> U
[INFO] [stdout]     |        ------------- required by a bound in this associated function
[INFO] [stdout] 209 |     where
[INFO] [stdout] 210 |         Self: private::FakeBase<U>,
[INFO] [stdout]     |               ^^^^^^^^^^^^^^^^^^^^ required by this bound in `Fake::fake_with_rng`
[INFO] [stdout] 
[INFO] [stdout] 
[INFO] [stdout] error[E0277]: the trait bound `unit_struct::no_overrides::Obj: fake::Dummy<fake::Faker>` is not satisfied
[INFO] [stdout]    --> tests/derive_macros.rs:88:33
[INFO] [stdout]     |
[INFO] [stdout] 88  |             let _o: Obj = Faker.fake_with_rng(&mut rng());
[INFO] [stdout]     |                                 ^^^^^^^^^^^^^ the trait `fake::Dummy<fake::Faker>` is not implemented for `unit_struct::no_overrides::Obj`, which is required by `fake::Faker: fake::private::FakeBase<_>`
[INFO] [stdout]     |
[INFO] [stdout]     = help: the following other types implement trait `fake::Dummy<T>`:
[INFO] [stdout]               <bool as fake::Dummy<bool>>
[INFO] [stdout]               <bool as fake::Dummy<fake::Faker>>
[INFO] [stdout]               <bool as fake::Dummy<Boolean<L>>>
[INFO] [stdout]               <char as fake::Dummy<char>>
[INFO] [stdout]               <char as fake::Dummy<fake::Faker>>
[INFO] [stdout]               <isize as fake::Dummy<isize>>
[INFO] [stdout]               <isize as fake::Dummy<fake::Faker>>
[INFO] [stdout]               <isize as fake::Dummy<Uniform<isize>>>
[INFO] [stdout]             and 325 others
[INFO] [stdout]     = note: required for `fake::Faker` to implement `fake::private::FakeBase<unit_struct::no_overrides::Obj>`
[INFO] [stdout] note: required by a bound in `fake_with_rng`
[INFO] [stdout]    --> /opt/rustwide/workdir/src/lib.rs:210:15
[INFO] [stdout]     |
[INFO] [stdout] 208 |     fn fake_with_rng<U, R: Rng + ?Sized>(&self, rng: &mut R) -> U
[INFO] [stdout]     |        ------------- required by a bound in this associated function
[INFO] [stdout] 209 |     where
[INFO] [stdout] 210 |         Self: private::FakeBase<U>,
[INFO] [stdout]     |               ^^^^^^^^^^^^^^^^^^^^ required by this bound in `Fake::fake_with_rng`
[INFO] [stdout] 
[INFO] [stdout] 
[INFO] [stdout] error[E0277]: the trait bound `tuple_struct::no_overrides::Obj: fake::Dummy<fake::Faker>` is not satisfied
[INFO] [stdout]    --> tests/derive_macros.rs:102:32
[INFO] [stdout]     |
[INFO] [stdout] 102 |             let o: Obj = Faker.fake_with_rng(&mut rng());
[INFO] [stdout]     |                                ^^^^^^^^^^^^^ the trait `fake::Dummy<fake::Faker>` is not implemented for `tuple_struct::no_overrides::Obj`, which is required by `fake::Faker: fake::private::FakeBase<_>`
[INFO] [stdout]     |
[INFO] [stdout]     = help: the following other types implement trait `fake::Dummy<T>`:
[INFO] [stdout]               <bool as fake::Dummy<bool>>
[INFO] [stdout]               <bool as fake::Dummy<fake::Faker>>
[INFO] [stdout]               <bool as fake::Dummy<Boolean<L>>>
[INFO] [stdout]               <char as fake::Dummy<char>>
[INFO] [stdout]               <char as fake::Dummy<fake::Faker>>
[INFO] [stdout]               <isize as fake::Dummy<isize>>
[INFO] [stdout]               <isize as fake::Dummy<fake::Faker>>
[INFO] [stdout]               <isize as fake::Dummy<Uniform<isize>>>
[INFO] [stdout]             and 325 others
[INFO] [stdout]     = note: required for `fake::Faker` to implement `fake::private::FakeBase<tuple_struct::no_overrides::Obj>`
[INFO] [stdout] note: required by a bound in `fake_with_rng`
[INFO] [stdout]    --> /opt/rustwide/workdir/src/lib.rs:210:15
[INFO] [stdout]     |
[INFO] [stdout] 208 |     fn fake_with_rng<U, R: Rng + ?Sized>(&self, rng: &mut R) -> U
[INFO] [stdout]     |        ------------- required by a bound in this associated function
[INFO] [stdout] 209 |     where
[INFO] [stdout] 210 |         Self: private::FakeBase<U>,
[INFO] [stdout]     |               ^^^^^^^^^^^^^^^^^^^^ required by this bound in `Fake::fake_with_rng`
[INFO] [stdout] 
[INFO] [stdout] 
[INFO] [stdout] error[E0277]: the trait bound `tuple_struct::override_range::Obj: fake::Dummy<fake::Faker>` is not satisfied
[INFO] [stdout]    --> tests/derive_macros.rs:112:32
[INFO] [stdout]     |
[INFO] [stdout] 112 |             let o: Obj = Faker.fake_with_rng(&mut rng());
[INFO] [stdout]     |                                ^^^^^^^^^^^^^ the trait `fake::Dummy<fake::Faker>` is not implemented for `tuple_struct::override_range::Obj`, which is required by `fake::Faker: fake::private::FakeBase<_>`
[INFO] [stdout]     |
[INFO] [stdout]     = help: the following other types implement trait `fake::Dummy<T>`:
[INFO] [stdout]               <bool as fake::Dummy<bool>>
[INFO] [stdout]               <bool as fake::Dummy<fake::Faker>>
[INFO] [stdout]               <bool as fake::Dummy<Boolean<L>>>
[INFO] [stdout]               <char as fake::Dummy<char>>
[INFO] [stdout]               <char as fake::Dummy<fake::Faker>>
[INFO] [stdout]               <isize as fake::Dummy<isize>>
[INFO] [stdout]               <isize as fake::Dummy<fake::Faker>>
[INFO] [stdout]               <isize as fake::Dummy<Uniform<isize>>>
[INFO] [stdout]             and 325 others
[INFO] [stdout]     = note: required for `fake::Faker` to implement `fake::private::FakeBase<tuple_struct::override_range::Obj>`
[INFO] [stdout] note: required by a bound in `fake_with_rng`
[INFO] [stdout]    --> /opt/rustwide/workdir/src/lib.rs:210:15
[INFO] [stdout]     |
[INFO] [stdout] 208 |     fn fake_with_rng<U, R: Rng + ?Sized>(&self, rng: &mut R) -> U
[INFO] [stdout]     |        ------------- required by a bound in this associated function
[INFO] [stdout] 209 |     where
[INFO] [stdout] 210 |         Self: private::FakeBase<U>,
[INFO] [stdout]     |               ^^^^^^^^^^^^^^^^^^^^ required by this bound in `Fake::fake_with_rng`
[INFO] [stdout] 
[INFO] [stdout] 
[INFO] [stdout] error[E0277]: the trait bound `tuple_struct::with_enum::Obj: fake::Dummy<fake::Faker>` is not satisfied
[INFO] [stdout]    --> tests/derive_macros.rs:127:32
[INFO] [stdout]     |
[INFO] [stdout] 127 |             let o: Obj = Faker.fake_with_rng(&mut rng());
[INFO] [stdout]     |                                ^^^^^^^^^^^^^ the trait `fake::Dummy<fake::Faker>` is not implemented for `tuple_struct::with_enum::Obj`, which is required by `fake::Faker: fake::private::FakeBase<_>`
[INFO] [stdout]     |
[INFO] [stdout]     = help: the following other types implement trait `fake::Dummy<T>`:
[INFO] [stdout]               <bool as fake::Dummy<bool>>
[INFO] [stdout]               <bool as fake::Dummy<fake::Faker>>
[INFO] [stdout]               <bool as fake::Dummy<Boolean<L>>>
[INFO] [stdout]               <char as fake::Dummy<char>>
[INFO] [stdout]               <char as fake::Dummy<fake::Faker>>
[INFO] [stdout]               <isize as fake::Dummy<isize>>
[INFO] [stdout]               <isize as fake::Dummy<fake::Faker>>
[INFO] [stdout]               <isize as fake::Dummy<Uniform<isize>>>
[INFO] [stdout]             and 325 others
[INFO] [stdout]     = note: required for `fake::Faker` to implement `fake::private::FakeBase<tuple_struct::with_enum::Obj>`
[INFO] [stdout] note: required by a bound in `fake_with_rng`
[INFO] [stdout]    --> /opt/rustwide/workdir/src/lib.rs:210:15
[INFO] [stdout]     |
[INFO] [stdout] 208 |     fn fake_with_rng<U, R: Rng + ?Sized>(&self, rng: &mut R) -> U
[INFO] [stdout]     |        ------------- required by a bound in this associated function
[INFO] [stdout] 209 |     where
[INFO] [stdout] 210 |         Self: private::FakeBase<U>,
[INFO] [stdout]     |               ^^^^^^^^^^^^^^^^^^^^ required by this bound in `Fake::fake_with_rng`
[INFO] [stdout] 
[INFO] [stdout] 
[INFO] [stdout] error[E0277]: the trait bound `tuple_struct::with_default::Obj: fake::Dummy<fake::Faker>` is not satisfied
[INFO] [stdout]    --> tests/derive_macros.rs:137:32
[INFO] [stdout]     |
[INFO] [stdout] 137 |             let o: Obj = Faker.fake_with_rng(&mut rng());
[INFO] [stdout]     |                                ^^^^^^^^^^^^^ the trait `fake::Dummy<fake::Faker>` is not implemented for `tuple_struct::with_default::Obj`, which is required by `fake::Faker: fake::private::FakeBase<_>`
[INFO] [stdout]     |
[INFO] [stdout]     = help: the following other types implement trait `fake::Dummy<T>`:
[INFO] [stdout]               <bool as fake::Dummy<bool>>
[INFO] [stdout]               <bool as fake::Dummy<fake::Faker>>
[INFO] [stdout]               <bool as fake::Dummy<Boolean<L>>>
[INFO] [stdout]               <char as fake::Dummy<char>>
[INFO] [stdout]               <char as fake::Dummy<fake::Faker>>
[INFO] [stdout]               <isize as fake::Dummy<isize>>
[INFO] [stdout]               <isize as fake::Dummy<fake::Faker>>
[INFO] [stdout]               <isize as fake::Dummy<Uniform<isize>>>
[INFO] [stdout]             and 325 others
[INFO] [stdout]     = note: required for `fake::Faker` to implement `fake::private::FakeBase<tuple_struct::with_default::Obj>`
[INFO] [stdout] note: required by a bound in `fake_with_rng`
[INFO] [stdout]    --> /opt/rustwide/workdir/src/lib.rs:210:15
[INFO] [stdout]     |
[INFO] [stdout] 208 |     fn fake_with_rng<U, R: Rng + ?Sized>(&self, rng: &mut R) -> U
[INFO] [stdout]     |        ------------- required by a bound in this associated function
[INFO] [stdout] 209 |     where
[INFO] [stdout] 210 |         Self: private::FakeBase<U>,
[INFO] [stdout]     |               ^^^^^^^^^^^^^^^^^^^^ required by this bound in `Fake::fake_with_rng`
[INFO] [stdout] 
[INFO] [stdout] 
[INFO] [stdout] error[E0277]: the trait bound `tuple_struct::with_override_faker::Obj: fake::Dummy<fake::Faker>` is not satisfied
[INFO] [stdout]    --> tests/derive_macros.rs:147:32
[INFO] [stdout]     |
[INFO] [stdout] 147 |             let o: Obj = Faker.fake_with_rng(&mut rng());
[INFO] [stdout]     |                                ^^^^^^^^^^^^^ the trait `fake::Dummy<fake::Faker>` is not implemented for `tuple_struct::with_override_faker::Obj`, which is required by `fake::Faker: fake::private::FakeBase<_>`
[INFO] [stdout]     |
[INFO] [stdout]     = help: the following other types implement trait `fake::Dummy<T>`:
[INFO] [stdout]               <bool as fake::Dummy<bool>>
[INFO] [stdout]               <bool as fake::Dummy<fake::Faker>>
[INFO] [stdout]               <bool as fake::Dummy<Boolean<L>>>
[INFO] [stdout]               <char as fake::Dummy<char>>
[INFO] [stdout]               <char as fake::Dummy<fake::Faker>>
[INFO] [stdout]               <isize as fake::Dummy<isize>>
[INFO] [stdout]               <isize as fake::Dummy<fake::Faker>>
[INFO] [stdout]               <isize as fake::Dummy<Uniform<isize>>>
[INFO] [stdout]             and 325 others
[INFO] [stdout]     = note: required for `fake::Faker` to implement `fake::private::FakeBase<tuple_struct::with_override_faker::Obj>`
[INFO] [stdout] note: required by a bound in `fake_with_rng`
[INFO] [stdout]    --> /opt/rustwide/workdir/src/lib.rs:210:15
[INFO] [stdout]     |
[INFO] [stdout] 208 |     fn fake_with_rng<U, R: Rng + ?Sized>(&self, rng: &mut R) -> U
[INFO] [stdout]     |        ------------- required by a bound in this associated function
[INFO] [stdout] 209 |     where
[INFO] [stdout] 210 |         Self: private::FakeBase<U>,
[INFO] [stdout]     |               ^^^^^^^^^^^^^^^^^^^^ required by this bound in `Fake::fake_with_rng`
[INFO] [stdout] 
[INFO] [stdout] 
[INFO] [stdout] error[E0277]: the trait bound `tuple_struct::with_override_expr_i32::Obj: fake::Dummy<fake::Faker>` is not satisfied
[INFO] [stdout]    --> tests/derive_macros.rs:157:32
[INFO] [stdout]     |
[INFO] [stdout] 157 |             let o: Obj = Faker.fake_with_rng(&mut rng());
[INFO] [stdout]     |                                ^^^^^^^^^^^^^ the trait `fake::Dummy<fake::Faker>` is not implemented for `tuple_struct::with_override_expr_i32::Obj`, which is required by `fake::Faker: fake::private::FakeBase<_>`
[INFO] [stdout]     |
[INFO] [stdout]     = help: the following other types implement trait `fake::Dummy<T>`:
[INFO] [stdout]               <bool as fake::Dummy<bool>>
[INFO] [stdout]               <bool as fake::Dummy<fake::Faker>>
[INFO] [stdout]               <bool as fake::Dummy<Boolean<L>>>
[INFO] [stdout]               <char as fake::Dummy<char>>
[INFO] [stdout]               <char as fake::Dummy<fake::Faker>>
[INFO] [stdout]               <isize as fake::Dummy<isize>>
[INFO] [stdout]               <isize as fake::Dummy<fake::Faker>>
[INFO] [stdout]               <isize as fake::Dummy<Uniform<isize>>>
[INFO] [stdout]             and 325 others
[INFO] [stdout]     = note: required for `fake::Faker` to implement `fake::private::FakeBase<tuple_struct::with_override_expr_i32::Obj>`
[INFO] [stdout] note: required by a bound in `fake_with_rng`
[INFO] [stdout]    --> /opt/rustwide/workdir/src/lib.rs:210:15
[INFO] [stdout]     |
[INFO] [stdout] 208 |     fn fake_with_rng<U, R: Rng + ?Sized>(&self, rng: &mut R) -> U
[INFO] [stdout]     |        ------------- required by a bound in this associated function
[INFO] [stdout] 209 |     where
[INFO] [stdout] 210 |         Self: private::FakeBase<U>,
[INFO] [stdout]     |               ^^^^^^^^^^^^^^^^^^^^ required by this bound in `Fake::fake_with_rng`
[INFO] [stdout] 
[INFO] [stdout] 
[INFO] [stdout] error[E0277]: the trait bound `struct_type::no_overrides::Obj: fake::Dummy<fake::Faker>` is not satisfied
[INFO] [stdout]    --> tests/derive_macros.rs:173:33
[INFO] [stdout]     |
[INFO] [stdout] 173 |             let o1: Obj = Faker.fake_with_rng(&mut rng());
[INFO] [stdout]     |                                 ^^^^^^^^^^^^^ the trait `fake::Dummy<fake::Faker>` is not implemented for `struct_type::no_overrides::Obj`, which is required by `fake::Faker: fake::private::FakeBase<_>`
[INFO] [stdout]     |
[INFO] [stdout]     = help: the following other types implement trait `fake::Dummy<T>`:
[INFO] [stdout]               <bool as fake::Dummy<bool>>
[INFO] [stdout]               <bool as fake::Dummy<fake::Faker>>
[INFO] [stdout]               <bool as fake::Dummy<Boolean<L>>>
[INFO] [stdout]               <char as fake::Dummy<char>>
[INFO] [stdout]               <char as fake::Dummy<fake::Faker>>
[INFO] [stdout]               <isize as fake::Dummy<isize>>
[INFO] [stdout]               <isize as fake::Dummy<fake::Faker>>
[INFO] [stdout]               <isize as fake::Dummy<Uniform<isize>>>
[INFO] [stdout]             and 325 others
[INFO] [stdout]     = note: required for `fake::Faker` to implement `fake::private::FakeBase<struct_type::no_overrides::Obj>`
[INFO] [stdout] note: required by a bound in `fake_with_rng`
[INFO] [stdout]    --> /opt/rustwide/workdir/src/lib.rs:210:15
[INFO] [stdout]     |
[INFO] [stdout] 208 |     fn fake_with_rng<U, R: Rng + ?Sized>(&self, rng: &mut R) -> U
[INFO] [stdout]     |        ------------- required by a bound in this associated function
[INFO] [stdout] 209 |     where
[INFO] [stdout] 210 |         Self: private::FakeBase<U>,
[INFO] [stdout]     |               ^^^^^^^^^^^^^^^^^^^^ required by this bound in `Fake::fake_with_rng`
[INFO] [stdout] 
[INFO] [stdout] 
[INFO] [stdout] error[E0277]: the trait bound `struct_type::no_overrides::Obj: fake::Dummy<fake::Faker>` is not satisfied
[INFO] [stdout]    --> tests/derive_macros.rs:174:33
[INFO] [stdout]     |
[INFO] [stdout] 174 |             let o2: Obj = Faker.fake_with_rng(&mut rng());
[INFO] [stdout]     |                                 ^^^^^^^^^^^^^ the trait `fake::Dummy<fake::Faker>` is not implemented for `struct_type::no_overrides::Obj`, which is required by `fake::Faker: fake::private::FakeBase<_>`
[INFO] [stdout]     |
[INFO] [stdout]     = help: the following other types implement trait `fake::Dummy<T>`:
[INFO] [stdout]               <bool as fake::Dummy<bool>>
[INFO] [stdout]               <bool as fake::Dummy<fake::Faker>>
[INFO] [stdout]               <bool as fake::Dummy<Boolean<L>>>
[INFO] [stdout]               <char as fake::Dummy<char>>
[INFO] [stdout]               <char as fake::Dummy<fake::Faker>>
[INFO] [stdout]               <isize as fake::Dummy<isize>>
[INFO] [stdout]               <isize as fake::Dummy<fake::Faker>>
[INFO] [stdout]               <isize as fake::Dummy<Uniform<isize>>>
[INFO] [stdout]             and 325 others
[INFO] [stdout]     = note: required for `fake::Faker` to implement `fake::private::FakeBase<struct_type::no_overrides::Obj>`
[INFO] [stdout] note: required by a bound in `fake_with_rng`
[INFO] [stdout]    --> /opt/rustwide/workdir/src/lib.rs:210:15
[INFO] [stdout]     |
[INFO] [stdout] 208 |     fn fake_with_rng<U, R: Rng + ?Sized>(&self, rng: &mut R) -> U
[INFO] [stdout]     |        ------------- required by a bound in this associated function
[INFO] [stdout] 209 |     where
[INFO] [stdout] 210 |         Self: private::FakeBase<U>,
[INFO] [stdout]     |               ^^^^^^^^^^^^^^^^^^^^ required by this bound in `Fake::fake_with_rng`
[INFO] [stdout] 
[INFO] [stdout] 
[INFO] [stdout] error[E0277]: the trait bound `struct_type::with_override_range::Obj: fake::Dummy<fake::Faker>` is not satisfied
[INFO] [stdout]    --> tests/derive_macros.rs:186:32
[INFO] [stdout]     |
[INFO] [stdout] 186 |             let o: Obj = Faker.fake_with_rng(&mut rng());
[INFO] [stdout]     |                                ^^^^^^^^^^^^^ the trait `fake::Dummy<fake::Faker>` is not implemented for `struct_type::with_override_range::Obj`, which is required by `fake::Faker: fake::private::FakeBase<_>`
[INFO] [stdout]     |
[INFO] [stdout]     = help: the following other types implement trait `fake::Dummy<T>`:
[INFO] [stdout]               <bool as fake::Dummy<bool>>
[INFO] [stdout]               <bool as fake::Dummy<fake::Faker>>
[INFO] [stdout]               <bool as fake::Dummy<Boolean<L>>>
[INFO] [stdout]               <char as fake::Dummy<char>>
[INFO] [stdout]               <char as fake::Dummy<fake::Faker>>
[INFO] [stdout]               <isize as fake::Dummy<isize>>
[INFO] [stdout]               <isize as fake::Dummy<fake::Faker>>
[INFO] [stdout]               <isize as fake::Dummy<Uniform<isize>>>
[INFO] [stdout]             and 325 others
[INFO] [stdout]     = note: required for `fake::Faker` to implement `fake::private::FakeBase<struct_type::with_override_range::Obj>`
[INFO] [stdout] note: required by a bound in `fake_with_rng`
[INFO] [stdout]    --> /opt/rustwide/workdir/src/lib.rs:210:15
[INFO] [stdout]     |
[INFO] [stdout] 208 |     fn fake_with_rng<U, R: Rng + ?Sized>(&self, rng: &mut R) -> U
[INFO] [stdout]     |        ------------- required by a bound in this associated function
[INFO] [stdout] 209 |     where
[INFO] [stdout] 210 |         Self: private::FakeBase<U>,
[INFO] [stdout]     |               ^^^^^^^^^^^^^^^^^^^^ required by this bound in `Fake::fake_with_rng`
[INFO] [stdout] 
[INFO] [stdout] 
[INFO] [stdout] error[E0277]: the trait bound `struct_type::with_override_faker::Obj: fake::Dummy<fake::Faker>` is not satisfied
[INFO] [stdout]    --> tests/derive_macros.rs:199:33
[INFO] [stdout]     |
[INFO] [stdout] 199 |             let o1: Obj = Faker.fake_with_rng(&mut rng());
[INFO] [stdout]     |                                 ^^^^^^^^^^^^^ the trait `fake::Dummy<fake::Faker>` is not implemented for `struct_type::with_override_faker::Obj`, which is required by `fake::Faker: fake::private::FakeBase<_>`
[INFO] [stdout]     |
[INFO] [stdout]     = help: the following other types implement trait `fake::Dummy<T>`:
[INFO] [stdout]               <bool as fake::Dummy<bool>>
[INFO] [stdout]               <bool as fake::Dummy<fake::Faker>>
[INFO] [stdout]               <bool as fake::Dummy<Boolean<L>>>
[INFO] [stdout]               <char as fake::Dummy<char>>
[INFO] [stdout]               <char as fake::Dummy<fake::Faker>>
[INFO] [stdout]               <isize as fake::Dummy<isize>>
[INFO] [stdout]               <isize as fake::Dummy<fake::Faker>>
[INFO] [stdout]               <isize as fake::Dummy<Uniform<isize>>>
[INFO] [stdout]             and 325 others
[INFO] [stdout]     = note: required for `fake::Faker` to implement `fake::private::FakeBase<struct_type::with_override_faker::Obj>`
[INFO] [stdout] note: required by a bound in `fake_with_rng`
[INFO] [stdout]    --> /opt/rustwide/workdir/src/lib.rs:210:15
[INFO] [stdout]     |
[INFO] [stdout] 208 |     fn fake_with_rng<U, R: Rng + ?Sized>(&self, rng: &mut R) -> U
[INFO] [stdout]     |        ------------- required by a bound in this associated function
[INFO] [stdout] 209 |     where
[INFO] [stdout] 210 |         Self: private::FakeBase<U>,
[INFO] [stdout]     |               ^^^^^^^^^^^^^^^^^^^^ required by this bound in `Fake::fake_with_rng`
[INFO] [stdout] 
[INFO] [stdout] 
[INFO] [stdout] error[E0277]: the trait bound `struct_type::with_override_faker::Obj: fake::Dummy<fake::Faker>` is not satisfied
[INFO] [stdout]    --> tests/derive_macros.rs:200:33
[INFO] [stdout]     |
[INFO] [stdout] 200 |             let o2: Obj = Faker.fake_with_rng(&mut rng());
[INFO] [stdout]     |                                 ^^^^^^^^^^^^^ the trait `fake::Dummy<fake::Faker>` is not implemented for `struct_type::with_override_faker::Obj`, which is required by `fake::Faker: fake::private::FakeBase<_>`
[INFO] [stdout]     |
[INFO] [stdout]     = help: the following other types implement trait `fake::Dummy<T>`:
[INFO] [stdout]               <bool as fake::Dummy<bool>>
[INFO] [stdout]               <bool as fake::Dummy<fake::Faker>>
[INFO] [stdout]               <bool as fake::Dummy<Boolean<L>>>
[INFO] [stdout]               <char as fake::Dummy<char>>
[INFO] [stdout]               <char as fake::Dummy<fake::Faker>>
[INFO] [stdout]               <isize as fake::Dummy<isize>>
[INFO] [stdout]               <isize as fake::Dummy<fake::Faker>>
[INFO] [stdout]               <isize as fake::Dummy<Uniform<isize>>>
[INFO] [stdout]             and 325 others
[INFO] [stdout]     = note: required for `fake::Faker` to implement `fake::private::FakeBase<struct_type::with_override_faker::Obj>`
[INFO] [stdout] note: required by a bound in `fake_with_rng`
[INFO] [stdout]    --> /opt/rustwide/workdir/src/lib.rs:210:15
[INFO] [stdout]     |
[INFO] [stdout] 208 |     fn fake_with_rng<U, R: Rng + ?Sized>(&self, rng: &mut R) -> U
[INFO] [stdout]     |        ------------- required by a bound in this associated function
[INFO] [stdout] 209 |     where
[INFO] [stdout] 210 |         Self: private::FakeBase<U>,
[INFO] [stdout]     |               ^^^^^^^^^^^^^^^^^^^^ required by this bound in `Fake::fake_with_rng`
[INFO] [stdout] 
[INFO] [stdout] 
[INFO] [stdout] error[E0277]: the trait bound `struct_type::with_enum::Obj: fake::Dummy<fake::Faker>` is not satisfied
[INFO] [stdout]    --> tests/derive_macros.rs:216:32
[INFO] [stdout]     |
[INFO] [stdout] 216 |             let o: Obj = Faker.fake_with_rng(&mut rng());
[INFO] [stdout]     |                                ^^^^^^^^^^^^^ the trait `fake::Dummy<fake::Faker>` is not implemented for `struct_type::with_enum::Obj`, which is required by `fake::Faker: fake::private::FakeBase<_>`
[INFO] [stdout]     |
[INFO] [stdout]     = help: the following other types implement trait `fake::Dummy<T>`:
[INFO] [stdout]               <bool as fake::Dummy<bool>>
[INFO] [stdout]               <bool as fake::Dummy<fake::Faker>>
[INFO] [stdout]               <bool as fake::Dummy<Boolean<L>>>
[INFO] [stdout]               <char as fake::Dummy<char>>
[INFO] [stdout]               <char as fake::Dummy<fake::Faker>>
[INFO] [stdout]               <isize as fake::Dummy<isize>>
[INFO] [stdout]               <isize as fake::Dummy<fake::Faker>>
[INFO] [stdout]               <isize as fake::Dummy<Uniform<isize>>>
[INFO] [stdout]             and 325 others
[INFO] [stdout]     = note: required for `fake::Faker` to implement `fake::private::FakeBase<struct_type::with_enum::Obj>`
[INFO] [stdout] note: required by a bound in `fake_with_rng`
[INFO] [stdout]    --> /opt/rustwide/workdir/src/lib.rs:210:15
[INFO] [stdout]     |
[INFO] [stdout] 208 |     fn fake_with_rng<U, R: Rng + ?Sized>(&self, rng: &mut R) -> U
[INFO] [stdout]     |        ------------- required by a bound in this associated function
[INFO] [stdout] 209 |     where
[INFO] [stdout] 210 |         Self: private::FakeBase<U>,
[INFO] [stdout]     |               ^^^^^^^^^^^^^^^^^^^^ required by this bound in `Fake::fake_with_rng`
[INFO] [stdout] 
[INFO] [stdout] 
[INFO] [stdout] error[E0277]: the trait bound `struct_type::with_default::Obj: fake::Dummy<fake::Faker>` is not satisfied
[INFO] [stdout]    --> tests/derive_macros.rs:229:32
[INFO] [stdout]     |
[INFO] [stdout] 229 |             let o: Obj = Faker.fake_with_rng(&mut rng());
[INFO] [stdout]     |                                ^^^^^^^^^^^^^ the trait `fake::Dummy<fake::Faker>` is not implemented for `struct_type::with_default::Obj`, which is required by `fake::Faker: fake::private::FakeBase<_>`
[INFO] [stdout]     |
[INFO] [stdout]     = help: the following other types implement trait `fake::Dummy<T>`:
[INFO] [stdout]               <bool as fake::Dummy<bool>>
[INFO] [stdout]               <bool as fake::Dummy<fake::Faker>>
[INFO] [stdout]               <bool as fake::Dummy<Boolean<L>>>
[INFO] [stdout]               <char as fake::Dummy<char>>
[INFO] [stdout]               <char as fake::Dummy<fake::Faker>>
[INFO] [stdout]               <isize as fake::Dummy<isize>>
[INFO] [stdout]               <isize as fake::Dummy<fake::Faker>>
[INFO] [stdout]               <isize as fake::Dummy<Uniform<isize>>>
[INFO] [stdout]             and 325 others
[INFO] [stdout]     = note: required for `fake::Faker` to implement `fake::private::FakeBase<struct_type::with_default::Obj>`
[INFO] [stdout] note: required by a bound in `fake_with_rng`
[INFO] [stdout]    --> /opt/rustwide/workdir/src/lib.rs:210:15
[INFO] [stdout]     |
[INFO] [stdout] 208 |     fn fake_with_rng<U, R: Rng + ?Sized>(&self, rng: &mut R) -> U
[INFO] [stdout]     |        ------------- required by a bound in this associated function
[INFO] [stdout] 209 |     where
[INFO] [stdout] 210 |         Self: private::FakeBase<U>,
[INFO] [stdout]     |               ^^^^^^^^^^^^^^^^^^^^ required by this bound in `Fake::fake_with_rng`
[INFO] [stdout] 
[INFO] [stdout] 
[INFO] [stdout] error[E0277]: the trait bound `struct_type::with_override_expr_i32::Obj: fake::Dummy<fake::Faker>` is not satisfied
[INFO] [stdout]    --> tests/derive_macros.rs:242:32
[INFO] [stdout]     |
[INFO] [stdout] 242 |             let o: Obj = Faker.fake_with_rng(&mut rng());
[INFO] [stdout]     |                                ^^^^^^^^^^^^^ the trait `fake::Dummy<fake::Faker>` is not implemented for `struct_type::with_override_expr_i32::Obj`, which is required by `fake::Faker: fake::private::FakeBase<_>`
[INFO] [stdout]     |
[INFO] [stdout]     = help: the following other types implement trait `fake::Dummy<T>`:
[INFO] [stdout]               <bool as fake::Dummy<bool>>
[INFO] [stdout]               <bool as fake::Dummy<fake::Faker>>
[INFO] [stdout]               <bool as fake::Dummy<Boolean<L>>>
[INFO] [stdout]               <char as fake::Dummy<char>>
[INFO] [stdout]               <char as fake::Dummy<fake::Faker>>
[INFO] [stdout]               <isize as fake::Dummy<isize>>
[INFO] [stdout]               <isize as fake::Dummy<fake::Faker>>
[INFO] [stdout]               <isize as fake::Dummy<Uniform<isize>>>
[INFO] [stdout]             and 325 others
[INFO] [stdout]     = note: required for `fake::Faker` to implement `fake::private::FakeBase<struct_type::with_override_expr_i32::Obj>`
[INFO] [stdout] note: required by a bound in `fake_with_rng`
[INFO] [stdout]    --> /opt/rustwide/workdir/src/lib.rs:210:15
[INFO] [stdout]     |
[INFO] [stdout] 208 |     fn fake_with_rng<U, R: Rng + ?Sized>(&self, rng: &mut R) -> U
[INFO] [stdout]     |        ------------- required by a bound in this associated function
[INFO] [stdout] 209 |     where
[INFO] [stdout] 210 |         Self: private::FakeBase<U>,
[INFO] [stdout]     |               ^^^^^^^^^^^^^^^^^^^^ required by this bound in `Fake::fake_with_rng`
[INFO] [stdout] 
[INFO] [stdout] 
[INFO] [stdout] error[E0277]: the trait bound `struct_type::with_override_expr_string::Obj: fake::Dummy<fake::Faker>` is not satisfied
[INFO] [stdout]    --> tests/derive_macros.rs:255:32
[INFO] [stdout]     |
[INFO] [stdout] 255 |             let o: Obj = Faker.fake_with_rng(&mut rng());
[INFO] [stdout]     |                                ^^^^^^^^^^^^^ the trait `fake::Dummy<fake::Faker>` is not implemented for `struct_type::with_override_expr_string::Obj`, which is required by `fake::Faker: fake::private::FakeBase<_>`
[INFO] [stdout]     |
[INFO] [stdout]     = help: the following other types implement trait `fake::Dummy<T>`:
[INFO] [stdout]               <bool as fake::Dummy<bool>>
[INFO] [stdout]               <bool as fake::Dummy<fake::Faker>>
[INFO] [stdout]               <bool as fake::Dummy<Boolean<L>>>
[INFO] [stdout]               <char as fake::Dummy<char>>
[INFO] [stdout]               <char as fake::Dummy<fake::Faker>>
[INFO] [stdout]               <isize as fake::Dummy<isize>>
[INFO] [stdout]               <isize as fake::Dummy<fake::Faker>>
[INFO] [stdout]               <isize as fake::Dummy<Uniform<isize>>>
[INFO] [stdout]             and 325 others
[INFO] [stdout]     = note: required for `fake::Faker` to implement `fake::private::FakeBase<struct_type::with_override_expr_string::Obj>`
[INFO] [stdout] note: required by a bound in `fake_with_rng`
[INFO] [stdout]    --> /opt/rustwide/workdir/src/lib.rs:210:15
[INFO] [stdout]     |
[INFO] [stdout] 208 |     fn fake_with_rng<U, R: Rng + ?Sized>(&self, rng: &mut R) -> U
[INFO] [stdout]     |        ------------- required by a bound in this associated function
[INFO] [stdout] 209 |     where
[INFO] [stdout] 210 |         Self: private::FakeBase<U>,
[INFO] [stdout]     |               ^^^^^^^^^^^^^^^^^^^^ required by this bound in `Fake::fake_with_rng`
[INFO] [stdout] 
[INFO] [stdout] 
[INFO] [stdout] error[E0277]: the trait bound `struct_type::with_override_expr_from_fn::Obj: fake::Dummy<fake::Faker>` is not satisfied
[INFO] [stdout]    --> tests/derive_macros.rs:271:32
[INFO] [stdout]     |
[INFO] [stdout] 271 |             let o: Obj = Faker.fake_with_rng(&mut rng());
[INFO] [stdout]     |                                ^^^^^^^^^^^^^ the trait `fake::Dummy<fake::Faker>` is not implemented for `struct_type::with_override_expr_from_fn::Obj`, which is required by `fake::Faker: fake::private::FakeBase<_>`
[INFO] [stdout]     |
[INFO] [stdout]     = help: the following other types implement trait `fake::Dummy<T>`:
[INFO] [stdout]               <bool as fake::Dummy<bool>>
[INFO] [stdout]               <bool as fake::Dummy<fake::Faker>>
[INFO] [stdout]               <bool as fake::Dummy<Boolean<L>>>
[INFO] [stdout]               <char as fake::Dummy<char>>
[INFO] [stdout]               <char as fake::Dummy<fake::Faker>>
[INFO] [stdout]               <isize as fake::Dummy<isize>>
[INFO] [stdout]               <isize as fake::Dummy<fake::Faker>>
[INFO] [stdout]               <isize as fake::Dummy<Uniform<isize>>>
[INFO] [stdout]             and 325 others
[INFO] [stdout]     = note: required for `fake::Faker` to implement `fake::private::FakeBase<struct_type::with_override_expr_from_fn::Obj>`
[INFO] [stdout] note: required by a bound in `fake_with_rng`
[INFO] [stdout]    --> /opt/rustwide/workdir/src/lib.rs:210:15
[INFO] [stdout]     |
[INFO] [stdout] 208 |     fn fake_with_rng<U, R: Rng + ?Sized>(&self, rng: &mut R) -> U
[INFO] [stdout]     |        ------------- required by a bound in this associated function
[INFO] [stdout] 209 |     where
[INFO] [stdout] 210 |         Self: private::FakeBase<U>,
[INFO] [stdout]     |               ^^^^^^^^^^^^^^^^^^^^ required by this bound in `Fake::fake_with_rng`
[INFO] [stdout] 
[INFO] [stdout] 
[INFO] [stdout] error[E0277]: the trait bound `struct_type::with_override_expr_str::Obj: fake::Dummy<fake::Faker>` is not satisfied
[INFO] [stdout]    --> tests/derive_macros.rs:284:32
[INFO] [stdout]     |
[INFO] [stdout] 284 |             let o: Obj = Faker.fake_with_rng(&mut rng());
[INFO] [stdout]     |                                ^^^^^^^^^^^^^ the trait `fake::Dummy<fake::Faker>` is not implemented for `struct_type::with_override_expr_str::Obj`, which is required by `fake::Faker: fake::private::FakeBase<_>`
[INFO] [stdout]     |
[INFO] [stdout]     = help: the following other types implement trait `fake::Dummy<T>`:
[INFO] [stdout]               <bool as fake::Dummy<bool>>
[INFO] [stdout]               <bool as fake::Dummy<fake::Faker>>
[INFO] [stdout]               <bool as fake::Dummy<Boolean<L>>>
[INFO] [stdout]               <char as fake::Dummy<char>>
[INFO] [stdout]               <char as fake::Dummy<fake::Faker>>
[INFO] [stdout]               <isize as fake::Dummy<isize>>
[INFO] [stdout]               <isize as fake::Dummy<fake::Faker>>
[INFO] [stdout]               <isize as fake::Dummy<Uniform<isize>>>
[INFO] [stdout]             and 325 others
[INFO] [stdout]     = note: required for `fake::Faker` to implement `fake::private::FakeBase<struct_type::with_override_expr_str::Obj>`
[INFO] [stdout] note: required by a bound in `fake_with_rng`
[INFO] [stdout]    --> /opt/rustwide/workdir/src/lib.rs:210:15
[INFO] [stdout]     |
[INFO] [stdout] 208 |     fn fake_with_rng<U, R: Rng + ?Sized>(&self, rng: &mut R) -> U
[INFO] [stdout]     |        ------------- required by a bound in this associated function
[INFO] [stdout] 209 |     where
[INFO] [stdout] 210 |         Self: private::FakeBase<U>,
[INFO] [stdout]     |               ^^^^^^^^^^^^^^^^^^^^ required by this bound in `Fake::fake_with_rng`
[INFO] [stdout] 
[INFO] [stdout] 
[INFO] [stdout] error[E0277]: the trait bound `struct_type::with_override_expr_enum::Obj: fake::Dummy<fake::Faker>` is not satisfied
[INFO] [stdout]    --> tests/derive_macros.rs:303:32
[INFO] [stdout]     |
[INFO] [stdout] 303 |             let o: Obj = Faker.fake_with_rng(&mut rng());
[INFO] [stdout]     |                                ^^^^^^^^^^^^^ the trait `fake::Dummy<fake::Faker>` is not implemented for `struct_type::with_override_expr_enum::Obj`, which is required by `fake::Faker: fake::private::FakeBase<_>`
[INFO] [stdout]     |
[INFO] [stdout]     = help: the following other types implement trait `fake::Dummy<T>`:
[INFO] [stdout]               <bool as fake::Dummy<bool>>
[INFO] [stdout]               <bool as fake::Dummy<fake::Faker>>
[INFO] [stdout]               <bool as fake::Dummy<Boolean<L>>>
[INFO] [stdout]               <char as fake::Dummy<char>>
[INFO] [stdout]               <char as fake::Dummy<fake::Faker>>
[INFO] [stdout]               <isize as fake::Dummy<isize>>
[INFO] [stdout]               <isize as fake::Dummy<fake::Faker>>
[INFO] [stdout]               <isize as fake::Dummy<Uniform<isize>>>
[INFO] [stdout]             and 325 others
[INFO] [stdout]     = note: required for `fake::Faker` to implement `fake::private::FakeBase<struct_type::with_override_expr_enum::Obj>`
[INFO] [stdout] note: required by a bound in `fake_with_rng`
[INFO] [stdout]    --> /opt/rustwide/workdir/src/lib.rs:210:15
[INFO] [stdout]     |
[INFO] [stdout] 208 |     fn fake_with_rng<U, R: Rng + ?Sized>(&self, rng: &mut R) -> U
[INFO] [stdout]     |        ------------- required by a bound in this associated function
[INFO] [stdout] 209 |     where
[INFO] [stdout] 210 |         Self: private::FakeBase<U>,
[INFO] [stdout]     |               ^^^^^^^^^^^^^^^^^^^^ required by this bound in `Fake::fake_with_rng`
[INFO] [stdout] 
[INFO] [stdout] 
[INFO] [stdout] error[E0277]: the trait bound `MyStruct<u8, f32>: fake::Dummy<fake::Faker>` is not satisfied
[INFO] [stdout]    --> tests/derive_macros.rs:341:42
[INFO] [stdout]     |
[INFO] [stdout] 341 |         let o: MyStruct<u8, f32> = Faker.fake_with_rng(&mut rng());
[INFO] [stdout]     |                                          ^^^^^^^^^^^^^ the trait `fake::Dummy<fake::Faker>` is not implemented for `MyStruct<u8, f32>`, which is required by `fake::Faker: fake::private::FakeBase<_>`
[INFO] [stdout]     |
[INFO] [stdout]     = help: the following other types implement trait `fake::Dummy<T>`:
[INFO] [stdout]               <bool as fake::Dummy<bool>>
[INFO] [stdout]               <bool as fake::Dummy<fake::Faker>>
[INFO] [stdout]               <bool as fake::Dummy<Boolean<L>>>
[INFO] [stdout]               <char as fake::Dummy<char>>
[INFO] [stdout]               <char as fake::Dummy<fake::Faker>>
[INFO] [stdout]               <isize as fake::Dummy<isize>>
[INFO] [stdout]               <isize as fake::Dummy<fake::Faker>>
[INFO] [stdout]               <isize as fake::Dummy<Uniform<isize>>>
[INFO] [stdout]             and 325 others
[INFO] [stdout]     = note: required for `fake::Faker` to implement `fake::private::FakeBase<MyStruct<u8, f32>>`
[INFO] [stdout] note: required by a bound in `fake_with_rng`
[INFO] [stdout]    --> /opt/rustwide/workdir/src/lib.rs:210:15
[INFO] [stdout]     |
[INFO] [stdout] 208 |     fn fake_with_rng<U, R: Rng + ?Sized>(&self, rng: &mut R) -> U
[INFO] [stdout]     |        ------------- required by a bound in this associated function
[INFO] [stdout] 209 |     where
[INFO] [stdout] 210 |         Self: private::FakeBase<U>,
[INFO] [stdout]     |               ^^^^^^^^^^^^^^^^^^^^ required by this bound in `Fake::fake_with_rng`
[INFO] [stdout] 
[INFO] [stdout] 
[INFO] [stdout] error[E0277]: the trait bound `test_generic::generic_enum::MyEnum<u8, f32>: fake::Dummy<fake::Faker>` is not satisfied
[INFO] [stdout]    --> tests/derive_macros.rs:356:40
[INFO] [stdout]     |
[INFO] [stdout] 356 |         let o: MyEnum<u8, f32> = Faker.fake_with_rng(&mut rng());
[INFO] [stdout]     |                                        ^^^^^^^^^^^^^ the trait `fake::Dummy<fake::Faker>` is not implemented for `test_generic::generic_enum::MyEnum<u8, f32>`, which is required by `fake::Faker: fake::private::FakeBase<_>`
[INFO] [stdout]     |
[INFO] [stdout]     = help: the following other types implement trait `fake::Dummy<T>`:
[INFO] [stdout]               <bool as fake::Dummy<bool>>
[INFO] [stdout]               <bool as fake::Dummy<fake::Faker>>
[INFO] [stdout]               <bool as fake::Dummy<Boolean<L>>>
[INFO] [stdout]               <char as fake::Dummy<char>>
[INFO] [stdout]               <char as fake::Dummy<fake::Faker>>
[INFO] [stdout]               <isize as fake::Dummy<isize>>
[INFO] [stdout]               <isize as fake::Dummy<fake::Faker>>
[INFO] [stdout]               <isize as fake::Dummy<Uniform<isize>>>
[INFO] [stdout]             and 325 others
[INFO] [stdout]     = note: required for `fake::Faker` to implement `fake::private::FakeBase<test_generic::generic_enum::MyEnum<u8, f32>>`
[INFO] [stdout] note: required by a bound in `fake_with_rng`
[INFO] [stdout]    --> /opt/rustwide/workdir/src/lib.rs:210:15
[INFO] [stdout]     |
[INFO] [stdout] 208 |     fn fake_with_rng<U, R: Rng + ?Sized>(&self, rng: &mut R) -> U
[INFO] [stdout]     |        ------------- required by a bound in this associated function
[INFO] [stdout] 209 |     where
[INFO] [stdout] 210 |         Self: private::FakeBase<U>,
[INFO] [stdout]     |               ^^^^^^^^^^^^^^^^^^^^ required by this bound in `Fake::fake_with_rng`
[INFO] [stdout] 
[INFO] [stdout] 
[INFO] [stdout] error[E0277]: the trait bound `MyTuple<u8, f32>: fake::Dummy<fake::Faker>` is not satisfied
[INFO] [stdout]    --> tests/derive_macros.rs:367:41
[INFO] [stdout]     |
[INFO] [stdout] 367 |         let o: MyTuple<u8, f32> = Faker.fake_with_rng(&mut rng());
[INFO] [stdout]     |                                         ^^^^^^^^^^^^^ the trait `fake::Dummy<fake::Faker>` is not implemented for `MyTuple<u8, f32>`, which is required by `fake::Faker: fake::private::FakeBase<_>`
[INFO] [stdout]     |
[INFO] [stdout]     = help: the following other types implement trait `fake::Dummy<T>`:
[INFO] [stdout]               <bool as fake::Dummy<bool>>
[INFO] [stdout]               <bool as fake::Dummy<fake::Faker>>
[INFO] [stdout]               <bool as fake::Dummy<Boolean<L>>>
[INFO] [stdout]               <char as fake::Dummy<char>>
[INFO] [stdout]               <char as fake::Dummy<fake::Faker>>
[INFO] [stdout]               <isize as fake::Dummy<isize>>
[INFO] [stdout]               <isize as fake::Dummy<fake::Faker>>
[INFO] [stdout]               <isize as fake::Dummy<Uniform<isize>>>
[INFO] [stdout]             and 325 others
[INFO] [stdout]     = note: required for `fake::Faker` to implement `fake::private::FakeBase<MyTuple<u8, f32>>`
[INFO] [stdout] note: required by a bound in `fake_with_rng`
[INFO] [stdout]    --> /opt/rustwide/workdir/src/lib.rs:210:15
[INFO] [stdout]     |
[INFO] [stdout] 208 |     fn fake_with_rng<U, R: Rng + ?Sized>(&self, rng: &mut R) -> U
[INFO] [stdout]     |        ------------- required by a bound in this associated function
[INFO] [stdout] 209 |     where
[INFO] [stdout] 210 |         Self: private::FakeBase<U>,
[INFO] [stdout]     |               ^^^^^^^^^^^^^^^^^^^^ required by this bound in `Fake::fake_with_rng`
[INFO] [stdout] 
[INFO] [stdout] 
[INFO] [stdout] error: aborting due to 73 previous errors
[INFO] [stdout] 
[INFO] [stdout] 
[INFO] [stdout] Some errors have detailed explanations: E0277, E0433.
[INFO] [stdout] 
[INFO] [stdout] For more information about an error, try `rustc --explain E0277`.
[INFO] [stdout] 
[INFO] [stderr] error: could not compile `fake` (test "derive_macros") due to 74 previous errors
[INFO] running `Command { std: "docker" "inspect" "00a7fd9617733f93185bc57f1ba540c72adb4bf32cfc0d80e30dcc08e34b9376", kill_on_drop: false }`
[INFO] running `Command { std: "docker" "rm" "-f" "00a7fd9617733f93185bc57f1ba540c72adb4bf32cfc0d80e30dcc08e34b9376", kill_on_drop: false }`
[INFO] [stdout] 00a7fd9617733f93185bc57f1ba540c72adb4bf32cfc0d80e30dcc08e34b9376
[INFO] checking fake-2.9.1 against nightly-2024-02-05+rustflags=-Dunexpected_cfgs+cargoflags=-Zcheck-cfg for check-cfg
[INFO] extracting crate fake 2.9.1 into /workspace/builds/worker-0-tc2/source
[INFO] validating manifest of crates.io crate fake 2.9.1 on toolchain nightly-2024-02-05
[INFO] running `Command { std: CARGO_HOME="/workspace/cargo-home" RUSTUP_HOME="/workspace/rustup-home" "/workspace/cargo-home/bin/cargo" "+nightly-2024-02-05" "metadata" "--manifest-path" "Cargo.toml" "--no-deps", kill_on_drop: false }`
[INFO] started tweaking crates.io crate fake 2.9.1
[INFO] removed 0 missing examples
[INFO] finished tweaking crates.io crate fake 2.9.1
[INFO] tweaked toml for crates.io crate fake 2.9.1 written to /workspace/builds/worker-0-tc2/source/Cargo.toml
[INFO] crate crates.io crate fake 2.9.1 already has a lockfile, it will not be regenerated
[INFO] running `Command { std: CARGO_HOME="/workspace/cargo-home" RUSTUP_HOME="/workspace/rustup-home" "/workspace/cargo-home/bin/cargo" "+nightly-2024-02-05" "fetch" "--manifest-path" "Cargo.toml", kill_on_drop: false }`
[INFO] running `Command { std: "docker" "create" "-v" "/var/lib/crater-agent-workspace/builds/worker-0-tc2/target:/opt/rustwide/target:rw,Z" "-v" "/var/lib/crater-agent-workspace/builds/worker-0-tc2/source:/opt/rustwide/workdir:ro,Z" "-v" "/var/lib/crater-agent-workspace/cargo-home:/opt/rustwide/cargo-home:ro,Z" "-v" "/var/lib/crater-agent-workspace/rustup-home:/opt/rustwide/rustup-home:ro,Z" "-e" "SOURCE_DIR=/opt/rustwide/workdir" "-e" "CARGO_TARGET_DIR=/opt/rustwide/target" "-e" "CARGO_HOME=/opt/rustwide/cargo-home" "-e" "RUSTUP_HOME=/opt/rustwide/rustup-home" "-w" "/opt/rustwide/workdir" "-m" "1610612736" "--user" "0:0" "--network" "none" "ghcr.io/rust-lang/crates-build-env/linux@sha256:2788e3201cd34a07e3172128adcd8b3090168a8e3bcc40d7c032b9dda1df7d1c" "/opt/rustwide/cargo-home/bin/cargo" "+nightly-2024-02-05" "metadata" "--no-deps" "--format-version=1", kill_on_drop: false }`
[INFO] [stdout] c90026e7ef0c2335c168168cd5c92e57ed39cb937357f724fbaff07edca37e3c
[INFO] running `Command { std: "docker" "start" "-a" "c90026e7ef0c2335c168168cd5c92e57ed39cb937357f724fbaff07edca37e3c", kill_on_drop: false }`
[INFO] running `Command { std: "docker" "inspect" "c90026e7ef0c2335c168168cd5c92e57ed39cb937357f724fbaff07edca37e3c", kill_on_drop: false }`
[INFO] running `Command { std: "docker" "rm" "-f" "c90026e7ef0c2335c168168cd5c92e57ed39cb937357f724fbaff07edca37e3c", kill_on_drop: false }`
[INFO] [stdout] c90026e7ef0c2335c168168cd5c92e57ed39cb937357f724fbaff07edca37e3c
[INFO] running `Command { std: "docker" "create" "-v" "/var/lib/crater-agent-workspace/builds/worker-0-tc2/target:/opt/rustwide/target:rw,Z" "-v" "/var/lib/crater-agent-workspace/builds/worker-0-tc2/source:/opt/rustwide/workdir:ro,Z" "-v" "/var/lib/crater-agent-workspace/cargo-home:/opt/rustwide/cargo-home:ro,Z" "-v" "/var/lib/crater-agent-workspace/rustup-home:/opt/rustwide/rustup-home:ro,Z" "-e" "SOURCE_DIR=/opt/rustwide/workdir" "-e" "CARGO_TARGET_DIR=/opt/rustwide/target" "-e" "CARGO_INCREMENTAL=0" "-e" "RUST_BACKTRACE=full" "-e" "RUSTFLAGS=--cap-lints=forbid -Dunexpected_cfgs" "-e" "RUSTDOCFLAGS=--cap-lints=forbid" "-e" "CARGO_HOME=/opt/rustwide/cargo-home" "-e" "RUSTUP_HOME=/opt/rustwide/rustup-home" "-w" "/opt/rustwide/workdir" "-m" "1610612736" "--user" "0:0" "--network" "none" "ghcr.io/rust-lang/crates-build-env/linux@sha256:2788e3201cd34a07e3172128adcd8b3090168a8e3bcc40d7c032b9dda1df7d1c" "/opt/rustwide/cargo-home/bin/cargo" "+nightly-2024-02-05" "check" "--frozen" "--all" "--all-targets" "--message-format=json" "-Zcheck-cfg", kill_on_drop: false }`
[INFO] [stdout] 777984f7d5272447c675a0c1df4ff8bbf62d4aaf37b888359d0c1330ba3650fd
[INFO] running `Command { std: "docker" "start" "-a" "777984f7d5272447c675a0c1df4ff8bbf62d4aaf37b888359d0c1330ba3650fd", kill_on_drop: false }`
[INFO] [stderr]    Compiling libc v0.2.147
[INFO] [stderr]    Compiling libm v0.2.7
[INFO] [stderr]    Compiling rustix v0.38.8
[INFO] [stderr]     Checking bitflags v2.4.0
[INFO] [stderr]     Checking linux-raw-sys v0.4.5
[INFO] [stderr]     Checking fastrand v2.0.0
[INFO] [stderr]     Checking bit-vec v0.6.3
[INFO] [stderr]     Checking iana-time-zone v0.1.57
[INFO] [stderr]     Checking deunicode v1.4.0
[INFO] [stderr]     Checking byteorder v1.4.3
[INFO] [stderr]    Compiling num-traits v0.2.16
[INFO] [stderr]     Checking unarray v0.1.4
[INFO] [stderr]     Checking regex-syntax v0.6.29
[INFO] [stderr]     Checking bit-set v0.5.3
[INFO] [stderr]     Checking getrandom v0.2.10
[INFO] [stderr]     Checking wait-timeout v0.2.0
[INFO] [stderr]     Checking rand_core v0.6.4
[INFO] [stderr]     Checking rand_chacha v0.3.1
[INFO] [stderr]     Checking rand_xorshift v0.3.0
[INFO] [stderr]     Checking rand v0.8.5
[INFO] [stderr]     Checking chrono v0.4.26
[INFO] [stderr]     Checking tempfile v3.7.1
[INFO] [stderr]     Checking rusty-fork v0.3.0
[INFO] [stderr]     Checking fake v2.9.1 (/opt/rustwide/workdir)
[INFO] [stderr]     Checking proptest v1.2.0
[INFO] [stdout] error: unexpected `cfg` condition name: `tool_attributes`
[INFO] [stdout]   --> src/locales/mod.rs:10:12
[INFO] [stdout]    |
[INFO] [stdout] 10 | #[cfg_attr(tool_attributes, rustfmt_skip)]
[INFO] [stdout]    |            ^^^^^^^^^^^^^^^
[INFO] [stdout]    |
[INFO] [stdout]    = help: expected names are: `debug_assertions`, `doc`, `doctest`, `feature`, `miri`, `overflow_checks`, `panic`, `proc_macro`, `relocation_model`, `sanitize`, `sanitizer_cfi_generalize_pointers`, `sanitizer_cfi_normalize_integers`, `target_abi`, `target_arch`, `target_endian`, `target_env`, `target_family`, `target_feature`, `target_has_atomic`, `target_has_atomic_equal_alignment`, `target_has_atomic_load_store`, `target_os`, `target_pointer_width`, `target_thread_local`, `target_vendor`, `test`, `unix`, `windows`
[INFO] [stdout]    = help: consider using a Cargo feature instead or adding `println!("cargo:rustc-check-cfg=cfg(tool_attributes)");` to the top of a `build.rs`
[INFO] [stdout]    = note: see <https://doc.rust-lang.org/nightly/cargo/reference/unstable.html#check-cfg> for more information about checking conditional configuration
[INFO] [stdout]    = note: requested on the command line with `-D unexpected-cfgs`
[INFO] [stdout] 
[INFO] [stdout] 
[INFO] [stdout] error: aborting due to 1 previous error
[INFO] [stdout] 
[INFO] [stdout] 
[INFO] [stderr] error: could not compile `fake` (lib) due to 2 previous errors
[INFO] [stderr] warning: build failed, waiting for other jobs to finish...
[INFO] running `Command { std: "docker" "inspect" "777984f7d5272447c675a0c1df4ff8bbf62d4aaf37b888359d0c1330ba3650fd", kill_on_drop: false }`
[INFO] running `Command { std: "docker" "rm" "-f" "777984f7d5272447c675a0c1df4ff8bbf62d4aaf37b888359d0c1330ba3650fd", kill_on_drop: false }`
[INFO] [stdout] 777984f7d5272447c675a0c1df4ff8bbf62d4aaf37b888359d0c1330ba3650fd
