[INFO] fetching crate ezsockets 0.6.1...
[INFO] checking ezsockets-0.6.1 against nightly-2024-02-05 for check-cfg
[INFO] extracting crate ezsockets 0.6.1 into /workspace/builds/worker-5-tc1/source
[INFO] validating manifest of crates.io crate ezsockets 0.6.1 on toolchain nightly-2024-02-05
[INFO] running `Command { std: CARGO_HOME="/workspace/cargo-home" RUSTUP_HOME="/workspace/rustup-home" "/workspace/cargo-home/bin/cargo" "+nightly-2024-02-05" "metadata" "--manifest-path" "Cargo.toml" "--no-deps", kill_on_drop: false }`
[INFO] started tweaking crates.io crate ezsockets 0.6.1
[INFO] removed 0 missing tests
[INFO] finished tweaking crates.io crate ezsockets 0.6.1
[INFO] tweaked toml for crates.io crate ezsockets 0.6.1 written to /workspace/builds/worker-5-tc1/source/Cargo.toml
[INFO] running `Command { std: CARGO_HOME="/workspace/cargo-home" RUSTUP_HOME="/workspace/rustup-home" "/workspace/cargo-home/bin/cargo" "+nightly-2024-02-05" "generate-lockfile" "--manifest-path" "Cargo.toml", kill_on_drop: false }`
[INFO] [stderr]     Updating crates.io index
[INFO] running `Command { std: CARGO_HOME="/workspace/cargo-home" RUSTUP_HOME="/workspace/rustup-home" "/workspace/cargo-home/bin/cargo" "+nightly-2024-02-05" "fetch" "--manifest-path" "Cargo.toml", kill_on_drop: false }`
[INFO] [stderr]  Downloading crates ...
[INFO] [stderr]   Downloaded atomic_enum v0.2.0
[INFO] [stderr]   Downloaded tokio-tungstenite-wasm v0.2.1
[INFO] [stderr]   Downloaded wasmtimer v0.2.0
[INFO] [stderr]   Downloaded enfync v0.1.6
[INFO] running `Command { std: "docker" "create" "-v" "/var/lib/crater-agent-workspace/builds/worker-5-tc1/target:/opt/rustwide/target:rw,Z" "-v" "/var/lib/crater-agent-workspace/builds/worker-5-tc1/source:/opt/rustwide/workdir:ro,Z" "-v" "/var/lib/crater-agent-workspace/cargo-home:/opt/rustwide/cargo-home:ro,Z" "-v" "/var/lib/crater-agent-workspace/rustup-home:/opt/rustwide/rustup-home:ro,Z" "-e" "SOURCE_DIR=/opt/rustwide/workdir" "-e" "CARGO_TARGET_DIR=/opt/rustwide/target" "-e" "CARGO_HOME=/opt/rustwide/cargo-home" "-e" "RUSTUP_HOME=/opt/rustwide/rustup-home" "-w" "/opt/rustwide/workdir" "-m" "1610612736" "--user" "0:0" "--network" "none" "ghcr.io/rust-lang/crates-build-env/linux@sha256:2788e3201cd34a07e3172128adcd8b3090168a8e3bcc40d7c032b9dda1df7d1c" "/opt/rustwide/cargo-home/bin/cargo" "+nightly-2024-02-05" "metadata" "--no-deps" "--format-version=1", kill_on_drop: false }`
[INFO] [stdout] 371052a89b38bcb50592b85f6693b61ba371fff35473158931dd1eeb65bffcb7
[INFO] running `Command { std: "docker" "start" "-a" "371052a89b38bcb50592b85f6693b61ba371fff35473158931dd1eeb65bffcb7", kill_on_drop: false }`
[INFO] running `Command { std: "docker" "inspect" "371052a89b38bcb50592b85f6693b61ba371fff35473158931dd1eeb65bffcb7", kill_on_drop: false }`
[INFO] running `Command { std: "docker" "rm" "-f" "371052a89b38bcb50592b85f6693b61ba371fff35473158931dd1eeb65bffcb7", kill_on_drop: false }`
[INFO] [stdout] 371052a89b38bcb50592b85f6693b61ba371fff35473158931dd1eeb65bffcb7
[INFO] running `Command { std: "docker" "create" "-v" "/var/lib/crater-agent-workspace/builds/worker-5-tc1/target:/opt/rustwide/target:rw,Z" "-v" "/var/lib/crater-agent-workspace/builds/worker-5-tc1/source:/opt/rustwide/workdir:ro,Z" "-v" "/var/lib/crater-agent-workspace/cargo-home:/opt/rustwide/cargo-home:ro,Z" "-v" "/var/lib/crater-agent-workspace/rustup-home:/opt/rustwide/rustup-home:ro,Z" "-e" "SOURCE_DIR=/opt/rustwide/workdir" "-e" "CARGO_TARGET_DIR=/opt/rustwide/target" "-e" "CARGO_INCREMENTAL=0" "-e" "RUST_BACKTRACE=full" "-e" "RUSTFLAGS=--cap-lints=forbid" "-e" "RUSTDOCFLAGS=--cap-lints=forbid" "-e" "CARGO_HOME=/opt/rustwide/cargo-home" "-e" "RUSTUP_HOME=/opt/rustwide/rustup-home" "-w" "/opt/rustwide/workdir" "-m" "1610612736" "--user" "0:0" "--network" "none" "ghcr.io/rust-lang/crates-build-env/linux@sha256:2788e3201cd34a07e3172128adcd8b3090168a8e3bcc40d7c032b9dda1df7d1c" "/opt/rustwide/cargo-home/bin/cargo" "+nightly-2024-02-05" "check" "--frozen" "--all" "--all-targets" "--message-format=json", kill_on_drop: false }`
[INFO] [stdout] 87f28be0204ea0d3b4ae593c629c76860a5e90ed2537ddc9ad115e29ab935dd8
[INFO] running `Command { std: "docker" "start" "-a" "87f28be0204ea0d3b4ae593c629c76860a5e90ed2537ddc9ad115e29ab935dd8", kill_on_drop: false }`
[INFO] [stderr]    Compiling crossbeam-utils v0.8.19
[INFO] [stderr]     Checking futures-channel v0.3.30
[INFO] [stderr]    Compiling serde v1.0.196
[INFO] [stderr]    Compiling thiserror-impl v1.0.56
[INFO] [stderr]     Checking tracing-core v0.1.32
[INFO] [stderr]    Compiling num-traits v0.2.17
[INFO] [stderr]    Compiling indexmap v1.9.3
[INFO] [stderr]     Checking tokio v1.36.0
[INFO] [stderr]    Compiling rayon-core v1.12.1
[INFO] [stderr]     Checking data-encoding v2.5.0
[INFO] [stderr]     Checking plotters-backend v0.3.5
[INFO] [stderr]     Checking ciborium-io v0.2.2
[INFO] [stderr]     Checking os_str_bytes v6.6.1
[INFO] [stderr]     Checking regex-automata v0.4.5
[INFO] [stderr]     Checking itertools v0.10.5
[INFO] [stderr]     Checking textwrap v0.16.0
[INFO] [stderr]     Checking ciborium-ll v0.2.2
[INFO] [stderr]     Checking futures-util v0.3.30
[INFO] [stderr]     Checking overload v0.1.1
[INFO] [stderr]     Checking clap_lex v0.2.4
[INFO] [stderr]     Checking plotters-svg v0.3.5
[INFO] [stderr]    Compiling atomic_enum v0.2.0
[INFO] [stderr]     Checking nu-ansi-term v0.46.0
[INFO] [stderr]     Checking sharded-slab v0.1.7
[INFO] [stderr]     Checking thread_local v1.1.7
[INFO] [stderr]     Checking tracing v0.1.40
[INFO] [stderr]     Checking tracing-log v0.2.0
[INFO] [stderr]     Checking clap v3.2.25
[INFO] [stderr]     Checking crossbeam-epoch v0.9.18
[INFO] [stderr]     Checking concurrent-queue v2.4.0
[INFO] [stderr]     Checking tracing-subscriber v0.3.18
[INFO] [stderr]     Checking async-channel v1.9.0
[INFO] [stderr]     Checking crossbeam-deque v0.8.5
[INFO] [stderr]     Checking plotters v0.3.5
[INFO] [stderr]     Checking thiserror v1.0.56
[INFO] [stderr]     Checking tungstenite v0.20.1
[INFO] [stderr]     Checking regex v1.10.3
[INFO] [stderr]     Checking criterion-plot v0.5.0
[INFO] [stderr]     Checking rayon v1.8.1
[INFO] [stderr]     Checking futures-executor v0.3.30
[INFO] [stderr]     Checking serde_json v1.0.113
[INFO] [stderr]     Checking ciborium v0.2.2
[INFO] [stderr]     Checking futures v0.3.30
[INFO] [stderr]     Checking tinytemplate v1.2.1
[INFO] [stderr]     Checking criterion v0.4.0
[INFO] [stderr]     Checking tokio-tungstenite v0.20.1
[INFO] [stderr]     Checking enfync v0.1.6
[INFO] [stderr]     Checking tokio-tungstenite-wasm v0.2.1
[INFO] [stderr]     Checking ezsockets v0.6.1 (/opt/rustwide/workdir)
[INFO] [stdout] warning: unused import: `server_runners::*`
[INFO] [stdout]   --> src/lib.rs:45:17
[INFO] [stdout]    |
[INFO] [stdout] 45 |         pub use server_runners::*;
[INFO] [stdout]    |                 ^^^^^^^^^^^^^^^^^
[INFO] [stdout]    |
[INFO] [stdout]    = note: `#[warn(unused_imports)]` on by default
[INFO] [stdout] 
[INFO] [stdout] 
[INFO] [stdout] warning: 1 warning emitted
[INFO] [stdout] 
[INFO] [stdout] 
[INFO] [stdout] error[E0433]: failed to resolve: could not find `tungstenite` in `ezsockets`
[INFO] [stdout]   --> benches/ezsockets_server.rs:73:16
[INFO] [stdout]    |
[INFO] [stdout] 73 |     ezsockets::tungstenite::run_on(server, listener, ezsockets::tungstenite::Acceptor::Plain)
[INFO] [stdout]    |                ^^^^^^^^^^^ could not find `tungstenite` in `ezsockets`
[INFO] [stdout] 
[INFO] [stdout] 
[INFO] [stdout] error[E0433]: failed to resolve: could not find `tungstenite` in `ezsockets`
[INFO] [stdout]   --> benches/ezsockets_server.rs:73:16
[INFO] [stdout]    |
[INFO] [stdout] 73 |     ezsockets::tungstenite::run_on(server, listener, ezsockets::tungstenite::Acceptor::Plain)
[INFO] [stdout]    |                ^^^^^^^^^^^ could not find `tungstenite` in `ezsockets`
[INFO] [stdout] 
[INFO] [stdout] 
[INFO] [stdout] error[E0433]: failed to resolve: could not find `tungstenite` in `ezsockets`
[INFO] [stdout]   --> benches/ezsockets_server.rs:73:65
[INFO] [stdout]    |
[INFO] [stdout] 73 |     ezsockets::tungstenite::run_on(server, listener, ezsockets::tungstenite::Acceptor::Plain)
[INFO] [stdout]    |                                                                 ^^^^^^^^^^^ could not find `tungstenite` in `ezsockets`
[INFO] [stdout] 
[INFO] [stdout] 
[INFO] [stdout] error[E0433]: failed to resolve: could not find `tungstenite` in `ezsockets`
[INFO] [stdout]   --> benches/ezsockets_server.rs:73:65
[INFO] [stdout]    |
[INFO] [stdout] 73 |     ezsockets::tungstenite::run_on(server, listener, ezsockets::tungstenite::Acceptor::Plain)
[INFO] [stdout]    |                                                                 ^^^^^^^^^^^ could not find `tungstenite` in `ezsockets`
[INFO] [stdout] 
[INFO] [stdout] 
[INFO] [stdout] error: aborting due to 2 previous errors
[INFO] [stdout] 
[INFO] [stdout] 
[INFO] [stdout] For more information about this error, try `rustc --explain E0433`.
[INFO] [stdout] 
[INFO] [stderr] error: could not compile `ezsockets` (bench "ezsockets_server") due to 3 previous errors
[INFO] [stderr] warning: build failed, waiting for other jobs to finish...
[INFO] [stdout] warning: unused import: `server_runners::*`
[INFO] [stdout]   --> src/lib.rs:45:17
[INFO] [stdout]    |
[INFO] [stdout] 45 |         pub use server_runners::*;
[INFO] [stdout]    |                 ^^^^^^^^^^^^^^^^^
[INFO] [stdout]    |
[INFO] [stdout]    = note: `#[warn(unused_imports)]` on by default
[INFO] [stdout] 
[INFO] [stdout] 
[INFO] [stdout] error: aborting due to 2 previous errors
[INFO] [stdout] 
[INFO] [stdout] 
[INFO] [stdout] For more information about this error, try `rustc --explain E0433`.
[INFO] [stdout] 
[INFO] [stderr] error: could not compile `ezsockets` (bench "my_benchmark") due to 3 previous errors
[INFO] [stdout] warning: 1 warning emitted
[INFO] [stdout] 
[INFO] [stdout] 
[INFO] running `Command { std: "docker" "inspect" "87f28be0204ea0d3b4ae593c629c76860a5e90ed2537ddc9ad115e29ab935dd8", kill_on_drop: false }`
[INFO] running `Command { std: "docker" "rm" "-f" "87f28be0204ea0d3b4ae593c629c76860a5e90ed2537ddc9ad115e29ab935dd8", kill_on_drop: false }`
[INFO] [stdout] 87f28be0204ea0d3b4ae593c629c76860a5e90ed2537ddc9ad115e29ab935dd8
[INFO] checking ezsockets-0.6.1 against nightly-2024-02-05+rustflags=-Dunexpected_cfgs+cargoflags=-Zcheck-cfg for check-cfg
[INFO] extracting crate ezsockets 0.6.1 into /workspace/builds/worker-5-tc2/source
[INFO] validating manifest of crates.io crate ezsockets 0.6.1 on toolchain nightly-2024-02-05
[INFO] running `Command { std: CARGO_HOME="/workspace/cargo-home" RUSTUP_HOME="/workspace/rustup-home" "/workspace/cargo-home/bin/cargo" "+nightly-2024-02-05" "metadata" "--manifest-path" "Cargo.toml" "--no-deps", kill_on_drop: false }`
[INFO] started tweaking crates.io crate ezsockets 0.6.1
[INFO] removed 0 missing tests
[INFO] finished tweaking crates.io crate ezsockets 0.6.1
[INFO] tweaked toml for crates.io crate ezsockets 0.6.1 written to /workspace/builds/worker-5-tc2/source/Cargo.toml
[INFO] running `Command { std: CARGO_HOME="/workspace/cargo-home" RUSTUP_HOME="/workspace/rustup-home" "/workspace/cargo-home/bin/cargo" "+nightly-2024-02-05" "generate-lockfile" "--manifest-path" "Cargo.toml", kill_on_drop: false }`
[INFO] [stderr]     Updating crates.io index
[INFO] running `Command { std: CARGO_HOME="/workspace/cargo-home" RUSTUP_HOME="/workspace/rustup-home" "/workspace/cargo-home/bin/cargo" "+nightly-2024-02-05" "fetch" "--manifest-path" "Cargo.toml", kill_on_drop: false }`
[INFO] running `Command { std: "docker" "create" "-v" "/var/lib/crater-agent-workspace/builds/worker-5-tc2/target:/opt/rustwide/target:rw,Z" "-v" "/var/lib/crater-agent-workspace/builds/worker-5-tc2/source:/opt/rustwide/workdir:ro,Z" "-v" "/var/lib/crater-agent-workspace/cargo-home:/opt/rustwide/cargo-home:ro,Z" "-v" "/var/lib/crater-agent-workspace/rustup-home:/opt/rustwide/rustup-home:ro,Z" "-e" "SOURCE_DIR=/opt/rustwide/workdir" "-e" "CARGO_TARGET_DIR=/opt/rustwide/target" "-e" "CARGO_HOME=/opt/rustwide/cargo-home" "-e" "RUSTUP_HOME=/opt/rustwide/rustup-home" "-w" "/opt/rustwide/workdir" "-m" "1610612736" "--user" "0:0" "--network" "none" "ghcr.io/rust-lang/crates-build-env/linux@sha256:2788e3201cd34a07e3172128adcd8b3090168a8e3bcc40d7c032b9dda1df7d1c" "/opt/rustwide/cargo-home/bin/cargo" "+nightly-2024-02-05" "metadata" "--no-deps" "--format-version=1", kill_on_drop: false }`
[INFO] [stdout] b484e0b5d73a2c26fe3afd863f47d10ba6d71a4e02e9a3ccda2c1bcf1a90888f
[INFO] running `Command { std: "docker" "start" "-a" "b484e0b5d73a2c26fe3afd863f47d10ba6d71a4e02e9a3ccda2c1bcf1a90888f", kill_on_drop: false }`
[INFO] running `Command { std: "docker" "inspect" "b484e0b5d73a2c26fe3afd863f47d10ba6d71a4e02e9a3ccda2c1bcf1a90888f", kill_on_drop: false }`
[INFO] running `Command { std: "docker" "rm" "-f" "b484e0b5d73a2c26fe3afd863f47d10ba6d71a4e02e9a3ccda2c1bcf1a90888f", kill_on_drop: false }`
[INFO] [stdout] b484e0b5d73a2c26fe3afd863f47d10ba6d71a4e02e9a3ccda2c1bcf1a90888f
[INFO] running `Command { std: "docker" "create" "-v" "/var/lib/crater-agent-workspace/builds/worker-5-tc2/target:/opt/rustwide/target:rw,Z" "-v" "/var/lib/crater-agent-workspace/builds/worker-5-tc2/source:/opt/rustwide/workdir:ro,Z" "-v" "/var/lib/crater-agent-workspace/cargo-home:/opt/rustwide/cargo-home:ro,Z" "-v" "/var/lib/crater-agent-workspace/rustup-home:/opt/rustwide/rustup-home:ro,Z" "-e" "SOURCE_DIR=/opt/rustwide/workdir" "-e" "CARGO_TARGET_DIR=/opt/rustwide/target" "-e" "CARGO_INCREMENTAL=0" "-e" "RUST_BACKTRACE=full" "-e" "RUSTFLAGS=--cap-lints=forbid -Dunexpected_cfgs" "-e" "RUSTDOCFLAGS=--cap-lints=forbid" "-e" "CARGO_HOME=/opt/rustwide/cargo-home" "-e" "RUSTUP_HOME=/opt/rustwide/rustup-home" "-w" "/opt/rustwide/workdir" "-m" "1610612736" "--user" "0:0" "--network" "none" "ghcr.io/rust-lang/crates-build-env/linux@sha256:2788e3201cd34a07e3172128adcd8b3090168a8e3bcc40d7c032b9dda1df7d1c" "/opt/rustwide/cargo-home/bin/cargo" "+nightly-2024-02-05" "check" "--frozen" "--all" "--all-targets" "--message-format=json" "-Zcheck-cfg", kill_on_drop: false }`
[INFO] [stdout] 4342d5ee050686145e3d5cc6c6966235d4c66fd17adecc31379619332218a90e
[INFO] running `Command { std: "docker" "start" "-a" "4342d5ee050686145e3d5cc6c6966235d4c66fd17adecc31379619332218a90e", kill_on_drop: false }`
[INFO] [stderr]    Compiling crossbeam-utils v0.8.19
[INFO] [stderr]     Checking futures-channel v0.3.30
[INFO] [stderr]    Compiling serde v1.0.196
[INFO] [stderr]    Compiling thiserror-impl v1.0.56
[INFO] [stderr]     Checking tracing-core v0.1.32
[INFO] [stderr]    Compiling indexmap v1.9.3
[INFO] [stderr]     Checking tokio v1.36.0
[INFO] [stderr]    Compiling num-traits v0.2.17
[INFO] [stderr]    Compiling rayon-core v1.12.1
[INFO] [stderr]     Checking data-encoding v2.5.0
[INFO] [stderr]     Checking plotters-backend v0.3.5
[INFO] [stderr]     Checking os_str_bytes v6.6.1
[INFO] [stderr]     Checking ciborium-io v0.2.2
[INFO] [stderr]     Checking regex-automata v0.4.5
[INFO] [stderr]     Checking itertools v0.10.5
[INFO] [stderr]     Checking overload v0.1.1
[INFO] [stderr]     Checking textwrap v0.16.0
[INFO] [stderr]     Checking ciborium-ll v0.2.2
[INFO] [stderr]     Checking futures-util v0.3.30
[INFO] [stderr]     Checking clap_lex v0.2.4
[INFO] [stderr]     Checking plotters-svg v0.3.5
[INFO] [stderr]     Checking nu-ansi-term v0.46.0
[INFO] [stderr]    Compiling atomic_enum v0.2.0
[INFO] [stderr]     Checking sharded-slab v0.1.7
[INFO] [stderr]     Checking thread_local v1.1.7
[INFO] [stderr]     Checking tracing v0.1.40
[INFO] [stderr]     Checking tracing-log v0.2.0
[INFO] [stderr]     Checking clap v3.2.25
[INFO] [stderr]     Checking crossbeam-epoch v0.9.18
[INFO] [stderr]     Checking concurrent-queue v2.4.0
[INFO] [stderr]     Checking tracing-subscriber v0.3.18
[INFO] [stderr]     Checking async-channel v1.9.0
[INFO] [stderr]     Checking crossbeam-deque v0.8.5
[INFO] [stderr]     Checking thiserror v1.0.56
[INFO] [stderr]     Checking tungstenite v0.20.1
[INFO] [stderr]     Checking criterion-plot v0.5.0
[INFO] [stderr]     Checking plotters v0.3.5
[INFO] [stderr]     Checking regex v1.10.3
[INFO] [stderr]     Checking rayon v1.8.1
[INFO] [stderr]     Checking futures-executor v0.3.30
[INFO] [stderr]     Checking futures v0.3.30
[INFO] [stderr]     Checking serde_json v1.0.113
[INFO] [stderr]     Checking ciborium v0.2.2
[INFO] [stderr]     Checking tinytemplate v1.2.1
[INFO] [stderr]     Checking criterion v0.4.0
[INFO] [stderr]     Checking tokio-tungstenite v0.20.1
[INFO] [stderr]     Checking enfync v0.1.6
[INFO] [stderr]     Checking tokio-tungstenite-wasm v0.2.1
[INFO] [stderr]     Checking ezsockets v0.6.1 (/opt/rustwide/workdir)
[INFO] [stdout] warning: unused import: `server_runners::*`
[INFO] [stdout]   --> src/lib.rs:45:17
[INFO] [stdout]    |
[INFO] [stdout] 45 |         pub use server_runners::*;
[INFO] [stdout]    |                 ^^^^^^^^^^^^^^^^^
[INFO] [stdout]    |
[INFO] [stdout]    = note: `#[warn(unused_imports)]` on by default
[INFO] [stdout] 
[INFO] [stdout] 
[INFO] [stdout] warning: 1 warning emitted
[INFO] [stdout] 
[INFO] [stdout] 
[INFO] [stdout] error[E0433]: failed to resolve: could not find `tungstenite` in `ezsockets`
[INFO] [stdout]   --> benches/ezsockets_server.rs:73:16
[INFO] [stdout]    |
[INFO] [stdout] 73 |     ezsockets::tungstenite::run_on(server, listener, ezsockets::tungstenite::Acceptor::Plain)
[INFO] [stdout]    |                ^^^^^^^^^^^ could not find `tungstenite` in `ezsockets`
[INFO] [stdout] 
[INFO] [stdout] 
[INFO] [stdout] error[E0433]: failed to resolve: could not find `tungstenite` in `ezsockets`
[INFO] [stdout]   --> benches/ezsockets_server.rs:73:16
[INFO] [stdout]    |
[INFO] [stdout] 73 |     ezsockets::tungstenite::run_on(server, listener, ezsockets::tungstenite::Acceptor::Plain)
[INFO] [stdout]    |                ^^^^^^^^^^^ could not find `tungstenite` in `ezsockets`
[INFO] [stdout] 
[INFO] [stdout] 
[INFO] [stdout] error[E0433]: failed to resolve: could not find `tungstenite` in `ezsockets`
[INFO] [stdout]   --> benches/ezsockets_server.rs:73:65
[INFO] [stdout]    |
[INFO] [stdout] 73 |     ezsockets::tungstenite::run_on(server, listener, ezsockets::tungstenite::Acceptor::Plain)
[INFO] [stdout]    |                                                                 ^^^^^^^^^^^ could not find `tungstenite` in `ezsockets`
[INFO] [stdout] 
[INFO] [stdout] 
[INFO] [stdout] error[E0433]: failed to resolve: could not find `tungstenite` in `ezsockets`
[INFO] [stdout]   --> benches/ezsockets_server.rs:73:65
[INFO] [stdout]    |
[INFO] [stdout] 73 |     ezsockets::tungstenite::run_on(server, listener, ezsockets::tungstenite::Acceptor::Plain)
[INFO] [stdout]    |                                                                 ^^^^^^^^^^^ could not find `tungstenite` in `ezsockets`
[INFO] [stdout] 
[INFO] [stdout] 
[INFO] [stdout] error: aborting due to 2 previous errors
[INFO] [stdout] 
[INFO] [stdout] 
[INFO] [stdout] For more information about this error, try `rustc --explain E0433`.
[INFO] [stdout] 
[INFO] [stdout] error: aborting due to 2 previous errors
[INFO] [stdout] 
[INFO] [stdout] 
[INFO] [stdout] For more information about this error, try `rustc --explain E0433`.
[INFO] [stdout] 
[INFO] [stdout] warning: unused import: `server_runners::*`
[INFO] [stdout]   --> src/lib.rs:45:17
[INFO] [stdout]    |
[INFO] [stdout] 45 |         pub use server_runners::*;
[INFO] [stdout]    |                 ^^^^^^^^^^^^^^^^^
[INFO] [stdout]    |
[INFO] [stdout]    = note: `#[warn(unused_imports)]` on by default
[INFO] [stdout] 
[INFO] [stdout] 
[INFO] [stderr] error: could not compile `ezsockets` (bench "ezsockets_server") due to 3 previous errors
[INFO] [stderr] warning: build failed, waiting for other jobs to finish...
[INFO] [stderr] error: could not compile `ezsockets` (bench "my_benchmark") due to 3 previous errors
[INFO] [stdout] warning: 1 warning emitted
[INFO] [stdout] 
[INFO] [stdout] 
[INFO] running `Command { std: "docker" "inspect" "4342d5ee050686145e3d5cc6c6966235d4c66fd17adecc31379619332218a90e", kill_on_drop: false }`
[INFO] running `Command { std: "docker" "rm" "-f" "4342d5ee050686145e3d5cc6c6966235d4c66fd17adecc31379619332218a90e", kill_on_drop: false }`
[INFO] [stdout] 4342d5ee050686145e3d5cc6c6966235d4c66fd17adecc31379619332218a90e
