[INFO] fetching crate ez_audio 0.1.6...
[INFO] checking ez_audio-0.1.6 against nightly-2024-02-05 for check-cfg
[INFO] extracting crate ez_audio 0.1.6 into /workspace/builds/worker-2-tc1/source
[INFO] validating manifest of crates.io crate ez_audio 0.1.6 on toolchain nightly-2024-02-05
[INFO] running `Command { std: CARGO_HOME="/workspace/cargo-home" RUSTUP_HOME="/workspace/rustup-home" "/workspace/cargo-home/bin/cargo" "+nightly-2024-02-05" "metadata" "--manifest-path" "Cargo.toml" "--no-deps", kill_on_drop: false }`
[INFO] started tweaking crates.io crate ez_audio 0.1.6
[INFO] finished tweaking crates.io crate ez_audio 0.1.6
[INFO] tweaked toml for crates.io crate ez_audio 0.1.6 written to /workspace/builds/worker-2-tc1/source/Cargo.toml
[INFO] running `Command { std: CARGO_HOME="/workspace/cargo-home" RUSTUP_HOME="/workspace/rustup-home" "/workspace/cargo-home/bin/cargo" "+nightly-2024-02-05" "generate-lockfile" "--manifest-path" "Cargo.toml", kill_on_drop: false }`
[INFO] [stderr]     Updating crates.io index
[INFO] running `Command { std: CARGO_HOME="/workspace/cargo-home" RUSTUP_HOME="/workspace/rustup-home" "/workspace/cargo-home/bin/cargo" "+nightly-2024-02-05" "fetch" "--manifest-path" "Cargo.toml", kill_on_drop: false }`
[INFO] running `Command { std: "docker" "create" "-v" "/var/lib/crater-agent-workspace/builds/worker-2-tc1/target:/opt/rustwide/target:rw,Z" "-v" "/var/lib/crater-agent-workspace/builds/worker-2-tc1/source:/opt/rustwide/workdir:ro,Z" "-v" "/var/lib/crater-agent-workspace/cargo-home:/opt/rustwide/cargo-home:ro,Z" "-v" "/var/lib/crater-agent-workspace/rustup-home:/opt/rustwide/rustup-home:ro,Z" "-e" "SOURCE_DIR=/opt/rustwide/workdir" "-e" "CARGO_TARGET_DIR=/opt/rustwide/target" "-e" "CARGO_HOME=/opt/rustwide/cargo-home" "-e" "RUSTUP_HOME=/opt/rustwide/rustup-home" "-w" "/opt/rustwide/workdir" "-m" "1610612736" "--user" "0:0" "--network" "none" "ghcr.io/rust-lang/crates-build-env/linux@sha256:2788e3201cd34a07e3172128adcd8b3090168a8e3bcc40d7c032b9dda1df7d1c" "/opt/rustwide/cargo-home/bin/cargo" "+nightly-2024-02-05" "metadata" "--no-deps" "--format-version=1", kill_on_drop: false }`
[INFO] [stdout] 5ab584ef12bb353a3e3f00257223a782063ea9b565fdfe4fa52f0ac826d8fd60
[INFO] running `Command { std: "docker" "start" "-a" "5ab584ef12bb353a3e3f00257223a782063ea9b565fdfe4fa52f0ac826d8fd60", kill_on_drop: false }`
[INFO] running `Command { std: "docker" "inspect" "5ab584ef12bb353a3e3f00257223a782063ea9b565fdfe4fa52f0ac826d8fd60", kill_on_drop: false }`
[INFO] running `Command { std: "docker" "rm" "-f" "5ab584ef12bb353a3e3f00257223a782063ea9b565fdfe4fa52f0ac826d8fd60", kill_on_drop: false }`
[INFO] [stdout] 5ab584ef12bb353a3e3f00257223a782063ea9b565fdfe4fa52f0ac826d8fd60
[INFO] running `Command { std: "docker" "create" "-v" "/var/lib/crater-agent-workspace/builds/worker-2-tc1/target:/opt/rustwide/target:rw,Z" "-v" "/var/lib/crater-agent-workspace/builds/worker-2-tc1/source:/opt/rustwide/workdir:ro,Z" "-v" "/var/lib/crater-agent-workspace/cargo-home:/opt/rustwide/cargo-home:ro,Z" "-v" "/var/lib/crater-agent-workspace/rustup-home:/opt/rustwide/rustup-home:ro,Z" "-e" "SOURCE_DIR=/opt/rustwide/workdir" "-e" "CARGO_TARGET_DIR=/opt/rustwide/target" "-e" "CARGO_INCREMENTAL=0" "-e" "RUST_BACKTRACE=full" "-e" "RUSTFLAGS=--cap-lints=forbid" "-e" "RUSTDOCFLAGS=--cap-lints=forbid" "-e" "CARGO_HOME=/opt/rustwide/cargo-home" "-e" "RUSTUP_HOME=/opt/rustwide/rustup-home" "-w" "/opt/rustwide/workdir" "-m" "1610612736" "--user" "0:0" "--network" "none" "ghcr.io/rust-lang/crates-build-env/linux@sha256:2788e3201cd34a07e3172128adcd8b3090168a8e3bcc40d7c032b9dda1df7d1c" "/opt/rustwide/cargo-home/bin/cargo" "+nightly-2024-02-05" "check" "--frozen" "--all" "--all-targets" "--message-format=json", kill_on_drop: false }`
[INFO] [stdout] 370d939ed430272bde895361a60c8fb2431ee220c9805dc8a444fcf84676b8e2
[INFO] running `Command { std: "docker" "start" "-a" "370d939ed430272bde895361a60c8fb2431ee220c9805dc8a444fcf84676b8e2", kill_on_drop: false }`
[INFO] [stderr]    Compiling ez_audio v0.1.6 (/opt/rustwide/workdir)
[INFO] [stderr] warning: ez_audio@0.1.6: cc/AudioInterface.cc: In function 'void removeSound(size_t, AudioContext*)':
[INFO] [stderr] warning: ez_audio@0.1.6: cc/AudioInterface.cc:99:52: warning: deleting 'void*' is undefined [-Wdelete-incomplete]
[INFO] [stderr] warning: ez_audio@0.1.6:    99 |         delete context->soundClips->at(id)->device.pUserData;
[INFO] [stderr] warning: ez_audio@0.1.6:       |                ~~~~~~~~~~~~~~~~~~~~~~~~~~~~~~~~~~~~^~~~~~~~~
[INFO] [stderr] warning: ez_audio@0.1.6: In file included from cc/AudioPlayer.cc:6:
[INFO] [stderr] warning: ez_audio@0.1.6: cc/stb_vorbis.c: In function 'int do_floor(vorb*, Mapping*, int, int, float*, YTYPE*, uint8*)':
[INFO] [stderr] warning: ez_audio@0.1.6: cc/stb_vorbis.c:3055:95: warning: unused parameter 'step2_flag' [-Wunused-parameter]
[INFO] [stderr] warning: ez_audio@0.1.6:  3055 | static int do_floor(vorb *f, Mapping *map, int i, int n, float *target, YTYPE *finalY, uint8 *step2_flag)
[INFO] [stderr] warning: ez_audio@0.1.6:       |                                                                                        ~~~~~~~^~~~~~~~~~
[INFO] [stderr] warning: ez_audio@0.1.6: cc/stb_vorbis.c: In function 'int vorbis_decode_packet_rest(vorb*, int*, Mode*, int, int, int, int, int*)':
[INFO] [stderr] warning: ez_audio@0.1.6: cc/stb_vorbis.c:3162:86: warning: unused parameter 'left_end' [-Wunused-parameter]
[INFO] [stderr] warning: ez_audio@0.1.6:  3162 | static int vorbis_decode_packet_rest(vorb *f, int *len, Mode *m, int left_start, int left_end, int right_start, int right_end, int *p_left)
[INFO] [stderr] warning: ez_audio@0.1.6:       |                                                                                  ~~~~^~~~~~~~
[INFO] [stdout] error[E0059]: type parameter to bare `FnOnce` trait must be a tuple
[INFO] [stdout]  --> src/void.rs:3:9
[INFO] [stdout]   |
[INFO] [stdout] 3 | impl<T> FnOnce<T> for Void {
[INFO] [stdout]   |         ^^^^^^^^^ the trait `Tuple` is not implemented for `T`
[INFO] [stdout]   |
[INFO] [stdout] note: required by a bound in `FnOnce`
[INFO] [stdout]  --> /rustc/268dbbbc4b3fd71c5f360a4d0728295252430b5b/library/core/src/ops/function.rs:242:1
[INFO] [stdout] help: consider restricting type parameter `T`
[INFO] [stdout]   |
[INFO] [stdout] 3 | impl<T: std::marker::Tuple> FnOnce<T> for Void {
[INFO] [stdout]   |       ++++++++++++++++++++
[INFO] [stdout] 
[INFO] [stdout] 
[INFO] [stdout] error[E0059]: type parameter to bare `FnOnce` trait must be a tuple
[INFO] [stdout]  --> src/void.rs:3:9
[INFO] [stdout]   |
[INFO] [stdout] 3 | impl<T> FnOnce<T> for Void {
[INFO] [stdout]   |         ^^^^^^^^^ the trait `Tuple` is not implemented for `T`
[INFO] [stdout]   |
[INFO] [stdout] note: required by a bound in `FnOnce`
[INFO] [stdout]  --> /rustc/268dbbbc4b3fd71c5f360a4d0728295252430b5b/library/core/src/ops/function.rs:242:1
[INFO] [stdout] help: consider restricting type parameter `T`
[INFO] [stdout]   |
[INFO] [stdout] 3 | impl<T: std::marker::Tuple> FnOnce<T> for Void {
[INFO] [stdout]   |       ++++++++++++++++++++
[INFO] [stdout] 
[INFO] [stdout] 
[INFO] [stdout] error[E0059]: type parameter to bare `FnMut` trait must be a tuple
[INFO] [stdout]   --> src/void.rs:11:9
[INFO] [stdout]    |
[INFO] [stdout] 11 | impl<T> FnMut<T> for Void {
[INFO] [stdout]    |         ^^^^^^^^ the trait `Tuple` is not implemented for `T`
[INFO] [stdout]    |
[INFO] [stdout] note: required by a bound in `FnMut`
[INFO] [stdout]   --> /rustc/268dbbbc4b3fd71c5f360a4d0728295252430b5b/library/core/src/ops/function.rs:163:1
[INFO] [stdout] help: consider restricting type parameter `T`
[INFO] [stdout]    |
[INFO] [stdout] 11 | impl<T: std::marker::Tuple> FnMut<T> for Void {
[INFO] [stdout]    |       ++++++++++++++++++++
[INFO] [stdout] 
[INFO] [stdout] 
[INFO] [stdout] error[E0059]: type parameter to bare `FnMut` trait must be a tuple
[INFO] [stdout]   --> src/void.rs:11:9
[INFO] [stdout]    |
[INFO] [stdout] 11 | impl<T> FnMut<T> for Void {
[INFO] [stdout]    |         ^^^^^^^^ the trait `Tuple` is not implemented for `T`
[INFO] [stdout]    |
[INFO] [stdout] note: required by a bound in `FnMut`
[INFO] [stdout]   --> /rustc/268dbbbc4b3fd71c5f360a4d0728295252430b5b/library/core/src/ops/function.rs:163:1
[INFO] [stdout] help: consider restricting type parameter `T`
[INFO] [stdout]    |
[INFO] [stdout] 11 | impl<T: std::marker::Tuple> FnMut<T> for Void {
[INFO] [stdout]    |       ++++++++++++++++++++
[INFO] [stdout] 
[INFO] [stdout] 
[INFO] [stdout] error[E0059]: type parameter to bare `Fn` trait must be a tuple
[INFO] [stdout]   --> src/void.rs:17:9
[INFO] [stdout]    |
[INFO] [stdout] 17 | impl<T> Fn<T> for Void {
[INFO] [stdout]    |         ^^^^^ the trait `Tuple` is not implemented for `T`
[INFO] [stdout]    |
[INFO] [stdout] note: required by a bound in `Fn`
[INFO] [stdout]   --> /rustc/268dbbbc4b3fd71c5f360a4d0728295252430b5b/library/core/src/ops/function.rs:76:1
[INFO] [stdout] help: consider restricting type parameter `T`
[INFO] [stdout]    |
[INFO] [stdout] 17 | impl<T: std::marker::Tuple> Fn<T> for Void {
[INFO] [stdout]    |       ++++++++++++++++++++
[INFO] [stdout] 
[INFO] [stdout] 
[INFO] [stdout] error[E0059]: type parameter to bare `Fn` trait must be a tuple
[INFO] [stdout]   --> src/void.rs:17:9
[INFO] [stdout]    |
[INFO] [stdout] 17 | impl<T> Fn<T> for Void {
[INFO] [stdout]    |         ^^^^^ the trait `Tuple` is not implemented for `T`
[INFO] [stdout]    |
[INFO] [stdout] note: required by a bound in `Fn`
[INFO] [stdout]   --> /rustc/268dbbbc4b3fd71c5f360a4d0728295252430b5b/library/core/src/ops/function.rs:76:1
[INFO] [stdout] help: consider restricting type parameter `T`
[INFO] [stdout]    |
[INFO] [stdout] 17 | impl<T: std::marker::Tuple> Fn<T> for Void {
[INFO] [stdout]    |       ++++++++++++++++++++
[INFO] [stdout] 
[INFO] [stdout] 
[INFO] [stdout] error[E0277]: functions with the "rust-call" ABI must take a single non-self tuple argument
[INFO] [stdout]  --> src/void.rs:6:5
[INFO] [stdout]   |
[INFO] [stdout] 6 |     extern "rust-call" fn call_once(self, _args: T) {
[INFO] [stdout]   |     ^^^^^^^^^^^^^^^^^^^^^^^^^^^^^^^^^^^^^^^^^^^^^^^ the trait `Tuple` is not implemented for `T`
[INFO] [stdout]   |
[INFO] [stdout] help: consider restricting type parameter `T`
[INFO] [stdout]   |
[INFO] [stdout] 3 | impl<T: std::marker::Tuple> FnOnce<T> for Void {
[INFO] [stdout]   |       ++++++++++++++++++++
[INFO] [stdout] 
[INFO] [stdout] 
[INFO] [stdout] error[E0277]: functions with the "rust-call" ABI must take a single non-self tuple argument
[INFO] [stdout]  --> src/void.rs:6:5
[INFO] [stdout]   |
[INFO] [stdout] 6 |     extern "rust-call" fn call_once(self, _args: T) {
[INFO] [stdout]   |     ^^^^^^^^^^^^^^^^^^^^^^^^^^^^^^^^^^^^^^^^^^^^^^^ the trait `Tuple` is not implemented for `T`
[INFO] [stdout]   |
[INFO] [stdout] help: consider restricting type parameter `T`
[INFO] [stdout]   |
[INFO] [stdout] 3 | impl<T: std::marker::Tuple> FnOnce<T> for Void {
[INFO] [stdout]   |       ++++++++++++++++++++
[INFO] [stdout] 
[INFO] [stdout] 
[INFO] [stdout] error[E0277]: functions with the "rust-call" ABI must take a single non-self tuple argument
[INFO] [stdout]   --> src/void.rs:12:5
[INFO] [stdout]    |
[INFO] [stdout] 12 |     extern "rust-call" fn call_mut(&mut self, _args: T) {
[INFO] [stdout]    |     ^^^^^^^^^^^^^^^^^^^^^^^^^^^^^^^^^^^^^^^^^^^^^^^^^^^ the trait `Tuple` is not implemented for `T`
[INFO] [stdout]    |
[INFO] [stdout] help: consider restricting type parameter `T`
[INFO] [stdout]    |
[INFO] [stdout] 11 | impl<T: std::marker::Tuple> FnMut<T> for Void {
[INFO] [stdout]    |       ++++++++++++++++++++
[INFO] [stdout] 
[INFO] [stdout] 
[INFO] [stdout] error[E0277]: functions with the "rust-call" ABI must take a single non-self tuple argument
[INFO] [stdout]   --> src/void.rs:12:5
[INFO] [stdout]    |
[INFO] [stdout] 12 |     extern "rust-call" fn call_mut(&mut self, _args: T) {
[INFO] [stdout]    |     ^^^^^^^^^^^^^^^^^^^^^^^^^^^^^^^^^^^^^^^^^^^^^^^^^^^ the trait `Tuple` is not implemented for `T`
[INFO] [stdout]    |
[INFO] [stdout] help: consider restricting type parameter `T`
[INFO] [stdout]    |
[INFO] [stdout] 11 | impl<T: std::marker::Tuple> FnMut<T> for Void {
[INFO] [stdout]    |       ++++++++++++++++++++
[INFO] [stdout] 
[INFO] [stdout] 
[INFO] [stdout] error[E0277]: functions with the "rust-call" ABI must take a single non-self tuple argument
[INFO] [stdout]   --> src/void.rs:18:5
[INFO] [stdout]    |
[INFO] [stdout] 18 |     extern "rust-call" fn call(&self, _args: T) {
[INFO] [stdout]    |     ^^^^^^^^^^^^^^^^^^^^^^^^^^^^^^^^^^^^^^^^^^^ the trait `Tuple` is not implemented for `T`
[INFO] [stdout]    |
[INFO] [stdout] help: consider restricting type parameter `T`
[INFO] [stdout]    |
[INFO] [stdout] 17 | impl<T: std::marker::Tuple> Fn<T> for Void {
[INFO] [stdout]    |       ++++++++++++++++++++
[INFO] [stdout] 
[INFO] [stdout] 
[INFO] [stdout] error[E0277]: functions with the "rust-call" ABI must take a single non-self tuple argument
[INFO] [stdout]   --> src/void.rs:18:5
[INFO] [stdout]    |
[INFO] [stdout] 18 |     extern "rust-call" fn call(&self, _args: T) {
[INFO] [stdout]    |     ^^^^^^^^^^^^^^^^^^^^^^^^^^^^^^^^^^^^^^^^^^^ the trait `Tuple` is not implemented for `T`
[INFO] [stdout]    |
[INFO] [stdout] help: consider restricting type parameter `T`
[INFO] [stdout]    |
[INFO] [stdout] 17 | impl<T: std::marker::Tuple> Fn<T> for Void {
[INFO] [stdout]    |       ++++++++++++++++++++
[INFO] [stdout] 
[INFO] [stdout] 
[INFO] [stdout] error: aborting due to 6 previous errors
[INFO] [stdout] 
[INFO] [stdout] 
[INFO] [stdout] Some errors have detailed explanations: E0059, E0277.
[INFO] [stdout] 
[INFO] [stdout] For more information about an error, try `rustc --explain E0059`.
[INFO] [stdout] 
[INFO] [stdout] error: aborting due to 6 previous errors
[INFO] [stdout] 
[INFO] [stdout] 
[INFO] [stdout] Some errors have detailed explanations: E0059, E0277.
[INFO] [stdout] 
[INFO] [stdout] For more information about an error, try `rustc --explain E0059`.
[INFO] [stdout] 
[INFO] [stderr] The following warnings were emitted during compilation:
[INFO] [stderr] 
[INFO] [stderr] warning: ez_audio@0.1.6: cc/AudioInterface.cc: In function 'void removeSound(size_t, AudioContext*)':
[INFO] [stderr] warning: ez_audio@0.1.6: cc/AudioInterface.cc:99:52: warning: deleting 'void*' is undefined [-Wdelete-incomplete]
[INFO] [stderr] warning: ez_audio@0.1.6:    99 |         delete context->soundClips->at(id)->device.pUserData;
[INFO] [stderr] warning: ez_audio@0.1.6:       |                ~~~~~~~~~~~~~~~~~~~~~~~~~~~~~~~~~~~~^~~~~~~~~
[INFO] [stderr] warning: ez_audio@0.1.6: In file included from cc/AudioPlayer.cc:6:
[INFO] [stderr] warning: ez_audio@0.1.6: cc/stb_vorbis.c: In function 'int do_floor(vorb*, Mapping*, int, int, float*, YTYPE*, uint8*)':
[INFO] [stderr] warning: ez_audio@0.1.6: cc/stb_vorbis.c:3055:95: warning: unused parameter 'step2_flag' [-Wunused-parameter]
[INFO] [stderr] warning: ez_audio@0.1.6:  3055 | static int do_floor(vorb *f, Mapping *map, int i, int n, float *target, YTYPE *finalY, uint8 *step2_flag)
[INFO] [stderr] warning: ez_audio@0.1.6:       |                                                                                        ~~~~~~~^~~~~~~~~~
[INFO] [stderr] warning: ez_audio@0.1.6: cc/stb_vorbis.c: In function 'int vorbis_decode_packet_rest(vorb*, int*, Mode*, int, int, int, int, int*)':
[INFO] [stderr] warning: ez_audio@0.1.6: cc/stb_vorbis.c:3162:86: warning: unused parameter 'left_end' [-Wunused-parameter]
[INFO] [stderr] warning: ez_audio@0.1.6:  3162 | static int vorbis_decode_packet_rest(vorb *f, int *len, Mode *m, int left_start, int left_end, int right_start, int right_end, int *p_left)
[INFO] [stderr] warning: ez_audio@0.1.6:       |                                                                                  ~~~~^~~~~~~~
[INFO] [stderr] 
[INFO] [stderr] error: could not compile `ez_audio` (lib test) due to 7 previous errors
[INFO] [stderr] warning: build failed, waiting for other jobs to finish...
[INFO] [stderr] The following warnings were emitted during compilation:
[INFO] [stderr] 
[INFO] [stderr] warning: ez_audio@0.1.6: cc/AudioInterface.cc: In function 'void removeSound(size_t, AudioContext*)':
[INFO] [stderr] warning: ez_audio@0.1.6: cc/AudioInterface.cc:99:52: warning: deleting 'void*' is undefined [-Wdelete-incomplete]
[INFO] [stderr] warning: ez_audio@0.1.6:    99 |         delete context->soundClips->at(id)->device.pUserData;
[INFO] [stderr] warning: ez_audio@0.1.6:       |                ~~~~~~~~~~~~~~~~~~~~~~~~~~~~~~~~~~~~^~~~~~~~~
[INFO] [stderr] warning: ez_audio@0.1.6: In file included from cc/AudioPlayer.cc:6:
[INFO] [stderr] warning: ez_audio@0.1.6: cc/stb_vorbis.c: In function 'int do_floor(vorb*, Mapping*, int, int, float*, YTYPE*, uint8*)':
[INFO] [stderr] warning: ez_audio@0.1.6: cc/stb_vorbis.c:3055:95: warning: unused parameter 'step2_flag' [-Wunused-parameter]
[INFO] [stderr] warning: ez_audio@0.1.6:  3055 | static int do_floor(vorb *f, Mapping *map, int i, int n, float *target, YTYPE *finalY, uint8 *step2_flag)
[INFO] [stderr] warning: ez_audio@0.1.6:       |                                                                                        ~~~~~~~^~~~~~~~~~
[INFO] [stderr] warning: ez_audio@0.1.6: cc/stb_vorbis.c: In function 'int vorbis_decode_packet_rest(vorb*, int*, Mode*, int, int, int, int, int*)':
[INFO] [stderr] warning: ez_audio@0.1.6: cc/stb_vorbis.c:3162:86: warning: unused parameter 'left_end' [-Wunused-parameter]
[INFO] [stderr] warning: ez_audio@0.1.6:  3162 | static int vorbis_decode_packet_rest(vorb *f, int *len, Mode *m, int left_start, int left_end, int right_start, int right_end, int *p_left)
[INFO] [stderr] warning: ez_audio@0.1.6:       |                                                                                  ~~~~^~~~~~~~
[INFO] [stderr] 
[INFO] [stderr] error: could not compile `ez_audio` (lib) due to 7 previous errors
[INFO] running `Command { std: "docker" "inspect" "370d939ed430272bde895361a60c8fb2431ee220c9805dc8a444fcf84676b8e2", kill_on_drop: false }`
[INFO] running `Command { std: "docker" "rm" "-f" "370d939ed430272bde895361a60c8fb2431ee220c9805dc8a444fcf84676b8e2", kill_on_drop: false }`
[INFO] [stdout] 370d939ed430272bde895361a60c8fb2431ee220c9805dc8a444fcf84676b8e2
[INFO] checking ez_audio-0.1.6 against nightly-2024-02-05+rustflags=-Dunexpected_cfgs+cargoflags=-Zcheck-cfg for check-cfg
[INFO] extracting crate ez_audio 0.1.6 into /workspace/builds/worker-2-tc2/source
[INFO] validating manifest of crates.io crate ez_audio 0.1.6 on toolchain nightly-2024-02-05
[INFO] running `Command { std: CARGO_HOME="/workspace/cargo-home" RUSTUP_HOME="/workspace/rustup-home" "/workspace/cargo-home/bin/cargo" "+nightly-2024-02-05" "metadata" "--manifest-path" "Cargo.toml" "--no-deps", kill_on_drop: false }`
[INFO] started tweaking crates.io crate ez_audio 0.1.6
[INFO] finished tweaking crates.io crate ez_audio 0.1.6
[INFO] tweaked toml for crates.io crate ez_audio 0.1.6 written to /workspace/builds/worker-2-tc2/source/Cargo.toml
[INFO] running `Command { std: CARGO_HOME="/workspace/cargo-home" RUSTUP_HOME="/workspace/rustup-home" "/workspace/cargo-home/bin/cargo" "+nightly-2024-02-05" "generate-lockfile" "--manifest-path" "Cargo.toml", kill_on_drop: false }`
[INFO] [stderr]     Updating crates.io index
[INFO] running `Command { std: CARGO_HOME="/workspace/cargo-home" RUSTUP_HOME="/workspace/rustup-home" "/workspace/cargo-home/bin/cargo" "+nightly-2024-02-05" "fetch" "--manifest-path" "Cargo.toml", kill_on_drop: false }`
[INFO] running `Command { std: "docker" "create" "-v" "/var/lib/crater-agent-workspace/builds/worker-2-tc2/target:/opt/rustwide/target:rw,Z" "-v" "/var/lib/crater-agent-workspace/builds/worker-2-tc2/source:/opt/rustwide/workdir:ro,Z" "-v" "/var/lib/crater-agent-workspace/cargo-home:/opt/rustwide/cargo-home:ro,Z" "-v" "/var/lib/crater-agent-workspace/rustup-home:/opt/rustwide/rustup-home:ro,Z" "-e" "SOURCE_DIR=/opt/rustwide/workdir" "-e" "CARGO_TARGET_DIR=/opt/rustwide/target" "-e" "CARGO_HOME=/opt/rustwide/cargo-home" "-e" "RUSTUP_HOME=/opt/rustwide/rustup-home" "-w" "/opt/rustwide/workdir" "-m" "1610612736" "--user" "0:0" "--network" "none" "ghcr.io/rust-lang/crates-build-env/linux@sha256:2788e3201cd34a07e3172128adcd8b3090168a8e3bcc40d7c032b9dda1df7d1c" "/opt/rustwide/cargo-home/bin/cargo" "+nightly-2024-02-05" "metadata" "--no-deps" "--format-version=1", kill_on_drop: false }`
[INFO] [stdout] 75136d8ad2720faec4505d09efebc61e9f6b0e01791d145b31b5b21e1fcf34af
[INFO] running `Command { std: "docker" "start" "-a" "75136d8ad2720faec4505d09efebc61e9f6b0e01791d145b31b5b21e1fcf34af", kill_on_drop: false }`
[INFO] running `Command { std: "docker" "inspect" "75136d8ad2720faec4505d09efebc61e9f6b0e01791d145b31b5b21e1fcf34af", kill_on_drop: false }`
[INFO] running `Command { std: "docker" "rm" "-f" "75136d8ad2720faec4505d09efebc61e9f6b0e01791d145b31b5b21e1fcf34af", kill_on_drop: false }`
[INFO] [stdout] 75136d8ad2720faec4505d09efebc61e9f6b0e01791d145b31b5b21e1fcf34af
[INFO] running `Command { std: "docker" "create" "-v" "/var/lib/crater-agent-workspace/builds/worker-2-tc2/target:/opt/rustwide/target:rw,Z" "-v" "/var/lib/crater-agent-workspace/builds/worker-2-tc2/source:/opt/rustwide/workdir:ro,Z" "-v" "/var/lib/crater-agent-workspace/cargo-home:/opt/rustwide/cargo-home:ro,Z" "-v" "/var/lib/crater-agent-workspace/rustup-home:/opt/rustwide/rustup-home:ro,Z" "-e" "SOURCE_DIR=/opt/rustwide/workdir" "-e" "CARGO_TARGET_DIR=/opt/rustwide/target" "-e" "CARGO_INCREMENTAL=0" "-e" "RUST_BACKTRACE=full" "-e" "RUSTFLAGS=--cap-lints=forbid -Dunexpected_cfgs" "-e" "RUSTDOCFLAGS=--cap-lints=forbid" "-e" "CARGO_HOME=/opt/rustwide/cargo-home" "-e" "RUSTUP_HOME=/opt/rustwide/rustup-home" "-w" "/opt/rustwide/workdir" "-m" "1610612736" "--user" "0:0" "--network" "none" "ghcr.io/rust-lang/crates-build-env/linux@sha256:2788e3201cd34a07e3172128adcd8b3090168a8e3bcc40d7c032b9dda1df7d1c" "/opt/rustwide/cargo-home/bin/cargo" "+nightly-2024-02-05" "check" "--frozen" "--all" "--all-targets" "--message-format=json" "-Zcheck-cfg", kill_on_drop: false }`
[INFO] [stdout] 86f2dfe211dd2eb60017d5d82be3ddca526b9ac58f9271321ba59c076f846876
[INFO] running `Command { std: "docker" "start" "-a" "86f2dfe211dd2eb60017d5d82be3ddca526b9ac58f9271321ba59c076f846876", kill_on_drop: false }`
[INFO] [stderr]    Compiling ez_audio v0.1.6 (/opt/rustwide/workdir)
[INFO] [stderr] warning: ez_audio@0.1.6: cc/AudioInterface.cc: In function 'void removeSound(size_t, AudioContext*)':
[INFO] [stderr] warning: ez_audio@0.1.6: cc/AudioInterface.cc:99:52: warning: deleting 'void*' is undefined [-Wdelete-incomplete]
[INFO] [stderr] warning: ez_audio@0.1.6:    99 |         delete context->soundClips->at(id)->device.pUserData;
[INFO] [stderr] warning: ez_audio@0.1.6:       |                ~~~~~~~~~~~~~~~~~~~~~~~~~~~~~~~~~~~~^~~~~~~~~
[INFO] [stderr] warning: ez_audio@0.1.6: In file included from cc/AudioPlayer.cc:6:
[INFO] [stderr] warning: ez_audio@0.1.6: cc/stb_vorbis.c: In function 'int do_floor(vorb*, Mapping*, int, int, float*, YTYPE*, uint8*)':
[INFO] [stderr] warning: ez_audio@0.1.6: cc/stb_vorbis.c:3055:95: warning: unused parameter 'step2_flag' [-Wunused-parameter]
[INFO] [stderr] warning: ez_audio@0.1.6:  3055 | static int do_floor(vorb *f, Mapping *map, int i, int n, float *target, YTYPE *finalY, uint8 *step2_flag)
[INFO] [stderr] warning: ez_audio@0.1.6:       |                                                                                        ~~~~~~~^~~~~~~~~~
[INFO] [stderr] warning: ez_audio@0.1.6: cc/stb_vorbis.c: In function 'int vorbis_decode_packet_rest(vorb*, int*, Mode*, int, int, int, int, int*)':
[INFO] [stderr] warning: ez_audio@0.1.6: cc/stb_vorbis.c:3162:86: warning: unused parameter 'left_end' [-Wunused-parameter]
[INFO] [stderr] warning: ez_audio@0.1.6:  3162 | static int vorbis_decode_packet_rest(vorb *f, int *len, Mode *m, int left_start, int left_end, int right_start, int right_end, int *p_left)
[INFO] [stderr] warning: ez_audio@0.1.6:       |                                                                                  ~~~~^~~~~~~~
[INFO] [stdout] error[E0059]: type parameter to bare `FnOnce` trait must be a tuple
[INFO] [stdout]  --> src/void.rs:3:9
[INFO] [stdout]   |
[INFO] [stdout] 3 | impl<T> FnOnce<T> for Void {
[INFO] [stdout]   |         ^^^^^^^^^ the trait `Tuple` is not implemented for `T`
[INFO] [stdout]   |
[INFO] [stdout] note: required by a bound in `FnOnce`
[INFO] [stdout]  --> /rustc/268dbbbc4b3fd71c5f360a4d0728295252430b5b/library/core/src/ops/function.rs:242:1
[INFO] [stdout] help: consider restricting type parameter `T`
[INFO] [stdout]   |
[INFO] [stdout] 3 | impl<T: std::marker::Tuple> FnOnce<T> for Void {
[INFO] [stdout]   |       ++++++++++++++++++++
[INFO] [stdout] 
[INFO] [stdout] 
[INFO] [stdout] error[E0059]: type parameter to bare `FnMut` trait must be a tuple
[INFO] [stdout]   --> src/void.rs:11:9
[INFO] [stdout]    |
[INFO] [stdout] 11 | impl<T> FnMut<T> for Void {
[INFO] [stdout]    |         ^^^^^^^^ the trait `Tuple` is not implemented for `T`
[INFO] [stdout]    |
[INFO] [stdout] note: required by a bound in `FnMut`
[INFO] [stdout]   --> /rustc/268dbbbc4b3fd71c5f360a4d0728295252430b5b/library/core/src/ops/function.rs:163:1
[INFO] [stdout] help: consider restricting type parameter `T`
[INFO] [stdout]    |
[INFO] [stdout] 11 | impl<T: std::marker::Tuple> FnMut<T> for Void {
[INFO] [stdout]    |       ++++++++++++++++++++
[INFO] [stdout] 
[INFO] [stdout] 
[INFO] [stdout] error[E0059]: type parameter to bare `FnOnce` trait must be a tuple
[INFO] [stdout]  --> src/void.rs:3:9
[INFO] [stdout]   |
[INFO] [stdout] 3 | impl<T> FnOnce<T> for Void {
[INFO] [stdout]   |         ^^^^^^^^^ the trait `Tuple` is not implemented for `T`
[INFO] [stdout]   |
[INFO] [stdout] note: required by a bound in `FnOnce`
[INFO] [stdout]  --> /rustc/268dbbbc4b3fd71c5f360a4d0728295252430b5b/library/core/src/ops/function.rs:242:1
[INFO] [stdout] help: consider restricting type parameter `T`
[INFO] [stdout]   |
[INFO] [stdout] 3 | impl<T: std::marker::Tuple> FnOnce<T> for Void {
[INFO] [stdout]   |       ++++++++++++++++++++
[INFO] [stdout] 
[INFO] [stdout] 
[INFO] [stdout] error[E0059]: type parameter to bare `Fn` trait must be a tuple
[INFO] [stdout]   --> src/void.rs:17:9
[INFO] [stdout]    |
[INFO] [stdout] 17 | impl<T> Fn<T> for Void {
[INFO] [stdout]    |         ^^^^^ the trait `Tuple` is not implemented for `T`
[INFO] [stdout]    |
[INFO] [stdout] note: required by a bound in `Fn`
[INFO] [stdout]   --> /rustc/268dbbbc4b3fd71c5f360a4d0728295252430b5b/library/core/src/ops/function.rs:76:1
[INFO] [stdout] help: consider restricting type parameter `T`
[INFO] [stdout]    |
[INFO] [stdout] 17 | impl<T: std::marker::Tuple> Fn<T> for Void {
[INFO] [stdout]    |       ++++++++++++++++++++
[INFO] [stdout] 
[INFO] [stdout] 
[INFO] [stdout] error[E0059]: type parameter to bare `FnMut` trait must be a tuple
[INFO] [stdout]   --> src/void.rs:11:9
[INFO] [stdout]    |
[INFO] [stdout] 11 | impl<T> FnMut<T> for Void {
[INFO] [stdout]    |         ^^^^^^^^ the trait `Tuple` is not implemented for `T`
[INFO] [stdout]    |
[INFO] [stdout] note: required by a bound in `FnMut`
[INFO] [stdout]   --> /rustc/268dbbbc4b3fd71c5f360a4d0728295252430b5b/library/core/src/ops/function.rs:163:1
[INFO] [stdout] help: consider restricting type parameter `T`
[INFO] [stdout]    |
[INFO] [stdout] 11 | impl<T: std::marker::Tuple> FnMut<T> for Void {
[INFO] [stdout]    |       ++++++++++++++++++++
[INFO] [stdout] 
[INFO] [stdout] 
[INFO] [stdout] error[E0277]: functions with the "rust-call" ABI must take a single non-self tuple argument
[INFO] [stdout]  --> src/void.rs:6:5
[INFO] [stdout]   |
[INFO] [stdout] 6 |     extern "rust-call" fn call_once(self, _args: T) {
[INFO] [stdout]   |     ^^^^^^^^^^^^^^^^^^^^^^^^^^^^^^^^^^^^^^^^^^^^^^^ the trait `Tuple` is not implemented for `T`
[INFO] [stdout]   |
[INFO] [stdout] help: consider restricting type parameter `T`
[INFO] [stdout]   |
[INFO] [stdout] 3 | impl<T: std::marker::Tuple> FnOnce<T> for Void {
[INFO] [stdout]   |       ++++++++++++++++++++
[INFO] [stdout] 
[INFO] [stdout] 
[INFO] [stdout] error[E0059]: type parameter to bare `Fn` trait must be a tuple
[INFO] [stdout]   --> src/void.rs:17:9
[INFO] [stdout]    |
[INFO] [stdout] 17 | impl<T> Fn<T> for Void {
[INFO] [stdout]    |         ^^^^^ the trait `Tuple` is not implemented for `T`
[INFO] [stdout]    |
[INFO] [stdout] note: required by a bound in `Fn`
[INFO] [stdout]   --> /rustc/268dbbbc4b3fd71c5f360a4d0728295252430b5b/library/core/src/ops/function.rs:76:1
[INFO] [stdout] help: consider restricting type parameter `T`
[INFO] [stdout]    |
[INFO] [stdout] 17 | impl<T: std::marker::Tuple> Fn<T> for Void {
[INFO] [stdout]    |       ++++++++++++++++++++
[INFO] [stdout] 
[INFO] [stdout] 
[INFO] [stdout] error[E0277]: functions with the "rust-call" ABI must take a single non-self tuple argument
[INFO] [stdout]   --> src/void.rs:12:5
[INFO] [stdout]    |
[INFO] [stdout] 12 |     extern "rust-call" fn call_mut(&mut self, _args: T) {
[INFO] [stdout]    |     ^^^^^^^^^^^^^^^^^^^^^^^^^^^^^^^^^^^^^^^^^^^^^^^^^^^ the trait `Tuple` is not implemented for `T`
[INFO] [stdout]    |
[INFO] [stdout] help: consider restricting type parameter `T`
[INFO] [stdout]    |
[INFO] [stdout] 11 | impl<T: std::marker::Tuple> FnMut<T> for Void {
[INFO] [stdout]    |       ++++++++++++++++++++
[INFO] [stdout] 
[INFO] [stdout] 
[INFO] [stdout] error[E0277]: functions with the "rust-call" ABI must take a single non-self tuple argument
[INFO] [stdout]  --> src/void.rs:6:5
[INFO] [stdout]   |
[INFO] [stdout] 6 |     extern "rust-call" fn call_once(self, _args: T) {
[INFO] [stdout]   |     ^^^^^^^^^^^^^^^^^^^^^^^^^^^^^^^^^^^^^^^^^^^^^^^ the trait `Tuple` is not implemented for `T`
[INFO] [stdout]   |
[INFO] [stdout] help: consider restricting type parameter `T`
[INFO] [stdout]   |
[INFO] [stdout] 3 | impl<T: std::marker::Tuple> FnOnce<T> for Void {
[INFO] [stdout]   |       ++++++++++++++++++++
[INFO] [stdout] 
[INFO] [stdout] 
[INFO] [stdout] error[E0277]: functions with the "rust-call" ABI must take a single non-self tuple argument
[INFO] [stdout]   --> src/void.rs:18:5
[INFO] [stdout]    |
[INFO] [stdout] 18 |     extern "rust-call" fn call(&self, _args: T) {
[INFO] [stdout]    |     ^^^^^^^^^^^^^^^^^^^^^^^^^^^^^^^^^^^^^^^^^^^ the trait `Tuple` is not implemented for `T`
[INFO] [stdout]    |
[INFO] [stdout] help: consider restricting type parameter `T`
[INFO] [stdout]    |
[INFO] [stdout] 17 | impl<T: std::marker::Tuple> Fn<T> for Void {
[INFO] [stdout]    |       ++++++++++++++++++++
[INFO] [stdout] 
[INFO] [stdout] 
[INFO] [stdout] error[E0277]: functions with the "rust-call" ABI must take a single non-self tuple argument
[INFO] [stdout]   --> src/void.rs:12:5
[INFO] [stdout]    |
[INFO] [stdout] 12 |     extern "rust-call" fn call_mut(&mut self, _args: T) {
[INFO] [stdout]    |     ^^^^^^^^^^^^^^^^^^^^^^^^^^^^^^^^^^^^^^^^^^^^^^^^^^^ the trait `Tuple` is not implemented for `T`
[INFO] [stdout]    |
[INFO] [stdout] help: consider restricting type parameter `T`
[INFO] [stdout]    |
[INFO] [stdout] 11 | impl<T: std::marker::Tuple> FnMut<T> for Void {
[INFO] [stdout]    |       ++++++++++++++++++++
[INFO] [stdout] 
[INFO] [stdout] 
[INFO] [stdout] error[E0277]: functions with the "rust-call" ABI must take a single non-self tuple argument
[INFO] [stdout]   --> src/void.rs:18:5
[INFO] [stdout]    |
[INFO] [stdout] 18 |     extern "rust-call" fn call(&self, _args: T) {
[INFO] [stdout]    |     ^^^^^^^^^^^^^^^^^^^^^^^^^^^^^^^^^^^^^^^^^^^ the trait `Tuple` is not implemented for `T`
[INFO] [stdout]    |
[INFO] [stdout] help: consider restricting type parameter `T`
[INFO] [stdout]    |
[INFO] [stdout] 17 | impl<T: std::marker::Tuple> Fn<T> for Void {
[INFO] [stdout]    |       ++++++++++++++++++++
[INFO] [stdout] 
[INFO] [stdout] 
[INFO] [stdout] error: aborting due to 6 previous errors
[INFO] [stdout] 
[INFO] [stdout] 
[INFO] [stdout] Some errors have detailed explanations: E0059, E0277.
[INFO] [stdout] 
[INFO] [stdout] For more information about an error, try `rustc --explain E0059`.
[INFO] [stdout] 
[INFO] [stdout] error: aborting due to 6 previous errors
[INFO] [stdout] 
[INFO] [stdout] 
[INFO] [stdout] Some errors have detailed explanations: E0059, E0277.
[INFO] [stdout] 
[INFO] [stdout] For more information about an error, try `rustc --explain E0059`.
[INFO] [stdout] 
[INFO] [stderr] The following warnings were emitted during compilation:
[INFO] [stderr] 
[INFO] [stderr] warning: ez_audio@0.1.6: cc/AudioInterface.cc: In function 'void removeSound(size_t, AudioContext*)':
[INFO] [stderr] warning: ez_audio@0.1.6: cc/AudioInterface.cc:99:52: warning: deleting 'void*' is undefined [-Wdelete-incomplete]
[INFO] [stderr] warning: ez_audio@0.1.6:    99 |         delete context->soundClips->at(id)->device.pUserData;
[INFO] [stderr] warning: ez_audio@0.1.6:       |                ~~~~~~~~~~~~~~~~~~~~~~~~~~~~~~~~~~~~^~~~~~~~~
[INFO] [stderr] warning: ez_audio@0.1.6: In file included from cc/AudioPlayer.cc:6:
[INFO] [stderr] warning: ez_audio@0.1.6: cc/stb_vorbis.c: In function 'int do_floor(vorb*, Mapping*, int, int, float*, YTYPE*, uint8*)':
[INFO] [stderr] warning: ez_audio@0.1.6: cc/stb_vorbis.c:3055:95: warning: unused parameter 'step2_flag' [-Wunused-parameter]
[INFO] [stderr] warning: ez_audio@0.1.6:  3055 | static int do_floor(vorb *f, Mapping *map, int i, int n, float *target, YTYPE *finalY, uint8 *step2_flag)
[INFO] [stderr] warning: ez_audio@0.1.6:       |                                                                                        ~~~~~~~^~~~~~~~~~
[INFO] [stderr] warning: ez_audio@0.1.6: cc/stb_vorbis.c: In function 'int vorbis_decode_packet_rest(vorb*, int*, Mode*, int, int, int, int, int*)':
[INFO] [stderr] warning: ez_audio@0.1.6: cc/stb_vorbis.c:3162:86: warning: unused parameter 'left_end' [-Wunused-parameter]
[INFO] [stderr] warning: ez_audio@0.1.6:  3162 | static int vorbis_decode_packet_rest(vorb *f, int *len, Mode *m, int left_start, int left_end, int right_start, int right_end, int *p_left)
[INFO] [stderr] warning: ez_audio@0.1.6:       |                                                                                  ~~~~^~~~~~~~
[INFO] [stderr] 
[INFO] [stderr] error: could not compile `ez_audio` (lib test) due to 7 previous errors
[INFO] [stderr] warning: build failed, waiting for other jobs to finish...
[INFO] [stderr] The following warnings were emitted during compilation:
[INFO] [stderr] 
[INFO] [stderr] warning: ez_audio@0.1.6: cc/AudioInterface.cc: In function 'void removeSound(size_t, AudioContext*)':
[INFO] [stderr] warning: ez_audio@0.1.6: cc/AudioInterface.cc:99:52: warning: deleting 'void*' is undefined [-Wdelete-incomplete]
[INFO] [stderr] warning: ez_audio@0.1.6:    99 |         delete context->soundClips->at(id)->device.pUserData;
[INFO] [stderr] warning: ez_audio@0.1.6:       |                ~~~~~~~~~~~~~~~~~~~~~~~~~~~~~~~~~~~~^~~~~~~~~
[INFO] [stderr] warning: ez_audio@0.1.6: In file included from cc/AudioPlayer.cc:6:
[INFO] [stderr] warning: ez_audio@0.1.6: cc/stb_vorbis.c: In function 'int do_floor(vorb*, Mapping*, int, int, float*, YTYPE*, uint8*)':
[INFO] [stderr] warning: ez_audio@0.1.6: cc/stb_vorbis.c:3055:95: warning: unused parameter 'step2_flag' [-Wunused-parameter]
[INFO] [stderr] warning: ez_audio@0.1.6:  3055 | static int do_floor(vorb *f, Mapping *map, int i, int n, float *target, YTYPE *finalY, uint8 *step2_flag)
[INFO] [stderr] warning: ez_audio@0.1.6:       |                                                                                        ~~~~~~~^~~~~~~~~~
[INFO] [stderr] warning: ez_audio@0.1.6: cc/stb_vorbis.c: In function 'int vorbis_decode_packet_rest(vorb*, int*, Mode*, int, int, int, int, int*)':
[INFO] [stderr] warning: ez_audio@0.1.6: cc/stb_vorbis.c:3162:86: warning: unused parameter 'left_end' [-Wunused-parameter]
[INFO] [stderr] warning: ez_audio@0.1.6:  3162 | static int vorbis_decode_packet_rest(vorb *f, int *len, Mode *m, int left_start, int left_end, int right_start, int right_end, int *p_left)
[INFO] [stderr] warning: ez_audio@0.1.6:       |                                                                                  ~~~~^~~~~~~~
[INFO] [stderr] 
[INFO] [stderr] error: could not compile `ez_audio` (lib) due to 7 previous errors
[INFO] running `Command { std: "docker" "inspect" "86f2dfe211dd2eb60017d5d82be3ddca526b9ac58f9271321ba59c076f846876", kill_on_drop: false }`
[INFO] running `Command { std: "docker" "rm" "-f" "86f2dfe211dd2eb60017d5d82be3ddca526b9ac58f9271321ba59c076f846876", kill_on_drop: false }`
[INFO] [stdout] 86f2dfe211dd2eb60017d5d82be3ddca526b9ac58f9271321ba59c076f846876
