[INFO] fetching crate exonum-cli 1.0.0...
[INFO] checking exonum-cli-1.0.0 against nightly-2024-02-05 for check-cfg
[INFO] extracting crate exonum-cli 1.0.0 into /workspace/builds/worker-7-tc1/source
[INFO] validating manifest of crates.io crate exonum-cli 1.0.0 on toolchain nightly-2024-02-05
[INFO] running `Command { std: CARGO_HOME="/workspace/cargo-home" RUSTUP_HOME="/workspace/rustup-home" "/workspace/cargo-home/bin/cargo" "+nightly-2024-02-05" "metadata" "--manifest-path" "Cargo.toml" "--no-deps", kill_on_drop: false }`
[INFO] started tweaking crates.io crate exonum-cli 1.0.0
[INFO] finished tweaking crates.io crate exonum-cli 1.0.0
[INFO] tweaked toml for crates.io crate exonum-cli 1.0.0 written to /workspace/builds/worker-7-tc1/source/Cargo.toml
[INFO] running `Command { std: CARGO_HOME="/workspace/cargo-home" RUSTUP_HOME="/workspace/rustup-home" "/workspace/cargo-home/bin/cargo" "+nightly-2024-02-05" "generate-lockfile" "--manifest-path" "Cargo.toml", kill_on_drop: false }`
[INFO] [stderr]     Updating crates.io index
[INFO] running `Command { std: CARGO_HOME="/workspace/cargo-home" RUSTUP_HOME="/workspace/rustup-home" "/workspace/cargo-home/bin/cargo" "+nightly-2024-02-05" "fetch" "--manifest-path" "Cargo.toml", kill_on_drop: false }`
[INFO] [stderr]     Blocking waiting for file lock on package cache
[INFO] [stderr]  Downloading crates ...
[INFO] [stderr]   Downloaded os_info v2.0.8
[INFO] [stderr]   Downloaded exonum-node v1.0.0
[INFO] [stderr]   Downloaded enum-primitive-derive v0.1.2
[INFO] [stderr]   Downloaded actix_derive v0.5.0
[INFO] [stderr]   Downloaded exonum-api v1.0.0
[INFO] [stderr]   Downloaded serde_str v0.1.0
[INFO] [stderr]   Downloaded actix-cors v0.2.0
[INFO] [stderr]   Downloaded futures-retry v0.5.0
[INFO] [stderr]   Downloaded hex-buffer-serde v0.2.2
[INFO] [stderr]   Downloaded rocksdb v0.13.0
[INFO] [stderr]   Downloaded exonum v1.0.0
[INFO] [stderr]   Downloaded snow v0.6.2
[INFO] [stderr]   Downloaded exonum-merkledb v1.0.0
[INFO] [stderr]   Downloaded actix v0.9.0
[INFO] [stderr]   Downloaded exonum-supervisor v1.0.0
[INFO] [stderr]   Downloaded exonum-rust-runtime v1.0.0
[INFO] [stderr]   Downloaded librocksdb-sys v6.20.3
[INFO] [stderr]   Downloaded exonum-explorer v1.0.0
[INFO] [stderr]   Downloaded exonum-explorer-service v1.0.0
[INFO] [stderr]   Downloaded exonum-system-api v1.0.0
[INFO] [stderr]   Downloaded exonum-build v1.0.1
[INFO] [stderr]   Downloaded base64-serde v0.5.1
[INFO] [stderr]   Downloaded rpassword v4.0.5
[INFO] [stderr]   Downloaded actix-web-actors v2.0.0
[INFO] [stderr]   Downloaded exonum-keys v1.0.0
[INFO] running `Command { std: "docker" "create" "-v" "/var/lib/crater-agent-workspace/builds/worker-7-tc1/target:/opt/rustwide/target:rw,Z" "-v" "/var/lib/crater-agent-workspace/builds/worker-7-tc1/source:/opt/rustwide/workdir:ro,Z" "-v" "/var/lib/crater-agent-workspace/cargo-home:/opt/rustwide/cargo-home:ro,Z" "-v" "/var/lib/crater-agent-workspace/rustup-home:/opt/rustwide/rustup-home:ro,Z" "-e" "SOURCE_DIR=/opt/rustwide/workdir" "-e" "CARGO_TARGET_DIR=/opt/rustwide/target" "-e" "CARGO_HOME=/opt/rustwide/cargo-home" "-e" "RUSTUP_HOME=/opt/rustwide/rustup-home" "-w" "/opt/rustwide/workdir" "-m" "1610612736" "--user" "0:0" "--network" "none" "ghcr.io/rust-lang/crates-build-env/linux@sha256:2788e3201cd34a07e3172128adcd8b3090168a8e3bcc40d7c032b9dda1df7d1c" "/opt/rustwide/cargo-home/bin/cargo" "+nightly-2024-02-05" "metadata" "--no-deps" "--format-version=1", kill_on_drop: false }`
[INFO] [stdout] 6b8b910f49ac5f5bd7f29f8f307630d53583610ef6fd4e99607257700f452d00
[INFO] running `Command { std: "docker" "start" "-a" "6b8b910f49ac5f5bd7f29f8f307630d53583610ef6fd4e99607257700f452d00", kill_on_drop: false }`
[INFO] running `Command { std: "docker" "inspect" "6b8b910f49ac5f5bd7f29f8f307630d53583610ef6fd4e99607257700f452d00", kill_on_drop: false }`
[INFO] running `Command { std: "docker" "rm" "-f" "6b8b910f49ac5f5bd7f29f8f307630d53583610ef6fd4e99607257700f452d00", kill_on_drop: false }`
[INFO] [stdout] 6b8b910f49ac5f5bd7f29f8f307630d53583610ef6fd4e99607257700f452d00
[INFO] running `Command { std: "docker" "create" "-v" "/var/lib/crater-agent-workspace/builds/worker-7-tc1/target:/opt/rustwide/target:rw,Z" "-v" "/var/lib/crater-agent-workspace/builds/worker-7-tc1/source:/opt/rustwide/workdir:ro,Z" "-v" "/var/lib/crater-agent-workspace/cargo-home:/opt/rustwide/cargo-home:ro,Z" "-v" "/var/lib/crater-agent-workspace/rustup-home:/opt/rustwide/rustup-home:ro,Z" "-e" "SOURCE_DIR=/opt/rustwide/workdir" "-e" "CARGO_TARGET_DIR=/opt/rustwide/target" "-e" "CARGO_INCREMENTAL=0" "-e" "RUST_BACKTRACE=full" "-e" "RUSTFLAGS=--cap-lints=forbid" "-e" "RUSTDOCFLAGS=--cap-lints=forbid" "-e" "CARGO_HOME=/opt/rustwide/cargo-home" "-e" "RUSTUP_HOME=/opt/rustwide/rustup-home" "-w" "/opt/rustwide/workdir" "-m" "1610612736" "--user" "0:0" "--network" "none" "ghcr.io/rust-lang/crates-build-env/linux@sha256:2788e3201cd34a07e3172128adcd8b3090168a8e3bcc40d7c032b9dda1df7d1c" "/opt/rustwide/cargo-home/bin/cargo" "+nightly-2024-02-05" "check" "--frozen" "--all" "--all-targets" "--message-format=json", kill_on_drop: false }`
[INFO] [stdout] 9fefe51138609ae50bc7a783a2506e0eb9d9edc0bef8a08345bea4e8c3a0fb08
[INFO] running `Command { std: "docker" "start" "-a" "9fefe51138609ae50bc7a783a2506e0eb9d9edc0bef8a08345bea4e8c3a0fb08", kill_on_drop: false }`
[INFO] [stderr]    Compiling libc v0.2.153
[INFO] [stderr]    Compiling rustix v0.38.31
[INFO] [stderr]    Compiling bitflags v2.4.2
[INFO] [stderr]    Compiling linux-raw-sys v0.4.13
[INFO] [stderr]    Compiling protobuf v2.28.0
[INFO] [stderr]    Compiling home v0.5.9
[INFO] [stderr]    Compiling either v1.9.0
[INFO] [stderr]    Compiling fastrand v2.0.1
[INFO] [stderr]    Compiling syn v2.0.48
[INFO] [stderr]     Checking smallvec v1.13.1
[INFO] [stderr]    Compiling same-file v1.0.6
[INFO] [stderr]    Compiling num-traits v0.2.17
[INFO] [stderr]    Compiling lock_api v0.4.11
[INFO] [stderr]    Compiling parking_lot_core v0.8.6
[INFO] [stderr]     Checking instant v0.1.12
[INFO] [stderr]    Compiling convert_case v0.4.0
[INFO] [stderr]    Compiling actix-macros v0.1.3
[INFO] [stderr]    Compiling walkdir v2.4.0
[INFO] [stderr]     Checking copyless v0.1.5
[INFO] [stderr]    Compiling indexmap v1.9.3
[INFO] [stderr]    Compiling adler v1.0.2
[INFO] [stderr]    Compiling memchr v2.7.1
[INFO] [stderr]    Compiling miniz_oxide v0.7.2
[INFO] [stderr]     Checking tracing v0.1.40
[INFO] [stderr]    Compiling crc32fast v1.3.2
[INFO] [stderr]    Compiling glob v0.3.1
[INFO] [stderr]    Compiling async-trait v0.1.77
[INFO] [stderr]    Compiling strsim v0.9.3
[INFO] [stderr]    Compiling byteorder v1.5.0
[INFO] [stderr]    Compiling heck v0.4.1
[INFO] [stderr]     Checking match_cfg v0.1.0
[INFO] [stderr]    Compiling derive_more v0.99.17
[INFO] [stderr]     Checking idna v0.2.3
[INFO] [stderr]    Compiling aho-corasick v1.1.2
[INFO] [stderr]    Compiling enum-as-inner v0.3.4
[INFO] [stderr]    Compiling flate2 v1.0.28
[INFO] [stderr]    Compiling clang-sys v1.7.0
[INFO] [stderr]    Compiling darling_core v0.10.2
[INFO] [stderr]    Compiling minimal-lexical v0.2.1
[INFO] [stderr]    Compiling anyhow v1.0.79
[INFO] [stderr]    Compiling libloading v0.8.1
[INFO] [stderr]    Compiling bindgen v0.59.2
[INFO] [stderr]    Compiling nom v7.1.3
[INFO] [stderr]    Compiling proc-macro-error-attr v1.0.4
[INFO] [stderr]    Compiling shlex v1.3.0
[INFO] [stderr]    Compiling lazycell v1.3.0
[INFO] [stderr]     Checking dtoa v0.4.8
[INFO] [stderr]    Compiling rustc-hash v1.1.0
[INFO] [stderr]     Checking fxhash v0.2.1
[INFO] [stderr]    Compiling proc-macro-error v1.0.4
[INFO] [stderr]     Checking hex v0.4.3
[INFO] [stderr]     Checking base64 v0.12.3
[INFO] [stderr]     Checking crossbeam-channel v0.4.4
[INFO] [stderr]    Compiling unicode-xid v0.0.4
[INFO] [stderr]     Checking arrayvec v0.4.12
[INFO] [stderr]    Compiling synom v0.11.3
[INFO] [stderr]     Checking bytestring v1.3.1
[INFO] [stderr]    Compiling regex-automata v0.4.5
[INFO] [stderr]    Compiling rust_decimal v1.34.2
[INFO] [stderr]     Checking iovec v0.1.4
[INFO] [stderr]     Checking net2 v0.2.39
[INFO] [stderr]     Checking num_cpus v1.16.0
[INFO] [stderr]     Checking signal-hook-registry v1.4.1
[INFO] [stderr]     Checking getrandom v0.1.16
[INFO] [stderr]     Checking threadpool v1.8.1
[INFO] [stderr]     Checking rand_core v0.5.1
[INFO] [stderr]     Checking socket2 v0.3.19
[INFO] [stderr]     Checking hostname v0.3.1
[INFO] [stderr]     Checking mio v0.6.23
[INFO] [stderr]    Compiling jobserver v0.1.27
[INFO] [stderr]    Compiling time v0.1.45
[INFO] [stderr]     Checking parking_lot v0.11.2
[INFO] [stderr]     Checking rand_chacha v0.2.2
[INFO] [stderr]    Compiling filetime v0.2.23
[INFO] [stderr]    Compiling which v4.4.2
[INFO] [stderr]    Compiling tempfile v3.10.0
[INFO] [stderr]    Compiling cc v1.0.83
[INFO] [stderr]     Checking rand v0.7.3
[INFO] [stderr]    Compiling protoc v2.28.0
[INFO] [stderr]    Compiling xattr v1.3.1
[INFO] [stderr]     Checking resolv-conf v0.6.3
[INFO] [stderr]    Compiling tar v0.4.40
[INFO] [stderr]     Checking mio-uds v0.6.8
[INFO] [stderr]     Checking atty v0.2.14
[INFO] [stderr]    Compiling quote v0.3.15
[INFO] [stderr]     Checking clap v2.34.0
[INFO] [stderr]     Checking tokio v0.2.25
[INFO] [stderr]    Compiling num-traits v0.1.43
[INFO] [stderr]     Checking blake2-rfc v0.2.18
[INFO] [stderr]     Checking getrandom v0.2.12
[INFO] [stderr]    Compiling syn v0.11.11
[INFO] [stderr]    Compiling structopt-derive v0.4.18
[INFO] [stderr]    Compiling cexpr v0.6.0
[INFO] [stderr]    Compiling actix-web-codegen v0.2.2
[INFO] [stderr]     Checking arrayvec v0.7.4
[INFO] [stderr]     Checking crossbeam v0.7.3
[INFO] [stderr]     Checking uuid v0.8.2
[INFO] [stderr]    Compiling ctor v0.1.26
[INFO] [stderr]    Compiling darling_macro v0.10.2
[INFO] [stderr]     Checking leb128 v0.2.5
[INFO] [stderr]     Checking env_logger v0.7.1
[INFO] [stderr]    Compiling unicase v2.7.0
[INFO] [stderr]    Compiling bzip2-sys v0.1.11+1.0.8
[INFO] [stderr]    Compiling backtrace v0.3.69
[INFO] [stderr]    Compiling brotli-sys v0.3.2
[INFO] [stderr]    Compiling regex v1.10.3
[INFO] [stderr]    Compiling clear_on_drop v0.2.5
[INFO] [stderr]    Compiling enum-primitive-derive v0.1.2
[INFO] [stderr]    Compiling openssl-sys v0.9.99
[INFO] [stderr]    Compiling darling v0.10.2
[INFO] [stderr]    Compiling openssl v0.10.63
[INFO] [stderr]     Checking parking_lot_core v0.7.3
[INFO] [stderr]    Compiling actix_derive v0.5.0
[INFO] [stderr]     Checking parking_lot v0.10.2
[INFO] [stderr]     Checking subtle v2.5.0
[INFO] [stderr]     Checking secret-tree v0.2.0
[INFO] [stderr]     Checking actix-threadpool v0.3.3
[INFO] [stderr]    Compiling mime_guess v2.0.4
[INFO] [stderr]     Checking http-body v0.3.1
[INFO] [stderr]     Checking httpdate v0.3.2
[INFO] [stderr]     Checking failure v0.1.8
[INFO] [stderr]     Checking rpassword v4.0.5
[INFO] [stderr]     Checking base64 v0.13.1
[INFO] [stderr]    Compiling serde_derive v1.0.196
[INFO] [stderr]    Compiling futures-macro v0.3.30
[INFO] [stderr]    Compiling thiserror-impl v1.0.56
[INFO] [stderr]    Compiling pin-project-internal v1.1.4
[INFO] [stderr]     Checking structopt v0.3.26
[INFO] [stderr]    Compiling openssl-macros v0.1.1
[INFO] [stderr]     Checking zeroize v1.7.0
[INFO] [stderr]     Checking difference v2.0.0
[INFO] [stderr]    Compiling native-tls v0.2.11
[INFO] [stderr]     Checking pretty_assertions v0.6.1
[INFO] [stderr]     Checking tokio-util v0.3.1
[INFO] [stderr]     Checking tokio-util v0.2.0
[INFO] [stderr]     Checking actix-codec v0.3.0
[INFO] [stderr]     Checking futures-util v0.3.30
[INFO] [stderr]     Checking actix-codec v0.2.0
[INFO] [stderr]    Compiling thiserror v1.0.56
[INFO] [stderr]    Compiling bzip2 v0.4.4
[INFO] [stderr]     Checking pin-project v1.1.4
[INFO] [stderr]    Compiling zip v0.5.13
[INFO] [stderr]     Checking tracing-futures v0.2.5
[INFO] [stderr]    Compiling exonum_libsodium-sys v0.0.23
[INFO] [stderr]     Checking brotli2 v0.3.2
[INFO] [stderr]    Compiling serde v1.0.196
[INFO] [stderr]    Compiling librocksdb-sys v6.20.3
[INFO] [stderr]     Checking futures-executor v0.3.30
[INFO] [stderr]     Checking actix-rt v1.1.1
[INFO] [stderr]     Checking actix-service v1.0.6
[INFO] [stderr]     Checking h2 v0.2.7
[INFO] [stderr]     Checking futures v0.3.30
[INFO] [stderr]     Checking trust-dns-proto v0.18.0-alpha.2
[INFO] [stderr]     Checking futures-retry v0.5.0
[INFO] [stderr]     Checking tokio-tls v0.3.1
[INFO] [stderr]     Checking actix-utils v1.0.6
[INFO] [stderr]     Checking actix-utils v2.0.0
[INFO] [stderr]     Checking actix-tls v1.0.0
[INFO] [stderr]     Checking actix-server v1.0.4
[INFO] [stderr]     Checking actix-testing v1.0.1
[INFO] [stderr]     Checking trust-dns-resolver v0.18.0-alpha.2
[INFO] [stderr]     Checking chrono v0.4.33
[INFO] [stderr]     Checking serde_json v1.0.113
[INFO] [stderr]     Checking serde_urlencoded v0.6.1
[INFO] [stderr]     Checking exonum_sodiumoxide v0.0.23
[INFO] [stderr]     Checking base64-serde v0.5.1
[INFO] [stderr]     Checking actix-router v0.2.7
[INFO] [stderr]     Checking hex-buffer-serde v0.2.2
[INFO] [stderr]     Checking toml v0.5.11
[INFO] [stderr]     Checking os_info v2.0.8
[INFO] [stderr]     Checking serde_str v0.1.0
[INFO] [stderr]     Checking semver v0.9.0
[INFO] [stderr]     Checking serde_urlencoded v0.7.1
[INFO] [stderr]     Checking actix-connect v1.0.2
[INFO] [stderr]    Compiling rustc_version v0.2.3
[INFO] [stderr]     Checking pwbox v0.3.0
[INFO] [stderr]    Compiling exonum-derive v1.0.0
[INFO] [stderr]    Compiling snow v0.6.2
[INFO] [stderr]     Checking actix-http v1.0.1
[INFO] [stderr]     Checking hyper v0.13.10
[INFO] [stdout] error[E0277]: cannot subtract `chrono::Duration` from `Tm`
[INFO] [stdout]    --> /opt/rustwide/cargo-home/registry/src/index.crates.io-6f17d22bba15001f/actix-http-1.0.1/src/cookie/jar.rs:224:44
[INFO] [stdout]     |
[INFO] [stdout] 224 |             cookie.set_expires(time::now() - Duration::days(365));
[INFO] [stdout]     |                                            ^ no implementation for `Tm - chrono::Duration`
[INFO] [stdout]     |
[INFO] [stdout]     = help: the trait `Sub<chrono::Duration>` is not implemented for `Tm`
[INFO] [stdout]     = help: the following other types implement trait `Sub<Rhs>`:
[INFO] [stdout]               <Tm as Sub<time::Duration>>
[INFO] [stdout]               <Tm as Sub>
[INFO] [stdout] 
[INFO] [stdout] 
[INFO] [stdout] error[E0308]: mismatched types
[INFO] [stdout]    --> /opt/rustwide/cargo-home/registry/src/index.crates.io-6f17d22bba15001f/actix-http-1.0.1/src/cookie/mod.rs:736:40
[INFO] [stdout]     |
[INFO] [stdout] 736 |         self.set_expires(time::now() + twenty_years);
[INFO] [stdout]     |                                        ^^^^^^^^^^^^ expected `time::Duration`, found `chrono::Duration`
[INFO] [stdout]     |
[INFO] [stdout]     = note: `chrono::Duration` and `time::Duration` have similar names, but are actually distinct types
[INFO] [stdout] note: `chrono::Duration` is defined in crate `chrono`
[INFO] [stdout]    --> /opt/rustwide/cargo-home/registry/src/index.crates.io-6f17d22bba15001f/chrono-0.4.33/src/duration.rs:61:1
[INFO] [stdout]     |
[INFO] [stdout] 61  | pub struct Duration {
[INFO] [stdout]     | ^^^^^^^^^^^^^^^^^^^
[INFO] [stdout] note: `time::Duration` is defined in crate `time`
[INFO] [stdout]    --> /opt/rustwide/cargo-home/registry/src/index.crates.io-6f17d22bba15001f/time-0.1.45/src/duration.rs:45:1
[INFO] [stdout]     |
[INFO] [stdout] 45  | pub struct Duration {
[INFO] [stdout]     | ^^^^^^^^^^^^^^^^^^^
[INFO] [stdout] 
[INFO] [stdout] 
[INFO] [stdout] error: aborting due to 2 previous errors
[INFO] [stdout] 
[INFO] [stdout] 
[INFO] [stdout] Some errors have detailed explanations: E0277, E0308.
[INFO] [stdout] 
[INFO] [stdout] For more information about an error, try `rustc --explain E0277`.
[INFO] [stdout] 
[INFO] [stderr] error: could not compile `actix-http` (lib) due to 3 previous errors
[INFO] [stderr] warning: build failed, waiting for other jobs to finish...
[INFO] [stderr] error: could not compile `protobuf` (lib)
[INFO] [stderr] 
[INFO] [stderr] Caused by:
[INFO] [stderr]   process didn't exit successfully: `/opt/rustwide/rustup-home/toolchains/nightly-2024-02-05-x86_64-unknown-linux-gnu/bin/rustc --crate-name protobuf --edition=2018 /opt/rustwide/cargo-home/registry/src/index.crates.io-6f17d22bba15001f/protobuf-2.28.0/src/lib.rs --error-format=json --json=diagnostic-rendered-ansi,artifacts,future-incompat --crate-type lib --emit=dep-info,metadata,link -C embed-bitcode=no --cfg 'feature="serde"' --cfg 'feature="serde_derive"' --cfg 'feature="with-serde"' -C metadata=ac108f5c9908b368 -C extra-filename=-ac108f5c9908b368 --out-dir /opt/rustwide/target/debug/deps -L dependency=/opt/rustwide/target/debug/deps --extern serde=/opt/rustwide/target/debug/deps/libserde-0160c84c57b1e1a7.rmeta --extern serde_derive=/opt/rustwide/target/debug/deps/libserde_derive-30c57239e7dc81bc.so --cap-lints allow --cap-lints=forbid --cfg rustc_nightly` (signal: 9, SIGKILL: kill)
[INFO] [stderr] error: could not compile `hyper` (lib)
[INFO] [stderr] 
[INFO] [stderr] Caused by:
[INFO] [stderr]   process didn't exit successfully: `/opt/rustwide/rustup-home/toolchains/nightly-2024-02-05-x86_64-unknown-linux-gnu/bin/rustc --crate-name hyper --edition=2018 /opt/rustwide/cargo-home/registry/src/index.crates.io-6f17d22bba15001f/hyper-0.13.10/src/lib.rs --error-format=json --json=diagnostic-rendered-ansi,artifacts,future-incompat --crate-type lib --emit=dep-info,metadata -C embed-bitcode=no -C debuginfo=2 --cfg 'feature="socket2"' --cfg 'feature="tcp"' -C metadata=5e2fa3e8b15055ba -C extra-filename=-5e2fa3e8b15055ba --out-dir /opt/rustwide/target/debug/deps -L dependency=/opt/rustwide/target/debug/deps --extern bytes=/opt/rustwide/target/debug/deps/libbytes-7f1a945731e408e9.rmeta --extern futures_channel=/opt/rustwide/target/debug/deps/libfutures_channel-63c31a1f9ec1c78b.rmeta --extern futures_core=/opt/rustwide/target/debug/deps/libfutures_core-7596d8133c1fca9f.rmeta --extern futures_util=/opt/rustwide/target/debug/deps/libfutures_util-f8eb155586c1d8cb.rmeta --extern h2=/opt/rustwide/target/debug/deps/libh2-83dc93fba591e8f4.rmeta --extern http=/opt/rustwide/target/debug/deps/libhttp-3f91e2ed45c42746.rmeta --extern http_body=/opt/rustwide/target/debug/deps/libhttp_body-a7f5a7173131bf7a.rmeta --extern httparse=/opt/rustwide/target/debug/deps/libhttparse-7af862091df3499c.rmeta --extern httpdate=/opt/rustwide/target/debug/deps/libhttpdate-797bdedc4c9f9d36.rmeta --extern itoa=/opt/rustwide/target/debug/deps/libitoa-c5c367e7ae4acf6d.rmeta --extern pin_project=/opt/rustwide/target/debug/deps/libpin_project-36d97e906195e3b9.rmeta --extern socket2=/opt/rustwide/target/debug/deps/libsocket2-9abbf8686aa4c6b9.rmeta --extern tokio=/opt/rustwide/target/debug/deps/libtokio-21b227ee4e45e3e0.rmeta --extern tower_service=/opt/rustwide/target/debug/deps/libtower_service-464d1fe60acee16a.rmeta --extern tracing=/opt/rustwide/target/debug/deps/libtracing-3cbf17bc6f5dac0e.rmeta --extern want=/opt/rustwide/target/debug/deps/libwant-e101eeb37595c92e.rmeta --cap-lints allow --cap-lints=forbid` (signal: 9, SIGKILL: kill)
[ERROR] error running command: no output for 300 seconds
[INFO] running `Command { std: "docker" "inspect" "9fefe51138609ae50bc7a783a2506e0eb9d9edc0bef8a08345bea4e8c3a0fb08", kill_on_drop: false }`
[INFO] running `Command { std: "docker" "rm" "-f" "9fefe51138609ae50bc7a783a2506e0eb9d9edc0bef8a08345bea4e8c3a0fb08", kill_on_drop: false }`
[INFO] [stdout] 9fefe51138609ae50bc7a783a2506e0eb9d9edc0bef8a08345bea4e8c3a0fb08
