[INFO] fetching crate ex3-asset-vault-public-types 0.17.5...
[INFO] checking ex3-asset-vault-public-types-0.17.5 against nightly-2024-02-05 for check-cfg
[INFO] extracting crate ex3-asset-vault-public-types 0.17.5 into /workspace/builds/worker-4-tc1/source
[INFO] validating manifest of crates.io crate ex3-asset-vault-public-types 0.17.5 on toolchain nightly-2024-02-05
[INFO] running `Command { std: CARGO_HOME="/workspace/cargo-home" RUSTUP_HOME="/workspace/rustup-home" "/workspace/cargo-home/bin/cargo" "+nightly-2024-02-05" "metadata" "--manifest-path" "Cargo.toml" "--no-deps", kill_on_drop: false }`
[INFO] started tweaking crates.io crate ex3-asset-vault-public-types 0.17.5
[INFO] finished tweaking crates.io crate ex3-asset-vault-public-types 0.17.5
[INFO] tweaked toml for crates.io crate ex3-asset-vault-public-types 0.17.5 written to /workspace/builds/worker-4-tc1/source/Cargo.toml
[INFO] running `Command { std: CARGO_HOME="/workspace/cargo-home" RUSTUP_HOME="/workspace/rustup-home" "/workspace/cargo-home/bin/cargo" "+nightly-2024-02-05" "generate-lockfile" "--manifest-path" "Cargo.toml", kill_on_drop: false }`
[INFO] [stderr]     Updating crates.io index
[INFO] running `Command { std: CARGO_HOME="/workspace/cargo-home" RUSTUP_HOME="/workspace/rustup-home" "/workspace/cargo-home/bin/cargo" "+nightly-2024-02-05" "fetch" "--manifest-path" "Cargo.toml", kill_on_drop: false }`
[INFO] [stderr]  Downloading crates ...
[INFO] [stderr]   Downloaded env-file-reader v0.3.0
[INFO] [stderr]   Downloaded ex3-canister-named-canisters v0.17.4
[INFO] [stderr]   Downloaded ic-stable-structures v0.6.2
[INFO] [stderr]   Downloaded ex3-timestamp v0.15.2
[INFO] [stderr]   Downloaded ex3-node-types v0.15.121
[INFO] [stderr]   Downloaded rstest v0.18.2
[INFO] [stderr]   Downloaded rstest_macros v0.18.2
[INFO] [stderr]   Downloaded const_env_impl v0.1.2
[INFO] [stderr]   Downloaded ex3-node-error v0.14.1
[INFO] [stderr]   Downloaded ex3-common-error-info v0.15.1
[INFO] [stderr]   Downloaded ic_principal v0.1.1
[INFO] [stderr]   Downloaded ex3-canister-constant v0.17.21
[INFO] [stderr]   Downloaded ex3-balance-vault-public-types v0.17.17
[INFO] [stderr]   Downloaded ex3-canister-build v0.17.2
[INFO] [stderr]   Downloaded const_env v0.1.2
[INFO] [stderr]   Downloaded ex3-canister-error v0.17.0
[INFO] [stderr]   Downloaded ex3-canister-types v0.17.31
[INFO] [stderr]   Downloaded ex3-serde v0.15.0
[INFO] [stderr]   Downloaded ex3-payload-derive v0.15.0
[INFO] [stderr]   Downloaded ex3-crypto v0.15.18
[INFO] [stderr]   Downloaded ex3-core-registry-public-types v0.17.27
[INFO] running `Command { std: "docker" "create" "-v" "/var/lib/crater-agent-workspace/builds/worker-4-tc1/target:/opt/rustwide/target:rw,Z" "-v" "/var/lib/crater-agent-workspace/builds/worker-4-tc1/source:/opt/rustwide/workdir:ro,Z" "-v" "/var/lib/crater-agent-workspace/cargo-home:/opt/rustwide/cargo-home:ro,Z" "-v" "/var/lib/crater-agent-workspace/rustup-home:/opt/rustwide/rustup-home:ro,Z" "-e" "SOURCE_DIR=/opt/rustwide/workdir" "-e" "CARGO_TARGET_DIR=/opt/rustwide/target" "-e" "CARGO_HOME=/opt/rustwide/cargo-home" "-e" "RUSTUP_HOME=/opt/rustwide/rustup-home" "-w" "/opt/rustwide/workdir" "-m" "1610612736" "--user" "0:0" "--network" "none" "ghcr.io/rust-lang/crates-build-env/linux@sha256:2788e3201cd34a07e3172128adcd8b3090168a8e3bcc40d7c032b9dda1df7d1c" "/opt/rustwide/cargo-home/bin/cargo" "+nightly-2024-02-05" "metadata" "--no-deps" "--format-version=1", kill_on_drop: false }`
[INFO] [stdout] d558a3675a426536eb866baabf72cb21418c6dcade30173c4bfec51de8ee29fb
[INFO] running `Command { std: "docker" "start" "-a" "d558a3675a426536eb866baabf72cb21418c6dcade30173c4bfec51de8ee29fb", kill_on_drop: false }`
[INFO] running `Command { std: "docker" "inspect" "d558a3675a426536eb866baabf72cb21418c6dcade30173c4bfec51de8ee29fb", kill_on_drop: false }`
[INFO] running `Command { std: "docker" "rm" "-f" "d558a3675a426536eb866baabf72cb21418c6dcade30173c4bfec51de8ee29fb", kill_on_drop: false }`
[INFO] [stdout] d558a3675a426536eb866baabf72cb21418c6dcade30173c4bfec51de8ee29fb
[INFO] running `Command { std: "docker" "create" "-v" "/var/lib/crater-agent-workspace/builds/worker-4-tc1/target:/opt/rustwide/target:rw,Z" "-v" "/var/lib/crater-agent-workspace/builds/worker-4-tc1/source:/opt/rustwide/workdir:ro,Z" "-v" "/var/lib/crater-agent-workspace/cargo-home:/opt/rustwide/cargo-home:ro,Z" "-v" "/var/lib/crater-agent-workspace/rustup-home:/opt/rustwide/rustup-home:ro,Z" "-e" "SOURCE_DIR=/opt/rustwide/workdir" "-e" "CARGO_TARGET_DIR=/opt/rustwide/target" "-e" "CARGO_INCREMENTAL=0" "-e" "RUST_BACKTRACE=full" "-e" "RUSTFLAGS=--cap-lints=forbid" "-e" "RUSTDOCFLAGS=--cap-lints=forbid" "-e" "CARGO_HOME=/opt/rustwide/cargo-home" "-e" "RUSTUP_HOME=/opt/rustwide/rustup-home" "-w" "/opt/rustwide/workdir" "-m" "1610612736" "--user" "0:0" "--network" "none" "ghcr.io/rust-lang/crates-build-env/linux@sha256:2788e3201cd34a07e3172128adcd8b3090168a8e3bcc40d7c032b9dda1df7d1c" "/opt/rustwide/cargo-home/bin/cargo" "+nightly-2024-02-05" "check" "--frozen" "--all" "--all-targets" "--message-format=json", kill_on_drop: false }`
[INFO] [stdout] f2291bedd04774f2e97bf94f0b3acd26121029cb37d53b141005bb2931842092
[INFO] running `Command { std: "docker" "start" "-a" "f2291bedd04774f2e97bf94f0b3acd26121029cb37d53b141005bb2931842092", kill_on_drop: false }`
[INFO] [stderr]    Compiling equivalent v1.0.1
[INFO] [stderr]    Compiling hashbrown v0.14.3
[INFO] [stderr]    Compiling syn v1.0.109
[INFO] [stderr]    Compiling num-traits v0.2.17
[INFO] [stderr]    Compiling memchr v2.7.1
[INFO] [stderr]    Compiling regex-syntax v0.8.2
[INFO] [stderr]    Compiling psm v0.1.21
[INFO] [stderr]    Compiling winnow v0.5.37
[INFO] [stderr]    Compiling toml_datetime v0.6.5
[INFO] [stderr]    Compiling parking_lot_core v0.9.9
[INFO] [stderr]    Compiling lock_api v0.4.11
[INFO] [stderr]    Compiling dirs-sys-next v0.1.2
[INFO] [stderr]    Compiling aho-corasick v1.1.2
[INFO] [stderr]    Compiling indexmap v2.2.2
[INFO] [stderr]    Compiling smallvec v1.13.1
[INFO] [stderr]    Compiling rustix v0.38.31
[INFO] [stderr]    Compiling scopeguard v1.2.0
[INFO] [stderr]    Compiling rustversion v1.0.14
[INFO] [stderr]    Compiling dirs-next v2.0.0
[INFO] [stderr]     Checking serde v1.0.196
[INFO] [stderr]    Compiling stacker v0.1.15
[INFO] [stderr]    Compiling num-bigint v0.4.4
[INFO] [stderr]    Compiling regex-syntax v0.6.29
[INFO] [stderr]    Compiling tiny-keccak v2.0.2
[INFO] [stderr]    Compiling siphasher v0.3.11
[INFO] [stderr]    Compiling regex-automata v0.4.5
[INFO] [stderr]    Compiling toml_edit v0.19.15
[INFO] [stderr]    Compiling linux-raw-sys v0.4.13
[INFO] [stderr]    Compiling bitflags v2.4.2
[INFO] [stderr]    Compiling phf_shared v0.10.0
[INFO] [stderr]    Compiling parking_lot v0.12.1
[INFO] [stderr]    Compiling term v0.7.0
[INFO] [stderr]    Compiling proc-macro-crate v1.3.1
[INFO] [stderr]    Compiling crunchy v0.2.2
[INFO] [stderr]    Compiling fixedbitset v0.4.2
[INFO] [stderr]    Compiling precomputed-hash v0.1.1
[INFO] [stderr]    Compiling log v0.4.20
[INFO] [stderr]    Compiling bit-vec v0.6.3
[INFO] [stderr]    Compiling new_debug_unreachable v1.0.4
[INFO] [stderr]    Compiling regex v1.10.3
[INFO] [stderr]     Checking sha2 v0.10.8
[INFO] [stderr]    Compiling bit-set v0.5.3
[INFO] [stderr]    Compiling string_cache v0.8.7
[INFO] [stderr]    Compiling ena v0.14.2
[INFO] [stderr]    Compiling petgraph v0.6.4
[INFO] [stderr]    Compiling ascii-canvas v3.0.0
[INFO] [stderr]    Compiling lalrpop-util v0.19.12
[INFO] [stderr]    Compiling is-terminal v0.4.10
[INFO] [stderr]    Compiling itertools v0.10.5
[INFO] [stderr]    Compiling diff v0.1.13
[INFO] [stderr]    Compiling unicode-xid v0.2.4
[INFO] [stderr]    Compiling candid v0.9.11
[INFO] [stderr]    Compiling candid_derive v0.6.4
[INFO] [stderr]    Compiling beef v0.5.2
[INFO] [stderr]     Checking serde_bytes v0.11.14
[INFO] [stderr]    Compiling num_enum_derive v0.6.1
[INFO] [stderr]     Checking termcolor v1.4.1
[INFO] [stderr]     Checking arrayvec v0.5.2
[INFO] [stderr]     Checking codespan-reporting v0.11.1
[INFO] [stderr]     Checking num-integer v0.1.45
[INFO] [stderr]     Checking pretty v0.12.3
[INFO] [stderr]    Compiling lalrpop v0.19.12
[INFO] [stderr]    Compiling typenum v1.17.0
[INFO] [stderr]     Checking ic_principal v0.1.1
[INFO] [stderr]    Compiling binread_derive v2.1.0
[INFO] [stderr]    Compiling logos-derive v0.12.1
[INFO] [stderr]    Compiling generic-array v0.14.7
[INFO] [stderr]     Checking ic-stable-structures v0.6.2
[INFO] [stderr]    Compiling block-buffer v0.10.4
[INFO] [stderr]    Compiling crypto-common v0.1.6
[INFO] [stderr]     Checking getrandom v0.2.12
[INFO] [stderr]    Compiling anyhow v1.0.79
[INFO] [stderr]     Checking num_enum v0.6.1
[INFO] [stderr]    Compiling unicode-width v0.1.11
[INFO] [stderr]     Checking sha3 v0.10.8
[INFO] [stderr]     Checking rand_core v0.6.4
[INFO] [stderr]    Compiling digest v0.10.7
[INFO] [stderr]     Checking ciborium v0.2.2
[INFO] [stderr]     Checking ex3-node-error v0.14.1
[INFO] [stderr]     Checking bs58 v0.5.0
[INFO] [stderr]     Checking bincode v1.3.3
[INFO] [stderr]    Compiling typed-arena v2.0.2
[INFO] [stderr]    Compiling logos v0.12.1
[INFO] [stderr]    Compiling cpufeatures v0.2.12
[INFO] [stderr]     Checking ex3-serde v0.15.0
[INFO] [stderr]     Checking binread v2.2.0
[INFO] [stderr]     Checking ex3-crypto v0.15.18
[INFO] [stderr]    Compiling ex3-payload-derive v0.15.0
[INFO] [stderr]    Compiling crc32fast v1.3.2
[INFO] [stderr]    Compiling thiserror v1.0.56
[INFO] [stderr]    Compiling leb128 v0.2.5
[INFO] [stderr]    Compiling byteorder v1.5.0
[INFO] [stderr]    Compiling serde_tokenstream v0.1.7
[INFO] [stderr]    Compiling derive_more v0.99.17
[INFO] [stderr]    Compiling const_env_impl v0.1.2
[INFO] [stderr]     Checking futures-core v0.3.30
[INFO] [stderr]     Checking futures-channel v0.3.30
[INFO] [stderr]    Compiling const_env v0.1.2
[INFO] [stderr]     Checking rs_merkle v1.4.2
[INFO] [stderr]     Checking futures-io v0.3.30
[INFO] [stderr]     Checking ic0 v0.18.11
[INFO] [stderr]     Checking futures-util v0.3.30
[INFO] [stderr]    Compiling rstest_macros v0.18.2
[INFO] [stderr]    Compiling relative-path v1.9.2
[INFO] [stderr]    Compiling glob v0.3.1
[INFO] [stderr]     Checking futures-timer v3.0.2
[INFO] [stderr]     Checking ex3-timestamp v0.15.2
[INFO] [stderr]     Checking ex3-common-error-info v0.15.1
[INFO] [stderr]     Checking ex3-node-types v0.15.121
[INFO] [stderr]     Checking ex3-canister-error v0.17.0
[INFO] [stderr]     Checking futures-executor v0.3.30
[INFO] [stderr]     Checking futures v0.3.30
[INFO] [stderr]    Compiling ic-cdk-macros v0.7.1
[INFO] [stderr]     Checking ex3-canister-types v0.17.31
[INFO] [stderr]     Checking rstest v0.18.2
[INFO] [stderr]     Checking ic-cdk v0.10.0
[INFO] [stderr]     Checking ex3-core-registry-public-types v0.17.27
[INFO] [stderr]    Compiling env-file-reader v0.3.0
[INFO] [stderr]    Compiling ex3-canister-build v0.17.2
[INFO] [stderr]    Compiling ex3-canister-constant v0.17.21
[INFO] [stderr]    Compiling ex3-canister-named-canisters v0.17.4
[INFO] [stderr]    Compiling ex3-balance-vault-public-types v0.17.17
[INFO] [stderr]     Checking ex3-asset-vault-public-types v0.17.5 (/opt/rustwide/workdir)
[INFO] [stdout] error[E0432]: unresolved imports `ex3_node_types::block::CandidConsensusBlockHead`, `ex3_node_types::block::ConsensusBlockHead`
[INFO] [stdout]  --> src/lib.rs:2:29
[INFO] [stdout]   |
[INFO] [stdout] 2 | use ex3_node_types::block::{CandidConsensusBlockHead, ConsensusBlockHead};
[INFO] [stdout]   |                             ^^^^^^^^^^^^^^^^^^^^^^^^  ^^^^^^^^^^^^^^^^^^ no `ConsensusBlockHead` in `block`
[INFO] [stdout]   |                             |
[INFO] [stdout]   |                             no `CandidConsensusBlockHead` in `block`
[INFO] [stdout]   |
[INFO] [stdout] help: a similar name exists in the module
[INFO] [stdout]   |
[INFO] [stdout] 2 | use ex3_node_types::block::{CandidConsensusBlockHeader, ConsensusBlockHead};
[INFO] [stdout]   |                             ~~~~~~~~~~~~~~~~~~~~~~~~~~
[INFO] [stdout] help: a similar name exists in the module
[INFO] [stdout]   |
[INFO] [stdout] 2 | use ex3_node_types::block::{CandidConsensusBlockHead, ConsensusBlockHeader};
[INFO] [stdout]   |                                                       ~~~~~~~~~~~~~~~~~~~~
[INFO] [stdout] 
[INFO] [stdout] 
[INFO] [stdout] error[E0432]: unresolved import `ex3_node_types::transaction::TransactionRejectionReason`
[INFO] [stdout]  --> src/lib.rs:4:55
[INFO] [stdout]   |
[INFO] [stdout] 4 | use ex3_node_types::transaction::{EncodedTransaction, TransactionRejectionReason};
[INFO] [stdout]   |                                                       ^^^^^^^^^^^^^^^^^^^^^^^^^^ no `TransactionRejectionReason` in `transaction`
[INFO] [stdout] 
[INFO] [stdout] 
[INFO] [stdout] error[E0432]: unresolved imports `ex3_node_types::block::CandidConsensusBlockHead`, `ex3_node_types::block::ConsensusBlockHead`
[INFO] [stdout]  --> src/lib.rs:2:29
[INFO] [stdout]   |
[INFO] [stdout] 2 | use ex3_node_types::block::{CandidConsensusBlockHead, ConsensusBlockHead};
[INFO] [stdout]   |                             ^^^^^^^^^^^^^^^^^^^^^^^^  ^^^^^^^^^^^^^^^^^^ no `ConsensusBlockHead` in `block`
[INFO] [stdout]   |                             |
[INFO] [stdout]   |                             no `CandidConsensusBlockHead` in `block`
[INFO] [stdout]   |
[INFO] [stdout] help: a similar name exists in the module
[INFO] [stdout]   |
[INFO] [stdout] 2 | use ex3_node_types::block::{CandidConsensusBlockHeader, ConsensusBlockHead};
[INFO] [stdout]   |                             ~~~~~~~~~~~~~~~~~~~~~~~~~~
[INFO] [stdout] help: a similar name exists in the module
[INFO] [stdout]   |
[INFO] [stdout] 2 | use ex3_node_types::block::{CandidConsensusBlockHead, ConsensusBlockHeader};
[INFO] [stdout]   |                                                       ~~~~~~~~~~~~~~~~~~~~
[INFO] [stdout] 
[INFO] [stdout] 
[INFO] [stdout] error[E0432]: unresolved import `ex3_node_types::transaction::TransactionRejectionReason`
[INFO] [stdout]  --> src/lib.rs:4:55
[INFO] [stdout]   |
[INFO] [stdout] 4 | use ex3_node_types::transaction::{EncodedTransaction, TransactionRejectionReason};
[INFO] [stdout]   |                                                       ^^^^^^^^^^^^^^^^^^^^^^^^^^ no `TransactionRejectionReason` in `transaction`
[INFO] [stdout] 
[INFO] [stdout] 
[INFO] [stdout] error: aborting due to 2 previous errors
[INFO] [stdout] 
[INFO] [stdout] 
[INFO] [stdout] For more information about this error, try `rustc --explain E0432`.
[INFO] [stdout] 
[INFO] [stdout] error: aborting due to 2 previous errors
[INFO] [stdout] 
[INFO] [stdout] 
[INFO] [stdout] For more information about this error, try `rustc --explain E0432`.
[INFO] [stdout] 
[INFO] [stderr] error: could not compile `ex3-asset-vault-public-types` (lib) due to 3 previous errors
[INFO] [stderr] warning: build failed, waiting for other jobs to finish...
[INFO] [stderr] error: could not compile `ex3-asset-vault-public-types` (lib test) due to 3 previous errors
[INFO] running `Command { std: "docker" "inspect" "f2291bedd04774f2e97bf94f0b3acd26121029cb37d53b141005bb2931842092", kill_on_drop: false }`
[INFO] running `Command { std: "docker" "rm" "-f" "f2291bedd04774f2e97bf94f0b3acd26121029cb37d53b141005bb2931842092", kill_on_drop: false }`
[INFO] [stdout] f2291bedd04774f2e97bf94f0b3acd26121029cb37d53b141005bb2931842092
[INFO] checking ex3-asset-vault-public-types-0.17.5 against nightly-2024-02-05+rustflags=-Dunexpected_cfgs+cargoflags=-Zcheck-cfg for check-cfg
[INFO] extracting crate ex3-asset-vault-public-types 0.17.5 into /workspace/builds/worker-4-tc2/source
[INFO] validating manifest of crates.io crate ex3-asset-vault-public-types 0.17.5 on toolchain nightly-2024-02-05
[INFO] running `Command { std: CARGO_HOME="/workspace/cargo-home" RUSTUP_HOME="/workspace/rustup-home" "/workspace/cargo-home/bin/cargo" "+nightly-2024-02-05" "metadata" "--manifest-path" "Cargo.toml" "--no-deps", kill_on_drop: false }`
[INFO] started tweaking crates.io crate ex3-asset-vault-public-types 0.17.5
[INFO] finished tweaking crates.io crate ex3-asset-vault-public-types 0.17.5
[INFO] tweaked toml for crates.io crate ex3-asset-vault-public-types 0.17.5 written to /workspace/builds/worker-4-tc2/source/Cargo.toml
[INFO] running `Command { std: CARGO_HOME="/workspace/cargo-home" RUSTUP_HOME="/workspace/rustup-home" "/workspace/cargo-home/bin/cargo" "+nightly-2024-02-05" "generate-lockfile" "--manifest-path" "Cargo.toml", kill_on_drop: false }`
[INFO] [stderr]     Updating crates.io index
[INFO] running `Command { std: CARGO_HOME="/workspace/cargo-home" RUSTUP_HOME="/workspace/rustup-home" "/workspace/cargo-home/bin/cargo" "+nightly-2024-02-05" "fetch" "--manifest-path" "Cargo.toml", kill_on_drop: false }`
[INFO] running `Command { std: "docker" "create" "-v" "/var/lib/crater-agent-workspace/builds/worker-4-tc2/target:/opt/rustwide/target:rw,Z" "-v" "/var/lib/crater-agent-workspace/builds/worker-4-tc2/source:/opt/rustwide/workdir:ro,Z" "-v" "/var/lib/crater-agent-workspace/cargo-home:/opt/rustwide/cargo-home:ro,Z" "-v" "/var/lib/crater-agent-workspace/rustup-home:/opt/rustwide/rustup-home:ro,Z" "-e" "SOURCE_DIR=/opt/rustwide/workdir" "-e" "CARGO_TARGET_DIR=/opt/rustwide/target" "-e" "CARGO_HOME=/opt/rustwide/cargo-home" "-e" "RUSTUP_HOME=/opt/rustwide/rustup-home" "-w" "/opt/rustwide/workdir" "-m" "1610612736" "--user" "0:0" "--network" "none" "ghcr.io/rust-lang/crates-build-env/linux@sha256:2788e3201cd34a07e3172128adcd8b3090168a8e3bcc40d7c032b9dda1df7d1c" "/opt/rustwide/cargo-home/bin/cargo" "+nightly-2024-02-05" "metadata" "--no-deps" "--format-version=1", kill_on_drop: false }`
[INFO] [stdout] 615ecccc0a94a2fb794c31296467a8a00cdb5fcae3f3a100e18bf623c0706d10
[INFO] running `Command { std: "docker" "start" "-a" "615ecccc0a94a2fb794c31296467a8a00cdb5fcae3f3a100e18bf623c0706d10", kill_on_drop: false }`
[INFO] running `Command { std: "docker" "inspect" "615ecccc0a94a2fb794c31296467a8a00cdb5fcae3f3a100e18bf623c0706d10", kill_on_drop: false }`
[INFO] running `Command { std: "docker" "rm" "-f" "615ecccc0a94a2fb794c31296467a8a00cdb5fcae3f3a100e18bf623c0706d10", kill_on_drop: false }`
[INFO] [stdout] 615ecccc0a94a2fb794c31296467a8a00cdb5fcae3f3a100e18bf623c0706d10
[INFO] running `Command { std: "docker" "create" "-v" "/var/lib/crater-agent-workspace/builds/worker-4-tc2/target:/opt/rustwide/target:rw,Z" "-v" "/var/lib/crater-agent-workspace/builds/worker-4-tc2/source:/opt/rustwide/workdir:ro,Z" "-v" "/var/lib/crater-agent-workspace/cargo-home:/opt/rustwide/cargo-home:ro,Z" "-v" "/var/lib/crater-agent-workspace/rustup-home:/opt/rustwide/rustup-home:ro,Z" "-e" "SOURCE_DIR=/opt/rustwide/workdir" "-e" "CARGO_TARGET_DIR=/opt/rustwide/target" "-e" "CARGO_INCREMENTAL=0" "-e" "RUST_BACKTRACE=full" "-e" "RUSTFLAGS=--cap-lints=forbid -Dunexpected_cfgs" "-e" "RUSTDOCFLAGS=--cap-lints=forbid" "-e" "CARGO_HOME=/opt/rustwide/cargo-home" "-e" "RUSTUP_HOME=/opt/rustwide/rustup-home" "-w" "/opt/rustwide/workdir" "-m" "1610612736" "--user" "0:0" "--network" "none" "ghcr.io/rust-lang/crates-build-env/linux@sha256:2788e3201cd34a07e3172128adcd8b3090168a8e3bcc40d7c032b9dda1df7d1c" "/opt/rustwide/cargo-home/bin/cargo" "+nightly-2024-02-05" "check" "--frozen" "--all" "--all-targets" "--message-format=json" "-Zcheck-cfg", kill_on_drop: false }`
[INFO] [stdout] 0c2570418d7eb0f5595b4e782384f34666fa8f9ab4566675d60cda58e2abddbb
[INFO] running `Command { std: "docker" "start" "-a" "0c2570418d7eb0f5595b4e782384f34666fa8f9ab4566675d60cda58e2abddbb", kill_on_drop: false }`
[INFO] [stderr]    Compiling hashbrown v0.14.3
[INFO] [stderr]    Compiling equivalent v1.0.1
[INFO] [stderr]    Compiling syn v1.0.109
[INFO] [stderr]    Compiling num-traits v0.2.17
[INFO] [stderr]    Compiling memchr v2.7.1
[INFO] [stderr]    Compiling regex-syntax v0.8.2
[INFO] [stderr]    Compiling psm v0.1.21
[INFO] [stderr]    Compiling toml_datetime v0.6.5
[INFO] [stderr]    Compiling winnow v0.5.37
[INFO] [stderr]    Compiling parking_lot_core v0.9.9
[INFO] [stderr]    Compiling lock_api v0.4.11
[INFO] [stderr]    Compiling dirs-sys-next v0.1.2
[INFO] [stderr]    Compiling indexmap v2.2.2
[INFO] [stderr]    Compiling aho-corasick v1.1.2
[INFO] [stderr]    Compiling scopeguard v1.2.0
[INFO] [stderr]    Compiling smallvec v1.13.1
[INFO] [stderr]    Compiling rustix v0.38.31
[INFO] [stderr]    Compiling rustversion v1.0.14
[INFO] [stderr]    Compiling dirs-next v2.0.0
[INFO] [stderr]     Checking serde v1.0.196
[INFO] [stderr]    Compiling stacker v0.1.15
[INFO] [stderr]    Compiling num-bigint v0.4.4
[INFO] [stderr]    Compiling regex-syntax v0.6.29
[INFO] [stderr]    Compiling tiny-keccak v2.0.2
[INFO] [stderr]    Compiling bitflags v2.4.2
[INFO] [stderr]    Compiling linux-raw-sys v0.4.13
[INFO] [stderr]    Compiling regex-automata v0.4.5
[INFO] [stderr]    Compiling toml_edit v0.19.15
[INFO] [stderr]    Compiling siphasher v0.3.11
[INFO] [stderr]    Compiling phf_shared v0.10.0
[INFO] [stderr]    Compiling parking_lot v0.12.1
[INFO] [stderr]    Compiling term v0.7.0
[INFO] [stderr]    Compiling crunchy v0.2.2
[INFO] [stderr]    Compiling new_debug_unreachable v1.0.4
[INFO] [stderr]    Compiling proc-macro-crate v1.3.1
[INFO] [stderr]    Compiling precomputed-hash v0.1.1
[INFO] [stderr]    Compiling regex v1.10.3
[INFO] [stderr]    Compiling log v0.4.20
[INFO] [stderr]    Compiling bit-vec v0.6.3
[INFO] [stderr]    Compiling fixedbitset v0.4.2
[INFO] [stderr]     Checking sha2 v0.10.8
[INFO] [stderr]    Compiling bit-set v0.5.3
[INFO] [stderr]    Compiling petgraph v0.6.4
[INFO] [stderr]    Compiling lalrpop-util v0.19.12
[INFO] [stderr]    Compiling ena v0.14.2
[INFO] [stderr]    Compiling string_cache v0.8.7
[INFO] [stderr]    Compiling ascii-canvas v3.0.0
[INFO] [stderr]    Compiling is-terminal v0.4.10
[INFO] [stderr]    Compiling itertools v0.10.5
[INFO] [stderr]    Compiling unicode-xid v0.2.4
[INFO] [stderr]    Compiling candid v0.9.11
[INFO] [stderr]    Compiling diff v0.1.13
[INFO] [stderr]    Compiling candid_derive v0.6.4
[INFO] [stderr]    Compiling beef v0.5.2
[INFO] [stderr]     Checking serde_bytes v0.11.14
[INFO] [stderr]     Checking termcolor v1.4.1
[INFO] [stderr]    Compiling num_enum_derive v0.6.1
[INFO] [stderr]     Checking arrayvec v0.5.2
[INFO] [stderr]     Checking codespan-reporting v0.11.1
[INFO] [stderr]     Checking num-integer v0.1.45
[INFO] [stderr]     Checking pretty v0.12.3
[INFO] [stderr]    Compiling lalrpop v0.19.12
[INFO] [stderr]    Compiling typenum v1.17.0
[INFO] [stderr]     Checking ic_principal v0.1.1
[INFO] [stderr]    Compiling binread_derive v2.1.0
[INFO] [stderr]    Compiling logos-derive v0.12.1
[INFO] [stderr]    Compiling generic-array v0.14.7
[INFO] [stderr]     Checking ic-stable-structures v0.6.2
[INFO] [stderr]    Compiling crypto-common v0.1.6
[INFO] [stderr]    Compiling block-buffer v0.10.4
[INFO] [stderr]     Checking getrandom v0.2.12
[INFO] [stderr]     Checking num_enum v0.6.1
[INFO] [stderr]    Compiling anyhow v1.0.79
[INFO] [stderr]    Compiling unicode-width v0.1.11
[INFO] [stderr]     Checking sha3 v0.10.8
[INFO] [stderr]     Checking rand_core v0.6.4
[INFO] [stderr]    Compiling digest v0.10.7
[INFO] [stderr]     Checking ciborium v0.2.2
[INFO] [stderr]     Checking ex3-node-error v0.14.1
[INFO] [stderr]     Checking bs58 v0.5.0
[INFO] [stderr]     Checking bincode v1.3.3
[INFO] [stderr]    Compiling cpufeatures v0.2.12
[INFO] [stderr]    Compiling typed-arena v2.0.2
[INFO] [stderr]     Checking binread v2.2.0
[INFO] [stderr]     Checking ex3-serde v0.15.0
[INFO] [stderr]    Compiling logos v0.12.1
[INFO] [stderr]     Checking ex3-crypto v0.15.18
[INFO] [stderr]    Compiling ex3-payload-derive v0.15.0
[INFO] [stderr]    Compiling crc32fast v1.3.2
[INFO] [stderr]    Compiling thiserror v1.0.56
[INFO] [stderr]    Compiling leb128 v0.2.5
[INFO] [stderr]    Compiling byteorder v1.5.0
[INFO] [stderr]    Compiling serde_tokenstream v0.1.7
[INFO] [stderr]    Compiling derive_more v0.99.17
[INFO] [stderr]    Compiling const_env_impl v0.1.2
[INFO] [stderr]     Checking futures-core v0.3.30
[INFO] [stderr]     Checking futures-channel v0.3.30
[INFO] [stderr]    Compiling const_env v0.1.2
[INFO] [stderr]     Checking rs_merkle v1.4.2
[INFO] [stderr]     Checking futures-io v0.3.30
[INFO] [stderr]     Checking ic0 v0.18.11
[INFO] [stderr]     Checking futures-util v0.3.30
[INFO] [stderr]    Compiling rstest_macros v0.18.2
[INFO] [stderr]    Compiling glob v0.3.1
[INFO] [stderr]    Compiling relative-path v1.9.2
[INFO] [stderr]     Checking futures-timer v3.0.2
[INFO] [stderr]     Checking ex3-timestamp v0.15.2
[INFO] [stderr]     Checking ex3-common-error-info v0.15.1
[INFO] [stderr]     Checking ex3-node-types v0.15.121
[INFO] [stderr]     Checking ex3-canister-error v0.17.0
[INFO] [stderr]     Checking futures-executor v0.3.30
[INFO] [stderr]     Checking futures v0.3.30
[INFO] [stderr]     Checking ex3-canister-types v0.17.31
[INFO] [stderr]     Checking ex3-core-registry-public-types v0.17.27
[INFO] [stderr]    Compiling ic-cdk-macros v0.7.1
[INFO] [stderr]     Checking rstest v0.18.2
[INFO] [stderr]    Compiling env-file-reader v0.3.0
[INFO] [stderr]     Checking ic-cdk v0.10.0
[INFO] [stderr]    Compiling ex3-canister-build v0.17.2
[INFO] [stderr]    Compiling ex3-canister-constant v0.17.21
[INFO] [stderr]    Compiling ex3-canister-named-canisters v0.17.4
[INFO] [stderr]    Compiling ex3-balance-vault-public-types v0.17.17
[INFO] [stderr]     Checking ex3-asset-vault-public-types v0.17.5 (/opt/rustwide/workdir)
[INFO] [stdout] error[E0432]: unresolved imports `ex3_node_types::block::CandidConsensusBlockHead`, `ex3_node_types::block::ConsensusBlockHead`
[INFO] [stdout]  --> src/lib.rs:2:29
[INFO] [stdout]   |
[INFO] [stdout] 2 | use ex3_node_types::block::{CandidConsensusBlockHead, ConsensusBlockHead};
[INFO] [stdout]   |                             ^^^^^^^^^^^^^^^^^^^^^^^^  ^^^^^^^^^^^^^^^^^^ no `ConsensusBlockHead` in `block`
[INFO] [stdout]   |                             |
[INFO] [stdout]   |                             no `CandidConsensusBlockHead` in `block`
[INFO] [stdout]   |
[INFO] [stdout] help: a similar name exists in the module
[INFO] [stdout]   |
[INFO] [stdout] 2 | use ex3_node_types::block::{CandidConsensusBlockHeader, ConsensusBlockHead};
[INFO] [stdout]   |                             ~~~~~~~~~~~~~~~~~~~~~~~~~~
[INFO] [stdout] help: a similar name exists in the module
[INFO] [stdout]   |
[INFO] [stdout] 2 | use ex3_node_types::block::{CandidConsensusBlockHead, ConsensusBlockHeader};
[INFO] [stdout]   |                                                       ~~~~~~~~~~~~~~~~~~~~
[INFO] [stdout] 
[INFO] [stdout] 
[INFO] [stdout] error[E0432]: unresolved import `ex3_node_types::transaction::TransactionRejectionReason`
[INFO] [stdout]  --> src/lib.rs:4:55
[INFO] [stdout]   |
[INFO] [stdout] 4 | use ex3_node_types::transaction::{EncodedTransaction, TransactionRejectionReason};
[INFO] [stdout]   |                                                       ^^^^^^^^^^^^^^^^^^^^^^^^^^ no `TransactionRejectionReason` in `transaction`
[INFO] [stdout] 
[INFO] [stdout] 
[INFO] [stdout] error[E0432]: unresolved imports `ex3_node_types::block::CandidConsensusBlockHead`, `ex3_node_types::block::ConsensusBlockHead`
[INFO] [stdout]  --> src/lib.rs:2:29
[INFO] [stdout]   |
[INFO] [stdout] 2 | use ex3_node_types::block::{CandidConsensusBlockHead, ConsensusBlockHead};
[INFO] [stdout]   |                             ^^^^^^^^^^^^^^^^^^^^^^^^  ^^^^^^^^^^^^^^^^^^ no `ConsensusBlockHead` in `block`
[INFO] [stdout]   |                             |
[INFO] [stdout]   |                             no `CandidConsensusBlockHead` in `block`
[INFO] [stdout]   |
[INFO] [stdout] help: a similar name exists in the module
[INFO] [stdout]   |
[INFO] [stdout] 2 | use ex3_node_types::block::{CandidConsensusBlockHeader, ConsensusBlockHead};
[INFO] [stdout]   |                             ~~~~~~~~~~~~~~~~~~~~~~~~~~
[INFO] [stdout] help: a similar name exists in the module
[INFO] [stdout]   |
[INFO] [stdout] 2 | use ex3_node_types::block::{CandidConsensusBlockHead, ConsensusBlockHeader};
[INFO] [stdout]   |                                                       ~~~~~~~~~~~~~~~~~~~~
[INFO] [stdout] 
[INFO] [stdout] 
[INFO] [stdout] error[E0432]: unresolved import `ex3_node_types::transaction::TransactionRejectionReason`
[INFO] [stdout]  --> src/lib.rs:4:55
[INFO] [stdout]   |
[INFO] [stdout] 4 | use ex3_node_types::transaction::{EncodedTransaction, TransactionRejectionReason};
[INFO] [stdout]   |                                                       ^^^^^^^^^^^^^^^^^^^^^^^^^^ no `TransactionRejectionReason` in `transaction`
[INFO] [stdout] 
[INFO] [stdout] 
[INFO] [stdout] error: aborting due to 2 previous errors
[INFO] [stdout] 
[INFO] [stdout] 
[INFO] [stdout] For more information about this error, try `rustc --explain E0432`.
[INFO] [stdout] 
[INFO] [stdout] error: aborting due to 2 previous errors
[INFO] [stdout] 
[INFO] [stdout] 
[INFO] [stdout] For more information about this error, try `rustc --explain E0432`.
[INFO] [stdout] 
[INFO] [stderr] error: could not compile `ex3-asset-vault-public-types` (lib test) due to 3 previous errors
[INFO] [stderr] warning: build failed, waiting for other jobs to finish...
[INFO] [stderr] error: could not compile `ex3-asset-vault-public-types` (lib) due to 3 previous errors
[INFO] running `Command { std: "docker" "inspect" "0c2570418d7eb0f5595b4e782384f34666fa8f9ab4566675d60cda58e2abddbb", kill_on_drop: false }`
[INFO] running `Command { std: "docker" "rm" "-f" "0c2570418d7eb0f5595b4e782384f34666fa8f9ab4566675d60cda58e2abddbb", kill_on_drop: false }`
[INFO] [stdout] 0c2570418d7eb0f5595b4e782384f34666fa8f9ab4566675d60cda58e2abddbb
