[INFO] fetching crate etop-core 0.1.1...
[INFO] checking etop-core-0.1.1 against nightly-2024-02-05 for check-cfg
[INFO] extracting crate etop-core 0.1.1 into /workspace/builds/worker-0-tc1/source
[INFO] validating manifest of crates.io crate etop-core 0.1.1 on toolchain nightly-2024-02-05
[INFO] running `Command { std: CARGO_HOME="/workspace/cargo-home" RUSTUP_HOME="/workspace/rustup-home" "/workspace/cargo-home/bin/cargo" "+nightly-2024-02-05" "metadata" "--manifest-path" "Cargo.toml" "--no-deps", kill_on_drop: false }`
[INFO] started tweaking crates.io crate etop-core 0.1.1
[INFO] finished tweaking crates.io crate etop-core 0.1.1
[INFO] tweaked toml for crates.io crate etop-core 0.1.1 written to /workspace/builds/worker-0-tc1/source/Cargo.toml
[INFO] running `Command { std: CARGO_HOME="/workspace/cargo-home" RUSTUP_HOME="/workspace/rustup-home" "/workspace/cargo-home/bin/cargo" "+nightly-2024-02-05" "generate-lockfile" "--manifest-path" "Cargo.toml", kill_on_drop: false }`
[INFO] [stderr]     Updating crates.io index
[INFO] running `Command { std: CARGO_HOME="/workspace/cargo-home" RUSTUP_HOME="/workspace/rustup-home" "/workspace/cargo-home/bin/cargo" "+nightly-2024-02-05" "fetch" "--manifest-path" "Cargo.toml", kill_on_drop: false }`
[INFO] [stderr]  Downloading crates ...
[INFO] [stderr]   Downloaded polars-time v0.35.4
[INFO] [stderr]   Downloaded streaming-decompression v0.1.2
[INFO] [stderr]   Downloaded polars-sql v0.36.2
[INFO] [stderr]   Downloaded polars-parquet v0.36.2
[INFO] [stderr]   Downloaded color-print-proc-macro v0.3.5
[INFO] [stderr]   Downloaded etop-format v0.1.1
[INFO] [stderr]   Downloaded polars-error v0.36.2
[INFO] [stderr]   Downloaded multiversion v0.7.3
[INFO] [stderr]   Downloaded polars-time v0.36.2
[INFO] [stderr]   Downloaded polars-core v0.36.2
[INFO] [stderr]   Downloaded polars-plan v0.36.2
[INFO] [stderr]   Downloaded sysinfo v0.30.5
[INFO] [stderr]   Downloaded polars-arrow v0.35.4
[INFO] [stderr]   Downloaded polars-core v0.35.4
[INFO] [stderr]   Downloaded polars-lazy v0.36.2
[INFO] [stderr]   Downloaded polars-json v0.36.2
[INFO] [stderr]   Downloaded windows v0.52.0
[INFO] [stderr]   Downloaded cryo_to_df v0.3.2
[INFO] [stderr]   Downloaded mesc v0.1.4
[INFO] [stderr]   Downloaded cryo_freeze v0.3.2
[INFO] [stderr]   Downloaded cryo_cli v0.3.2
[INFO] [stderr]   Downloaded polars-io v0.36.2
[INFO] [stderr]   Downloaded polars-compute v0.36.2
[INFO] [stderr]   Downloaded value-trait v0.8.1
[INFO] [stderr]   Downloaded simd-json v0.13.8
[INFO] [stderr]   Downloaded parquet-format-safe v0.2.4
[INFO] [stderr]   Downloaded polars v0.35.4
[INFO] [stderr]   Downloaded polars-plan v0.35.4
[INFO] [stderr]   Downloaded argminmax v0.6.1
[INFO] [stderr]   Downloaded polars-io v0.35.4
[INFO] [stderr]   Downloaded clap_builder_cryo v4.3.21-cryo
[INFO] [stderr]   Downloaded governor v0.6.0
[INFO] [stderr]   Downloaded polars-ops v0.36.2
[INFO] [stderr]   Downloaded polars-pipe v0.35.4
[INFO] [stderr]   Downloaded polars-lazy v0.35.4
[INFO] [stderr]   Downloaded polars-json v0.35.4
[INFO] [stderr]   Downloaded xxhash-rust v0.8.8
[INFO] [stderr]   Downloaded polars-utils v0.35.4
[INFO] [stderr]   Downloaded clap_cryo v4.3.21-cryo
[INFO] [stderr]   Downloaded polars v0.36.2
[INFO] [stderr]   Downloaded fast-float v0.2.0
[INFO] [stderr]   Downloaded polars-ops v0.35.4
[INFO] [stderr]   Downloaded polars-sql v0.35.4
[INFO] [stderr]   Downloaded polars-error v0.35.4
[INFO] [stderr]   Downloaded halfbrown v0.2.4
[INFO] [stderr]   Downloaded atoi_simd v0.15.6
[INFO] [stderr]   Downloaded anstyle-wincon v1.0.2
[INFO] [stderr]   Downloaded clap_lex_cryo v0.5.0
[INFO] [stderr]   Downloaded color-print v0.3.5
[INFO] [stderr]   Downloaded polars-utils v0.36.2
[INFO] [stderr]   Downloaded polars-row v0.35.4
[INFO] [stderr]   Downloaded mach2 v0.4.2
[INFO] [stderr]   Downloaded now v0.1.3
[INFO] [stderr]   Downloaded prefix-hex v0.7.1
[INFO] [stderr]   Downloaded thousands v0.2.0
[INFO] [stderr]   Downloaded unicode-truncate v0.2.0
[INFO] [stderr]   Downloaded foreign_vec v0.1.0
[INFO] [stderr]   Downloaded target-features v0.1.5
[INFO] [stderr]   Downloaded ethers v2.0.13
[INFO] [stderr]   Downloaded arrow-format v0.8.1
[INFO] [stderr]   Downloaded polars-parquet v0.35.4
[INFO] [stderr]   Downloaded multiversion-macros v0.7.3
[INFO] [stderr]   Downloaded clap_derive_cryo v4.3.12
[INFO] [stderr]   Downloaded polars-pipe v0.36.2
[INFO] [stderr]   Downloaded polars-arrow v0.36.2
[INFO] [stderr]   Downloaded polars-row v0.36.2
[INFO] running `Command { std: "docker" "create" "-v" "/var/lib/crater-agent-workspace/builds/worker-0-tc1/target:/opt/rustwide/target:rw,Z" "-v" "/var/lib/crater-agent-workspace/builds/worker-0-tc1/source:/opt/rustwide/workdir:ro,Z" "-v" "/var/lib/crater-agent-workspace/cargo-home:/opt/rustwide/cargo-home:ro,Z" "-v" "/var/lib/crater-agent-workspace/rustup-home:/opt/rustwide/rustup-home:ro,Z" "-e" "SOURCE_DIR=/opt/rustwide/workdir" "-e" "CARGO_TARGET_DIR=/opt/rustwide/target" "-e" "CARGO_HOME=/opt/rustwide/cargo-home" "-e" "RUSTUP_HOME=/opt/rustwide/rustup-home" "-w" "/opt/rustwide/workdir" "-m" "1610612736" "--user" "0:0" "--network" "none" "ghcr.io/rust-lang/crates-build-env/linux@sha256:2788e3201cd34a07e3172128adcd8b3090168a8e3bcc40d7c032b9dda1df7d1c" "/opt/rustwide/cargo-home/bin/cargo" "+nightly-2024-02-05" "metadata" "--no-deps" "--format-version=1", kill_on_drop: false }`
[INFO] [stdout] dff829b59559ded9d7ea31019ce275fa4d14bb0b53887a6ec87c05561154dd29
[INFO] running `Command { std: "docker" "start" "-a" "dff829b59559ded9d7ea31019ce275fa4d14bb0b53887a6ec87c05561154dd29", kill_on_drop: false }`
[INFO] running `Command { std: "docker" "inspect" "dff829b59559ded9d7ea31019ce275fa4d14bb0b53887a6ec87c05561154dd29", kill_on_drop: false }`
[INFO] running `Command { std: "docker" "rm" "-f" "dff829b59559ded9d7ea31019ce275fa4d14bb0b53887a6ec87c05561154dd29", kill_on_drop: false }`
[INFO] [stdout] dff829b59559ded9d7ea31019ce275fa4d14bb0b53887a6ec87c05561154dd29
[INFO] running `Command { std: "docker" "create" "-v" "/var/lib/crater-agent-workspace/builds/worker-0-tc1/target:/opt/rustwide/target:rw,Z" "-v" "/var/lib/crater-agent-workspace/builds/worker-0-tc1/source:/opt/rustwide/workdir:ro,Z" "-v" "/var/lib/crater-agent-workspace/cargo-home:/opt/rustwide/cargo-home:ro,Z" "-v" "/var/lib/crater-agent-workspace/rustup-home:/opt/rustwide/rustup-home:ro,Z" "-e" "SOURCE_DIR=/opt/rustwide/workdir" "-e" "CARGO_TARGET_DIR=/opt/rustwide/target" "-e" "CARGO_INCREMENTAL=0" "-e" "RUST_BACKTRACE=full" "-e" "RUSTFLAGS=--cap-lints=forbid" "-e" "RUSTDOCFLAGS=--cap-lints=forbid" "-e" "CARGO_HOME=/opt/rustwide/cargo-home" "-e" "RUSTUP_HOME=/opt/rustwide/rustup-home" "-w" "/opt/rustwide/workdir" "-m" "1610612736" "--user" "0:0" "--network" "none" "ghcr.io/rust-lang/crates-build-env/linux@sha256:2788e3201cd34a07e3172128adcd8b3090168a8e3bcc40d7c032b9dda1df7d1c" "/opt/rustwide/cargo-home/bin/cargo" "+nightly-2024-02-05" "check" "--frozen" "--all" "--all-targets" "--message-format=json", kill_on_drop: false }`
[INFO] [stdout] a2aa350b1c637f1cc7210d8e7e76b2ba6d94f95dc0117ba98d25ca26c73dff42
[INFO] running `Command { std: "docker" "start" "-a" "a2aa350b1c637f1cc7210d8e7e76b2ba6d94f95dc0117ba98d25ca26c73dff42", kill_on_drop: false }`
[INFO] [stderr]    Compiling syn v1.0.109
[INFO] [stderr]     Checking either v1.9.0
[INFO] [stderr]    Compiling syn v2.0.48
[INFO] [stderr]    Compiling indexmap v2.2.2
[INFO] [stderr]     Checking ahash v0.8.7
[INFO] [stderr]     Checking futures-channel v0.3.30
[INFO] [stderr]     Checking futures-task v0.3.30
[INFO] [stderr]     Checking rand v0.8.5
[INFO] [stderr]     Checking array-init-cursor v0.2.0
[INFO] [stderr]    Compiling serde_json v1.0.113
[INFO] [stderr]    Compiling target-features v0.1.5
[INFO] [stderr]     Checking simdutf8 v0.1.4
[INFO] [stderr]    Compiling smartstring v1.0.1
[INFO] [stderr]    Compiling crunchy v0.2.2
[INFO] [stderr]     Checking strength_reduce v0.2.4
[INFO] [stderr]     Checking fast-float v0.2.0
[INFO] [stderr]     Checking planus v0.3.1
[INFO] [stderr]     Checking streaming-iterator v0.1.9
[INFO] [stderr]     Checking rayon v1.8.1
[INFO] [stderr]     Checking atoi_simd v0.15.6
[INFO] [stderr]     Checking foreign_vec v0.1.0
[INFO] [stderr]     Checking ethnum v1.5.0
[INFO] [stderr]    Compiling zstd-sys v2.0.9+zstd.1.5.5
[INFO] [stderr]    Compiling tiny-keccak v2.0.2
[INFO] [stderr]    Compiling zeroize v1.7.0
[INFO] [stderr]    Compiling lz4-sys v1.9.4
[INFO] [stderr]    Compiling zstd-safe v7.0.0
[INFO] [stderr]    Compiling subtle v2.5.0
[INFO] [stderr]    Compiling const-oid v0.9.6
[INFO] [stderr]    Compiling generic-array v0.14.7
[INFO] [stderr]     Checking lexical-util v0.8.5
[INFO] [stderr]     Checking rustc-hex v2.1.0
[INFO] [stderr]     Checking crossterm v0.27.0
[INFO] [stderr]    Compiling semver v1.0.21
[INFO] [stderr]    Compiling camino v1.1.6
[INFO] [stderr]     Checking byte-slice-cast v1.2.2
[INFO] [stderr]    Compiling ring v0.17.7
[INFO] [stderr]     Checking xxhash-rust v0.8.8
[INFO] [stderr]    Compiling rustix v0.38.31
[INFO] [stderr]     Checking sha3 v0.10.8
[INFO] [stderr]     Checking hashbrown v0.13.2
[INFO] [stderr]    Compiling polars-utils v0.36.2
[INFO] [stderr]     Checking rand_distr v0.4.3
[INFO] [stderr]     Checking fallible-streaming-iterator v0.1.9
[INFO] [stderr]     Checking alloc-no-stdlib v2.0.4
[INFO] [stderr]    Compiling ref-cast v1.0.22
[INFO] [stderr]    Compiling block-buffer v0.10.4
[INFO] [stderr]    Compiling crypto-common v0.1.6
[INFO] [stderr]     Checking fixed-hash v0.8.0
[INFO] [stderr]     Checking alloc-stdlib v0.2.2
[INFO] [stderr]     Checking float-cmp v0.9.0
[INFO] [stderr]     Checking argminmax v0.6.1
[INFO] [stderr]    Compiling digest v0.10.7
[INFO] [stderr]     Checking sysinfo v0.30.5
[INFO] [stderr]    Compiling polars-arrow v0.36.2
[INFO] [stderr]    Compiling wasm-bindgen-shared v0.2.90
[INFO] [stderr]    Compiling snap v1.1.1
[INFO] [stderr]    Compiling arrayvec v0.7.4
[INFO] [stderr]     Checking lexical-write-integer v0.8.5
[INFO] [stderr]     Checking lexical-parse-integer v0.8.6
[INFO] [stderr]     Checking miniz_oxide v0.7.2
[INFO] [stderr]     Checking lexical-parse-float v0.8.5
[INFO] [stderr]     Checking brotli-decompressor v2.5.1
[INFO] [stderr]     Checking lexical-write-float v0.8.5
[INFO] [stderr]     Checking ecdsa v0.16.9
[INFO] [stderr]     Checking uint v0.9.5
[INFO] [stderr]    Compiling static_assertions v1.1.0
[INFO] [stderr]     Checking streaming-decompression v0.1.2
[INFO] [stderr]     Checking atoi v2.0.0
[INFO] [stderr]    Compiling polars-utils v0.35.4
[INFO] [stderr]    Compiling seq-macro v0.3.5
[INFO] [stderr]    Compiling bumpalo v3.14.0
[INFO] [stderr]    Compiling hex v0.4.3
[INFO] [stderr]    Compiling rustls v0.21.10
[INFO] [stderr]    Compiling der v0.7.8
[INFO] [stderr]     Checking lexical-core v0.8.5
[INFO] [stderr]    Compiling ff v0.13.0
[INFO] [stderr]     Checking flate2 v1.0.28
[INFO] [stderr]     Checking k256 v0.13.3
[INFO] [stderr]     Checking memmap2 v0.7.1
[INFO] [stderr]    Compiling polars-compute v0.36.2
[INFO] [stderr]     Checking unicode-bidi v0.3.15
[INFO] [stderr]    Compiling base16ct v0.2.0
[INFO] [stderr]    Compiling wasm-bindgen v0.2.90
[INFO] [stderr]     Checking home v0.5.9
[INFO] [stderr]     Checking hashbrown v0.14.3
[INFO] [stderr]    Compiling group v0.13.0
[INFO] [stderr]    Compiling hmac v0.12.1
[INFO] [stderr]    Compiling crypto-bigint v0.5.5
[INFO] [stderr]     Checking const-hex v1.10.0
[INFO] [stderr]     Checking inout v0.1.3
[INFO] [stderr]    Compiling polars-core v0.36.2
[INFO] [stderr]    Compiling num-integer v0.1.45
[INFO] [stderr]    Compiling prettyplease v0.2.16
[INFO] [stderr]     Checking brotli v3.4.0
[INFO] [stderr]     Checking idna v0.5.0
[INFO] [stderr]     Checking try-lock v0.2.5
[INFO] [stderr]     Checking unicode-xid v0.2.4
[INFO] [stderr]    Compiling eyre v0.6.12
[INFO] [stderr]     Checking want v0.3.1
[INFO] [stderr]     Checking cipher v0.4.4
[INFO] [stderr]    Compiling num-traits v0.2.17
[INFO] [stderr]    Compiling rfc6979 v0.4.0
[INFO] [stderr]    Compiling signature v2.2.0
[INFO] [stderr]    Compiling num-bigint v0.4.4
[INFO] [stderr]    Compiling sec1 v0.7.3
[INFO] [stderr]    Compiling spki v0.7.3
[INFO] [stderr]    Compiling polars-ops v0.36.2
[INFO] [stderr]    Compiling linux-raw-sys v0.4.13
[INFO] [stderr]     Checking url v2.5.0
[INFO] [stderr]    Compiling num-conv v0.1.0
[INFO] [stderr]     Checking httpdate v1.0.3
[INFO] [stderr]    Compiling bitflags v2.4.2
[INFO] [stderr]    Compiling time-core v0.1.2
[INFO] [stderr]    Compiling keccak v0.1.5
[INFO] [stderr]     Checking tempfile v3.10.0
[INFO] [stderr]    Compiling time-macros v0.2.17
[INFO] [stderr]    Compiling sha2 v0.10.8
[INFO] [stderr]    Compiling ring v0.16.20
[INFO] [stderr]    Compiling polars-core v0.35.4
[INFO] [stderr]     Checking webpki-roots v0.25.4
[INFO] [stderr]    Compiling wasm-bindgen-backend v0.2.90
[INFO] [stderr]    Compiling fastrand v2.0.1
[INFO] [stderr]    Compiling radium v0.7.0
[INFO] [stderr]     Checking bs58 v0.5.0
[INFO] [stderr]     Checking sha1 v0.10.6
[INFO] [stderr]     Checking ripemd v0.1.3
[INFO] [stderr]    Compiling elliptic-curve v0.13.8
[INFO] [stderr]    Compiling polars-ops v0.35.4
[INFO] [stderr]     Checking encoding_rs v0.8.33
[INFO] [stderr]     Checking base64 v0.13.1
[INFO] [stderr]    Compiling chrono v0.4.33
[INFO] [stderr]     Checking winnow v0.5.37
[INFO] [stderr]     Checking send_wrapper v0.4.0
[INFO] [stderr]     Checking tap v1.0.1
[INFO] [stderr]     Checking ipnet v2.9.0
[INFO] [stderr]    Compiling indenter v0.3.3
[INFO] [stderr]     Checking sync_wrapper v0.1.2
[INFO] [stderr]     Checking utf-8 v0.7.6
[INFO] [stderr]     Checking mime v0.3.17
[INFO] [stderr]    Compiling Inflector v0.11.4
[INFO] [stderr]     Checking wyz v0.5.1
[INFO] [stderr]    Compiling wasm-bindgen-macro-support v0.2.90
[INFO] [stderr]     Checking pem v1.1.1
[INFO] [stderr]     Checking salsa20 v0.10.2
[INFO] [stderr]     Checking pbkdf2 v0.11.0
[INFO] [stderr]    Compiling polars-plan v0.36.2
[INFO] [stderr]     Checking glob v0.3.1
[INFO] [stderr]    Compiling dunce v1.0.4
[INFO] [stderr]     Checking funty v2.0.0
[INFO] [stderr]     Checking time v0.3.34
[INFO] [stderr]     Checking scrypt v0.10.0
[INFO] [stderr]     Checking hashers v1.0.1
[INFO] [stderr]     Checking aes v0.8.3
[INFO] [stderr]     Checking ctr v0.9.2
[INFO] [stderr]     Checking pbkdf2 v0.12.2
[INFO] [stderr]    Compiling polars-pipe v0.36.2
[INFO] [stderr]     Checking crossbeam-channel v0.5.11
[INFO] [stderr]     Checking crossbeam-queue v0.3.11
[INFO] [stderr]     Checking bitvec v1.0.1
[INFO] [stderr]    Compiling polars-lazy v0.36.2
[INFO] [stderr]    Compiling polars-plan v0.35.4
[INFO] [stderr]    Compiling portable-atomic v1.6.0
[INFO] [stderr]     Checking raw-cpuid v10.7.0
[INFO] [stderr]     Checking anstyle-parse v0.2.3
[INFO] [stderr]     Checking is-terminal v0.4.10
[INFO] [stderr]     Checking futures-locks v0.7.1
[INFO] [stderr]    Compiling polars v0.36.2
[INFO] [stderr]    Compiling polars-lazy v0.35.4
[INFO] [stderr]     Checking anstyle v1.0.6
[INFO] [stderr]     Checking anstyle-query v1.0.2
[INFO] [stderr]     Checking console v0.15.8
[INFO] [stderr]     Checking dashmap v5.5.3
[INFO] [stderr]    Compiling polars v0.35.4
[INFO] [stderr]     Checking clap_lex_cryo v0.5.0
[INFO] [stderr]     Checking anstream v0.3.2
[INFO] [stderr]    Compiling serde_derive v1.0.196
[INFO] [stderr]    Compiling thiserror-impl v1.0.56
[INFO] [stderr]    Compiling futures-macro v0.3.30
[INFO] [stderr]    Compiling strum_macros v0.25.3
[INFO] [stderr]    Compiling bytemuck_derive v1.5.0
[INFO] [stderr]    Compiling async-trait v0.1.77
[INFO] [stderr]    Compiling tokio-macros v2.2.0
[INFO] [stderr]    Compiling tracing-attributes v0.1.27
[INFO] [stderr]    Compiling ref-cast-impl v1.0.22
[INFO] [stderr]    Compiling auto_impl v1.1.2
[INFO] [stderr]    Compiling wasm-bindgen-macro v0.2.90
[INFO] [stderr]    Compiling async-stream-impl v0.3.5
[INFO] [stderr]    Compiling pin-project-internal v1.1.4
[INFO] [stderr]    Compiling enum_dispatch v0.3.12
[INFO] [stderr]     Checking quanta v0.11.1
[INFO] [stderr]     Checking async-stream v0.3.5
[INFO] [stderr]    Compiling cryo_freeze v0.3.2
[INFO] [stderr]     Checking no-std-compat v0.4.1
[INFO] [stderr]     Checking futures-util v0.3.30
[INFO] [stderr]     Checking nonzero_ext v0.3.0
[INFO] [stderr]     Checking number_prefix v0.4.0
[INFO] [stderr]     Checking bytemuck v1.14.1
[INFO] [stderr]     Checking clap_builder_cryo v4.3.21-cryo
[INFO] [stderr]    Compiling clap_derive_cryo v4.3.12
[INFO] [stderr]     Checking prefix-hex v0.7.1
[INFO] [stderr]     Checking indicatif v0.17.7
[INFO] [stderr]     Checking heck v0.4.1
[INFO] [stderr]     Checking thousands v0.2.0
[INFO] [stderr]     Checking unicode-truncate v0.2.0
[INFO] [stderr]    Compiling impl-trait-for-tuples v0.2.2
[INFO] [stderr]    Compiling rlp-derive v0.1.0
[INFO] [stderr]    Compiling multiversion-macros v0.7.3
[INFO] [stderr]    Compiling derive_more v0.99.17
[INFO] [stderr]    Compiling color-print-proc-macro v0.3.5
[INFO] [stderr]     Checking js-sys v0.3.67
[INFO] [stderr]     Checking thiserror v1.0.56
[INFO] [stderr]     Checking simple_asn1 v0.6.2
[INFO] [stderr]    Compiling cryo_to_df v0.3.2
[INFO] [stderr]     Checking tracing v0.1.40
[INFO] [stderr]     Checking pin-project v1.1.4
[INFO] [stderr]     Checking tracing-futures v0.2.5
[INFO] [stderr]     Checking strum v0.25.0
[INFO] [stderr]     Checking comfy-table v7.1.0
[INFO] [stderr]     Checking color-print v0.3.5
[INFO] [stderr]     Checking multiversion v0.7.3
[INFO] [stderr]     Checking futures-executor v0.3.30
[INFO] [stderr]     Checking serde v1.0.196
[INFO] [stderr]     Checking futures v0.3.30
[INFO] [stderr]     Checking clap_cryo v4.3.21-cryo
[INFO] [stderr]     Checking parquet-format-safe v0.2.4
[INFO] [stderr]     Checking gloo-timers v0.2.6
[INFO] [stderr]     Checking futures-timer v3.0.2
[INFO] [stderr]     Checking governor v0.6.0
[INFO] [stderr]     Checking sct v0.7.1
[INFO] [stderr]     Checking rustls-webpki v0.101.7
[INFO] [stderr]     Checking bytes v1.5.0
[INFO] [stderr]     Checking arrow-format v0.8.1
[INFO] [stderr]     Checking impl-serde v0.4.0
[INFO] [stderr]     Checking halfbrown v0.2.4
[INFO] [stderr]     Checking cargo-platform v0.1.6
[INFO] [stderr]     Checking toml_datetime v0.6.5
[INFO] [stderr]     Checking serde_spanned v0.6.5
[INFO] [stderr]     Checking serde_urlencoded v0.7.1
[INFO] [stderr]     Checking coins-core v0.8.7
[INFO] [stderr]     Checking uuid v0.8.2
[INFO] [stderr]     Checking toml_edit v0.22.4
[INFO] [stderr]     Checking value-trait v0.8.1
[INFO] [stderr]     Checking tokio v1.36.0
[INFO] [stderr]     Checking rlp v0.5.2
[INFO] [stderr]     Checking http v0.2.11
[INFO] [stderr]     Checking coins-bip32 v0.8.7
[INFO] [stderr]     Checking impl-rlp v0.3.0
[INFO] [stderr]     Checking enr v0.9.1
[INFO] [stderr]     Checking cargo_metadata v0.18.1
[INFO] [stderr]     Checking simd-json v0.13.8
[INFO] [stderr]     Checking jsonwebtoken v8.3.0
[INFO] [stderr]     Checking coins-bip39 v0.8.7
[INFO] [stderr]     Checking now v0.1.3
[INFO] [stderr]    Compiling toml_edit v0.20.7
[INFO] [stderr]    Compiling toml_edit v0.19.15
[INFO] [stderr]    Compiling toml_edit v0.21.1
[INFO] [stderr]     Checking http-body v0.4.6
[INFO] [stderr]    Compiling open-fastrlp-derive v0.1.1
[INFO] [stderr]     Checking polars-error v0.36.2
[INFO] [stderr]     Checking polars-error v0.35.4
[INFO] [stderr]     Checking tungstenite v0.20.1
[INFO] [stderr]     Checking toml v0.8.10
[INFO] [stderr]     Checking eth-keystore v0.5.0
[INFO] [stderr]     Checking mesc v0.1.4
[INFO] [stderr]     Checking polars-arrow v0.35.4
[INFO] [stderr]     Checking lz4 v1.24.0
[INFO] [stderr]     Checking zstd v0.13.0
[INFO] [stderr]    Compiling proc-macro-crate v1.3.1
[INFO] [stderr]    Compiling proc-macro-crate v2.0.0
[INFO] [stderr]    Compiling proc-macro-crate v3.1.0
[INFO] [stderr]    Compiling scale-info-derive v2.10.0
[INFO] [stderr]    Compiling parity-scale-codec-derive v3.6.9
[INFO] [stderr]    Compiling num_enum_derive v0.7.2
[INFO] [stderr]     Checking tokio-util v0.7.10
[INFO] [stderr]     Checking tokio-rustls v0.24.1
[INFO] [stderr]     Checking tokio-tungstenite v0.20.1
[INFO] [stderr]     Checking h2 v0.3.24
[INFO] [stderr]     Checking num_enum v0.7.2
[INFO] [stderr]     Checking parity-scale-codec v3.6.9
[INFO] [stderr]     Checking scale-info v2.10.0
[INFO] [stderr]     Checking impl-codec v0.6.0
[INFO] [stderr]     Checking hyper v0.14.28
[INFO] [stderr]     Checking ethbloom v0.13.0
[INFO] [stderr]     Checking primitive-types v0.12.2
[INFO] [stderr]     Checking ethereum-types v0.14.1
[INFO] [stderr]     Checking polars-row v0.36.2
[INFO] [stderr]     Checking polars-json v0.36.2
[INFO] [stderr]     Checking polars-parquet v0.36.2
[INFO] [stderr]     Checking ethabi v18.0.0
[INFO] [stderr]     Checking open-fastrlp v0.1.4
[INFO] [stderr]     Checking polars-row v0.35.4
[INFO] [stderr]     Checking polars-json v0.35.4
[INFO] [stderr]     Checking polars-parquet v0.35.4
[INFO] [stderr]     Checking hyper-rustls v0.24.2
[INFO] [stderr]     Checking reqwest v0.11.24
[INFO] [stderr]     Checking ethers-core v2.0.13
[INFO] [stderr]     Checking ethers-providers v2.0.13
[INFO] [stderr]     Checking ethers-contract-abigen v2.0.13
[INFO] [stderr]     Checking ethers-etherscan v2.0.13
[INFO] [stderr]     Checking ethers-signers v2.0.13
[INFO] [stderr]     Checking ethers-addressbook v2.0.13
[INFO] [stderr]     Checking polars-time v0.36.2
[INFO] [stderr]     Checking polars-time v0.35.4
[INFO] [stderr]     Checking polars-io v0.36.2
[INFO] [stderr]     Checking polars-io v0.35.4
[INFO] [stderr]    Compiling ethers-contract-derive v2.0.13
[INFO] [stderr]     Checking etop-format v0.1.1
[INFO] [stderr]     Checking ethers-contract v2.0.13
[INFO] [stderr]     Checking ethers-middleware v2.0.13
[INFO] [stderr]     Checking ethers v2.0.13
[INFO] [stderr]     Checking cryo_cli v0.3.2
[INFO] [stderr]     Checking etop-core v0.1.1 (/opt/rustwide/workdir)
[INFO] [stdout] error[E0609]: no field `fetcher` on type `Arc<Source>`
[INFO] [stdout]   --> src/types/query.rs:44:57
[INFO] [stdout]    |
[INFO] [stdout] 44 |         let query = cryo_cli::parse_query(&args, source.fetcher.clone())
[INFO] [stdout]    |                                                         ^^^^^^^ unknown field
[INFO] [stdout]    |
[INFO] [stdout]    = note: available fields are: `provider`, `chain_id`, `inner_request_size`, `max_concurrent_chunks`, `rpc_url` ... and 3 others
[INFO] [stdout] 
[INFO] [stdout] 
[INFO] [stdout] error[E0609]: no field `fetcher` on type `Arc<Source>`
[INFO] [stdout]   --> src/types/query.rs:44:57
[INFO] [stdout]    |
[INFO] [stdout] 44 |         let query = cryo_cli::parse_query(&args, source.fetcher.clone())
[INFO] [stdout]    |                                                         ^^^^^^^ unknown field
[INFO] [stdout]    |
[INFO] [stdout]    = note: available fields are: `provider`, `chain_id`, `inner_request_size`, `max_concurrent_chunks`, `rpc_url` ... and 3 others
[INFO] [stdout] 
[INFO] [stdout] 
[INFO] [stdout] error[E0308]: mismatched types
[INFO] [stdout]    --> src/types/query.rs:48:9
[INFO] [stdout]     |
[INFO] [stdout] 48  |         cryo_freeze::collect(query, source.clone()).await.map_err(EtopError::CryoError)
[INFO] [stdout]     |         ^^^^^^^^^^^^^^^^^^^^^^^^^^^^^^^^^^^^^^^^^^^^^^^^^^^^^^^^^^^^^^^^^^^^^^^^^^^^^^^ expected `polars::prelude::DataFrame`, found `polars_core::frame::DataFrame`
[INFO] [stdout]     |
[INFO] [stdout]     = note: `polars_core::frame::DataFrame` and `polars::prelude::DataFrame` have similar names, but are actually distinct types
[INFO] [stdout] note: `polars_core::frame::DataFrame` is defined in crate `polars_core`
[INFO] [stdout]    --> /opt/rustwide/cargo-home/registry/src/index.crates.io-6f17d22bba15001f/polars-core-0.36.2/src/frame/mod.rs:137:1
[INFO] [stdout]     |
[INFO] [stdout] 137 | pub struct DataFrame {
[INFO] [stdout]     | ^^^^^^^^^^^^^^^^^^^^
[INFO] [stdout] note: `polars::prelude::DataFrame` is defined in crate `polars_core`
[INFO] [stdout]    --> /opt/rustwide/cargo-home/registry/src/index.crates.io-6f17d22bba15001f/polars-core-0.35.4/src/frame/mod.rs:140:1
[INFO] [stdout]     |
[INFO] [stdout] 140 | pub struct DataFrame {
[INFO] [stdout]     | ^^^^^^^^^^^^^^^^^^^^
[INFO] [stdout]     = note: perhaps two different versions of crate `polars_core` are being used?
[INFO] [stdout] 
[INFO] [stdout] 
[INFO] [stdout] error[E0308]: mismatched types
[INFO] [stdout]    --> src/types/query.rs:48:9
[INFO] [stdout]     |
[INFO] [stdout] 48  |         cryo_freeze::collect(query, source.clone()).await.map_err(EtopError::CryoError)
[INFO] [stdout]     |         ^^^^^^^^^^^^^^^^^^^^^^^^^^^^^^^^^^^^^^^^^^^^^^^^^^^^^^^^^^^^^^^^^^^^^^^^^^^^^^^ expected `polars::prelude::DataFrame`, found `polars_core::frame::DataFrame`
[INFO] [stdout]     |
[INFO] [stdout]     = note: `polars_core::frame::DataFrame` and `polars::prelude::DataFrame` have similar names, but are actually distinct types
[INFO] [stdout] note: `polars_core::frame::DataFrame` is defined in crate `polars_core`
[INFO] [stdout]    --> /opt/rustwide/cargo-home/registry/src/index.crates.io-6f17d22bba15001f/polars-core-0.36.2/src/frame/mod.rs:137:1
[INFO] [stdout]     |
[INFO] [stdout] 137 | pub struct DataFrame {
[INFO] [stdout]     | ^^^^^^^^^^^^^^^^^^^^
[INFO] [stdout] note: `polars::prelude::DataFrame` is defined in crate `polars_core`
[INFO] [stdout]    --> /opt/rustwide/cargo-home/registry/src/index.crates.io-6f17d22bba15001f/polars-core-0.35.4/src/frame/mod.rs:140:1
[INFO] [stdout]     |
[INFO] [stdout] 140 | pub struct DataFrame {
[INFO] [stdout]     | ^^^^^^^^^^^^^^^^^^^^
[INFO] [stdout]     = note: perhaps two different versions of crate `polars_core` are being used?
[INFO] [stdout] 
[INFO] [stdout] 
[INFO] [stdout] error: aborting due to 2 previous errors
[INFO] [stdout] 
[INFO] [stdout] 
[INFO] [stdout] Some errors have detailed explanations: E0308, E0609.
[INFO] [stdout] 
[INFO] [stdout] For more information about an error, try `rustc --explain E0308`.
[INFO] [stdout] 
[INFO] [stdout] error: aborting due to 2 previous errors
[INFO] [stdout] 
[INFO] [stdout] 
[INFO] [stdout] Some errors have detailed explanations: E0308, E0609.
[INFO] [stdout] 
[INFO] [stdout] For more information about an error, try `rustc --explain E0308`.
[INFO] [stdout] 
[INFO] [stderr] error: could not compile `etop-core` (lib) due to 3 previous errors
[INFO] [stderr] warning: build failed, waiting for other jobs to finish...
[INFO] [stderr] error: could not compile `etop-core` (lib test) due to 3 previous errors
[INFO] running `Command { std: "docker" "inspect" "a2aa350b1c637f1cc7210d8e7e76b2ba6d94f95dc0117ba98d25ca26c73dff42", kill_on_drop: false }`
[INFO] running `Command { std: "docker" "rm" "-f" "a2aa350b1c637f1cc7210d8e7e76b2ba6d94f95dc0117ba98d25ca26c73dff42", kill_on_drop: false }`
[INFO] [stdout] a2aa350b1c637f1cc7210d8e7e76b2ba6d94f95dc0117ba98d25ca26c73dff42
[INFO] checking etop-core-0.1.1 against nightly-2024-02-05+rustflags=-Dunexpected_cfgs+cargoflags=-Zcheck-cfg for check-cfg
[INFO] extracting crate etop-core 0.1.1 into /workspace/builds/worker-0-tc2/source
[INFO] validating manifest of crates.io crate etop-core 0.1.1 on toolchain nightly-2024-02-05
[INFO] running `Command { std: CARGO_HOME="/workspace/cargo-home" RUSTUP_HOME="/workspace/rustup-home" "/workspace/cargo-home/bin/cargo" "+nightly-2024-02-05" "metadata" "--manifest-path" "Cargo.toml" "--no-deps", kill_on_drop: false }`
[INFO] started tweaking crates.io crate etop-core 0.1.1
[INFO] finished tweaking crates.io crate etop-core 0.1.1
[INFO] tweaked toml for crates.io crate etop-core 0.1.1 written to /workspace/builds/worker-0-tc2/source/Cargo.toml
[INFO] running `Command { std: CARGO_HOME="/workspace/cargo-home" RUSTUP_HOME="/workspace/rustup-home" "/workspace/cargo-home/bin/cargo" "+nightly-2024-02-05" "generate-lockfile" "--manifest-path" "Cargo.toml", kill_on_drop: false }`
[INFO] [stderr]     Updating crates.io index
[INFO] running `Command { std: CARGO_HOME="/workspace/cargo-home" RUSTUP_HOME="/workspace/rustup-home" "/workspace/cargo-home/bin/cargo" "+nightly-2024-02-05" "fetch" "--manifest-path" "Cargo.toml", kill_on_drop: false }`
[INFO] running `Command { std: "docker" "create" "-v" "/var/lib/crater-agent-workspace/builds/worker-0-tc2/target:/opt/rustwide/target:rw,Z" "-v" "/var/lib/crater-agent-workspace/builds/worker-0-tc2/source:/opt/rustwide/workdir:ro,Z" "-v" "/var/lib/crater-agent-workspace/cargo-home:/opt/rustwide/cargo-home:ro,Z" "-v" "/var/lib/crater-agent-workspace/rustup-home:/opt/rustwide/rustup-home:ro,Z" "-e" "SOURCE_DIR=/opt/rustwide/workdir" "-e" "CARGO_TARGET_DIR=/opt/rustwide/target" "-e" "CARGO_HOME=/opt/rustwide/cargo-home" "-e" "RUSTUP_HOME=/opt/rustwide/rustup-home" "-w" "/opt/rustwide/workdir" "-m" "1610612736" "--user" "0:0" "--network" "none" "ghcr.io/rust-lang/crates-build-env/linux@sha256:2788e3201cd34a07e3172128adcd8b3090168a8e3bcc40d7c032b9dda1df7d1c" "/opt/rustwide/cargo-home/bin/cargo" "+nightly-2024-02-05" "metadata" "--no-deps" "--format-version=1", kill_on_drop: false }`
[INFO] [stdout] 0e041190a3d580cce3a4fbe72b53fe031e952f5c7a859db93ff5f97229478159
[INFO] running `Command { std: "docker" "start" "-a" "0e041190a3d580cce3a4fbe72b53fe031e952f5c7a859db93ff5f97229478159", kill_on_drop: false }`
[INFO] running `Command { std: "docker" "inspect" "0e041190a3d580cce3a4fbe72b53fe031e952f5c7a859db93ff5f97229478159", kill_on_drop: false }`
[INFO] running `Command { std: "docker" "rm" "-f" "0e041190a3d580cce3a4fbe72b53fe031e952f5c7a859db93ff5f97229478159", kill_on_drop: false }`
[INFO] [stdout] 0e041190a3d580cce3a4fbe72b53fe031e952f5c7a859db93ff5f97229478159
[INFO] running `Command { std: "docker" "create" "-v" "/var/lib/crater-agent-workspace/builds/worker-0-tc2/target:/opt/rustwide/target:rw,Z" "-v" "/var/lib/crater-agent-workspace/builds/worker-0-tc2/source:/opt/rustwide/workdir:ro,Z" "-v" "/var/lib/crater-agent-workspace/cargo-home:/opt/rustwide/cargo-home:ro,Z" "-v" "/var/lib/crater-agent-workspace/rustup-home:/opt/rustwide/rustup-home:ro,Z" "-e" "SOURCE_DIR=/opt/rustwide/workdir" "-e" "CARGO_TARGET_DIR=/opt/rustwide/target" "-e" "CARGO_INCREMENTAL=0" "-e" "RUST_BACKTRACE=full" "-e" "RUSTFLAGS=--cap-lints=forbid -Dunexpected_cfgs" "-e" "RUSTDOCFLAGS=--cap-lints=forbid" "-e" "CARGO_HOME=/opt/rustwide/cargo-home" "-e" "RUSTUP_HOME=/opt/rustwide/rustup-home" "-w" "/opt/rustwide/workdir" "-m" "1610612736" "--user" "0:0" "--network" "none" "ghcr.io/rust-lang/crates-build-env/linux@sha256:2788e3201cd34a07e3172128adcd8b3090168a8e3bcc40d7c032b9dda1df7d1c" "/opt/rustwide/cargo-home/bin/cargo" "+nightly-2024-02-05" "check" "--frozen" "--all" "--all-targets" "--message-format=json" "-Zcheck-cfg", kill_on_drop: false }`
[INFO] [stdout] aa5f2094a86fefcd58e76efe3d9bd33cd1d52115684f063144b637c69238f9fb
[INFO] running `Command { std: "docker" "start" "-a" "aa5f2094a86fefcd58e76efe3d9bd33cd1d52115684f063144b637c69238f9fb", kill_on_drop: false }`
[INFO] [stderr]    Compiling syn v1.0.109
[INFO] [stderr]     Checking either v1.9.0
[INFO] [stderr]    Compiling syn v2.0.48
[INFO] [stderr]    Compiling indexmap v2.2.2
[INFO] [stderr]     Checking ahash v0.8.7
[INFO] [stderr]     Checking futures-task v0.3.30
[INFO] [stderr]     Checking futures-channel v0.3.30
[INFO] [stderr]     Checking rand v0.8.5
[INFO] [stderr]     Checking array-init-cursor v0.2.0
[INFO] [stderr]     Checking simdutf8 v0.1.4
[INFO] [stderr]    Compiling target-features v0.1.5
[INFO] [stderr]    Compiling serde_json v1.0.113
[INFO] [stderr]    Compiling smartstring v1.0.1
[INFO] [stderr]    Compiling crunchy v0.2.2
[INFO] [stderr]     Checking fast-float v0.2.0
[INFO] [stderr]     Checking strength_reduce v0.2.4
[INFO] [stderr]     Checking planus v0.3.1
[INFO] [stderr]     Checking foreign_vec v0.1.0
[INFO] [stderr]     Checking rayon v1.8.1
[INFO] [stderr]     Checking atoi_simd v0.15.6
[INFO] [stderr]     Checking streaming-iterator v0.1.9
[INFO] [stderr]     Checking ethnum v1.5.0
[INFO] [stderr]    Compiling zstd-sys v2.0.9+zstd.1.5.5
[INFO] [stderr]    Compiling zeroize v1.7.0
[INFO] [stderr]    Compiling tiny-keccak v2.0.2
[INFO] [stderr]    Compiling lz4-sys v1.9.4
[INFO] [stderr]    Compiling zstd-safe v7.0.0
[INFO] [stderr]    Compiling generic-array v0.14.7
[INFO] [stderr]    Compiling subtle v2.5.0
[INFO] [stderr]    Compiling const-oid v0.9.6
[INFO] [stderr]     Checking lexical-util v0.8.5
[INFO] [stderr]     Checking rustc-hex v2.1.0
[INFO] [stderr]     Checking crossterm v0.27.0
[INFO] [stderr]    Compiling semver v1.0.21
[INFO] [stderr]    Compiling camino v1.1.6
[INFO] [stderr]     Checking byte-slice-cast v1.2.2
[INFO] [stderr]    Compiling ring v0.17.7
[INFO] [stderr]     Checking rand_distr v0.4.3
[INFO] [stderr]    Compiling rustix v0.38.31
[INFO] [stderr]     Checking xxhash-rust v0.8.8
[INFO] [stderr]     Checking sha3 v0.10.8
[INFO] [stderr]     Checking hashbrown v0.13.2
[INFO] [stderr]    Compiling polars-utils v0.36.2
[INFO] [stderr]    Compiling ref-cast v1.0.22
[INFO] [stderr]     Checking alloc-no-stdlib v2.0.4
[INFO] [stderr]    Compiling crypto-common v0.1.6
[INFO] [stderr]    Compiling block-buffer v0.10.4
[INFO] [stderr]     Checking fallible-streaming-iterator v0.1.9
[INFO] [stderr]     Checking alloc-stdlib v0.2.2
[INFO] [stderr]     Checking fixed-hash v0.8.0
[INFO] [stderr]     Checking float-cmp v0.9.0
[INFO] [stderr]     Checking argminmax v0.6.1
[INFO] [stderr]    Compiling digest v0.10.7
[INFO] [stderr]     Checking sysinfo v0.30.5
[INFO] [stderr]    Compiling polars-arrow v0.36.2
[INFO] [stderr]    Compiling snap v1.1.1
[INFO] [stderr]    Compiling arrayvec v0.7.4
[INFO] [stderr]    Compiling wasm-bindgen-shared v0.2.90
[INFO] [stderr]     Checking miniz_oxide v0.7.2
[INFO] [stderr]     Checking brotli-decompressor v2.5.1
[INFO] [stderr]     Checking ecdsa v0.16.9
[INFO] [stderr]     Checking uint v0.9.5
[INFO] [stderr]    Compiling static_assertions v1.1.0
[INFO] [stderr]     Checking lexical-parse-integer v0.8.6
[INFO] [stderr]     Checking lexical-write-integer v0.8.5
[INFO] [stderr]     Checking streaming-decompression v0.1.2
[INFO] [stderr]     Checking lexical-parse-float v0.8.5
[INFO] [stderr]     Checking atoi v2.0.0
[INFO] [stderr]    Compiling polars-utils v0.35.4
[INFO] [stderr]     Checking lexical-write-float v0.8.5
[INFO] [stderr]    Compiling rustls v0.21.10
[INFO] [stderr]     Checking flate2 v1.0.28
[INFO] [stderr]    Compiling seq-macro v0.3.5
[INFO] [stderr]    Compiling hex v0.4.3
[INFO] [stderr]    Compiling bumpalo v3.14.0
[INFO] [stderr]     Checking k256 v0.13.3
[INFO] [stderr]    Compiling der v0.7.8
[INFO] [stderr]    Compiling ff v0.13.0
[INFO] [stderr]     Checking memmap2 v0.7.1
[INFO] [stderr]    Compiling polars-compute v0.36.2
[INFO] [stderr]     Checking lexical-core v0.8.5
[INFO] [stderr]    Compiling wasm-bindgen v0.2.90
[INFO] [stderr]    Compiling base16ct v0.2.0
[INFO] [stderr]     Checking home v0.5.9
[INFO] [stderr]     Checking unicode-bidi v0.3.15
[INFO] [stderr]     Checking hashbrown v0.14.3
[INFO] [stderr]    Compiling group v0.13.0
[INFO] [stderr]    Compiling hmac v0.12.1
[INFO] [stderr]    Compiling crypto-bigint v0.5.5
[INFO] [stderr]     Checking const-hex v1.10.0
[INFO] [stderr]     Checking brotli v3.4.0
[INFO] [stderr]     Checking inout v0.1.3
[INFO] [stderr]    Compiling num-integer v0.1.45
[INFO] [stderr]    Compiling polars-core v0.36.2
[INFO] [stderr]     Checking unicode-xid v0.2.4
[INFO] [stderr]     Checking try-lock v0.2.5
[INFO] [stderr]    Compiling prettyplease v0.2.16
[INFO] [stderr]    Compiling eyre v0.6.12
[INFO] [stderr]     Checking want v0.3.1
[INFO] [stderr]     Checking cipher v0.4.4
[INFO] [stderr]    Compiling rfc6979 v0.4.0
[INFO] [stderr]    Compiling num-traits v0.2.17
[INFO] [stderr]     Checking idna v0.5.0
[INFO] [stderr]    Compiling signature v2.2.0
[INFO] [stderr]    Compiling num-bigint v0.4.4
[INFO] [stderr]    Compiling polars-ops v0.36.2
[INFO] [stderr]    Compiling bitflags v2.4.2
[INFO] [stderr]    Compiling keccak v0.1.5
[INFO] [stderr]    Compiling num-conv v0.1.0
[INFO] [stderr]     Checking httpdate v1.0.3
[INFO] [stderr]    Compiling time-core v0.1.2
[INFO] [stderr]    Compiling linux-raw-sys v0.4.13
[INFO] [stderr]    Compiling sec1 v0.7.3
[INFO] [stderr]    Compiling spki v0.7.3
[INFO] [stderr]    Compiling time-macros v0.2.17
[INFO] [stderr]     Checking url v2.5.0
[INFO] [stderr]     Checking tempfile v3.10.0
[INFO] [stderr]    Compiling sha2 v0.10.8
[INFO] [stderr]    Compiling ring v0.16.20
[INFO] [stderr]    Compiling polars-core v0.35.4
[INFO] [stderr]    Compiling fastrand v2.0.1
[INFO] [stderr]    Compiling radium v0.7.0
[INFO] [stderr]     Checking webpki-roots v0.25.4
[INFO] [stderr]     Checking bs58 v0.5.0
[INFO] [stderr]     Checking sha1 v0.10.6
[INFO] [stderr]     Checking ripemd v0.1.3
[INFO] [stderr]    Compiling wasm-bindgen-backend v0.2.90
[INFO] [stderr]    Compiling polars-ops v0.35.4
[INFO] [stderr]     Checking encoding_rs v0.8.33
[INFO] [stderr]     Checking utf-8 v0.7.6
[INFO] [stderr]    Compiling chrono v0.4.33
[INFO] [stderr]     Checking winnow v0.5.37
[INFO] [stderr]    Compiling elliptic-curve v0.13.8
[INFO] [stderr] error: could not compile `syn` (lib)
[INFO] [stderr] 
[INFO] [stderr] Caused by:
[INFO] [stderr]   process didn't exit successfully: `/opt/rustwide/rustup-home/toolchains/nightly-2024-02-05-x86_64-unknown-linux-gnu/bin/rustc --crate-name syn --edition=2021 /opt/rustwide/cargo-home/registry/src/index.crates.io-6f17d22bba15001f/syn-2.0.48/src/lib.rs --error-format=json --json=diagnostic-rendered-ansi,artifacts,future-incompat --crate-type lib --emit=dep-info,metadata,link -C embed-bitcode=no --cfg 'feature="clone-impls"' --cfg 'feature="default"' --cfg 'feature="derive"' --cfg 'feature="extra-traits"' --cfg 'feature="full"' --cfg 'feature="parsing"' --cfg 'feature="printing"' --cfg 'feature="proc-macro"' --cfg 'feature="quote"' --cfg 'feature="visit"' --cfg 'feature="visit-mut"' -Zunstable-options --check-cfg 'cfg(feature, values("clone-impls", "default", "derive", "extra-traits", "fold", "full", "parsing", "printing", "proc-macro", "quote", "test", "visit", "visit-mut"))' -C metadata=a3d4a0dc25704913 -C extra-filename=-a3d4a0dc25704913 --out-dir /opt/rustwide/target/debug/deps -L dependency=/opt/rustwide/target/debug/deps --extern proc_macro2=/opt/rustwide/target/debug/deps/libproc_macro2-551d8b4e1c52b9a6.rmeta --extern quote=/opt/rustwide/target/debug/deps/libquote-5425bbf43cdf9091.rmeta --extern unicode_ident=/opt/rustwide/target/debug/deps/libunicode_ident-f8d62a079c79a15a.rmeta --cap-lints allow --cap-lints=forbid -Dunexpected_cfgs` (signal: 9, SIGKILL: kill)
[INFO] [stderr] warning: build failed, waiting for other jobs to finish...
[INFO] running `Command { std: "docker" "inspect" "aa5f2094a86fefcd58e76efe3d9bd33cd1d52115684f063144b637c69238f9fb", kill_on_drop: false }`
[INFO] running `Command { std: "docker" "rm" "-f" "aa5f2094a86fefcd58e76efe3d9bd33cd1d52115684f063144b637c69238f9fb", kill_on_drop: false }`
[INFO] [stdout] aa5f2094a86fefcd58e76efe3d9bd33cd1d52115684f063144b637c69238f9fb
