[INFO] fetching crate ethjson 0.1.0...
[INFO] checking ethjson-0.1.0 against nightly-2024-02-05 for check-cfg
[INFO] extracting crate ethjson 0.1.0 into /workspace/builds/worker-4-tc1/source
[INFO] validating manifest of crates.io crate ethjson 0.1.0 on toolchain nightly-2024-02-05
[INFO] running `Command { std: CARGO_HOME="/workspace/cargo-home" RUSTUP_HOME="/workspace/rustup-home" "/workspace/cargo-home/bin/cargo" "+nightly-2024-02-05" "metadata" "--manifest-path" "Cargo.toml" "--no-deps", kill_on_drop: false }`
[INFO] started tweaking crates.io crate ethjson 0.1.0
[INFO] finished tweaking crates.io crate ethjson 0.1.0
[INFO] tweaked toml for crates.io crate ethjson 0.1.0 written to /workspace/builds/worker-4-tc1/source/Cargo.toml
[INFO] running `Command { std: CARGO_HOME="/workspace/cargo-home" RUSTUP_HOME="/workspace/rustup-home" "/workspace/cargo-home/bin/cargo" "+nightly-2024-02-05" "generate-lockfile" "--manifest-path" "Cargo.toml", kill_on_drop: false }`
[INFO] [stderr]     Blocking waiting for file lock on package cache
[INFO] [stderr]     Updating crates.io index
[INFO] running `Command { std: CARGO_HOME="/workspace/cargo-home" RUSTUP_HOME="/workspace/rustup-home" "/workspace/cargo-home/bin/cargo" "+nightly-2024-02-05" "fetch" "--manifest-path" "Cargo.toml", kill_on_drop: false }`
[INFO] [stderr]     Blocking waiting for file lock on package cache
[INFO] [stderr]  Downloading crates ...
[INFO] [stderr]   Downloaded rustc-hex v1.0.0
[INFO] [stderr]   Downloaded primitive-types v0.6.2
[INFO] [stderr]   Downloaded uint v0.8.5
[INFO] [stderr]   Downloaded impl-rlp v0.2.1
[INFO] [stderr]   Downloaded impl-serde v0.3.2
[INFO] [stderr]   Downloaded byte-slice-cast v0.3.5
[INFO] [stderr]   Downloaded ethbloom v0.8.1
[INFO] [stderr]   Downloaded rlp v0.4.6
[INFO] [stderr]   Downloaded parity-scale-codec v1.3.7
[INFO] [stderr]   Downloaded impl-serde v0.2.3
[INFO] [stderr]   Downloaded impl-codec v0.4.2
[INFO] [stderr]   Downloaded fixed-hash v0.5.2
[INFO] [stderr]   Downloaded ethereum-types v0.8.0
[INFO] running `Command { std: "docker" "create" "-v" "/var/lib/crater-agent-workspace/builds/worker-4-tc1/target:/opt/rustwide/target:rw,Z" "-v" "/var/lib/crater-agent-workspace/builds/worker-4-tc1/source:/opt/rustwide/workdir:ro,Z" "-v" "/var/lib/crater-agent-workspace/cargo-home:/opt/rustwide/cargo-home:ro,Z" "-v" "/var/lib/crater-agent-workspace/rustup-home:/opt/rustwide/rustup-home:ro,Z" "-e" "SOURCE_DIR=/opt/rustwide/workdir" "-e" "CARGO_TARGET_DIR=/opt/rustwide/target" "-e" "CARGO_HOME=/opt/rustwide/cargo-home" "-e" "RUSTUP_HOME=/opt/rustwide/rustup-home" "-w" "/opt/rustwide/workdir" "-m" "1610612736" "--user" "0:0" "--network" "none" "ghcr.io/rust-lang/crates-build-env/linux@sha256:2788e3201cd34a07e3172128adcd8b3090168a8e3bcc40d7c032b9dda1df7d1c" "/opt/rustwide/cargo-home/bin/cargo" "+nightly-2024-02-05" "metadata" "--no-deps" "--format-version=1", kill_on_drop: false }`
[INFO] [stdout] c841834b16087074502e5b8efe754aee91fa26995cdc1521cb89db5bb2d87a42
[INFO] running `Command { std: "docker" "start" "-a" "c841834b16087074502e5b8efe754aee91fa26995cdc1521cb89db5bb2d87a42", kill_on_drop: false }`
[INFO] running `Command { std: "docker" "inspect" "c841834b16087074502e5b8efe754aee91fa26995cdc1521cb89db5bb2d87a42", kill_on_drop: false }`
[INFO] running `Command { std: "docker" "rm" "-f" "c841834b16087074502e5b8efe754aee91fa26995cdc1521cb89db5bb2d87a42", kill_on_drop: false }`
[INFO] [stdout] c841834b16087074502e5b8efe754aee91fa26995cdc1521cb89db5bb2d87a42
[INFO] running `Command { std: "docker" "create" "-v" "/var/lib/crater-agent-workspace/builds/worker-4-tc1/target:/opt/rustwide/target:rw,Z" "-v" "/var/lib/crater-agent-workspace/builds/worker-4-tc1/source:/opt/rustwide/workdir:ro,Z" "-v" "/var/lib/crater-agent-workspace/cargo-home:/opt/rustwide/cargo-home:ro,Z" "-v" "/var/lib/crater-agent-workspace/rustup-home:/opt/rustwide/rustup-home:ro,Z" "-e" "SOURCE_DIR=/opt/rustwide/workdir" "-e" "CARGO_TARGET_DIR=/opt/rustwide/target" "-e" "CARGO_INCREMENTAL=0" "-e" "RUST_BACKTRACE=full" "-e" "RUSTFLAGS=--cap-lints=forbid" "-e" "RUSTDOCFLAGS=--cap-lints=forbid" "-e" "CARGO_HOME=/opt/rustwide/cargo-home" "-e" "RUSTUP_HOME=/opt/rustwide/rustup-home" "-w" "/opt/rustwide/workdir" "-m" "1610612736" "--user" "0:0" "--network" "none" "ghcr.io/rust-lang/crates-build-env/linux@sha256:2788e3201cd34a07e3172128adcd8b3090168a8e3bcc40d7c032b9dda1df7d1c" "/opt/rustwide/cargo-home/bin/cargo" "+nightly-2024-02-05" "check" "--frozen" "--all" "--all-targets" "--message-format=json", kill_on_drop: false }`
[INFO] [stdout] a27c79baad9b54a9f408c68ea1bbbcb474704718fdfa973f987963f61184b563
[INFO] running `Command { std: "docker" "start" "-a" "a27c79baad9b54a9f408c68ea1bbbcb474704718fdfa973f987963f61184b563", kill_on_drop: false }`
[INFO] [stderr]     Checking radium v0.3.0
[INFO] [stderr]     Checking arrayvec v0.5.2
[INFO] [stderr]     Checking byte-slice-cast v0.3.5
[INFO] [stderr]     Checking rlp v0.4.6
[INFO] [stderr]     Checking rustc-hex v1.0.0
[INFO] [stderr]     Checking tiny-keccak v1.5.0
[INFO] [stderr]     Checking uint v0.8.5
[INFO] [stderr]     Checking rand v0.7.3
[INFO] [stderr]     Checking impl-serde v0.3.2
[INFO] [stderr]     Checking impl-serde v0.2.3
[INFO] [stderr]     Checking bitvec v0.17.4
[INFO] [stderr]     Checking impl-rlp v0.2.1
[INFO] [stderr]     Checking fixed-hash v0.5.2
[INFO] [stderr]     Checking ethbloom v0.8.1
[INFO] [stderr]     Checking parity-scale-codec v1.3.7
[INFO] [stderr]     Checking impl-codec v0.4.2
[INFO] [stderr]     Checking primitive-types v0.6.2
[INFO] [stderr]     Checking ethereum-types v0.8.0
[INFO] [stderr]     Checking ethjson v0.1.0 (/opt/rustwide/workdir)
[INFO] [stdout] error[E0432]: unresolved import `macros`
[INFO] [stdout]    --> src/spec/builtin.rs:143:6
[INFO] [stdout]     |
[INFO] [stdout] 143 |     use macros::map;
[INFO] [stdout]     |         ^^^^^^ use of undeclared crate or module `macros`
[INFO] [stdout] 
[INFO] [stdout] 
[INFO] [stdout] error[E0432]: unresolved import `macros`
[INFO] [stdout]    --> src/vm.rs:132:6
[INFO] [stdout]     |
[INFO] [stdout] 132 |     use macros::map;
[INFO] [stdout]     |         ^^^^^^ use of undeclared crate or module `macros`
[INFO] [stdout] 
[INFO] [stdout] 
[INFO] [stdout] warning: unused imports: `AltBn128ConstOperations`, `BTreeMap`, `Linear`, `Modexp`, `PricingAt`, `Pricing`
[INFO] [stdout]    --> src/spec/builtin.rs:142:38
[INFO] [stdout]     |
[INFO] [stdout] 142 |     use super::{Builtin, BuiltinCompat, BTreeMap, Pricing, PricingAt, Linear, Modexp, AltBn128ConstOperations};
[INFO] [stdout]     |                                         ^^^^^^^^  ^^^^^^^  ^^^^^^^^^  ^^^^^^  ^^^^^^  ^^^^^^^^^^^^^^^^^^^^^^^
[INFO] [stdout]     |
[INFO] [stdout]     = note: `#[warn(unused_imports)]` on by default
[INFO] [stdout] 
[INFO] [stdout] 
[INFO] [stdout] warning: unused import: `collections::BTreeMap`
[INFO] [stdout]    --> src/vm.rs:125:3
[INFO] [stdout]     |
[INFO] [stdout] 125 |         collections::BTreeMap,
[INFO] [stdout]     |         ^^^^^^^^^^^^^^^^^^^^^
[INFO] [stdout] 
[INFO] [stdout] 
[INFO] [stdout] warning: unused import: `Account`
[INFO] [stdout]    --> src/vm.rs:130:20
[INFO] [stdout]     |
[INFO] [stdout] 130 |     use crate::spec::{Account, HashOrMap};
[INFO] [stdout]     |                       ^^^^^^^
[INFO] [stdout] 
[INFO] [stdout] 
[INFO] [stdout] error: aborting due to 2 previous errors; 3 warnings emitted
[INFO] [stdout] 
[INFO] [stdout] 
[INFO] [stdout] For more information about this error, try `rustc --explain E0432`.
[INFO] [stdout] 
[INFO] [stderr] error: could not compile `ethjson` (lib test) due to 3 previous errors; 3 warnings emitted
[INFO] [stderr] warning: build failed, waiting for other jobs to finish...
[INFO] running `Command { std: "docker" "inspect" "a27c79baad9b54a9f408c68ea1bbbcb474704718fdfa973f987963f61184b563", kill_on_drop: false }`
[INFO] running `Command { std: "docker" "rm" "-f" "a27c79baad9b54a9f408c68ea1bbbcb474704718fdfa973f987963f61184b563", kill_on_drop: false }`
[INFO] [stdout] a27c79baad9b54a9f408c68ea1bbbcb474704718fdfa973f987963f61184b563
[INFO] checking ethjson-0.1.0 against nightly-2024-02-05+rustflags=-Dunexpected_cfgs+cargoflags=-Zcheck-cfg for check-cfg
[INFO] extracting crate ethjson 0.1.0 into /workspace/builds/worker-4-tc2/source
[INFO] validating manifest of crates.io crate ethjson 0.1.0 on toolchain nightly-2024-02-05
[INFO] running `Command { std: CARGO_HOME="/workspace/cargo-home" RUSTUP_HOME="/workspace/rustup-home" "/workspace/cargo-home/bin/cargo" "+nightly-2024-02-05" "metadata" "--manifest-path" "Cargo.toml" "--no-deps", kill_on_drop: false }`
[INFO] started tweaking crates.io crate ethjson 0.1.0
[INFO] finished tweaking crates.io crate ethjson 0.1.0
[INFO] tweaked toml for crates.io crate ethjson 0.1.0 written to /workspace/builds/worker-4-tc2/source/Cargo.toml
[INFO] running `Command { std: CARGO_HOME="/workspace/cargo-home" RUSTUP_HOME="/workspace/rustup-home" "/workspace/cargo-home/bin/cargo" "+nightly-2024-02-05" "generate-lockfile" "--manifest-path" "Cargo.toml", kill_on_drop: false }`
[INFO] [stderr]     Updating crates.io index
[INFO] running `Command { std: CARGO_HOME="/workspace/cargo-home" RUSTUP_HOME="/workspace/rustup-home" "/workspace/cargo-home/bin/cargo" "+nightly-2024-02-05" "fetch" "--manifest-path" "Cargo.toml", kill_on_drop: false }`
[INFO] running `Command { std: "docker" "create" "-v" "/var/lib/crater-agent-workspace/builds/worker-4-tc2/target:/opt/rustwide/target:rw,Z" "-v" "/var/lib/crater-agent-workspace/builds/worker-4-tc2/source:/opt/rustwide/workdir:ro,Z" "-v" "/var/lib/crater-agent-workspace/cargo-home:/opt/rustwide/cargo-home:ro,Z" "-v" "/var/lib/crater-agent-workspace/rustup-home:/opt/rustwide/rustup-home:ro,Z" "-e" "SOURCE_DIR=/opt/rustwide/workdir" "-e" "CARGO_TARGET_DIR=/opt/rustwide/target" "-e" "CARGO_HOME=/opt/rustwide/cargo-home" "-e" "RUSTUP_HOME=/opt/rustwide/rustup-home" "-w" "/opt/rustwide/workdir" "-m" "1610612736" "--user" "0:0" "--network" "none" "ghcr.io/rust-lang/crates-build-env/linux@sha256:2788e3201cd34a07e3172128adcd8b3090168a8e3bcc40d7c032b9dda1df7d1c" "/opt/rustwide/cargo-home/bin/cargo" "+nightly-2024-02-05" "metadata" "--no-deps" "--format-version=1", kill_on_drop: false }`
[INFO] [stdout] 7869e9fcc174d34477f9dbc71ad2ebf04c353111f172127c55909033d64d870f
[INFO] running `Command { std: "docker" "start" "-a" "7869e9fcc174d34477f9dbc71ad2ebf04c353111f172127c55909033d64d870f", kill_on_drop: false }`
[INFO] running `Command { std: "docker" "inspect" "7869e9fcc174d34477f9dbc71ad2ebf04c353111f172127c55909033d64d870f", kill_on_drop: false }`
[INFO] running `Command { std: "docker" "rm" "-f" "7869e9fcc174d34477f9dbc71ad2ebf04c353111f172127c55909033d64d870f", kill_on_drop: false }`
[INFO] [stdout] 7869e9fcc174d34477f9dbc71ad2ebf04c353111f172127c55909033d64d870f
[INFO] running `Command { std: "docker" "create" "-v" "/var/lib/crater-agent-workspace/builds/worker-4-tc2/target:/opt/rustwide/target:rw,Z" "-v" "/var/lib/crater-agent-workspace/builds/worker-4-tc2/source:/opt/rustwide/workdir:ro,Z" "-v" "/var/lib/crater-agent-workspace/cargo-home:/opt/rustwide/cargo-home:ro,Z" "-v" "/var/lib/crater-agent-workspace/rustup-home:/opt/rustwide/rustup-home:ro,Z" "-e" "SOURCE_DIR=/opt/rustwide/workdir" "-e" "CARGO_TARGET_DIR=/opt/rustwide/target" "-e" "CARGO_INCREMENTAL=0" "-e" "RUST_BACKTRACE=full" "-e" "RUSTFLAGS=--cap-lints=forbid -Dunexpected_cfgs" "-e" "RUSTDOCFLAGS=--cap-lints=forbid" "-e" "CARGO_HOME=/opt/rustwide/cargo-home" "-e" "RUSTUP_HOME=/opt/rustwide/rustup-home" "-w" "/opt/rustwide/workdir" "-m" "1610612736" "--user" "0:0" "--network" "none" "ghcr.io/rust-lang/crates-build-env/linux@sha256:2788e3201cd34a07e3172128adcd8b3090168a8e3bcc40d7c032b9dda1df7d1c" "/opt/rustwide/cargo-home/bin/cargo" "+nightly-2024-02-05" "check" "--frozen" "--all" "--all-targets" "--message-format=json" "-Zcheck-cfg", kill_on_drop: false }`
[INFO] [stdout] 755e8c3e3f3b1e400e4ffbbe680d75e710c7e99aec01745b4e309f7b295f4a2c
[INFO] running `Command { std: "docker" "start" "-a" "755e8c3e3f3b1e400e4ffbbe680d75e710c7e99aec01745b4e309f7b295f4a2c", kill_on_drop: false }`
[INFO] [stderr]     Checking radium v0.3.0
[INFO] [stderr]     Checking arrayvec v0.5.2
[INFO] [stderr]     Checking byte-slice-cast v0.3.5
[INFO] [stderr]     Checking rlp v0.4.6
[INFO] [stderr]     Checking rustc-hex v1.0.0
[INFO] [stderr]     Checking tiny-keccak v1.5.0
[INFO] [stderr]     Checking uint v0.8.5
[INFO] [stderr]     Checking rand v0.7.3
[INFO] [stderr]     Checking impl-serde v0.3.2
[INFO] [stderr]     Checking impl-serde v0.2.3
[INFO] [stderr]     Checking bitvec v0.17.4
[INFO] [stderr]     Checking impl-rlp v0.2.1
[INFO] [stderr]     Checking fixed-hash v0.5.2
[INFO] [stderr]     Checking ethbloom v0.8.1
[INFO] [stderr]     Checking parity-scale-codec v1.3.7
[INFO] [stderr]     Checking impl-codec v0.4.2
[INFO] [stderr]     Checking primitive-types v0.6.2
[INFO] [stderr]     Checking ethereum-types v0.8.0
[INFO] [stderr]     Checking ethjson v0.1.0 (/opt/rustwide/workdir)
[INFO] [stdout] error[E0432]: unresolved import `macros`
[INFO] [stdout]    --> src/spec/builtin.rs:143:6
[INFO] [stdout]     |
[INFO] [stdout] 143 |     use macros::map;
[INFO] [stdout]     |         ^^^^^^ use of undeclared crate or module `macros`
[INFO] [stdout] 
[INFO] [stdout] 
[INFO] [stdout] error[E0432]: unresolved import `macros`
[INFO] [stdout]    --> src/vm.rs:132:6
[INFO] [stdout]     |
[INFO] [stdout] 132 |     use macros::map;
[INFO] [stdout]     |         ^^^^^^ use of undeclared crate or module `macros`
[INFO] [stdout] 
[INFO] [stdout] 
[INFO] [stdout] warning: unused imports: `AltBn128ConstOperations`, `BTreeMap`, `Linear`, `Modexp`, `PricingAt`, `Pricing`
[INFO] [stdout]    --> src/spec/builtin.rs:142:38
[INFO] [stdout]     |
[INFO] [stdout] 142 |     use super::{Builtin, BuiltinCompat, BTreeMap, Pricing, PricingAt, Linear, Modexp, AltBn128ConstOperations};
[INFO] [stdout]     |                                         ^^^^^^^^  ^^^^^^^  ^^^^^^^^^  ^^^^^^  ^^^^^^  ^^^^^^^^^^^^^^^^^^^^^^^
[INFO] [stdout]     |
[INFO] [stdout]     = note: `#[warn(unused_imports)]` on by default
[INFO] [stdout] 
[INFO] [stdout] 
[INFO] [stdout] warning: unused import: `collections::BTreeMap`
[INFO] [stdout]    --> src/vm.rs:125:3
[INFO] [stdout]     |
[INFO] [stdout] 125 |         collections::BTreeMap,
[INFO] [stdout]     |         ^^^^^^^^^^^^^^^^^^^^^
[INFO] [stdout] 
[INFO] [stdout] 
[INFO] [stdout] warning: unused import: `Account`
[INFO] [stdout]    --> src/vm.rs:130:20
[INFO] [stdout]     |
[INFO] [stdout] 130 |     use crate::spec::{Account, HashOrMap};
[INFO] [stdout]     |                       ^^^^^^^
[INFO] [stdout] 
[INFO] [stdout] 
[INFO] [stdout] error: aborting due to 2 previous errors; 3 warnings emitted
[INFO] [stdout] 
[INFO] [stdout] 
[INFO] [stdout] For more information about this error, try `rustc --explain E0432`.
[INFO] [stdout] 
[INFO] [stderr] error: could not compile `ethjson` (lib test) due to 3 previous errors; 3 warnings emitted
[INFO] [stderr] warning: build failed, waiting for other jobs to finish...
[INFO] running `Command { std: "docker" "inspect" "755e8c3e3f3b1e400e4ffbbe680d75e710c7e99aec01745b4e309f7b295f4a2c", kill_on_drop: false }`
[INFO] running `Command { std: "docker" "rm" "-f" "755e8c3e3f3b1e400e4ffbbe680d75e710c7e99aec01745b4e309f7b295f4a2c", kill_on_drop: false }`
[INFO] [stdout] 755e8c3e3f3b1e400e4ffbbe680d75e710c7e99aec01745b4e309f7b295f4a2c
