[INFO] fetching crate ethers-fireblocks 0.1.1...
[INFO] checking ethers-fireblocks-0.1.1 against nightly-2024-02-05 for check-cfg
[INFO] extracting crate ethers-fireblocks 0.1.1 into /workspace/builds/worker-5-tc1/source
[INFO] validating manifest of crates.io crate ethers-fireblocks 0.1.1 on toolchain nightly-2024-02-05
[INFO] running `Command { std: CARGO_HOME="/workspace/cargo-home" RUSTUP_HOME="/workspace/rustup-home" "/workspace/cargo-home/bin/cargo" "+nightly-2024-02-05" "metadata" "--manifest-path" "Cargo.toml" "--no-deps", kill_on_drop: false }`
[INFO] started tweaking crates.io crate ethers-fireblocks 0.1.1
[INFO] finished tweaking crates.io crate ethers-fireblocks 0.1.1
[INFO] tweaked toml for crates.io crate ethers-fireblocks 0.1.1 written to /workspace/builds/worker-5-tc1/source/Cargo.toml
[INFO] running `Command { std: CARGO_HOME="/workspace/cargo-home" RUSTUP_HOME="/workspace/rustup-home" "/workspace/cargo-home/bin/cargo" "+nightly-2024-02-05" "generate-lockfile" "--manifest-path" "Cargo.toml", kill_on_drop: false }`
[INFO] [stderr]     Updating crates.io index
[INFO] running `Command { std: CARGO_HOME="/workspace/cargo-home" RUSTUP_HOME="/workspace/rustup-home" "/workspace/cargo-home/bin/cargo" "+nightly-2024-02-05" "fetch" "--manifest-path" "Cargo.toml", kill_on_drop: false }`
[INFO] [stderr]  Downloading crates ...
[INFO] [stderr]   Downloaded group v0.10.0
[INFO] [stderr]   Downloaded k256 v0.9.6
[INFO] [stderr]   Downloaded spki v0.4.1
[INFO] [stderr]   Downloaded jsonwebtoken v7.2.0
[INFO] [stderr]   Downloaded simple_asn1 v0.4.1
[INFO] [stderr]   Downloaded elliptic-curve v0.10.6
[INFO] [stderr]   Downloaded ethers-providers v0.5.5
[INFO] [stderr]   Downloaded pkcs8 v0.7.6
[INFO] [stderr]   Downloaded ethers-core v0.5.6
[INFO] [stderr]   Downloaded tungstenite v0.14.0
[INFO] [stderr]   Downloaded ctr v0.7.0
[INFO] [stderr]   Downloaded password-hash v0.2.3
[INFO] [stderr]   Downloaded tokio-tungstenite v0.15.0
[INFO] [stderr]   Downloaded ethabi v15.0.0
[INFO] [stderr]   Downloaded coins-core v0.2.2
[INFO] [stderr]   Downloaded crypto-bigint v0.2.11
[INFO] [stderr]   Downloaded der v0.4.5
[INFO] [stderr]   Downloaded zeroize v1.4.3
[INFO] [stderr]   Downloaded coins-bip32 v0.3.0
[INFO] [stderr]   Downloaded auto_impl v0.4.1
[INFO] [stderr]   Downloaded ff v0.10.1
[INFO] [stderr]   Downloaded eth-keystore v0.3.0
[INFO] [stderr]   Downloaded signature v1.3.2
[INFO] [stderr]   Downloaded scrypt v0.7.0
[INFO] [stderr]   Downloaded ecdsa v0.12.4
[INFO] [stderr]   Downloaded const-oid v0.6.2
[INFO] [stderr]   Downloaded salsa20 v0.8.1
[INFO] [stderr]   Downloaded coins-bip39 v0.3.0
[INFO] [stderr]   Downloaded ethers-signers v0.5.4
[INFO] running `Command { std: "docker" "create" "-v" "/var/lib/crater-agent-workspace/builds/worker-5-tc1/target:/opt/rustwide/target:rw,Z" "-v" "/var/lib/crater-agent-workspace/builds/worker-5-tc1/source:/opt/rustwide/workdir:ro,Z" "-v" "/var/lib/crater-agent-workspace/cargo-home:/opt/rustwide/cargo-home:ro,Z" "-v" "/var/lib/crater-agent-workspace/rustup-home:/opt/rustwide/rustup-home:ro,Z" "-e" "SOURCE_DIR=/opt/rustwide/workdir" "-e" "CARGO_TARGET_DIR=/opt/rustwide/target" "-e" "CARGO_HOME=/opt/rustwide/cargo-home" "-e" "RUSTUP_HOME=/opt/rustwide/rustup-home" "-w" "/opt/rustwide/workdir" "-m" "1610612736" "--user" "0:0" "--network" "none" "ghcr.io/rust-lang/crates-build-env/linux@sha256:2788e3201cd34a07e3172128adcd8b3090168a8e3bcc40d7c032b9dda1df7d1c" "/opt/rustwide/cargo-home/bin/cargo" "+nightly-2024-02-05" "metadata" "--no-deps" "--format-version=1", kill_on_drop: false }`
[INFO] [stdout] 38f4f3c250e9b36e5204d5b119559e555fa8eb2a42d64f66cf3df79ea6b7dcfd
[INFO] running `Command { std: "docker" "start" "-a" "38f4f3c250e9b36e5204d5b119559e555fa8eb2a42d64f66cf3df79ea6b7dcfd", kill_on_drop: false }`
[INFO] running `Command { std: "docker" "inspect" "38f4f3c250e9b36e5204d5b119559e555fa8eb2a42d64f66cf3df79ea6b7dcfd", kill_on_drop: false }`
[INFO] running `Command { std: "docker" "rm" "-f" "38f4f3c250e9b36e5204d5b119559e555fa8eb2a42d64f66cf3df79ea6b7dcfd", kill_on_drop: false }`
[INFO] [stdout] 38f4f3c250e9b36e5204d5b119559e555fa8eb2a42d64f66cf3df79ea6b7dcfd
[INFO] running `Command { std: "docker" "create" "-v" "/var/lib/crater-agent-workspace/builds/worker-5-tc1/target:/opt/rustwide/target:rw,Z" "-v" "/var/lib/crater-agent-workspace/builds/worker-5-tc1/source:/opt/rustwide/workdir:ro,Z" "-v" "/var/lib/crater-agent-workspace/cargo-home:/opt/rustwide/cargo-home:ro,Z" "-v" "/var/lib/crater-agent-workspace/rustup-home:/opt/rustwide/rustup-home:ro,Z" "-e" "SOURCE_DIR=/opt/rustwide/workdir" "-e" "CARGO_TARGET_DIR=/opt/rustwide/target" "-e" "CARGO_INCREMENTAL=0" "-e" "RUST_BACKTRACE=full" "-e" "RUSTFLAGS=--cap-lints=forbid" "-e" "RUSTDOCFLAGS=--cap-lints=forbid" "-e" "CARGO_HOME=/opt/rustwide/cargo-home" "-e" "RUSTUP_HOME=/opt/rustwide/rustup-home" "-w" "/opt/rustwide/workdir" "-m" "1610612736" "--user" "0:0" "--network" "none" "ghcr.io/rust-lang/crates-build-env/linux@sha256:2788e3201cd34a07e3172128adcd8b3090168a8e3bcc40d7c032b9dda1df7d1c" "/opt/rustwide/cargo-home/bin/cargo" "+nightly-2024-02-05" "check" "--frozen" "--all" "--all-targets" "--message-format=json", kill_on_drop: false }`
[INFO] [stdout] 9c3d464a3562511c55fccbc2d7351052aa51d48ca67e27e051c3a882570b3a1c
[INFO] running `Command { std: "docker" "start" "-a" "9c3d464a3562511c55fccbc2d7351052aa51d48ca67e27e051c3a882570b3a1c", kill_on_drop: false }`
[INFO] [stderr]    Compiling proc-macro2 v1.0.78
[INFO] [stderr]    Compiling serde v1.0.196
[INFO] [stderr]     Checking subtle v2.4.1
[INFO] [stderr]     Checking block-padding v0.2.1
[INFO] [stderr]    Compiling syn v1.0.109
[INFO] [stderr]    Compiling libc v0.2.153
[INFO] [stderr]    Compiling radium v0.6.2
[INFO] [stderr]    Compiling toml_datetime v0.6.5
[INFO] [stderr]     Checking getrandom v0.2.12
[INFO] [stderr]     Checking const-oid v0.6.2
[INFO] [stderr]     Checking hex v0.4.3
[INFO] [stderr]    Compiling crunchy v0.2.2
[INFO] [stderr]     Checking rustc-hex v2.1.0
[INFO] [stderr]     Checking keccak v0.1.5
[INFO] [stderr]     Checking futures-channel v0.3.30
[INFO] [stderr]     Checking zeroize v1.4.3
[INFO] [stderr]     Checking block-buffer v0.9.0
[INFO] [stderr]     Checking tap v1.0.1
[INFO] [stderr]     Checking crypto-mac v0.11.1
[INFO] [stderr]     Checking static_assertions v1.1.0
[INFO] [stderr]     Checking der v0.4.5
[INFO] [stderr]     Checking sha2 v0.9.9
[INFO] [stderr]     Checking rand_core v0.6.4
[INFO] [stderr]    Compiling toml_edit v0.19.15
[INFO] [stderr]     Checking hmac v0.11.0
[INFO] [stderr]     Checking funty v1.1.0
[INFO] [stderr]     Checking wyz v0.2.0
[INFO] [stderr]     Checking sha3 v0.9.1
[INFO] [stderr]     Checking generic-array v0.12.4
[INFO] [stderr]     Checking spin v0.9.8
[INFO] [stderr]     Checking arrayvec v0.7.4
[INFO] [stderr]     Checking rand_chacha v0.3.1
[INFO] [stderr]     Checking ff v0.10.1
[INFO] [stderr]     Checking crypto-bigint v0.2.11
[INFO] [stderr]     Checking byte-tools v0.3.1
[INFO] [stderr]     Checking untrusted v0.9.0
[INFO] [stderr]     Checking group v0.10.0
[INFO] [stderr]     Checking byte-slice-cast v1.2.2
[INFO] [stderr]     Checking signature v1.3.2
[INFO] [stderr]    Compiling num-traits v0.2.17
[INFO] [stderr]     Checking block-padding v0.1.5
[INFO] [stderr]     Checking tiny-keccak v2.0.2
[INFO] [stderr]     Checking digest v0.8.1
[INFO] [stderr]     Checking uint v0.9.5
[INFO] [stderr]    Compiling quote v1.0.35
[INFO] [stderr]     Checking rand v0.8.5
[INFO] [stderr]     Checking cipher v0.3.0
[INFO] [stderr]     Checking base64ct v1.6.0
[INFO] [stderr]     Checking fake-simd v0.1.2
[INFO] [stderr]     Checking block-buffer v0.7.3
[INFO] [stderr]     Checking opaque-debug v0.2.3
[INFO] [stderr]     Checking bitvec v0.20.4
[INFO] [stderr]     Checking spki v0.4.1
[INFO] [stderr]    Compiling cc v1.0.83
[INFO] [stderr]    Compiling rustls v0.21.10
[INFO] [stderr]     Checking unicode-ident v1.0.12
[INFO] [stderr]    Compiling anyhow v1.0.79
[INFO] [stderr]     Checking crypto-mac v0.8.0
[INFO] [stderr]     Checking sha2 v0.8.2
[INFO] [stderr]    Compiling syn v2.0.48
[INFO] [stderr]     Checking pkcs8 v0.7.6
[INFO] [stderr]    Compiling proc-macro-error-attr v1.0.4
[INFO] [stderr]     Checking password-hash v0.2.3
[INFO] [stderr]    Compiling num-integer v0.1.45
[INFO] [stderr]     Checking base64 v0.12.3
[INFO] [stderr]     Checking base58 v0.1.0
[INFO] [stderr]     Checking elliptic-curve v0.10.6
[INFO] [stderr]     Checking blake2 v0.9.2
[INFO] [stderr]     Checking base58check v0.1.0
[INFO] [stderr]     Checking pbkdf2 v0.8.0
[INFO] [stderr]     Checking ripemd160 v0.9.1
[INFO] [stderr]     Checking fixed-hash v0.7.0
[INFO] [stderr]    Compiling num-bigint v0.2.6
[INFO] [stderr]     Checking ecdsa v0.12.4
[INFO] [stderr]    Compiling proc-macro-error v1.0.4
[INFO] [stderr]     Checking bech32 v0.7.3
[INFO] [stderr]     Checking regex-syntax v0.8.2
[INFO] [stderr]     Checking salsa20 v0.8.1
[INFO] [stderr]     Checking sha-1 v0.9.8
[INFO] [stderr]     Checking k256 v0.9.6
[INFO] [stderr]     Checking convert_case v0.4.0
[INFO] [stderr]     Checking iana-time-zone v0.1.60
[INFO] [stderr]     Checking bs58 v0.4.0
[INFO] [stderr]     Checking radium v0.3.0
[INFO] [stderr]     Checking either v1.9.0
[INFO] [stderr]     Checking lazy_static v1.4.0
[INFO] [stderr]     Checking scrypt v0.7.0
[INFO] [stderr]     Checking aes v0.7.5
[INFO] [stderr]     Checking ctr v0.7.0
[INFO] [stderr]     Checking webpki-roots v0.25.4
[INFO] [stderr]     Checking futures-timer v3.0.2
[INFO] [stderr]     Checking bitvec v0.17.4
[INFO] [stderr]    Compiling ring v0.16.20
[INFO] [stderr]    Compiling ring v0.17.7
[INFO] [stderr]    Compiling proc-macro-crate v1.3.1
[INFO] [stderr]     Checking regex-automata v0.4.5
[INFO] [stderr]     Checking chrono v0.4.33
[INFO] [stderr]     Checking simple_asn1 v0.4.1
[INFO] [stderr]     Checking regex v1.10.3
[INFO] [stderr]     Checking pem v0.8.3
[INFO] [stderr]    Compiling serde_derive v1.0.196
[INFO] [stderr]    Compiling thiserror-impl v1.0.56
[INFO] [stderr]    Compiling tokio-macros v2.2.0
[INFO] [stderr]    Compiling futures-macro v0.3.30
[INFO] [stderr]    Compiling pin-project-internal v1.1.4
[INFO] [stderr]    Compiling async-trait v0.1.77
[INFO] [stderr]     Checking webpki v0.21.4
[INFO] [stderr]     Checking sct v0.6.1
[INFO] [stderr]     Checking rustls v0.19.1
[INFO] [stderr]     Checking webpki-roots v0.21.1
[INFO] [stderr]    Compiling parity-scale-codec-derive v2.3.1
[INFO] [stderr]    Compiling impl-trait-for-tuples v0.2.2
[INFO] [stderr]    Compiling rlp-derive v0.1.0
[INFO] [stderr]    Compiling auto_impl v0.4.1
[INFO] [stderr]     Checking rustls-webpki v0.101.7
[INFO] [stderr]     Checking sct v0.7.1
[INFO] [stderr]     Checking futures-util v0.3.30
[INFO] [stderr]     Checking thiserror v1.0.56
[INFO] [stderr]     Checking pin-project v1.1.4
[INFO] [stderr]     Checking tracing-futures v0.2.5
[INFO] [stderr]     Checking rustls-native-certs v0.5.0
[INFO] [stderr]     Checking futures-executor v0.3.30
[INFO] [stderr]     Checking bytes v1.5.0
[INFO] [stderr]     Checking impl-serde v0.3.2
[INFO] [stderr]     Checking parity-scale-codec v2.3.1
[INFO] [stderr]     Checking serde_json v1.0.113
[INFO] [stderr]     Checking coins-core v0.2.2
[INFO] [stderr]     Checking bincode v1.3.3
[INFO] [stderr]     Checking serde_urlencoded v0.7.1
[INFO] [stderr]     Checking uuid v0.8.2
[INFO] [stderr]     Checking coins-bip32 v0.3.0
[INFO] [stderr]     Checking tokio v1.36.0
[INFO] [stderr]     Checking http v0.2.11
[INFO] [stderr]     Checking rlp v0.5.2
[INFO] [stderr]     Checking impl-codec v0.5.1
[INFO] [stderr]     Checking impl-rlp v0.3.0
[INFO] [stderr]     Checking ethbloom v0.11.1
[INFO] [stderr]     Checking primitive-types v0.10.1
[INFO] [stderr]     Checking coins-bip39 v0.3.0
[INFO] [stderr]     Checking eth-keystore v0.3.0
[INFO] [stderr]     Checking jsonwebtoken v7.2.0
[INFO] [stderr]     Checking http-body v0.4.6
[INFO] [stderr]     Checking tungstenite v0.14.0
[INFO] [stderr]     Checking ethereum-types v0.12.1
[INFO] [stderr]     Checking ethabi v15.0.0
[INFO] [stderr]     Checking ethers-core v0.5.6
[INFO] [stderr]     Checking tokio-util v0.7.10
[INFO] [stderr]     Checking tokio-rustls v0.24.1
[INFO] [stderr]     Checking tokio-rustls v0.22.0
[INFO] [stderr]     Checking tokio-util v0.6.10
[INFO] [stderr]     Checking tokio-tungstenite v0.15.0
[INFO] [stderr]     Checking h2 v0.3.24
[INFO] [stderr]     Checking ethers-signers v0.5.4
[INFO] [stderr]     Checking hyper v0.14.28
[INFO] [stderr]     Checking hyper-rustls v0.24.2
[INFO] [stderr]     Checking reqwest v0.11.24
[INFO] [stderr]     Checking ethers-providers v0.5.5
[INFO] [stderr]     Checking ethers-fireblocks v0.1.1 (/opt/rustwide/workdir)
[INFO] [stdout] error[E0046]: not all trait items implemented, missing: `sign_typed_data`
[INFO] [stdout]   --> src/signer.rs:17:1
[INFO] [stdout]    |
[INFO] [stdout] 17 | impl Signer for FireblocksSigner {
[INFO] [stdout]    | ^^^^^^^^^^^^^^^^^^^^^^^^^^^^^^^^ missing `sign_typed_data` in implementation
[INFO] [stdout]    |
[INFO] [stdout]    = help: implement the missing item: `fn sign_typed_data<T>(&'life0 self, _: T) -> Pin<Box<(dyn Future<Output = std::result::Result<ethers_core::types::Signature, <Self as ethers_signers::Signer>::Error>> + Send + 'async_trait)>> where T: Eip712, T: Send, T: Sync { todo!() }`
[INFO] [stdout] 
[INFO] [stdout] 
[INFO] [stdout] error[E0046]: not all trait items implemented, missing: `sign_typed_data`
[INFO] [stdout]   --> src/signer.rs:17:1
[INFO] [stdout]    |
[INFO] [stdout] 17 | impl Signer for FireblocksSigner {
[INFO] [stdout]    | ^^^^^^^^^^^^^^^^^^^^^^^^^^^^^^^^ missing `sign_typed_data` in implementation
[INFO] [stdout]    |
[INFO] [stdout]    = help: implement the missing item: `fn sign_typed_data<T>(&'life0 self, _: T) -> Pin<Box<(dyn Future<Output = std::result::Result<ethers_core::types::Signature, <Self as ethers_signers::Signer>::Error>> + Send + 'async_trait)>> where T: Eip712, T: Send, T: Sync { todo!() }`
[INFO] [stdout] 
[INFO] [stdout] 
[INFO] [stdout] error: aborting due to 1 previous error
[INFO] [stdout] 
[INFO] [stdout] 
[INFO] [stdout] For more information about this error, try `rustc --explain E0046`.
[INFO] [stdout] 
[INFO] [stdout] error: aborting due to 1 previous error
[INFO] [stdout] 
[INFO] [stdout] 
[INFO] [stdout] For more information about this error, try `rustc --explain E0046`.
[INFO] [stdout] 
[INFO] [stderr] error: could not compile `ethers-fireblocks` (lib) due to 2 previous errors
[INFO] [stderr] warning: build failed, waiting for other jobs to finish...
[INFO] [stderr] error: could not compile `ethers-fireblocks` (lib test) due to 2 previous errors
[INFO] running `Command { std: "docker" "inspect" "9c3d464a3562511c55fccbc2d7351052aa51d48ca67e27e051c3a882570b3a1c", kill_on_drop: false }`
[INFO] running `Command { std: "docker" "rm" "-f" "9c3d464a3562511c55fccbc2d7351052aa51d48ca67e27e051c3a882570b3a1c", kill_on_drop: false }`
[INFO] [stdout] 9c3d464a3562511c55fccbc2d7351052aa51d48ca67e27e051c3a882570b3a1c
[INFO] checking ethers-fireblocks-0.1.1 against nightly-2024-02-05+rustflags=-Dunexpected_cfgs+cargoflags=-Zcheck-cfg for check-cfg
[INFO] extracting crate ethers-fireblocks 0.1.1 into /workspace/builds/worker-5-tc2/source
[INFO] validating manifest of crates.io crate ethers-fireblocks 0.1.1 on toolchain nightly-2024-02-05
[INFO] running `Command { std: CARGO_HOME="/workspace/cargo-home" RUSTUP_HOME="/workspace/rustup-home" "/workspace/cargo-home/bin/cargo" "+nightly-2024-02-05" "metadata" "--manifest-path" "Cargo.toml" "--no-deps", kill_on_drop: false }`
[INFO] started tweaking crates.io crate ethers-fireblocks 0.1.1
[INFO] finished tweaking crates.io crate ethers-fireblocks 0.1.1
[INFO] tweaked toml for crates.io crate ethers-fireblocks 0.1.1 written to /workspace/builds/worker-5-tc2/source/Cargo.toml
[INFO] running `Command { std: CARGO_HOME="/workspace/cargo-home" RUSTUP_HOME="/workspace/rustup-home" "/workspace/cargo-home/bin/cargo" "+nightly-2024-02-05" "generate-lockfile" "--manifest-path" "Cargo.toml", kill_on_drop: false }`
[INFO] [stderr]     Updating crates.io index
[INFO] running `Command { std: CARGO_HOME="/workspace/cargo-home" RUSTUP_HOME="/workspace/rustup-home" "/workspace/cargo-home/bin/cargo" "+nightly-2024-02-05" "fetch" "--manifest-path" "Cargo.toml", kill_on_drop: false }`
[INFO] running `Command { std: "docker" "create" "-v" "/var/lib/crater-agent-workspace/builds/worker-5-tc2/target:/opt/rustwide/target:rw,Z" "-v" "/var/lib/crater-agent-workspace/builds/worker-5-tc2/source:/opt/rustwide/workdir:ro,Z" "-v" "/var/lib/crater-agent-workspace/cargo-home:/opt/rustwide/cargo-home:ro,Z" "-v" "/var/lib/crater-agent-workspace/rustup-home:/opt/rustwide/rustup-home:ro,Z" "-e" "SOURCE_DIR=/opt/rustwide/workdir" "-e" "CARGO_TARGET_DIR=/opt/rustwide/target" "-e" "CARGO_HOME=/opt/rustwide/cargo-home" "-e" "RUSTUP_HOME=/opt/rustwide/rustup-home" "-w" "/opt/rustwide/workdir" "-m" "1610612736" "--user" "0:0" "--network" "none" "ghcr.io/rust-lang/crates-build-env/linux@sha256:2788e3201cd34a07e3172128adcd8b3090168a8e3bcc40d7c032b9dda1df7d1c" "/opt/rustwide/cargo-home/bin/cargo" "+nightly-2024-02-05" "metadata" "--no-deps" "--format-version=1", kill_on_drop: false }`
[INFO] [stdout] fcb9a1cbeda9bc6dacb795ff05af28f2cb46983090448b034b25365168c93740
[INFO] running `Command { std: "docker" "start" "-a" "fcb9a1cbeda9bc6dacb795ff05af28f2cb46983090448b034b25365168c93740", kill_on_drop: false }`
[INFO] running `Command { std: "docker" "inspect" "fcb9a1cbeda9bc6dacb795ff05af28f2cb46983090448b034b25365168c93740", kill_on_drop: false }`
[INFO] running `Command { std: "docker" "rm" "-f" "fcb9a1cbeda9bc6dacb795ff05af28f2cb46983090448b034b25365168c93740", kill_on_drop: false }`
[INFO] [stdout] fcb9a1cbeda9bc6dacb795ff05af28f2cb46983090448b034b25365168c93740
[INFO] running `Command { std: "docker" "create" "-v" "/var/lib/crater-agent-workspace/builds/worker-5-tc2/target:/opt/rustwide/target:rw,Z" "-v" "/var/lib/crater-agent-workspace/builds/worker-5-tc2/source:/opt/rustwide/workdir:ro,Z" "-v" "/var/lib/crater-agent-workspace/cargo-home:/opt/rustwide/cargo-home:ro,Z" "-v" "/var/lib/crater-agent-workspace/rustup-home:/opt/rustwide/rustup-home:ro,Z" "-e" "SOURCE_DIR=/opt/rustwide/workdir" "-e" "CARGO_TARGET_DIR=/opt/rustwide/target" "-e" "CARGO_INCREMENTAL=0" "-e" "RUST_BACKTRACE=full" "-e" "RUSTFLAGS=--cap-lints=forbid -Dunexpected_cfgs" "-e" "RUSTDOCFLAGS=--cap-lints=forbid" "-e" "CARGO_HOME=/opt/rustwide/cargo-home" "-e" "RUSTUP_HOME=/opt/rustwide/rustup-home" "-w" "/opt/rustwide/workdir" "-m" "1610612736" "--user" "0:0" "--network" "none" "ghcr.io/rust-lang/crates-build-env/linux@sha256:2788e3201cd34a07e3172128adcd8b3090168a8e3bcc40d7c032b9dda1df7d1c" "/opt/rustwide/cargo-home/bin/cargo" "+nightly-2024-02-05" "check" "--frozen" "--all" "--all-targets" "--message-format=json" "-Zcheck-cfg", kill_on_drop: false }`
[INFO] [stdout] 1e23befedd2057a95747166ef8a68df0a47fb69fdfdc6361bbb1c0f358de0a22
[INFO] running `Command { std: "docker" "start" "-a" "1e23befedd2057a95747166ef8a68df0a47fb69fdfdc6361bbb1c0f358de0a22", kill_on_drop: false }`
[INFO] [stderr]    Compiling proc-macro2 v1.0.78
[INFO] [stderr]    Compiling serde v1.0.196
[INFO] [stderr]     Checking subtle v2.4.1
[INFO] [stderr]     Checking block-padding v0.2.1
[INFO] [stderr]    Compiling syn v1.0.109
[INFO] [stderr]    Compiling libc v0.2.153
[INFO] [stderr]     Checking hex v0.4.3
[INFO] [stderr]     Checking const-oid v0.6.2
[INFO] [stderr]    Compiling crunchy v0.2.2
[INFO] [stderr]     Checking getrandom v0.2.12
[INFO] [stderr]    Compiling radium v0.6.2
[INFO] [stderr]    Compiling toml_datetime v0.6.5
[INFO] [stderr]     Checking rustc-hex v2.1.0
[INFO] [stderr]     Checking keccak v0.1.5
[INFO] [stderr]     Checking futures-channel v0.3.30
[INFO] [stderr]     Checking tap v1.0.1
[INFO] [stderr]     Checking block-buffer v0.9.0
[INFO] [stderr]     Checking crypto-mac v0.11.1
[INFO] [stderr]     Checking funty v1.1.0
[INFO] [stderr]     Checking wyz v0.2.0
[INFO] [stderr]     Checking der v0.4.5
[INFO] [stderr]     Checking sha2 v0.9.9
[INFO] [stderr]     Checking rand_core v0.6.4
[INFO] [stderr]     Checking hmac v0.11.0
[INFO] [stderr]    Compiling toml_edit v0.19.15
[INFO] [stderr]     Checking sha3 v0.9.1
[INFO] [stderr]     Checking zeroize v1.4.3
[INFO] [stderr]     Checking static_assertions v1.1.0
[INFO] [stderr]     Checking generic-array v0.12.4
[INFO] [stderr]     Checking byte-slice-cast v1.2.2
[INFO] [stderr]     Checking arrayvec v0.7.4
[INFO] [stderr]     Checking spin v0.9.8
[INFO] [stderr]     Checking rand_chacha v0.3.1
[INFO] [stderr]     Checking ff v0.10.1
[INFO] [stderr]     Checking crypto-bigint v0.2.11
[INFO] [stderr]     Checking untrusted v0.9.0
[INFO] [stderr]     Checking byte-tools v0.3.1
[INFO] [stderr]     Checking signature v1.3.2
[INFO] [stderr]     Checking group v0.10.0
[INFO] [stderr]    Compiling num-traits v0.2.17
[INFO] [stderr]     Checking tiny-keccak v2.0.2
[INFO] [stderr]     Checking uint v0.9.5
[INFO] [stderr]     Checking digest v0.8.1
[INFO] [stderr]     Checking block-padding v0.1.5
[INFO] [stderr]     Checking cipher v0.3.0
[INFO] [stderr]     Checking fake-simd v0.1.2
[INFO] [stderr]     Checking base64ct v1.6.0
[INFO] [stderr]     Checking opaque-debug v0.2.3
[INFO] [stderr]    Compiling quote v1.0.35
[INFO] [stderr]     Checking rand v0.8.5
[INFO] [stderr]     Checking unicode-ident v1.0.12
[INFO] [stderr]     Checking bitvec v0.20.4
[INFO] [stderr]     Checking block-buffer v0.7.3
[INFO] [stderr]    Compiling rustls v0.21.10
[INFO] [stderr]    Compiling anyhow v1.0.79
[INFO] [stderr]     Checking spki v0.4.1
[INFO] [stderr]     Checking crypto-mac v0.8.0
[INFO] [stderr]     Checking sha2 v0.8.2
[INFO] [stderr]    Compiling num-integer v0.1.45
[INFO] [stderr]    Compiling proc-macro-error-attr v1.0.4
[INFO] [stderr]    Compiling cc v1.0.83
[INFO] [stderr]     Checking pkcs8 v0.7.6
[INFO] [stderr]     Checking base64 v0.12.3
[INFO] [stderr]    Compiling syn v2.0.48
[INFO] [stderr]     Checking password-hash v0.2.3
[INFO] [stderr]     Checking base58 v0.1.0
[INFO] [stderr]     Checking blake2 v0.9.2
[INFO] [stderr]     Checking base58check v0.1.0
[INFO] [stderr]     Checking ripemd160 v0.9.1
[INFO] [stderr]    Compiling proc-macro-error v1.0.4
[INFO] [stderr]     Checking elliptic-curve v0.10.6
[INFO] [stderr]    Compiling num-bigint v0.2.6
[INFO] [stderr]     Checking regex-syntax v0.8.2
[INFO] [stderr]     Checking pbkdf2 v0.8.0
[INFO] [stderr]     Checking bech32 v0.7.3
[INFO] [stderr]     Checking salsa20 v0.8.1
[INFO] [stderr]     Checking sha-1 v0.9.8
[INFO] [stderr]     Checking ecdsa v0.12.4
[INFO] [stderr]     Checking either v1.9.0
[INFO] [stderr]     Checking bs58 v0.4.0
[INFO] [stderr]     Checking iana-time-zone v0.1.60
[INFO] [stderr]     Checking fixed-hash v0.7.0
[INFO] [stderr]     Checking radium v0.3.0
[INFO] [stderr]     Checking lazy_static v1.4.0
[INFO] [stderr]     Checking convert_case v0.4.0
[INFO] [stderr]     Checking scrypt v0.7.0
[INFO] [stderr]     Checking aes v0.7.5
[INFO] [stderr]     Checking ctr v0.7.0
[INFO] [stderr]     Checking webpki-roots v0.25.4
[INFO] [stderr]     Checking k256 v0.9.6
[INFO] [stderr]     Checking futures-timer v3.0.2
[INFO] [stderr]     Checking bitvec v0.17.4
[INFO] [stderr]    Compiling ring v0.16.20
[INFO] [stderr]    Compiling ring v0.17.7
[INFO] [stderr]     Checking chrono v0.4.33
[INFO] [stderr]    Compiling proc-macro-crate v1.3.1
[INFO] [stderr]     Checking regex-automata v0.4.5
[INFO] [stderr]     Checking simple_asn1 v0.4.1
[INFO] [stderr]     Checking regex v1.10.3
[INFO] [stderr]     Checking pem v0.8.3
[INFO] [stderr]    Compiling serde_derive v1.0.196
[INFO] [stderr]    Compiling thiserror-impl v1.0.56
[INFO] [stderr]    Compiling tokio-macros v2.2.0
[INFO] [stderr]    Compiling futures-macro v0.3.30
[INFO] [stderr]    Compiling pin-project-internal v1.1.4
[INFO] [stderr]    Compiling async-trait v0.1.77
[INFO] [stderr]     Checking webpki v0.21.4
[INFO] [stderr]     Checking sct v0.6.1
[INFO] [stderr]     Checking futures-util v0.3.30
[INFO] [stderr]     Checking rustls v0.19.1
[INFO] [stderr]     Checking webpki-roots v0.21.1
[INFO] [stderr]    Compiling impl-trait-for-tuples v0.2.2
[INFO] [stderr]    Compiling parity-scale-codec-derive v2.3.1
[INFO] [stderr]    Compiling rlp-derive v0.1.0
[INFO] [stderr]    Compiling auto_impl v0.4.1
[INFO] [stderr]     Checking pin-project v1.1.4
[INFO] [stderr]     Checking rustls-webpki v0.101.7
[INFO] [stderr]     Checking sct v0.7.1
[INFO] [stderr]     Checking thiserror v1.0.56
[INFO] [stderr]     Checking tracing-futures v0.2.5
[INFO] [stderr]     Checking rustls-native-certs v0.5.0
[INFO] [stderr]     Checking futures-executor v0.3.30
[INFO] [stderr]     Checking bytes v1.5.0
[INFO] [stderr]     Checking parity-scale-codec v2.3.1
[INFO] [stderr]     Checking impl-serde v0.3.2
[INFO] [stderr]     Checking serde_json v1.0.113
[INFO] [stderr]     Checking bincode v1.3.3
[INFO] [stderr]     Checking coins-core v0.2.2
[INFO] [stderr]     Checking serde_urlencoded v0.7.1
[INFO] [stderr]     Checking uuid v0.8.2
[INFO] [stderr]     Checking coins-bip32 v0.3.0
[INFO] [stderr]     Checking tokio v1.36.0
[INFO] [stderr]     Checking rlp v0.5.2
[INFO] [stderr]     Checking http v0.2.11
[INFO] [stderr]     Checking impl-codec v0.5.1
[INFO] [stderr]     Checking impl-rlp v0.3.0
[INFO] [stderr]     Checking ethbloom v0.11.1
[INFO] [stderr]     Checking primitive-types v0.10.1
[INFO] [stderr]     Checking coins-bip39 v0.3.0
[INFO] [stderr]     Checking eth-keystore v0.3.0
[INFO] [stderr]     Checking jsonwebtoken v7.2.0
[INFO] [stderr]     Checking http-body v0.4.6
[INFO] [stderr]     Checking tungstenite v0.14.0
[INFO] [stderr]     Checking ethereum-types v0.12.1
[INFO] [stderr]     Checking ethabi v15.0.0
[INFO] [stderr]     Checking ethers-core v0.5.6
[INFO] [stderr]     Checking tokio-util v0.7.10
[INFO] [stderr]     Checking tokio-rustls v0.24.1
[INFO] [stderr]     Checking tokio-rustls v0.22.0
[INFO] [stderr]     Checking tokio-util v0.6.10
[INFO] [stderr]     Checking tokio-tungstenite v0.15.0
[INFO] [stderr]     Checking h2 v0.3.24
[INFO] [stderr]     Checking ethers-signers v0.5.4
[INFO] [stderr]     Checking hyper v0.14.28
[INFO] [stderr]     Checking hyper-rustls v0.24.2
[INFO] [stderr]     Checking reqwest v0.11.24
[INFO] [stderr]     Checking ethers-providers v0.5.5
[INFO] [stderr]     Checking ethers-fireblocks v0.1.1 (/opt/rustwide/workdir)
[INFO] [stdout] error[E0046]: not all trait items implemented, missing: `sign_typed_data`
[INFO] [stdout]   --> src/signer.rs:17:1
[INFO] [stdout]    |
[INFO] [stdout] 17 | impl Signer for FireblocksSigner {
[INFO] [stdout]    | ^^^^^^^^^^^^^^^^^^^^^^^^^^^^^^^^ missing `sign_typed_data` in implementation
[INFO] [stdout]    |
[INFO] [stdout]    = help: implement the missing item: `fn sign_typed_data<T>(&'life0 self, _: T) -> Pin<Box<(dyn Future<Output = std::result::Result<ethers_core::types::Signature, <Self as ethers_signers::Signer>::Error>> + Send + 'async_trait)>> where T: Eip712, T: Send, T: Sync { todo!() }`
[INFO] [stdout] 
[INFO] [stdout] 
[INFO] [stdout] error[E0046]: not all trait items implemented, missing: `sign_typed_data`
[INFO] [stdout]   --> src/signer.rs:17:1
[INFO] [stdout]    |
[INFO] [stdout] 17 | impl Signer for FireblocksSigner {
[INFO] [stdout]    | ^^^^^^^^^^^^^^^^^^^^^^^^^^^^^^^^ missing `sign_typed_data` in implementation
[INFO] [stdout]    |
[INFO] [stdout]    = help: implement the missing item: `fn sign_typed_data<T>(&'life0 self, _: T) -> Pin<Box<(dyn Future<Output = std::result::Result<ethers_core::types::Signature, <Self as ethers_signers::Signer>::Error>> + Send + 'async_trait)>> where T: Eip712, T: Send, T: Sync { todo!() }`
[INFO] [stdout] 
[INFO] [stdout] 
[INFO] [stdout] error: aborting due to 1 previous error
[INFO] [stdout] 
[INFO] [stdout] 
[INFO] [stdout] For more information about this error, try `rustc --explain E0046`.
[INFO] [stdout] 
[INFO] [stderr] error: could not compile `ethers-fireblocks` (lib test) due to 2 previous errors
[INFO] [stderr] warning: build failed, waiting for other jobs to finish...
[INFO] [stdout] error: aborting due to 1 previous error
[INFO] [stdout] 
[INFO] [stdout] 
[INFO] [stdout] For more information about this error, try `rustc --explain E0046`.
[INFO] [stdout] 
[INFO] [stderr] error: could not compile `ethers-fireblocks` (lib) due to 2 previous errors
[INFO] running `Command { std: "docker" "inspect" "1e23befedd2057a95747166ef8a68df0a47fb69fdfdc6361bbb1c0f358de0a22", kill_on_drop: false }`
[INFO] running `Command { std: "docker" "rm" "-f" "1e23befedd2057a95747166ef8a68df0a47fb69fdfdc6361bbb1c0f358de0a22", kill_on_drop: false }`
[INFO] [stdout] 1e23befedd2057a95747166ef8a68df0a47fb69fdfdc6361bbb1c0f358de0a22
