[INFO] fetching crate erg_type 0.5.9-nightly.0...
[INFO] checking erg_type-0.5.9-nightly.0 against nightly-2024-02-05 for check-cfg
[INFO] extracting crate erg_type 0.5.9-nightly.0 into /workspace/builds/worker-2-tc1/source
[INFO] validating manifest of crates.io crate erg_type 0.5.9-nightly.0 on toolchain nightly-2024-02-05
[INFO] running `Command { std: CARGO_HOME="/workspace/cargo-home" RUSTUP_HOME="/workspace/rustup-home" "/workspace/cargo-home/bin/cargo" "+nightly-2024-02-05" "metadata" "--manifest-path" "Cargo.toml" "--no-deps", kill_on_drop: false }`
[INFO] started tweaking crates.io crate erg_type 0.5.9-nightly.0
[INFO] finished tweaking crates.io crate erg_type 0.5.9-nightly.0
[INFO] tweaked toml for crates.io crate erg_type 0.5.9-nightly.0 written to /workspace/builds/worker-2-tc1/source/Cargo.toml
[INFO] running `Command { std: CARGO_HOME="/workspace/cargo-home" RUSTUP_HOME="/workspace/rustup-home" "/workspace/cargo-home/bin/cargo" "+nightly-2024-02-05" "generate-lockfile" "--manifest-path" "Cargo.toml", kill_on_drop: false }`
[INFO] [stderr]     Updating crates.io index
[INFO] running `Command { std: CARGO_HOME="/workspace/cargo-home" RUSTUP_HOME="/workspace/rustup-home" "/workspace/cargo-home/bin/cargo" "+nightly-2024-02-05" "fetch" "--manifest-path" "Cargo.toml", kill_on_drop: false }`
[INFO] [stderr]  Downloading crates ...
[INFO] [stderr]   Downloaded erg_parser v0.5.13
[INFO] [stderr]   Downloaded erg_common v0.5.13
[INFO] running `Command { std: "docker" "create" "-v" "/var/lib/crater-agent-workspace/builds/worker-2-tc1/target:/opt/rustwide/target:rw,Z" "-v" "/var/lib/crater-agent-workspace/builds/worker-2-tc1/source:/opt/rustwide/workdir:ro,Z" "-v" "/var/lib/crater-agent-workspace/cargo-home:/opt/rustwide/cargo-home:ro,Z" "-v" "/var/lib/crater-agent-workspace/rustup-home:/opt/rustwide/rustup-home:ro,Z" "-e" "SOURCE_DIR=/opt/rustwide/workdir" "-e" "CARGO_TARGET_DIR=/opt/rustwide/target" "-e" "CARGO_HOME=/opt/rustwide/cargo-home" "-e" "RUSTUP_HOME=/opt/rustwide/rustup-home" "-w" "/opt/rustwide/workdir" "-m" "1610612736" "--user" "0:0" "--network" "none" "ghcr.io/rust-lang/crates-build-env/linux@sha256:2788e3201cd34a07e3172128adcd8b3090168a8e3bcc40d7c032b9dda1df7d1c" "/opt/rustwide/cargo-home/bin/cargo" "+nightly-2024-02-05" "metadata" "--no-deps" "--format-version=1", kill_on_drop: false }`
[INFO] [stdout] c212ec2551e73d06f62535b5c53bd4a3ba95f6391eb4fb5570adf909715c69c4
[INFO] running `Command { std: "docker" "start" "-a" "c212ec2551e73d06f62535b5c53bd4a3ba95f6391eb4fb5570adf909715c69c4", kill_on_drop: false }`
[INFO] running `Command { std: "docker" "inspect" "c212ec2551e73d06f62535b5c53bd4a3ba95f6391eb4fb5570adf909715c69c4", kill_on_drop: false }`
[INFO] running `Command { std: "docker" "rm" "-f" "c212ec2551e73d06f62535b5c53bd4a3ba95f6391eb4fb5570adf909715c69c4", kill_on_drop: false }`
[INFO] [stdout] c212ec2551e73d06f62535b5c53bd4a3ba95f6391eb4fb5570adf909715c69c4
[INFO] running `Command { std: "docker" "create" "-v" "/var/lib/crater-agent-workspace/builds/worker-2-tc1/target:/opt/rustwide/target:rw,Z" "-v" "/var/lib/crater-agent-workspace/builds/worker-2-tc1/source:/opt/rustwide/workdir:ro,Z" "-v" "/var/lib/crater-agent-workspace/cargo-home:/opt/rustwide/cargo-home:ro,Z" "-v" "/var/lib/crater-agent-workspace/rustup-home:/opt/rustwide/rustup-home:ro,Z" "-e" "SOURCE_DIR=/opt/rustwide/workdir" "-e" "CARGO_TARGET_DIR=/opt/rustwide/target" "-e" "CARGO_INCREMENTAL=0" "-e" "RUST_BACKTRACE=full" "-e" "RUSTFLAGS=--cap-lints=forbid" "-e" "RUSTDOCFLAGS=--cap-lints=forbid" "-e" "CARGO_HOME=/opt/rustwide/cargo-home" "-e" "RUSTUP_HOME=/opt/rustwide/rustup-home" "-w" "/opt/rustwide/workdir" "-m" "1610612736" "--user" "0:0" "--network" "none" "ghcr.io/rust-lang/crates-build-env/linux@sha256:2788e3201cd34a07e3172128adcd8b3090168a8e3bcc40d7c032b9dda1df7d1c" "/opt/rustwide/cargo-home/bin/cargo" "+nightly-2024-02-05" "check" "--frozen" "--all" "--all-targets" "--message-format=json", kill_on_drop: false }`
[INFO] [stdout] 2837454bdebd78e1a36ebabc7fccda9c5afeb5cc84f7c0a56289d0ddf7f31b92
[INFO] running `Command { std: "docker" "start" "-a" "2837454bdebd78e1a36ebabc7fccda9c5afeb5cc84f7c0a56289d0ddf7f31b92", kill_on_drop: false }`
[INFO] [stderr]    Compiling libc v0.2.153
[INFO] [stderr]    Compiling erg_common v0.5.13
[INFO] [stderr]     Checking erg_parser v0.5.13
[INFO] [stderr]     Checking erg_type v0.5.9-nightly.0 (/opt/rustwide/workdir)
[INFO] [stdout] error[E0432]: unresolved import `erg_common::opcode::Opcode`
[INFO] [stdout]  --> codeobj.rs:8:5
[INFO] [stdout]   |
[INFO] [stdout] 8 | use erg_common::opcode::Opcode;
[INFO] [stdout]   |     ^^^^^^^^^^^^^^^^^^^^^^^^^^ no `Opcode` in `opcode`
[INFO] [stdout] 
[INFO] [stdout] 
[INFO] [stdout] error[E0432]: unresolved import `erg_common::astr`
[INFO] [stdout]  --> deserialize.rs:5:17
[INFO] [stdout]   |
[INFO] [stdout] 5 | use erg_common::astr::AtomicStr;
[INFO] [stdout]   |                 ^^^^ could not find `astr` in `erg_common`
[INFO] [stdout] 
[INFO] [stdout] 
[INFO] [stdout] error[E0432]: unresolved import `erg_common::opcode::Opcode`
[INFO] [stdout]  --> codeobj.rs:8:5
[INFO] [stdout]   |
[INFO] [stdout] 8 | use erg_common::opcode::Opcode;
[INFO] [stdout]   |     ^^^^^^^^^^^^^^^^^^^^^^^^^^ no `Opcode` in `opcode`
[INFO] [stdout] 
[INFO] [stdout] 
[INFO] [stdout] error[E0432]: unresolved import `erg_common::astr`
[INFO] [stdout]  --> deserialize.rs:5:17
[INFO] [stdout]   |
[INFO] [stdout] 5 | use erg_common::astr::AtomicStr;
[INFO] [stdout]   |                 ^^^^ could not find `astr` in `erg_common`
[INFO] [stdout] 
[INFO] [stdout] 
[INFO] [stdout] error: aborting due to 2 previous errors
[INFO] [stdout] 
[INFO] [stdout] 
[INFO] [stdout] For more information about this error, try `rustc --explain E0432`.
[INFO] [stdout] 
[INFO] [stdout] error: aborting due to 2 previous errors
[INFO] [stdout] 
[INFO] [stdout] 
[INFO] [stdout] For more information about this error, try `rustc --explain E0432`.
[INFO] [stdout] 
[INFO] [stderr] error: could not compile `erg_type` (lib test) due to 3 previous errors
[INFO] [stderr] warning: build failed, waiting for other jobs to finish...
[INFO] [stderr] error: could not compile `erg_type` (lib) due to 3 previous errors
[INFO] running `Command { std: "docker" "inspect" "2837454bdebd78e1a36ebabc7fccda9c5afeb5cc84f7c0a56289d0ddf7f31b92", kill_on_drop: false }`
[INFO] running `Command { std: "docker" "rm" "-f" "2837454bdebd78e1a36ebabc7fccda9c5afeb5cc84f7c0a56289d0ddf7f31b92", kill_on_drop: false }`
[INFO] [stdout] 2837454bdebd78e1a36ebabc7fccda9c5afeb5cc84f7c0a56289d0ddf7f31b92
[INFO] checking erg_type-0.5.9-nightly.0 against nightly-2024-02-05+rustflags=-Dunexpected_cfgs+cargoflags=-Zcheck-cfg for check-cfg
[INFO] extracting crate erg_type 0.5.9-nightly.0 into /workspace/builds/worker-2-tc2/source
[INFO] validating manifest of crates.io crate erg_type 0.5.9-nightly.0 on toolchain nightly-2024-02-05
[INFO] running `Command { std: CARGO_HOME="/workspace/cargo-home" RUSTUP_HOME="/workspace/rustup-home" "/workspace/cargo-home/bin/cargo" "+nightly-2024-02-05" "metadata" "--manifest-path" "Cargo.toml" "--no-deps", kill_on_drop: false }`
[INFO] started tweaking crates.io crate erg_type 0.5.9-nightly.0
[INFO] finished tweaking crates.io crate erg_type 0.5.9-nightly.0
[INFO] tweaked toml for crates.io crate erg_type 0.5.9-nightly.0 written to /workspace/builds/worker-2-tc2/source/Cargo.toml
[INFO] running `Command { std: CARGO_HOME="/workspace/cargo-home" RUSTUP_HOME="/workspace/rustup-home" "/workspace/cargo-home/bin/cargo" "+nightly-2024-02-05" "generate-lockfile" "--manifest-path" "Cargo.toml", kill_on_drop: false }`
[INFO] [stderr]     Updating crates.io index
[INFO] running `Command { std: CARGO_HOME="/workspace/cargo-home" RUSTUP_HOME="/workspace/rustup-home" "/workspace/cargo-home/bin/cargo" "+nightly-2024-02-05" "fetch" "--manifest-path" "Cargo.toml", kill_on_drop: false }`
[INFO] running `Command { std: "docker" "create" "-v" "/var/lib/crater-agent-workspace/builds/worker-2-tc2/target:/opt/rustwide/target:rw,Z" "-v" "/var/lib/crater-agent-workspace/builds/worker-2-tc2/source:/opt/rustwide/workdir:ro,Z" "-v" "/var/lib/crater-agent-workspace/cargo-home:/opt/rustwide/cargo-home:ro,Z" "-v" "/var/lib/crater-agent-workspace/rustup-home:/opt/rustwide/rustup-home:ro,Z" "-e" "SOURCE_DIR=/opt/rustwide/workdir" "-e" "CARGO_TARGET_DIR=/opt/rustwide/target" "-e" "CARGO_HOME=/opt/rustwide/cargo-home" "-e" "RUSTUP_HOME=/opt/rustwide/rustup-home" "-w" "/opt/rustwide/workdir" "-m" "1610612736" "--user" "0:0" "--network" "none" "ghcr.io/rust-lang/crates-build-env/linux@sha256:2788e3201cd34a07e3172128adcd8b3090168a8e3bcc40d7c032b9dda1df7d1c" "/opt/rustwide/cargo-home/bin/cargo" "+nightly-2024-02-05" "metadata" "--no-deps" "--format-version=1", kill_on_drop: false }`
[INFO] [stdout] 70892bc72bc8e32e9cd1423447dcd24fa1ce9d79d70c42c46a5b33054c4b7b5f
[INFO] running `Command { std: "docker" "start" "-a" "70892bc72bc8e32e9cd1423447dcd24fa1ce9d79d70c42c46a5b33054c4b7b5f", kill_on_drop: false }`
[INFO] running `Command { std: "docker" "inspect" "70892bc72bc8e32e9cd1423447dcd24fa1ce9d79d70c42c46a5b33054c4b7b5f", kill_on_drop: false }`
[INFO] running `Command { std: "docker" "rm" "-f" "70892bc72bc8e32e9cd1423447dcd24fa1ce9d79d70c42c46a5b33054c4b7b5f", kill_on_drop: false }`
[INFO] [stdout] 70892bc72bc8e32e9cd1423447dcd24fa1ce9d79d70c42c46a5b33054c4b7b5f
[INFO] running `Command { std: "docker" "create" "-v" "/var/lib/crater-agent-workspace/builds/worker-2-tc2/target:/opt/rustwide/target:rw,Z" "-v" "/var/lib/crater-agent-workspace/builds/worker-2-tc2/source:/opt/rustwide/workdir:ro,Z" "-v" "/var/lib/crater-agent-workspace/cargo-home:/opt/rustwide/cargo-home:ro,Z" "-v" "/var/lib/crater-agent-workspace/rustup-home:/opt/rustwide/rustup-home:ro,Z" "-e" "SOURCE_DIR=/opt/rustwide/workdir" "-e" "CARGO_TARGET_DIR=/opt/rustwide/target" "-e" "CARGO_INCREMENTAL=0" "-e" "RUST_BACKTRACE=full" "-e" "RUSTFLAGS=--cap-lints=forbid -Dunexpected_cfgs" "-e" "RUSTDOCFLAGS=--cap-lints=forbid" "-e" "CARGO_HOME=/opt/rustwide/cargo-home" "-e" "RUSTUP_HOME=/opt/rustwide/rustup-home" "-w" "/opt/rustwide/workdir" "-m" "1610612736" "--user" "0:0" "--network" "none" "ghcr.io/rust-lang/crates-build-env/linux@sha256:2788e3201cd34a07e3172128adcd8b3090168a8e3bcc40d7c032b9dda1df7d1c" "/opt/rustwide/cargo-home/bin/cargo" "+nightly-2024-02-05" "check" "--frozen" "--all" "--all-targets" "--message-format=json" "-Zcheck-cfg", kill_on_drop: false }`
[INFO] [stdout] d1a33cf8d0d25879da8e97f4de0ccd0415437c67b6bac07752b354aa500f7e8a
[INFO] running `Command { std: "docker" "start" "-a" "d1a33cf8d0d25879da8e97f4de0ccd0415437c67b6bac07752b354aa500f7e8a", kill_on_drop: false }`
[INFO] [stderr]    Compiling libc v0.2.153
[INFO] [stderr]    Compiling erg_common v0.5.13
[INFO] [stderr]     Checking erg_parser v0.5.13
[INFO] [stderr]     Checking erg_type v0.5.9-nightly.0 (/opt/rustwide/workdir)
[INFO] [stdout] error[E0432]: unresolved import `erg_common::opcode::Opcode`
[INFO] [stdout]  --> codeobj.rs:8:5
[INFO] [stdout]   |
[INFO] [stdout] 8 | use erg_common::opcode::Opcode;
[INFO] [stdout]   |     ^^^^^^^^^^^^^^^^^^^^^^^^^^ no `Opcode` in `opcode`
[INFO] [stdout] 
[INFO] [stdout] 
[INFO] [stdout] error[E0432]: unresolved import `erg_common::astr`
[INFO] [stdout]  --> deserialize.rs:5:17
[INFO] [stdout]   |
[INFO] [stdout] 5 | use erg_common::astr::AtomicStr;
[INFO] [stdout]   |                 ^^^^ could not find `astr` in `erg_common`
[INFO] [stdout] 
[INFO] [stdout] 
[INFO] [stdout] error[E0432]: unresolved import `erg_common::opcode::Opcode`
[INFO] [stdout]  --> codeobj.rs:8:5
[INFO] [stdout]   |
[INFO] [stdout] 8 | use erg_common::opcode::Opcode;
[INFO] [stdout]   |     ^^^^^^^^^^^^^^^^^^^^^^^^^^ no `Opcode` in `opcode`
[INFO] [stdout] 
[INFO] [stdout] 
[INFO] [stdout] error[E0432]: unresolved import `erg_common::astr`
[INFO] [stdout]  --> deserialize.rs:5:17
[INFO] [stdout]   |
[INFO] [stdout] 5 | use erg_common::astr::AtomicStr;
[INFO] [stdout]   |                 ^^^^ could not find `astr` in `erg_common`
[INFO] [stdout] 
[INFO] [stdout] 
[INFO] [stdout] error: aborting due to 2 previous errors
[INFO] [stdout] 
[INFO] [stdout] 
[INFO] [stdout] For more information about this error, try `rustc --explain E0432`.
[INFO] [stdout] 
[INFO] [stderr] error: could not compile `erg_type` (lib test) due to 3 previous errors
[INFO] [stderr] warning: build failed, waiting for other jobs to finish...
[INFO] [stdout] error: aborting due to 2 previous errors
[INFO] [stdout] 
[INFO] [stdout] 
[INFO] [stdout] For more information about this error, try `rustc --explain E0432`.
[INFO] [stdout] 
[INFO] [stderr] error: could not compile `erg_type` (lib) due to 3 previous errors
[INFO] running `Command { std: "docker" "inspect" "d1a33cf8d0d25879da8e97f4de0ccd0415437c67b6bac07752b354aa500f7e8a", kill_on_drop: false }`
[INFO] running `Command { std: "docker" "rm" "-f" "d1a33cf8d0d25879da8e97f4de0ccd0415437c67b6bac07752b354aa500f7e8a", kill_on_drop: false }`
[INFO] [stdout] d1a33cf8d0d25879da8e97f4de0ccd0415437c67b6bac07752b354aa500f7e8a
