[INFO] fetching crate erc20_payment_lib_extra 0.3.13...
[INFO] checking erc20_payment_lib_extra-0.3.13 against nightly-2024-02-05 for check-cfg
[INFO] extracting crate erc20_payment_lib_extra 0.3.13 into /workspace/builds/worker-5-tc1/source
[INFO] validating manifest of crates.io crate erc20_payment_lib_extra 0.3.13 on toolchain nightly-2024-02-05
[INFO] running `Command { std: CARGO_HOME="/workspace/cargo-home" RUSTUP_HOME="/workspace/rustup-home" "/workspace/cargo-home/bin/cargo" "+nightly-2024-02-05" "metadata" "--manifest-path" "Cargo.toml" "--no-deps", kill_on_drop: false }`
[INFO] started tweaking crates.io crate erc20_payment_lib_extra 0.3.13
[INFO] finished tweaking crates.io crate erc20_payment_lib_extra 0.3.13
[INFO] tweaked toml for crates.io crate erc20_payment_lib_extra 0.3.13 written to /workspace/builds/worker-5-tc1/source/Cargo.toml
[INFO] running `Command { std: CARGO_HOME="/workspace/cargo-home" RUSTUP_HOME="/workspace/rustup-home" "/workspace/cargo-home/bin/cargo" "+nightly-2024-02-05" "generate-lockfile" "--manifest-path" "Cargo.toml", kill_on_drop: false }`
[INFO] [stderr]     Updating crates.io index
[INFO] running `Command { std: CARGO_HOME="/workspace/cargo-home" RUSTUP_HOME="/workspace/rustup-home" "/workspace/cargo-home/bin/cargo" "+nightly-2024-02-05" "fetch" "--manifest-path" "Cargo.toml", kill_on_drop: false }`
[INFO] [stderr]  Downloading crates ...
[INFO] [stderr]   Downloaded metrics-observer-yaml v0.1.1
[INFO] [stderr]   Downloaded metrics v0.12.1
[INFO] [stderr]   Downloaded erc20_payment_lib_common v0.3.20
[INFO] [stderr]   Downloaded metrics-core v0.5.2
[INFO] [stderr]   Downloaded web3 v0.19.0
[INFO] [stderr]   Downloaded metrics-observer-prometheus v0.1.4
[INFO] [stderr]   Downloaded jsonrpc-core v18.0.0
[INFO] [stderr]   Downloaded rend v0.4.2
[INFO] [stderr]   Downloaded crossbeam v0.7.3
[INFO] [stderr]   Downloaded atomic-shim v0.1.0
[INFO] [stderr]   Downloaded bytecheck_derive v0.6.12
[INFO] [stderr]   Downloaded actix-files v0.6.5
[INFO] [stderr]   Downloaded bytecheck v0.6.12
[INFO] [stderr]   Downloaded bollard-stubs v1.42.0-rc.7
[INFO] [stderr]   Downloaded awc v3.4.0
[INFO] [stderr]   Downloaded metrics-util v0.3.2
[INFO] [stderr]   Downloaded rkyv v0.7.44
[INFO] [stderr]   Downloaded hdrhistogram v6.3.4
[INFO] [stderr]   Downloaded actix v0.13.2
[INFO] [stderr]   Downloaded bollard v0.14.0
[INFO] [stderr]   Downloaded rust_decimal v1.34.2
[INFO] [stderr]   Downloaded erc20_payment_lib v0.3.22
[INFO] [stderr]   Downloaded actix-web-actors v4.3.0
[INFO] [stderr]   Downloaded v_htmlescape v0.15.8
[INFO] [stderr]   Downloaded metrics-runtime v0.13.1
[INFO] [stderr]   Downloaded quanta v0.3.2
[INFO] [stderr]   Downloaded arc-swap v0.4.8
[INFO] [stderr]   Downloaded actix-tls v3.3.0
[INFO] [stderr]   Downloaded rkyv_derive v0.7.44
[INFO] [stderr]   Downloaded erc20_rpc_pool v0.3.22
[INFO] [stderr]   Downloaded metrics-observer-json v0.1.1
[INFO] [stderr]   Downloaded thunderdome v0.6.1
[INFO] [stderr]   Downloaded stream-rate-limiter v0.3.1
[INFO] running `Command { std: "docker" "create" "-v" "/var/lib/crater-agent-workspace/builds/worker-5-tc1/target:/opt/rustwide/target:rw,Z" "-v" "/var/lib/crater-agent-workspace/builds/worker-5-tc1/source:/opt/rustwide/workdir:ro,Z" "-v" "/var/lib/crater-agent-workspace/cargo-home:/opt/rustwide/cargo-home:ro,Z" "-v" "/var/lib/crater-agent-workspace/rustup-home:/opt/rustwide/rustup-home:ro,Z" "-e" "SOURCE_DIR=/opt/rustwide/workdir" "-e" "CARGO_TARGET_DIR=/opt/rustwide/target" "-e" "CARGO_HOME=/opt/rustwide/cargo-home" "-e" "RUSTUP_HOME=/opt/rustwide/rustup-home" "-w" "/opt/rustwide/workdir" "-m" "1610612736" "--user" "0:0" "--network" "none" "ghcr.io/rust-lang/crates-build-env/linux@sha256:2788e3201cd34a07e3172128adcd8b3090168a8e3bcc40d7c032b9dda1df7d1c" "/opt/rustwide/cargo-home/bin/cargo" "+nightly-2024-02-05" "metadata" "--no-deps" "--format-version=1", kill_on_drop: false }`
[INFO] [stdout] cd975a3f9d45070ee875abeb98fa20533f3e415ccf837e16f6ef1e46ddf9e6a6
[INFO] running `Command { std: "docker" "start" "-a" "cd975a3f9d45070ee875abeb98fa20533f3e415ccf837e16f6ef1e46ddf9e6a6", kill_on_drop: false }`
[INFO] running `Command { std: "docker" "inspect" "cd975a3f9d45070ee875abeb98fa20533f3e415ccf837e16f6ef1e46ddf9e6a6", kill_on_drop: false }`
[INFO] running `Command { std: "docker" "rm" "-f" "cd975a3f9d45070ee875abeb98fa20533f3e415ccf837e16f6ef1e46ddf9e6a6", kill_on_drop: false }`
[INFO] [stdout] cd975a3f9d45070ee875abeb98fa20533f3e415ccf837e16f6ef1e46ddf9e6a6
[INFO] running `Command { std: "docker" "create" "-v" "/var/lib/crater-agent-workspace/builds/worker-5-tc1/target:/opt/rustwide/target:rw,Z" "-v" "/var/lib/crater-agent-workspace/builds/worker-5-tc1/source:/opt/rustwide/workdir:ro,Z" "-v" "/var/lib/crater-agent-workspace/cargo-home:/opt/rustwide/cargo-home:ro,Z" "-v" "/var/lib/crater-agent-workspace/rustup-home:/opt/rustwide/rustup-home:ro,Z" "-e" "SOURCE_DIR=/opt/rustwide/workdir" "-e" "CARGO_TARGET_DIR=/opt/rustwide/target" "-e" "CARGO_INCREMENTAL=0" "-e" "RUST_BACKTRACE=full" "-e" "RUSTFLAGS=--cap-lints=forbid" "-e" "RUSTDOCFLAGS=--cap-lints=forbid" "-e" "CARGO_HOME=/opt/rustwide/cargo-home" "-e" "RUSTUP_HOME=/opt/rustwide/rustup-home" "-w" "/opt/rustwide/workdir" "-m" "1610612736" "--user" "0:0" "--network" "none" "ghcr.io/rust-lang/crates-build-env/linux@sha256:2788e3201cd34a07e3172128adcd8b3090168a8e3bcc40d7c032b9dda1df7d1c" "/opt/rustwide/cargo-home/bin/cargo" "+nightly-2024-02-05" "check" "--frozen" "--all" "--all-targets" "--message-format=json", kill_on_drop: false }`
[INFO] [stdout] 9b9dc2d7a6e4a5d7f11978b3cdb387246a782a8a897eb7736123ccd889583b7b
[INFO] running `Command { std: "docker" "start" "-a" "9b9dc2d7a6e4a5d7f11978b3cdb387246a782a8a897eb7736123ccd889583b7b", kill_on_drop: false }`
[INFO] [stderr]    Compiling libc v0.2.153
[INFO] [stderr]    Compiling serde v1.0.196
[INFO] [stderr]    Compiling syn v2.0.48
[INFO] [stderr]    Compiling typenum v1.17.0
[INFO] [stderr]    Compiling ahash v0.8.7
[INFO] [stderr]     Checking mio v0.8.10
[INFO] [stderr]     Checking signal-hook-registry v1.4.1
[INFO] [stderr]    Compiling generic-array v0.14.7
[INFO] [stderr]     Checking futures-channel v0.3.30
[INFO] [stderr]     Checking futures-io v0.3.30
[INFO] [stderr]    Compiling serde_json v1.0.113
[INFO] [stderr]     Checking zerocopy v0.7.32
[INFO] [stderr]     Checking allocator-api2 v0.2.16
[INFO] [stderr]     Checking spin v0.9.8
[INFO] [stderr]    Compiling paste v1.0.14
[INFO] [stderr]    Compiling pin-project-lite v0.2.13
[INFO] [stderr]    Compiling bytes v1.5.0
[INFO] [stderr]    Compiling num-traits v0.2.17
[INFO] [stderr]     Checking cpufeatures v0.2.12
[INFO] [stderr]    Compiling itoa v1.0.10
[INFO] [stderr]     Checking hashbrown v0.14.3
[INFO] [stderr]    Compiling tracing-core v0.1.32
[INFO] [stderr]    Compiling futures-core v0.3.30
[INFO] [stderr]     Checking bitflags v2.4.2
[INFO] [stderr]    Compiling scopeguard v1.2.0
[INFO] [stderr]    Compiling lock_api v0.4.11
[INFO] [stderr]     Checking indexmap v2.2.2
[INFO] [stderr]    Compiling jobserver v0.1.27
[INFO] [stderr]    Compiling getrandom v0.2.12
[INFO] [stderr]    Compiling tinyvec_macros v0.1.1
[INFO] [stderr]     Checking local-waker v0.1.4
[INFO] [stderr]    Compiling crunchy v0.2.2
[INFO] [stderr]    Compiling cc v1.0.83
[INFO] [stderr]     Checking block-buffer v0.10.4
[INFO] [stderr]     Checking crypto-common v0.1.6
[INFO] [stderr]    Compiling vcpkg v0.2.15
[INFO] [stderr]     Checking digest v0.10.7
[INFO] [stderr]    Compiling futures-sink v0.3.30
[INFO] [stderr]    Compiling tinyvec v1.6.0
[INFO] [stderr]    Compiling memoffset v0.5.6
[INFO] [stderr]    Compiling zstd-safe v7.0.0
[INFO] [stderr]     Checking alloc-no-stdlib v2.0.4
[INFO] [stderr]    Compiling smallvec v1.13.1
[INFO] [stderr]     Checking rustc-hex v2.1.0
[INFO] [stderr]     Checking alloc-stdlib v0.2.2
[INFO] [stderr]    Compiling parking_lot_core v0.9.9
[INFO] [stderr]     Checking sha1 v0.10.6
[INFO] [stderr]    Compiling unicode-normalization v0.1.22
[INFO] [stderr]     Checking actix-utils v3.0.1
[INFO] [stderr]    Compiling socket2 v0.5.5
[INFO] [stderr]     Checking actix-service v2.0.2
[INFO] [stderr]    Compiling ring v0.17.7
[INFO] [stderr]    Compiling zstd-sys v2.0.9+zstd.1.5.5
[INFO] [stderr]    Compiling libsqlite3-sys v0.27.0
[INFO] [stderr]    Compiling ring v0.16.20
[INFO] [stderr]    Compiling aho-corasick v1.1.2
[INFO] [stderr]    Compiling slab v0.4.9
[INFO] [stderr]    Compiling crossbeam-epoch v0.8.2
[INFO] [stderr]    Compiling unicase v2.7.0
[INFO] [stderr]     Checking powerfmt v0.2.0
[INFO] [stderr]    Compiling percent-encoding v2.3.1
[INFO] [stderr]    Compiling unicode-bidi v0.3.15
[INFO] [stderr]    Compiling minimal-lexical v0.2.1
[INFO] [stderr]    Compiling num-conv v0.1.0
[INFO] [stderr]     Checking static_assertions v1.1.0
[INFO] [stderr]    Compiling futures-task v0.3.30
[INFO] [stderr]    Compiling time-core v0.1.2
[INFO] [stderr]    Compiling time-macros v0.2.17
[INFO] [stderr]    Compiling futures-util v0.3.30
[INFO] [stderr]    Compiling idna v0.5.0
[INFO] [stderr]    Compiling regex-automata v0.4.5
[INFO] [stderr]    Compiling derive_more v0.99.17
[INFO] [stderr]    Compiling serde_derive v1.0.196
[INFO] [stderr]    Compiling tracing-attributes v0.1.27
[INFO] [stderr]    Compiling tokio-macros v2.2.0
[INFO] [stderr]    Compiling futures-macro v0.3.30
[INFO] [stderr]     Checking tokio v1.36.0
[INFO] [stderr]    Compiling thiserror-impl v1.0.56
[INFO] [stderr]     Checking tracing v0.1.40
[INFO] [stderr]    Compiling nom v7.1.3
[INFO] [stderr]    Compiling form_urlencoded v1.2.1
[INFO] [stderr]     Checking thiserror v1.0.56
[INFO] [stderr]     Checking deranged v0.3.11
[INFO] [stderr]    Compiling parking_lot v0.12.1
[INFO] [stderr]     Checking brotli-decompressor v2.5.1
[INFO] [stderr]     Checking rlp v0.5.2
[INFO] [stderr]    Compiling rand_core v0.6.4
[INFO] [stderr]    Compiling heck v0.4.1
[INFO] [stderr]    Compiling crossbeam-utils v0.8.19
[INFO] [stderr]     Checking bytestring v1.3.1
[INFO] [stderr]     Checking tokio-util v0.7.10
[INFO] [stderr]     Checking actix-rt v2.9.0
[INFO] [stderr]    Compiling tiny-keccak v2.0.2
[INFO] [stderr]    Compiling ryu v1.0.16
[INFO] [stderr]    Compiling rustix v0.38.31
[INFO] [stderr]     Checking h2 v0.3.24
[INFO] [stderr]    Compiling iana-time-zone v0.1.60
[INFO] [stderr]    Compiling crc-catalog v2.4.0
[INFO] [stderr]     Checking linked-hash-map v0.5.6
[INFO] [stderr]    Compiling unicode_categories v0.1.1
[INFO] [stderr]     Checking time v0.3.34
[INFO] [stderr]    Compiling chrono v0.4.33
[INFO] [stderr]    Compiling rand_chacha v0.3.1
[INFO] [stderr]    Compiling crc v3.0.1
[INFO] [stderr]    Compiling tokio-stream v0.1.14
[INFO] [stderr]    Compiling sha2 v0.10.8
[INFO] [stderr]     Checking serde_urlencoded v0.7.1
[INFO] [stderr]    Compiling either v1.9.0
[INFO] [stderr]     Checking impl-serde v0.4.0
[INFO] [stderr]    Compiling itertools v0.12.1
[INFO] [stderr]     Checking actix-codec v0.5.2
[INFO] [stderr]    Compiling http v0.2.11
[INFO] [stderr]    Compiling crossbeam-queue v0.3.11
[INFO] [stderr]     Checking brotli v3.4.0
[INFO] [stderr]     Checking impl-rlp v0.3.0
[INFO] [stderr]     Checking futures-executor v0.3.30
[INFO] [stderr]    Compiling futures-intrusive v0.5.0
[INFO] [stderr]    Compiling url v2.5.0
[INFO] [stderr]    Compiling regex v1.10.3
[INFO] [stderr]     Checking fixed-hash v0.8.0
[INFO] [stderr]    Compiling atoi v2.0.0
[INFO] [stderr]    Compiling hashlink v0.8.4
[INFO] [stderr]     Checking local-channel v0.1.5
[INFO] [stderr]     Checking hyper v0.14.28
[INFO] [stderr]    Compiling proc-macro-error-attr v1.0.4
[INFO] [stderr]    Compiling hex v0.4.3
[INFO] [stderr]    Compiling sqlformat v0.2.3
[INFO] [stderr]    Compiling rustls v0.20.9
[INFO] [stderr]    Compiling event-listener v2.5.3
[INFO] [stderr]    Compiling byteorder v1.5.0
[INFO] [stderr]     Checking metrics-core v0.5.2
[INFO] [stderr]    Compiling linux-raw-sys v0.4.13
[INFO] [stderr]    Compiling dotenvy v0.15.7
[INFO] [stderr]     Checking language-tags v0.3.2
[INFO] [stderr]    Compiling actix-router v0.5.2
[INFO] [stderr]    Compiling flume v0.11.0
[INFO] [stderr]    Compiling sqlx-core v0.7.3
[INFO] [stderr]     Checking metrics-util v0.3.2
[INFO] [stderr]    Compiling rand v0.8.5
[INFO] [stderr]    Compiling actix-macros v0.2.4
[INFO] [stderr]    Compiling pin-project-internal v1.1.4
[INFO] [stderr]    Compiling nix v0.27.1
[INFO] [stderr]     Checking uint v0.9.5
[INFO] [stderr]    Compiling secp256k1-sys v0.8.1
[INFO] [stderr]     Checking hdrhistogram v6.3.4
[INFO] [stderr]    Compiling proc-macro-error v1.0.4
[INFO] [stderr]    Compiling async-trait v0.1.77
[INFO] [stderr]    Compiling fastrand v2.0.1
[INFO] [stderr]    Compiling urlencoding v2.1.3
[INFO] [stderr]    Compiling tempfile v3.10.0
[INFO] [stderr]    Compiling atomic-write-file v0.1.2
[INFO] [stderr]    Compiling sqlx-sqlite v0.7.3
[INFO] [stderr]     Checking primitive-types v0.12.2
[INFO] [stderr]    Compiling mime_guess v2.0.4
[INFO] [stderr]     Checking pin-project v1.1.4
[INFO] [stderr]     Checking ethbloom v0.13.0
[INFO] [stderr]    Compiling actix-web-codegen v4.2.2
[INFO] [stderr]     Checking yaml-rust v0.4.5
[INFO] [stderr]     Checking actix-server v2.3.0
[INFO] [stderr]     Checking bitmaps v2.1.0
[INFO] [stderr]     Checking idna v0.4.0
[INFO] [stderr]    Compiling im v15.1.0
[INFO] [stderr]    Compiling cookie v0.16.2
[INFO] [stderr]     Checking match_cfg v0.1.0
[INFO] [stderr]    Compiling v_htmlescape v0.15.8
[INFO] [stderr]     Checking keccak v0.1.5
[INFO] [stderr]    Compiling metrics v0.12.1
[INFO] [stderr]     Checking sha3 v0.10.8
[INFO] [stderr]     Checking sized-chunks v0.6.5
[INFO] [stderr]     Checking hostname v0.3.1
[INFO] [stderr]    Compiling sqlx-macros-core v0.7.3
[INFO] [stderr]     Checking ethereum-types v0.14.1
[INFO] [stderr]     Checking serde_yaml v0.8.26
[INFO] [stderr]     Checking futures v0.3.30
[INFO] [stderr]     Checking serde_spanned v0.6.5
[INFO] [stderr]     Checking toml_datetime v0.6.5
[INFO] [stderr]    Compiling enum-as-inner v0.6.0
[INFO] [stderr]     Checking parking_lot_core v0.7.3
[INFO] [stderr]    Compiling heck v0.3.3
[INFO] [stderr]     Checking headers-core v0.2.0
[INFO] [stderr]     Checking rand_xoshiro v0.6.0
[INFO] [stderr]     Checking http v1.0.0
[INFO] [stderr]     Checking lock_api v0.3.4
[INFO] [stderr]    Compiling rust_decimal v1.34.2
[INFO] [stderr]     Checking impl-more v0.1.6
[INFO] [stderr]     Checking arrayvec v0.7.4
[INFO] [stderr]     Checking quick-error v1.2.3
[INFO] [stderr]     Checking winnow v0.5.37
[INFO] [stderr]     Checking data-encoding v2.5.0
[INFO] [stderr]     Checking atomic-shim v0.1.0
[INFO] [stderr]     Checking quanta v0.3.2
[INFO] [stderr]     Checking resolv-conf v0.7.0
[INFO] [stderr]     Checking parking_lot v0.10.2
[INFO] [stderr]    Compiling structopt-derive v0.4.18
[INFO] [stderr]     Checking headers v0.3.9
[INFO] [stderr]     Checking trust-dns-proto v0.23.2
[INFO] [stderr]     Checking is-terminal v0.4.10
[INFO] [stderr]     Checking metrics-observer-yaml v0.1.1
[INFO] [stderr]     Checking jsonrpc-core v18.0.0
[INFO] [stderr]     Checking ethabi v18.0.0
[INFO] [stderr]    Compiling sqlx-macros v0.7.3
[INFO] [stderr]     Checking metrics-observer-json v0.1.1
[INFO] [stderr]     Checking metrics-observer-prometheus v0.1.4
[INFO] [stderr]     Checking serde_with v2.3.3
[INFO] [stderr]     Checking lru-cache v0.1.2
[INFO] [stderr]     Checking futures-timer v3.0.2
[INFO] [stderr]     Checking http-range v0.1.5
[INFO] [stderr]     Checking arc-swap v0.4.8
[INFO] [stderr]     Checking humantime v2.1.0
[INFO] [stderr]     Checking termcolor v1.4.1
[INFO] [stderr]     Checking toml_edit v0.22.4
[INFO] [stderr]     Checking metrics-runtime v0.13.1
[INFO] [stderr]     Checking structopt v0.3.26
[INFO] [stderr]     Checking env_logger v0.10.2
[INFO] [stderr]     Checking hyperlocal v0.8.0
[INFO] [stderr]     Checking uuid v1.7.0
[INFO] [stderr]    Compiling actix_derive v0.6.1
[INFO] [stderr]    Compiling serde_repr v0.1.18
[INFO] [stderr]     Checking crossbeam-channel v0.5.11
[INFO] [stderr]     Checking thunderdome v0.6.1
[INFO] [stderr]     Checking csv-core v0.1.11
[INFO] [stderr]     Checking toml v0.5.11
[INFO] [stderr]     Checking csv v1.3.0
[INFO] [stderr]     Checking trust-dns-resolver v0.23.2
[INFO] [stderr]     Checking stream-rate-limiter v0.3.1
[INFO] [stderr]     Checking actix v0.13.2
[INFO] [stderr]     Checking toml v0.8.10
[INFO] [stderr]     Checking bollard-stubs v1.42.0-rc.7
[INFO] [stderr]     Checking sqlx v0.7.3
[INFO] [stderr]     Checking secp256k1 v0.27.0
[INFO] [stderr]    Compiling rustls v0.21.10
[INFO] [stderr]     Checking sct v0.7.1
[INFO] [stderr]     Checking webpki v0.22.4
[INFO] [stderr]     Checking rustls-webpki v0.101.7
[INFO] [stderr]     Checking webpki-roots v0.22.6
[INFO] [stderr]     Checking zstd v0.13.0
[INFO] [stderr]     Checking actix-http v3.6.0
[INFO] [stderr]     Checking tokio-rustls v0.23.4
[INFO] [stderr]     Checking tokio-rustls v0.24.1
[INFO] [stderr]     Checking actix-tls v3.3.0
[INFO] [stderr]     Checking hyper-rustls v0.24.2
[INFO] [stderr]     Checking reqwest v0.11.24
[INFO] [stderr]     Checking bollard v0.14.0
[INFO] [stderr]     Checking web3 v0.19.0
[INFO] [stderr]     Checking actix-web v4.5.1
[INFO] [stderr]     Checking awc v3.4.0
[INFO] [stderr]     Checking actix-files v0.6.5
[INFO] [stderr]     Checking actix-web-actors v4.3.0
[INFO] [stderr]     Checking erc20_payment_lib_common v0.3.20
[INFO] [stderr]     Checking erc20_rpc_pool v0.3.22
[INFO] [stderr]     Checking erc20_payment_lib v0.3.22
[INFO] [stderr]     Checking erc20_payment_lib_extra v0.3.13 (/opt/rustwide/workdir)
[INFO] [stdout] error[E0061]: this function takes 6 arguments but 5 arguments were supplied
[INFO] [stdout]    --> src/account_balance.rs:117:31
[INFO] [stdout]     |
[INFO] [stdout] 117 |                   let balance = get_balance(
[INFO] [stdout]     |  _______________________________^^^^^^^^^^^-
[INFO] [stdout] 118 | |                     web3,
[INFO] [stdout] 119 | |                     token,
[INFO] [stdout] 120 | |                     lock_contract_address,
[INFO] [stdout] 121 | |                     job,
[INFO] [stdout] 122 | |                     !account_balance_options.hide_gas,
[INFO] [stdout] 123 | |                 )
[INFO] [stdout]     | |_________________- an argument of type `std::option::Option<u64>` is missing
[INFO] [stdout]     |
[INFO] [stdout] note: function defined here
[INFO] [stdout]    --> /opt/rustwide/cargo-home/registry/src/index.crates.io-6f17d22bba15001f/erc20_payment_lib-0.3.22/src/eth.rs:62:14
[INFO] [stdout]     |
[INFO] [stdout] 62  | pub async fn get_balance(
[INFO] [stdout]     |              ^^^^^^^^^^^
[INFO] [stdout] help: provide the argument
[INFO] [stdout]     |
[INFO] [stdout] 117 |                 let balance = get_balance(web3, token, lock_contract_address, job, !account_balance_options.hide_gas, /* std::option::Option<u64> */)
[INFO] [stdout]     |                                          ~~~~~~~~~~~~~~~~~~~~~~~~~~~~~~~~~~~~~~~~~~~~~~~~~~~~~~~~~~~~~~~~~~~~~~~~~~~~~~~~~~~~~~~~~~~~~~~~~~~~~~~~~~~~
[INFO] [stdout] 
[INFO] [stdout] 
[INFO] [stdout] error[E0061]: this function takes 6 arguments but 5 arguments were supplied
[INFO] [stdout]    --> src/account_balance.rs:117:31
[INFO] [stdout]     |
[INFO] [stdout] 117 |                   let balance = get_balance(
[INFO] [stdout]     |  _______________________________^^^^^^^^^^^-
[INFO] [stdout] 118 | |                     web3,
[INFO] [stdout] 119 | |                     token,
[INFO] [stdout] 120 | |                     lock_contract_address,
[INFO] [stdout] 121 | |                     job,
[INFO] [stdout] 122 | |                     !account_balance_options.hide_gas,
[INFO] [stdout] 123 | |                 )
[INFO] [stdout]     | |_________________- an argument of type `std::option::Option<u64>` is missing
[INFO] [stdout]     |
[INFO] [stdout] note: function defined here
[INFO] [stdout]    --> /opt/rustwide/cargo-home/registry/src/index.crates.io-6f17d22bba15001f/erc20_payment_lib-0.3.22/src/eth.rs:62:14
[INFO] [stdout]     |
[INFO] [stdout] 62  | pub async fn get_balance(
[INFO] [stdout]     |              ^^^^^^^^^^^
[INFO] [stdout] help: provide the argument
[INFO] [stdout]     |
[INFO] [stdout] 117 |                 let balance = get_balance(web3, token, lock_contract_address, job, !account_balance_options.hide_gas, /* std::option::Option<u64> */)
[INFO] [stdout]     |                                          ~~~~~~~~~~~~~~~~~~~~~~~~~~~~~~~~~~~~~~~~~~~~~~~~~~~~~~~~~~~~~~~~~~~~~~~~~~~~~~~~~~~~~~~~~~~~~~~~~~~~~~~~~~~~
[INFO] [stdout] 
[INFO] [stdout] 
[INFO] [stdout] error[E0308]: mismatched types
[INFO] [stdout]    --> src/generate_transactions.rs:128:9
[INFO] [stdout]     |
[INFO] [stdout] 127 |     match generate_transaction_batch(
[INFO] [stdout]     |           -------------------------- arguments to this function are incorrect
[INFO] [stdout] 128 |         Rc::new(RefCell::new(rng)),
[INFO] [stdout]     |         ^^^^^^^^^^^^^^^^^^^^^^^^^^ expected `Arc<Mutex<Rng>>`, found `Rc<RefCell<Rng>>`
[INFO] [stdout]     |
[INFO] [stdout]     = note: expected struct `Arc<std::sync::Mutex<Rng>>`
[INFO] [stdout]                found struct `Rc<RefCell<Rng>>`
[INFO] [stdout] note: function defined here
[INFO] [stdout]    --> /opt/rustwide/cargo-home/registry/src/index.crates.io-6f17d22bba15001f/erc20_payment_lib-0.3.22/src/misc.rs:60:8
[INFO] [stdout]     |
[INFO] [stdout] 60  | pub fn generate_transaction_batch<'a>(
[INFO] [stdout]     |        ^^^^^^^^^^^^^^^^^^^^^^^^^^
[INFO] [stdout] 
[INFO] [stdout] 
[INFO] [stdout] error[E0308]: mismatched types
[INFO] [stdout]    --> src/generate_transactions.rs:128:9
[INFO] [stdout]     |
[INFO] [stdout] 127 |     match generate_transaction_batch(
[INFO] [stdout]     |           -------------------------- arguments to this function are incorrect
[INFO] [stdout] 128 |         Rc::new(RefCell::new(rng)),
[INFO] [stdout]     |         ^^^^^^^^^^^^^^^^^^^^^^^^^^ expected `Arc<Mutex<Rng>>`, found `Rc<RefCell<Rng>>`
[INFO] [stdout]     |
[INFO] [stdout]     = note: expected struct `Arc<std::sync::Mutex<Rng>>`
[INFO] [stdout]                found struct `Rc<RefCell<Rng>>`
[INFO] [stdout] note: function defined here
[INFO] [stdout]    --> /opt/rustwide/cargo-home/registry/src/index.crates.io-6f17d22bba15001f/erc20_payment_lib-0.3.22/src/misc.rs:60:8
[INFO] [stdout]     |
[INFO] [stdout] 60  | pub fn generate_transaction_batch<'a>(
[INFO] [stdout]     |        ^^^^^^^^^^^^^^^^^^^^^^^^^^
[INFO] [stdout] 
[INFO] [stdout] 
[INFO] [stdout] error: aborting due to 2 previous errors
[INFO] [stdout] 
[INFO] [stdout] 
[INFO] [stdout] Some errors have detailed explanations: E0061, E0308.
[INFO] [stdout] 
[INFO] [stdout] For more information about an error, try `rustc --explain E0061`.
[INFO] [stdout] 
[INFO] [stdout] error: aborting due to 2 previous errors
[INFO] [stdout] 
[INFO] [stdout] 
[INFO] [stdout] Some errors have detailed explanations: E0061, E0308.
[INFO] [stdout] 
[INFO] [stdout] For more information about an error, try `rustc --explain E0061`.
[INFO] [stdout] 
[INFO] [stderr] error: could not compile `erc20_payment_lib_extra` (lib test) due to 3 previous errors
[INFO] [stderr] warning: build failed, waiting for other jobs to finish...
[INFO] [stderr] error: could not compile `erc20_payment_lib_extra` (lib) due to 3 previous errors
[INFO] running `Command { std: "docker" "inspect" "9b9dc2d7a6e4a5d7f11978b3cdb387246a782a8a897eb7736123ccd889583b7b", kill_on_drop: false }`
[INFO] running `Command { std: "docker" "rm" "-f" "9b9dc2d7a6e4a5d7f11978b3cdb387246a782a8a897eb7736123ccd889583b7b", kill_on_drop: false }`
[INFO] [stdout] 9b9dc2d7a6e4a5d7f11978b3cdb387246a782a8a897eb7736123ccd889583b7b
