[INFO] fetching crate equt-md 0.0.1...
[INFO] checking equt-md-0.0.1 against nightly-2024-02-05 for check-cfg
[INFO] extracting crate equt-md 0.0.1 into /workspace/builds/worker-7-tc1/source
[INFO] validating manifest of crates.io crate equt-md 0.0.1 on toolchain nightly-2024-02-05
[INFO] running `Command { std: CARGO_HOME="/workspace/cargo-home" RUSTUP_HOME="/workspace/rustup-home" "/workspace/cargo-home/bin/cargo" "+nightly-2024-02-05" "metadata" "--manifest-path" "Cargo.toml" "--no-deps", kill_on_drop: false }`
[INFO] started tweaking crates.io crate equt-md 0.0.1
[INFO] finished tweaking crates.io crate equt-md 0.0.1
[INFO] tweaked toml for crates.io crate equt-md 0.0.1 written to /workspace/builds/worker-7-tc1/source/Cargo.toml
[INFO] running `Command { std: CARGO_HOME="/workspace/cargo-home" RUSTUP_HOME="/workspace/rustup-home" "/workspace/cargo-home/bin/cargo" "+nightly-2024-02-05" "generate-lockfile" "--manifest-path" "Cargo.toml", kill_on_drop: false }`
[INFO] [stderr]     Updating crates.io index
[INFO] running `Command { std: CARGO_HOME="/workspace/cargo-home" RUSTUP_HOME="/workspace/rustup-home" "/workspace/cargo-home/bin/cargo" "+nightly-2024-02-05" "fetch" "--manifest-path" "Cargo.toml", kill_on_drop: false }`
[INFO] running `Command { std: "docker" "create" "-v" "/var/lib/crater-agent-workspace/builds/worker-7-tc1/target:/opt/rustwide/target:rw,Z" "-v" "/var/lib/crater-agent-workspace/builds/worker-7-tc1/source:/opt/rustwide/workdir:ro,Z" "-v" "/var/lib/crater-agent-workspace/cargo-home:/opt/rustwide/cargo-home:ro,Z" "-v" "/var/lib/crater-agent-workspace/rustup-home:/opt/rustwide/rustup-home:ro,Z" "-e" "SOURCE_DIR=/opt/rustwide/workdir" "-e" "CARGO_TARGET_DIR=/opt/rustwide/target" "-e" "CARGO_HOME=/opt/rustwide/cargo-home" "-e" "RUSTUP_HOME=/opt/rustwide/rustup-home" "-w" "/opt/rustwide/workdir" "-m" "1610612736" "--user" "0:0" "--network" "none" "ghcr.io/rust-lang/crates-build-env/linux@sha256:2788e3201cd34a07e3172128adcd8b3090168a8e3bcc40d7c032b9dda1df7d1c" "/opt/rustwide/cargo-home/bin/cargo" "+nightly-2024-02-05" "metadata" "--no-deps" "--format-version=1", kill_on_drop: false }`
[INFO] [stdout] cb76bd84d184bad127a9e9af815cc4aecb355995d34a6f2b9bf09902bb10e417
[INFO] running `Command { std: "docker" "start" "-a" "cb76bd84d184bad127a9e9af815cc4aecb355995d34a6f2b9bf09902bb10e417", kill_on_drop: false }`
[INFO] running `Command { std: "docker" "inspect" "cb76bd84d184bad127a9e9af815cc4aecb355995d34a6f2b9bf09902bb10e417", kill_on_drop: false }`
[INFO] running `Command { std: "docker" "rm" "-f" "cb76bd84d184bad127a9e9af815cc4aecb355995d34a6f2b9bf09902bb10e417", kill_on_drop: false }`
[INFO] [stdout] cb76bd84d184bad127a9e9af815cc4aecb355995d34a6f2b9bf09902bb10e417
[INFO] running `Command { std: "docker" "create" "-v" "/var/lib/crater-agent-workspace/builds/worker-7-tc1/target:/opt/rustwide/target:rw,Z" "-v" "/var/lib/crater-agent-workspace/builds/worker-7-tc1/source:/opt/rustwide/workdir:ro,Z" "-v" "/var/lib/crater-agent-workspace/cargo-home:/opt/rustwide/cargo-home:ro,Z" "-v" "/var/lib/crater-agent-workspace/rustup-home:/opt/rustwide/rustup-home:ro,Z" "-e" "SOURCE_DIR=/opt/rustwide/workdir" "-e" "CARGO_TARGET_DIR=/opt/rustwide/target" "-e" "CARGO_INCREMENTAL=0" "-e" "RUST_BACKTRACE=full" "-e" "RUSTFLAGS=--cap-lints=forbid" "-e" "RUSTDOCFLAGS=--cap-lints=forbid" "-e" "CARGO_HOME=/opt/rustwide/cargo-home" "-e" "RUSTUP_HOME=/opt/rustwide/rustup-home" "-w" "/opt/rustwide/workdir" "-m" "1610612736" "--user" "0:0" "--network" "none" "ghcr.io/rust-lang/crates-build-env/linux@sha256:2788e3201cd34a07e3172128adcd8b3090168a8e3bcc40d7c032b9dda1df7d1c" "/opt/rustwide/cargo-home/bin/cargo" "+nightly-2024-02-05" "check" "--frozen" "--all" "--all-targets" "--message-format=json", kill_on_drop: false }`
[INFO] [stdout] eb3d489c6cd29eea08701601f14f62a6cd3c3a3042df056c0ff453d4d1988dde
[INFO] running `Command { std: "docker" "start" "-a" "eb3d489c6cd29eea08701601f14f62a6cd3c3a3042df056c0ff453d4d1988dde", kill_on_drop: false }`
[INFO] [stderr]     Checking equt-md v0.0.1 (/opt/rustwide/workdir)
[INFO] [stdout] error[E0433]: failed to resolve: could not find `html` in the crate root
[INFO] [stdout]     --> src/parse.rs:3245:16
[INFO] [stdout]      |
[INFO] [stdout] 3245 |         crate::html::push_html(&mut buf, Parser::new(test_str));
[INFO] [stdout]      |                ^^^^ could not find `html` in the crate root
[INFO] [stdout] 
[INFO] [stdout] 
[INFO] [stdout] error[E0433]: failed to resolve: could not find `html` in the crate root
[INFO] [stdout]     --> src/parse.rs:3255:16
[INFO] [stdout]      |
[INFO] [stdout] 3255 |         crate::html::push_html(&mut buf, Parser::new(test_str));
[INFO] [stdout]      |                ^^^^ could not find `html` in the crate root
[INFO] [stdout] 
[INFO] [stdout] 
[INFO] [stdout] error[E0433]: failed to resolve: could not find `html` in the crate root
[INFO] [stdout]     --> src/parse.rs:3265:16
[INFO] [stdout]      |
[INFO] [stdout] 3265 |         crate::html::push_html(&mut buf, Parser::new(test_str));
[INFO] [stdout]      |                ^^^^ could not find `html` in the crate root
[INFO] [stdout] 
[INFO] [stdout] 
[INFO] [stdout] error[E0433]: failed to resolve: could not find `html` in the crate root
[INFO] [stdout]     --> src/parse.rs:3275:16
[INFO] [stdout]      |
[INFO] [stdout] 3275 |         crate::html::push_html(&mut buf, Parser::new(test_str));
[INFO] [stdout]      |                ^^^^ could not find `html` in the crate root
[INFO] [stdout] 
[INFO] [stdout] 
[INFO] [stdout] error: aborting due to 4 previous errors
[INFO] [stdout] 
[INFO] [stdout] 
[INFO] [stdout] For more information about this error, try `rustc --explain E0433`.
[INFO] [stdout] 
[INFO] [stderr] error: could not compile `equt-md` (lib test) due to 5 previous errors
[INFO] [stderr] warning: build failed, waiting for other jobs to finish...
[INFO] running `Command { std: "docker" "inspect" "eb3d489c6cd29eea08701601f14f62a6cd3c3a3042df056c0ff453d4d1988dde", kill_on_drop: false }`
[INFO] running `Command { std: "docker" "rm" "-f" "eb3d489c6cd29eea08701601f14f62a6cd3c3a3042df056c0ff453d4d1988dde", kill_on_drop: false }`
[INFO] [stdout] eb3d489c6cd29eea08701601f14f62a6cd3c3a3042df056c0ff453d4d1988dde
[INFO] checking equt-md-0.0.1 against nightly-2024-02-05+rustflags=-Dunexpected_cfgs+cargoflags=-Zcheck-cfg for check-cfg
[INFO] extracting crate equt-md 0.0.1 into /workspace/builds/worker-7-tc2/source
[INFO] validating manifest of crates.io crate equt-md 0.0.1 on toolchain nightly-2024-02-05
[INFO] running `Command { std: CARGO_HOME="/workspace/cargo-home" RUSTUP_HOME="/workspace/rustup-home" "/workspace/cargo-home/bin/cargo" "+nightly-2024-02-05" "metadata" "--manifest-path" "Cargo.toml" "--no-deps", kill_on_drop: false }`
[INFO] started tweaking crates.io crate equt-md 0.0.1
[INFO] finished tweaking crates.io crate equt-md 0.0.1
[INFO] tweaked toml for crates.io crate equt-md 0.0.1 written to /workspace/builds/worker-7-tc2/source/Cargo.toml
[INFO] running `Command { std: CARGO_HOME="/workspace/cargo-home" RUSTUP_HOME="/workspace/rustup-home" "/workspace/cargo-home/bin/cargo" "+nightly-2024-02-05" "generate-lockfile" "--manifest-path" "Cargo.toml", kill_on_drop: false }`
[INFO] [stderr]     Updating crates.io index
[INFO] running `Command { std: CARGO_HOME="/workspace/cargo-home" RUSTUP_HOME="/workspace/rustup-home" "/workspace/cargo-home/bin/cargo" "+nightly-2024-02-05" "fetch" "--manifest-path" "Cargo.toml", kill_on_drop: false }`
[INFO] running `Command { std: "docker" "create" "-v" "/var/lib/crater-agent-workspace/builds/worker-7-tc2/target:/opt/rustwide/target:rw,Z" "-v" "/var/lib/crater-agent-workspace/builds/worker-7-tc2/source:/opt/rustwide/workdir:ro,Z" "-v" "/var/lib/crater-agent-workspace/cargo-home:/opt/rustwide/cargo-home:ro,Z" "-v" "/var/lib/crater-agent-workspace/rustup-home:/opt/rustwide/rustup-home:ro,Z" "-e" "SOURCE_DIR=/opt/rustwide/workdir" "-e" "CARGO_TARGET_DIR=/opt/rustwide/target" "-e" "CARGO_HOME=/opt/rustwide/cargo-home" "-e" "RUSTUP_HOME=/opt/rustwide/rustup-home" "-w" "/opt/rustwide/workdir" "-m" "1610612736" "--user" "0:0" "--network" "none" "ghcr.io/rust-lang/crates-build-env/linux@sha256:2788e3201cd34a07e3172128adcd8b3090168a8e3bcc40d7c032b9dda1df7d1c" "/opt/rustwide/cargo-home/bin/cargo" "+nightly-2024-02-05" "metadata" "--no-deps" "--format-version=1", kill_on_drop: false }`
[INFO] [stdout] 8b84b6fa5ad9753d2a8fcdc12b1a3def01a366d273beefc9edc3d0fc3ed9ceb0
[INFO] running `Command { std: "docker" "start" "-a" "8b84b6fa5ad9753d2a8fcdc12b1a3def01a366d273beefc9edc3d0fc3ed9ceb0", kill_on_drop: false }`
[INFO] running `Command { std: "docker" "inspect" "8b84b6fa5ad9753d2a8fcdc12b1a3def01a366d273beefc9edc3d0fc3ed9ceb0", kill_on_drop: false }`
[INFO] running `Command { std: "docker" "rm" "-f" "8b84b6fa5ad9753d2a8fcdc12b1a3def01a366d273beefc9edc3d0fc3ed9ceb0", kill_on_drop: false }`
[INFO] [stdout] 8b84b6fa5ad9753d2a8fcdc12b1a3def01a366d273beefc9edc3d0fc3ed9ceb0
[INFO] running `Command { std: "docker" "create" "-v" "/var/lib/crater-agent-workspace/builds/worker-7-tc2/target:/opt/rustwide/target:rw,Z" "-v" "/var/lib/crater-agent-workspace/builds/worker-7-tc2/source:/opt/rustwide/workdir:ro,Z" "-v" "/var/lib/crater-agent-workspace/cargo-home:/opt/rustwide/cargo-home:ro,Z" "-v" "/var/lib/crater-agent-workspace/rustup-home:/opt/rustwide/rustup-home:ro,Z" "-e" "SOURCE_DIR=/opt/rustwide/workdir" "-e" "CARGO_TARGET_DIR=/opt/rustwide/target" "-e" "CARGO_INCREMENTAL=0" "-e" "RUST_BACKTRACE=full" "-e" "RUSTFLAGS=--cap-lints=forbid -Dunexpected_cfgs" "-e" "RUSTDOCFLAGS=--cap-lints=forbid" "-e" "CARGO_HOME=/opt/rustwide/cargo-home" "-e" "RUSTUP_HOME=/opt/rustwide/rustup-home" "-w" "/opt/rustwide/workdir" "-m" "1610612736" "--user" "0:0" "--network" "none" "ghcr.io/rust-lang/crates-build-env/linux@sha256:2788e3201cd34a07e3172128adcd8b3090168a8e3bcc40d7c032b9dda1df7d1c" "/opt/rustwide/cargo-home/bin/cargo" "+nightly-2024-02-05" "check" "--frozen" "--all" "--all-targets" "--message-format=json" "-Zcheck-cfg", kill_on_drop: false }`
[INFO] [stdout] f25fc800094385ae413327be1fbeb1deee1501eace49d3d8cdcf732db07b25ea
[INFO] running `Command { std: "docker" "start" "-a" "f25fc800094385ae413327be1fbeb1deee1501eace49d3d8cdcf732db07b25ea", kill_on_drop: false }`
[INFO] [stderr]     Checking equt-md v0.0.1 (/opt/rustwide/workdir)
[INFO] [stdout] error: unexpected `cfg` condition name: `rustbuild`
[INFO] [stdout]   --> src/lib.rs:52:13
[INFO] [stdout]    |
[INFO] [stdout] 52 | #![cfg_attr(rustbuild, feature(staged_api, rustc_private))]
[INFO] [stdout]    |             ^^^^^^^^^
[INFO] [stdout]    |
[INFO] [stdout]    = help: expected names are: `debug_assertions`, `doc`, `doctest`, `feature`, `miri`, `overflow_checks`, `panic`, `proc_macro`, `relocation_model`, `sanitize`, `sanitizer_cfi_generalize_pointers`, `sanitizer_cfi_normalize_integers`, `target_abi`, `target_arch`, `target_endian`, `target_env`, `target_family`, `target_feature`, `target_has_atomic`, `target_has_atomic_equal_alignment`, `target_has_atomic_load_store`, `target_os`, `target_pointer_width`, `target_thread_local`, `target_vendor`, `test`, `unix`, `windows`
[INFO] [stdout]    = help: consider using a Cargo feature instead or adding `println!("cargo:rustc-check-cfg=cfg(rustbuild)");` to the top of a `build.rs`
[INFO] [stdout]    = note: see <https://doc.rust-lang.org/nightly/cargo/reference/unstable.html#check-cfg> for more information about checking conditional configuration
[INFO] [stdout]    = note: requested on the command line with `-D unexpected-cfgs`
[INFO] [stdout] 
[INFO] [stdout] 
[INFO] [stdout] error: unexpected `cfg` condition name: `rustbuild`
[INFO] [stdout]   --> src/lib.rs:53:13
[INFO] [stdout]    |
[INFO] [stdout] 53 | #![cfg_attr(rustbuild, unstable(feature = "rustc_private", issue = "27812"))]
[INFO] [stdout]    |             ^^^^^^^^^
[INFO] [stdout]    |
[INFO] [stdout]    = help: consider using a Cargo feature instead or adding `println!("cargo:rustc-check-cfg=cfg(rustbuild)");` to the top of a `build.rs`
[INFO] [stdout]    = note: see <https://doc.rust-lang.org/nightly/cargo/reference/unstable.html#check-cfg> for more information about checking conditional configuration
[INFO] [stdout] 
[INFO] [stdout] 
[INFO] [stdout] error[E0433]: failed to resolve: could not find `html` in the crate root
[INFO] [stdout]     --> src/parse.rs:3245:16
[INFO] [stdout]      |
[INFO] [stdout] 3245 |         crate::html::push_html(&mut buf, Parser::new(test_str));
[INFO] [stdout]      |                ^^^^ could not find `html` in the crate root
[INFO] [stdout] 
[INFO] [stdout] 
[INFO] [stdout] error[E0433]: failed to resolve: could not find `html` in the crate root
[INFO] [stdout]     --> src/parse.rs:3255:16
[INFO] [stdout]      |
[INFO] [stdout] 3255 |         crate::html::push_html(&mut buf, Parser::new(test_str));
[INFO] [stdout]      |                ^^^^ could not find `html` in the crate root
[INFO] [stdout] 
[INFO] [stdout] 
[INFO] [stdout] error[E0433]: failed to resolve: could not find `html` in the crate root
[INFO] [stdout]     --> src/parse.rs:3265:16
[INFO] [stdout]      |
[INFO] [stdout] 3265 |         crate::html::push_html(&mut buf, Parser::new(test_str));
[INFO] [stdout]      |                ^^^^ could not find `html` in the crate root
[INFO] [stdout] 
[INFO] [stdout] 
[INFO] [stdout] error[E0433]: failed to resolve: could not find `html` in the crate root
[INFO] [stdout]     --> src/parse.rs:3275:16
[INFO] [stdout]      |
[INFO] [stdout] 3275 |         crate::html::push_html(&mut buf, Parser::new(test_str));
[INFO] [stdout]      |                ^^^^ could not find `html` in the crate root
[INFO] [stdout] 
[INFO] [stdout] 
[INFO] [stdout] error: unexpected `cfg` condition name: `rustbuild`
[INFO] [stdout]   --> src/lib.rs:52:13
[INFO] [stdout]    |
[INFO] [stdout] 52 | #![cfg_attr(rustbuild, feature(staged_api, rustc_private))]
[INFO] [stdout]    |             ^^^^^^^^^
[INFO] [stdout]    |
[INFO] [stdout]    = help: expected names are: `debug_assertions`, `doc`, `doctest`, `feature`, `miri`, `overflow_checks`, `panic`, `proc_macro`, `relocation_model`, `sanitize`, `sanitizer_cfi_generalize_pointers`, `sanitizer_cfi_normalize_integers`, `target_abi`, `target_arch`, `target_endian`, `target_env`, `target_family`, `target_feature`, `target_has_atomic`, `target_has_atomic_equal_alignment`, `target_has_atomic_load_store`, `target_os`, `target_pointer_width`, `target_thread_local`, `target_vendor`, `test`, `unix`, `windows`
[INFO] [stdout]    = help: consider using a Cargo feature instead or adding `println!("cargo:rustc-check-cfg=cfg(rustbuild)");` to the top of a `build.rs`
[INFO] [stdout]    = note: see <https://doc.rust-lang.org/nightly/cargo/reference/unstable.html#check-cfg> for more information about checking conditional configuration
[INFO] [stdout]    = note: requested on the command line with `-D unexpected-cfgs`
[INFO] [stdout] 
[INFO] [stdout] 
[INFO] [stdout] error: unexpected `cfg` condition name: `rustbuild`
[INFO] [stdout]   --> src/lib.rs:53:13
[INFO] [stdout]    |
[INFO] [stdout] 53 | #![cfg_attr(rustbuild, unstable(feature = "rustc_private", issue = "27812"))]
[INFO] [stdout]    |             ^^^^^^^^^
[INFO] [stdout]    |
[INFO] [stdout]    = help: consider using a Cargo feature instead or adding `println!("cargo:rustc-check-cfg=cfg(rustbuild)");` to the top of a `build.rs`
[INFO] [stdout]    = note: see <https://doc.rust-lang.org/nightly/cargo/reference/unstable.html#check-cfg> for more information about checking conditional configuration
[INFO] [stdout] 
[INFO] [stdout] 
[INFO] [stdout] error: aborting due to 6 previous errors
[INFO] [stdout] 
[INFO] [stdout] 
[INFO] [stdout] For more information about this error, try `rustc --explain E0433`.
[INFO] [stdout] 
[INFO] [stderr] error: could not compile `equt-md` (lib test) due to 7 previous errors
[INFO] [stderr] warning: build failed, waiting for other jobs to finish...
[INFO] [stdout] error: aborting due to 2 previous errors
[INFO] [stdout] 
[INFO] [stdout] 
[INFO] [stderr] error: could not compile `equt-md` (lib) due to 3 previous errors
[INFO] running `Command { std: "docker" "inspect" "f25fc800094385ae413327be1fbeb1deee1501eace49d3d8cdcf732db07b25ea", kill_on_drop: false }`
[INFO] running `Command { std: "docker" "rm" "-f" "f25fc800094385ae413327be1fbeb1deee1501eace49d3d8cdcf732db07b25ea", kill_on_drop: false }`
[INFO] [stdout] f25fc800094385ae413327be1fbeb1deee1501eace49d3d8cdcf732db07b25ea
