[INFO] fetching crate embedded-hal-fuzz 1.0.0-rc.1...
[INFO] checking embedded-hal-fuzz-1.0.0-rc.1 against nightly-2024-02-05 for check-cfg
[INFO] extracting crate embedded-hal-fuzz 1.0.0-rc.1 into /workspace/builds/worker-3-tc1/source
[INFO] validating manifest of crates.io crate embedded-hal-fuzz 1.0.0-rc.1 on toolchain nightly-2024-02-05
[INFO] running `Command { std: CARGO_HOME="/workspace/cargo-home" RUSTUP_HOME="/workspace/rustup-home" "/workspace/cargo-home/bin/cargo" "+nightly-2024-02-05" "metadata" "--manifest-path" "Cargo.toml" "--no-deps", kill_on_drop: false }`
[INFO] started tweaking crates.io crate embedded-hal-fuzz 1.0.0-rc.1
[INFO] finished tweaking crates.io crate embedded-hal-fuzz 1.0.0-rc.1
[INFO] tweaked toml for crates.io crate embedded-hal-fuzz 1.0.0-rc.1 written to /workspace/builds/worker-3-tc1/source/Cargo.toml
[INFO] running `Command { std: CARGO_HOME="/workspace/cargo-home" RUSTUP_HOME="/workspace/rustup-home" "/workspace/cargo-home/bin/cargo" "+nightly-2024-02-05" "generate-lockfile" "--manifest-path" "Cargo.toml", kill_on_drop: false }`
[INFO] [stderr]     Updating crates.io index
[INFO] running `Command { std: CARGO_HOME="/workspace/cargo-home" RUSTUP_HOME="/workspace/rustup-home" "/workspace/cargo-home/bin/cargo" "+nightly-2024-02-05" "fetch" "--manifest-path" "Cargo.toml", kill_on_drop: false }`
[INFO] [stderr]  Downloading crates ...
[INFO] [stderr]   Downloaded arbitrary v1.3.2
[INFO] [stderr]   Downloaded libfuzzer-sys v0.4.7
[INFO] [stderr]   Downloaded derive_arbitrary v1.3.2
[INFO] running `Command { std: "docker" "create" "-v" "/var/lib/crater-agent-workspace/builds/worker-3-tc1/target:/opt/rustwide/target:rw,Z" "-v" "/var/lib/crater-agent-workspace/builds/worker-3-tc1/source:/opt/rustwide/workdir:ro,Z" "-v" "/var/lib/crater-agent-workspace/cargo-home:/opt/rustwide/cargo-home:ro,Z" "-v" "/var/lib/crater-agent-workspace/rustup-home:/opt/rustwide/rustup-home:ro,Z" "-e" "SOURCE_DIR=/opt/rustwide/workdir" "-e" "CARGO_TARGET_DIR=/opt/rustwide/target" "-e" "CARGO_HOME=/opt/rustwide/cargo-home" "-e" "RUSTUP_HOME=/opt/rustwide/rustup-home" "-w" "/opt/rustwide/workdir" "-m" "1610612736" "--user" "0:0" "--network" "none" "ghcr.io/rust-lang/crates-build-env/linux@sha256:2788e3201cd34a07e3172128adcd8b3090168a8e3bcc40d7c032b9dda1df7d1c" "/opt/rustwide/cargo-home/bin/cargo" "+nightly-2024-02-05" "metadata" "--no-deps" "--format-version=1", kill_on_drop: false }`
[INFO] [stdout] c7721f9413af37c9032ee1844cc81e9864215c6c5b15eaba5566e7f78cef0512
[INFO] running `Command { std: "docker" "start" "-a" "c7721f9413af37c9032ee1844cc81e9864215c6c5b15eaba5566e7f78cef0512", kill_on_drop: false }`
[INFO] running `Command { std: "docker" "inspect" "c7721f9413af37c9032ee1844cc81e9864215c6c5b15eaba5566e7f78cef0512", kill_on_drop: false }`
[INFO] running `Command { std: "docker" "rm" "-f" "c7721f9413af37c9032ee1844cc81e9864215c6c5b15eaba5566e7f78cef0512", kill_on_drop: false }`
[INFO] [stdout] c7721f9413af37c9032ee1844cc81e9864215c6c5b15eaba5566e7f78cef0512
[INFO] running `Command { std: "docker" "create" "-v" "/var/lib/crater-agent-workspace/builds/worker-3-tc1/target:/opt/rustwide/target:rw,Z" "-v" "/var/lib/crater-agent-workspace/builds/worker-3-tc1/source:/opt/rustwide/workdir:ro,Z" "-v" "/var/lib/crater-agent-workspace/cargo-home:/opt/rustwide/cargo-home:ro,Z" "-v" "/var/lib/crater-agent-workspace/rustup-home:/opt/rustwide/rustup-home:ro,Z" "-e" "SOURCE_DIR=/opt/rustwide/workdir" "-e" "CARGO_TARGET_DIR=/opt/rustwide/target" "-e" "CARGO_INCREMENTAL=0" "-e" "RUST_BACKTRACE=full" "-e" "RUSTFLAGS=--cap-lints=forbid" "-e" "RUSTDOCFLAGS=--cap-lints=forbid" "-e" "CARGO_HOME=/opt/rustwide/cargo-home" "-e" "RUSTUP_HOME=/opt/rustwide/rustup-home" "-w" "/opt/rustwide/workdir" "-m" "1610612736" "--user" "0:0" "--network" "none" "ghcr.io/rust-lang/crates-build-env/linux@sha256:2788e3201cd34a07e3172128adcd8b3090168a8e3bcc40d7c032b9dda1df7d1c" "/opt/rustwide/cargo-home/bin/cargo" "+nightly-2024-02-05" "check" "--frozen" "--all" "--all-targets" "--message-format=json", kill_on_drop: false }`
[INFO] [stdout] 41c8846eef4ec4ea62e345d92600130d0eb58df976ea5a416654b26f1fa292fa
[INFO] running `Command { std: "docker" "start" "-a" "41c8846eef4ec4ea62e345d92600130d0eb58df976ea5a416654b26f1fa292fa", kill_on_drop: false }`
[INFO] [stderr]    Compiling libc v0.2.153
[INFO] [stderr]     Checking embedded-hal v1.0.0
[INFO] [stderr]    Compiling derive_arbitrary v1.3.2
[INFO] [stderr]    Compiling thiserror-impl v1.0.56
[INFO] [stderr]    Compiling jobserver v0.1.27
[INFO] [stderr]    Compiling cc v1.0.83
[INFO] [stderr]     Checking arbitrary v1.3.2
[INFO] [stderr]     Checking thiserror v1.0.56
[INFO] [stderr]     Checking embedded-hal-fuzz v1.0.0-rc.1 (/opt/rustwide/workdir)
[INFO] [stdout] error[E0432]: unresolved import `embedded_hal::delay::DelayUs`
[INFO] [stdout]   --> src/delay.rs:13:5
[INFO] [stdout]    |
[INFO] [stdout] 13 | use embedded_hal::delay::DelayUs;
[INFO] [stdout]    |     ^^^^^^^^^^^^^^^^^^^^^-------
[INFO] [stdout]    |     |                    |
[INFO] [stdout]    |     |                    help: a similar name exists in the module: `DelayNs`
[INFO] [stdout]    |     no `DelayUs` in `delay`
[INFO] [stdout] 
[INFO] [stdout] 
[INFO] [stdout] error[E0407]: method `get_max_duty_cycle` is not a member of trait `SetDutyCycle`
[INFO] [stdout]   --> src/pwm.rs:59:5
[INFO] [stdout]    |
[INFO] [stdout] 59 |       fn get_max_duty_cycle(&self) -> u16 {
[INFO] [stdout]    |       ^  ------------------ help: there is an associated function with a similar name: `max_duty_cycle`
[INFO] [stdout]    |  _____|
[INFO] [stdout]    | |
[INFO] [stdout] 60 | |         self.max_duty_cycle
[INFO] [stdout] 61 | |     }
[INFO] [stdout]    | |_____^ not a member of trait `SetDutyCycle`
[INFO] [stdout] 
[INFO] [stdout] 
[INFO] [stdout] error: aborting due to 2 previous errors
[INFO] [stdout] 
[INFO] [stdout] 
[INFO] [stdout] Some errors have detailed explanations: E0407, E0432.
[INFO] [stdout] 
[INFO] [stdout] For more information about an error, try `rustc --explain E0407`.
[INFO] [stdout] 
[INFO] [stderr] error: could not compile `embedded-hal-fuzz` (lib) due to 3 previous errors
[INFO] [stderr] warning: build failed, waiting for other jobs to finish...
[INFO] running `Command { std: "docker" "inspect" "41c8846eef4ec4ea62e345d92600130d0eb58df976ea5a416654b26f1fa292fa", kill_on_drop: false }`
[INFO] running `Command { std: "docker" "rm" "-f" "41c8846eef4ec4ea62e345d92600130d0eb58df976ea5a416654b26f1fa292fa", kill_on_drop: false }`
[INFO] [stdout] 41c8846eef4ec4ea62e345d92600130d0eb58df976ea5a416654b26f1fa292fa
[INFO] checking embedded-hal-fuzz-1.0.0-rc.1 against nightly-2024-02-05+rustflags=-Dunexpected_cfgs+cargoflags=-Zcheck-cfg for check-cfg
[INFO] extracting crate embedded-hal-fuzz 1.0.0-rc.1 into /workspace/builds/worker-3-tc2/source
[INFO] validating manifest of crates.io crate embedded-hal-fuzz 1.0.0-rc.1 on toolchain nightly-2024-02-05
[INFO] running `Command { std: CARGO_HOME="/workspace/cargo-home" RUSTUP_HOME="/workspace/rustup-home" "/workspace/cargo-home/bin/cargo" "+nightly-2024-02-05" "metadata" "--manifest-path" "Cargo.toml" "--no-deps", kill_on_drop: false }`
[INFO] started tweaking crates.io crate embedded-hal-fuzz 1.0.0-rc.1
[INFO] finished tweaking crates.io crate embedded-hal-fuzz 1.0.0-rc.1
[INFO] tweaked toml for crates.io crate embedded-hal-fuzz 1.0.0-rc.1 written to /workspace/builds/worker-3-tc2/source/Cargo.toml
[INFO] running `Command { std: CARGO_HOME="/workspace/cargo-home" RUSTUP_HOME="/workspace/rustup-home" "/workspace/cargo-home/bin/cargo" "+nightly-2024-02-05" "generate-lockfile" "--manifest-path" "Cargo.toml", kill_on_drop: false }`
[INFO] [stderr]     Updating crates.io index
[INFO] running `Command { std: CARGO_HOME="/workspace/cargo-home" RUSTUP_HOME="/workspace/rustup-home" "/workspace/cargo-home/bin/cargo" "+nightly-2024-02-05" "fetch" "--manifest-path" "Cargo.toml", kill_on_drop: false }`
[INFO] running `Command { std: "docker" "create" "-v" "/var/lib/crater-agent-workspace/builds/worker-3-tc2/target:/opt/rustwide/target:rw,Z" "-v" "/var/lib/crater-agent-workspace/builds/worker-3-tc2/source:/opt/rustwide/workdir:ro,Z" "-v" "/var/lib/crater-agent-workspace/cargo-home:/opt/rustwide/cargo-home:ro,Z" "-v" "/var/lib/crater-agent-workspace/rustup-home:/opt/rustwide/rustup-home:ro,Z" "-e" "SOURCE_DIR=/opt/rustwide/workdir" "-e" "CARGO_TARGET_DIR=/opt/rustwide/target" "-e" "CARGO_HOME=/opt/rustwide/cargo-home" "-e" "RUSTUP_HOME=/opt/rustwide/rustup-home" "-w" "/opt/rustwide/workdir" "-m" "1610612736" "--user" "0:0" "--network" "none" "ghcr.io/rust-lang/crates-build-env/linux@sha256:2788e3201cd34a07e3172128adcd8b3090168a8e3bcc40d7c032b9dda1df7d1c" "/opt/rustwide/cargo-home/bin/cargo" "+nightly-2024-02-05" "metadata" "--no-deps" "--format-version=1", kill_on_drop: false }`
[INFO] [stdout] 100f61b37f103410d70bc07a4d157cdc27e26fb374533bb48537ab7e834b91c6
[INFO] running `Command { std: "docker" "start" "-a" "100f61b37f103410d70bc07a4d157cdc27e26fb374533bb48537ab7e834b91c6", kill_on_drop: false }`
[INFO] running `Command { std: "docker" "inspect" "100f61b37f103410d70bc07a4d157cdc27e26fb374533bb48537ab7e834b91c6", kill_on_drop: false }`
[INFO] running `Command { std: "docker" "rm" "-f" "100f61b37f103410d70bc07a4d157cdc27e26fb374533bb48537ab7e834b91c6", kill_on_drop: false }`
[INFO] [stdout] 100f61b37f103410d70bc07a4d157cdc27e26fb374533bb48537ab7e834b91c6
[INFO] running `Command { std: "docker" "create" "-v" "/var/lib/crater-agent-workspace/builds/worker-3-tc2/target:/opt/rustwide/target:rw,Z" "-v" "/var/lib/crater-agent-workspace/builds/worker-3-tc2/source:/opt/rustwide/workdir:ro,Z" "-v" "/var/lib/crater-agent-workspace/cargo-home:/opt/rustwide/cargo-home:ro,Z" "-v" "/var/lib/crater-agent-workspace/rustup-home:/opt/rustwide/rustup-home:ro,Z" "-e" "SOURCE_DIR=/opt/rustwide/workdir" "-e" "CARGO_TARGET_DIR=/opt/rustwide/target" "-e" "CARGO_INCREMENTAL=0" "-e" "RUST_BACKTRACE=full" "-e" "RUSTFLAGS=--cap-lints=forbid -Dunexpected_cfgs" "-e" "RUSTDOCFLAGS=--cap-lints=forbid" "-e" "CARGO_HOME=/opt/rustwide/cargo-home" "-e" "RUSTUP_HOME=/opt/rustwide/rustup-home" "-w" "/opt/rustwide/workdir" "-m" "1610612736" "--user" "0:0" "--network" "none" "ghcr.io/rust-lang/crates-build-env/linux@sha256:2788e3201cd34a07e3172128adcd8b3090168a8e3bcc40d7c032b9dda1df7d1c" "/opt/rustwide/cargo-home/bin/cargo" "+nightly-2024-02-05" "check" "--frozen" "--all" "--all-targets" "--message-format=json" "-Zcheck-cfg", kill_on_drop: false }`
[INFO] [stdout] 99408a513205323e525da2324bb4ea0281fe898e20848054d27da61f5ec4d511
[INFO] running `Command { std: "docker" "start" "-a" "99408a513205323e525da2324bb4ea0281fe898e20848054d27da61f5ec4d511", kill_on_drop: false }`
[INFO] [stderr]    Compiling libc v0.2.153
[INFO] [stderr]     Checking embedded-hal v1.0.0
[INFO] [stderr]    Compiling derive_arbitrary v1.3.2
[INFO] [stderr]    Compiling thiserror-impl v1.0.56
[INFO] [stderr]    Compiling jobserver v0.1.27
[INFO] [stderr]    Compiling cc v1.0.83
[INFO] [stderr]     Checking arbitrary v1.3.2
[INFO] [stderr]     Checking thiserror v1.0.56
[INFO] [stderr]    Compiling libfuzzer-sys v0.4.7
[INFO] [stderr]     Checking embedded-hal-fuzz v1.0.0-rc.1 (/opt/rustwide/workdir)
[INFO] [stdout] error[E0432]: unresolved import `embedded_hal::delay::DelayUs`
[INFO] [stdout]   --> src/delay.rs:13:5
[INFO] [stdout]    |
[INFO] [stdout] 13 | use embedded_hal::delay::DelayUs;
[INFO] [stdout]    |     ^^^^^^^^^^^^^^^^^^^^^-------
[INFO] [stdout]    |     |                    |
[INFO] [stdout]    |     |                    help: a similar name exists in the module: `DelayNs`
[INFO] [stdout]    |     no `DelayUs` in `delay`
[INFO] [stdout] 
[INFO] [stdout] 
[INFO] [stdout] error[E0407]: method `get_max_duty_cycle` is not a member of trait `SetDutyCycle`
[INFO] [stdout]   --> src/pwm.rs:59:5
[INFO] [stdout]    |
[INFO] [stdout] 59 |       fn get_max_duty_cycle(&self) -> u16 {
[INFO] [stdout]    |       ^  ------------------ help: there is an associated function with a similar name: `max_duty_cycle`
[INFO] [stdout]    |  _____|
[INFO] [stdout]    | |
[INFO] [stdout] 60 | |         self.max_duty_cycle
[INFO] [stdout] 61 | |     }
[INFO] [stdout]    | |_____^ not a member of trait `SetDutyCycle`
[INFO] [stdout] 
[INFO] [stdout] 
[INFO] [stdout] error: aborting due to 2 previous errors
[INFO] [stdout] 
[INFO] [stdout] 
[INFO] [stdout] Some errors have detailed explanations: E0407, E0432.
[INFO] [stdout] 
[INFO] [stdout] For more information about an error, try `rustc --explain E0407`.
[INFO] [stdout] 
[INFO] [stderr] error: could not compile `embedded-hal-fuzz` (lib) due to 3 previous errors
[INFO] [stderr] warning: build failed, waiting for other jobs to finish...
[INFO] running `Command { std: "docker" "inspect" "99408a513205323e525da2324bb4ea0281fe898e20848054d27da61f5ec4d511", kill_on_drop: false }`
[INFO] running `Command { std: "docker" "rm" "-f" "99408a513205323e525da2324bb4ea0281fe898e20848054d27da61f5ec4d511", kill_on_drop: false }`
[INFO] [stdout] 99408a513205323e525da2324bb4ea0281fe898e20848054d27da61f5ec4d511
