[INFO] fetching crate dsf-core 0.2.0...
[INFO] checking dsf-core-0.2.0 against nightly-2024-02-05 for check-cfg
[INFO] extracting crate dsf-core 0.2.0 into /workspace/builds/worker-3-tc1/source
[INFO] validating manifest of crates.io crate dsf-core 0.2.0 on toolchain nightly-2024-02-05
[INFO] running `Command { std: CARGO_HOME="/workspace/cargo-home" RUSTUP_HOME="/workspace/rustup-home" "/workspace/cargo-home/bin/cargo" "+nightly-2024-02-05" "metadata" "--manifest-path" "Cargo.toml" "--no-deps", kill_on_drop: false }`
[INFO] started tweaking crates.io crate dsf-core 0.2.0
[INFO] finished tweaking crates.io crate dsf-core 0.2.0
[INFO] tweaked toml for crates.io crate dsf-core 0.2.0 written to /workspace/builds/worker-3-tc1/source/Cargo.toml
[INFO] running `Command { std: CARGO_HOME="/workspace/cargo-home" RUSTUP_HOME="/workspace/rustup-home" "/workspace/cargo-home/bin/cargo" "+nightly-2024-02-05" "generate-lockfile" "--manifest-path" "Cargo.toml", kill_on_drop: false }`
[INFO] [stderr]     Updating crates.io index
[INFO] running `Command { std: CARGO_HOME="/workspace/cargo-home" RUSTUP_HOME="/workspace/rustup-home" "/workspace/cargo-home/bin/cargo" "+nightly-2024-02-05" "fetch" "--manifest-path" "Cargo.toml", kill_on_drop: false }`
[INFO] [stderr]  Downloading crates ...
[INFO] [stderr]   Downloaded slice-ext v0.1.4
[INFO] [stderr]   Downloaded strum_macros v0.20.1
[INFO] [stderr]   Downloaded diesel_derives v1.4.1
[INFO] [stderr]   Downloaded managed v0.7.2
[INFO] [stderr]   Downloaded strum v0.20.0
[INFO] [stderr]   Downloaded diesel v1.4.8
[INFO] [stderr]   Downloaded sodiumoxide v0.2.7
[INFO] [stderr]   Downloaded libsodium-sys v0.2.7
[INFO] [stderr]   Downloaded no-std-net v0.3.0
[INFO] running `Command { std: "docker" "create" "-v" "/var/lib/crater-agent-workspace/builds/worker-3-tc1/target:/opt/rustwide/target:rw,Z" "-v" "/var/lib/crater-agent-workspace/builds/worker-3-tc1/source:/opt/rustwide/workdir:ro,Z" "-v" "/var/lib/crater-agent-workspace/cargo-home:/opt/rustwide/cargo-home:ro,Z" "-v" "/var/lib/crater-agent-workspace/rustup-home:/opt/rustwide/rustup-home:ro,Z" "-e" "SOURCE_DIR=/opt/rustwide/workdir" "-e" "CARGO_TARGET_DIR=/opt/rustwide/target" "-e" "CARGO_HOME=/opt/rustwide/cargo-home" "-e" "RUSTUP_HOME=/opt/rustwide/rustup-home" "-w" "/opt/rustwide/workdir" "-m" "1610612736" "--user" "0:0" "--network" "none" "ghcr.io/rust-lang/crates-build-env/linux@sha256:2788e3201cd34a07e3172128adcd8b3090168a8e3bcc40d7c032b9dda1df7d1c" "/opt/rustwide/cargo-home/bin/cargo" "+nightly-2024-02-05" "metadata" "--no-deps" "--format-version=1", kill_on_drop: false }`
[INFO] [stdout] 2dab80ecf73b868afaadb4ac995a21281c838d9fb33c5ce5d1e778f3ca6ed7c1
[INFO] running `Command { std: "docker" "start" "-a" "2dab80ecf73b868afaadb4ac995a21281c838d9fb33c5ce5d1e778f3ca6ed7c1", kill_on_drop: false }`
[INFO] running `Command { std: "docker" "inspect" "2dab80ecf73b868afaadb4ac995a21281c838d9fb33c5ce5d1e778f3ca6ed7c1", kill_on_drop: false }`
[INFO] running `Command { std: "docker" "rm" "-f" "2dab80ecf73b868afaadb4ac995a21281c838d9fb33c5ce5d1e778f3ca6ed7c1", kill_on_drop: false }`
[INFO] [stdout] 2dab80ecf73b868afaadb4ac995a21281c838d9fb33c5ce5d1e778f3ca6ed7c1
[INFO] running `Command { std: "docker" "create" "-v" "/var/lib/crater-agent-workspace/builds/worker-3-tc1/target:/opt/rustwide/target:rw,Z" "-v" "/var/lib/crater-agent-workspace/builds/worker-3-tc1/source:/opt/rustwide/workdir:ro,Z" "-v" "/var/lib/crater-agent-workspace/cargo-home:/opt/rustwide/cargo-home:ro,Z" "-v" "/var/lib/crater-agent-workspace/rustup-home:/opt/rustwide/rustup-home:ro,Z" "-e" "SOURCE_DIR=/opt/rustwide/workdir" "-e" "CARGO_TARGET_DIR=/opt/rustwide/target" "-e" "CARGO_INCREMENTAL=0" "-e" "RUST_BACKTRACE=full" "-e" "RUSTFLAGS=--cap-lints=forbid" "-e" "RUSTDOCFLAGS=--cap-lints=forbid" "-e" "CARGO_HOME=/opt/rustwide/cargo-home" "-e" "RUSTUP_HOME=/opt/rustwide/rustup-home" "-w" "/opt/rustwide/workdir" "-m" "1610612736" "--user" "0:0" "--network" "none" "ghcr.io/rust-lang/crates-build-env/linux@sha256:2788e3201cd34a07e3172128adcd8b3090168a8e3bcc40d7c032b9dda1df7d1c" "/opt/rustwide/cargo-home/bin/cargo" "+nightly-2024-02-05" "check" "--frozen" "--all" "--all-targets" "--message-format=json", kill_on_drop: false }`
[INFO] [stdout] a22cdb06d2e0fea3cbf6869407545e10333d5a0f62dd9e588ae402541fcb3fc9
[INFO] running `Command { std: "docker" "start" "-a" "a22cdb06d2e0fea3cbf6869407545e10333d5a0f62dd9e588ae402541fcb3fc9", kill_on_drop: false }`
[INFO] [stderr]    Compiling same-file v1.0.6
[INFO] [stderr]    Compiling syn v1.0.109
[INFO] [stderr]     Checking byte-tools v0.3.1
[INFO] [stderr]    Compiling async-trait v0.1.77
[INFO] [stderr]     Checking signature v1.6.4
[INFO] [stderr]     Checking byteorder v1.5.0
[INFO] [stderr]    Compiling unicode-segmentation v1.10.1
[INFO] [stderr]     Checking opaque-debug v0.2.3
[INFO] [stderr]     Checking fake-simd v0.1.2
[INFO] [stderr]    Compiling syn v2.0.48
[INFO] [stderr]    Compiling libc v0.2.153
[INFO] [stderr]     Checking generic-array v0.12.4
[INFO] [stderr]     Checking managed v0.7.2
[INFO] [stderr]     Checking strum v0.20.0
[INFO] [stderr]     Checking chrono v0.4.33
[INFO] [stderr]     Checking slice-ext v0.1.4
[INFO] [stderr]     Checking bytes v0.5.6
[INFO] [stderr]     Checking ed25519 v1.5.3
[INFO] [stderr]     Checking block-padding v0.1.5
[INFO] [stderr]    Compiling walkdir v2.4.0
[INFO] [stderr]     Checking base64 v0.12.3
[INFO] [stderr]     Checking digest v0.8.1
[INFO] [stderr]     Checking block-buffer v0.7.3
[INFO] [stderr]    Compiling heck v0.3.3
[INFO] [stderr]     Checking sha2 v0.8.2
[INFO] [stderr]    Compiling cc v1.0.83
[INFO] [stderr]    Compiling libsodium-sys v0.2.7
[INFO] [stderr]    Compiling strum_macros v0.20.1
[INFO] [stderr]    Compiling thiserror-impl v1.0.56
[INFO] [stderr]    Compiling serde_derive v1.0.196
[INFO] [stderr]     Checking thiserror v1.0.56
[INFO] [stderr]     Checking serde v1.0.196
[INFO] [stderr]     Checking sodiumoxide v0.2.7
[INFO] [stderr]     Checking dsf-core v0.2.0 (/opt/rustwide/workdir)
[INFO] [stdout] warning: use of deprecated method `chrono::TimeZone::timestamp`: use `timestamp_opt()` instead
[INFO] [stdout]   --> src/types/datetime.rs:27:21
[INFO] [stdout]    |
[INFO] [stdout] 27 |         let u = Utc.timestamp(self.0 as i64, 0);
[INFO] [stdout]    |                     ^^^^^^^^^
[INFO] [stdout]    |
[INFO] [stdout]    = note: `#[warn(deprecated)]` on by default
[INFO] [stdout] 
[INFO] [stdout] 
[INFO] [stdout] warning: use of deprecated method `chrono::TimeZone::timestamp`: use `timestamp_opt()` instead
[INFO] [stdout]   --> src/types/datetime.rs:34:21
[INFO] [stdout]    |
[INFO] [stdout] 34 |         let u = Utc.timestamp(self.0 as i64, 0);
[INFO] [stdout]    |                     ^^^^^^^^^
[INFO] [stdout] 
[INFO] [stdout] 
[INFO] [stdout] warning: use of deprecated method `chrono::TimeZone::timestamp`: use `timestamp_opt()` instead
[INFO] [stdout]   --> src/types/datetime.rs:42:21
[INFO] [stdout]    |
[INFO] [stdout] 42 |         let u = Utc.timestamp(self.0 as i64, 0);
[INFO] [stdout]    |                     ^^^^^^^^^
[INFO] [stdout] 
[INFO] [stdout] 
[INFO] [stdout] warning: use of deprecated method `chrono::TimeZone::timestamp`: use `timestamp_opt()` instead
[INFO] [stdout]   --> src/types/datetime.rs:27:21
[INFO] [stdout]    |
[INFO] [stdout] 27 |         let u = Utc.timestamp(self.0 as i64, 0);
[INFO] [stdout]    |                     ^^^^^^^^^
[INFO] [stdout]    |
[INFO] [stdout]    = note: `#[warn(deprecated)]` on by default
[INFO] [stdout] 
[INFO] [stdout] 
[INFO] [stdout] warning: use of deprecated method `chrono::TimeZone::timestamp`: use `timestamp_opt()` instead
[INFO] [stdout]   --> src/types/datetime.rs:34:21
[INFO] [stdout]    |
[INFO] [stdout] 34 |         let u = Utc.timestamp(self.0 as i64, 0);
[INFO] [stdout]    |                     ^^^^^^^^^
[INFO] [stdout] 
[INFO] [stdout] 
[INFO] [stdout] warning: use of deprecated method `chrono::TimeZone::timestamp`: use `timestamp_opt()` instead
[INFO] [stdout]   --> src/types/datetime.rs:42:21
[INFO] [stdout]    |
[INFO] [stdout] 42 |         let u = Utc.timestamp(self.0 as i64, 0);
[INFO] [stdout]    |                     ^^^^^^^^^
[INFO] [stdout] 
[INFO] [stdout] 
[INFO] [stdout] error[E0616]: field `0` of struct `sodiumoxide::crypto::sign::Signature` is private
[INFO] [stdout]   --> src/crypto/sodium.rs:31:12
[INFO] [stdout]    |
[INFO] [stdout] 31 |     Ok(sig.0.into())
[INFO] [stdout]    |            ^ private field
[INFO] [stdout] 
[INFO] [stdout] 
[INFO] [stdout] error[E0599]: no function or associated item named `from_slice` found for struct `sodiumoxide::crypto::sign::Signature` in the current scope
[INFO] [stdout]    --> src/crypto/sodium.rs:39:41
[INFO] [stdout]     |
[INFO] [stdout] 39  |     let sig = sign::ed25519::Signature::from_slice(signature).unwrap();
[INFO] [stdout]     |                                         ^^^^^^^^^^ function or associated item not found in `Signature`
[INFO] [stdout]     |
[INFO] [stdout] note: if you're trying to build a new `sodiumoxide::crypto::sign::Signature` consider using one of the following associated functions:
[INFO] [stdout]       sodiumoxide::crypto::sign::Signature::from_bytes
[INFO] [stdout]       sodiumoxide::crypto::sign::Signature::new
[INFO] [stdout]    --> /opt/rustwide/cargo-home/registry/src/index.crates.io-6f17d22bba15001f/ed25519-1.5.3/src/lib.rs:291:5
[INFO] [stdout]     |
[INFO] [stdout] 291 |     pub fn from_bytes(bytes: &[u8]) -> signature::Result<Self> {
[INFO] [stdout]     |     ^^^^^^^^^^^^^^^^^^^^^^^^^^^^^^^^^^^^^^^^^^^^^^^^^^^^^^^^^^
[INFO] [stdout] ...
[INFO] [stdout] 330 |     pub fn new(bytes: [u8; Self::BYTE_SIZE]) -> Self {
[INFO] [stdout]     |     ^^^^^^^^^^^^^^^^^^^^^^^^^^^^^^^^^^^^^^^^^^^^^^^^
[INFO] [stdout] 
[INFO] [stdout] 
[INFO] [stdout] error[E0616]: field `0` of struct `sodiumoxide::crypto::sign::Signature` is private
[INFO] [stdout]   --> src/crypto/sodium.rs:31:12
[INFO] [stdout]    |
[INFO] [stdout] 31 |     Ok(sig.0.into())
[INFO] [stdout]    |            ^ private field
[INFO] [stdout] 
[INFO] [stdout] 
[INFO] [stdout] error[E0599]: no function or associated item named `from_slice` found for struct `sodiumoxide::crypto::sign::Signature` in the current scope
[INFO] [stdout]    --> src/crypto/sodium.rs:39:41
[INFO] [stdout]     |
[INFO] [stdout] 39  |     let sig = sign::ed25519::Signature::from_slice(signature).unwrap();
[INFO] [stdout]     |                                         ^^^^^^^^^^ function or associated item not found in `Signature`
[INFO] [stdout]     |
[INFO] [stdout] note: if you're trying to build a new `sodiumoxide::crypto::sign::Signature` consider using one of the following associated functions:
[INFO] [stdout]       sodiumoxide::crypto::sign::Signature::from_bytes
[INFO] [stdout]       sodiumoxide::crypto::sign::Signature::new
[INFO] [stdout]    --> /opt/rustwide/cargo-home/registry/src/index.crates.io-6f17d22bba15001f/ed25519-1.5.3/src/lib.rs:291:5
[INFO] [stdout]     |
[INFO] [stdout] 291 |     pub fn from_bytes(bytes: &[u8]) -> signature::Result<Self> {
[INFO] [stdout]     |     ^^^^^^^^^^^^^^^^^^^^^^^^^^^^^^^^^^^^^^^^^^^^^^^^^^^^^^^^^^
[INFO] [stdout] ...
[INFO] [stdout] 330 |     pub fn new(bytes: [u8; Self::BYTE_SIZE]) -> Self {
[INFO] [stdout]     |     ^^^^^^^^^^^^^^^^^^^^^^^^^^^^^^^^^^^^^^^^^^^^^^^^
[INFO] [stdout] 
[INFO] [stdout] 
[INFO] [stdout] error: aborting due to 2 previous errors; 3 warnings emitted
[INFO] [stdout] 
[INFO] [stdout] 
[INFO] [stdout] Some errors have detailed explanations: E0599, E0616.
[INFO] [stdout] 
[INFO] [stdout] For more information about an error, try `rustc --explain E0599`.
[INFO] [stdout] 
[INFO] [stderr] error: could not compile `dsf-core` (lib) due to 3 previous errors; 3 warnings emitted
[INFO] [stderr] warning: build failed, waiting for other jobs to finish...
[INFO] [stdout] error: aborting due to 2 previous errors; 3 warnings emitted
[INFO] [stdout] 
[INFO] [stdout] 
[INFO] [stdout] Some errors have detailed explanations: E0599, E0616.
[INFO] [stdout] 
[INFO] [stdout] For more information about an error, try `rustc --explain E0599`.
[INFO] [stdout] 
[INFO] [stderr] error: could not compile `dsf-core` (lib test) due to 3 previous errors; 3 warnings emitted
[INFO] running `Command { std: "docker" "inspect" "a22cdb06d2e0fea3cbf6869407545e10333d5a0f62dd9e588ae402541fcb3fc9", kill_on_drop: false }`
[INFO] running `Command { std: "docker" "rm" "-f" "a22cdb06d2e0fea3cbf6869407545e10333d5a0f62dd9e588ae402541fcb3fc9", kill_on_drop: false }`
[INFO] [stdout] a22cdb06d2e0fea3cbf6869407545e10333d5a0f62dd9e588ae402541fcb3fc9
[INFO] checking dsf-core-0.2.0 against nightly-2024-02-05+rustflags=-Dunexpected_cfgs+cargoflags=-Zcheck-cfg for check-cfg
[INFO] extracting crate dsf-core 0.2.0 into /workspace/builds/worker-3-tc2/source
[INFO] validating manifest of crates.io crate dsf-core 0.2.0 on toolchain nightly-2024-02-05
[INFO] running `Command { std: CARGO_HOME="/workspace/cargo-home" RUSTUP_HOME="/workspace/rustup-home" "/workspace/cargo-home/bin/cargo" "+nightly-2024-02-05" "metadata" "--manifest-path" "Cargo.toml" "--no-deps", kill_on_drop: false }`
[INFO] started tweaking crates.io crate dsf-core 0.2.0
[INFO] finished tweaking crates.io crate dsf-core 0.2.0
[INFO] tweaked toml for crates.io crate dsf-core 0.2.0 written to /workspace/builds/worker-3-tc2/source/Cargo.toml
[INFO] running `Command { std: CARGO_HOME="/workspace/cargo-home" RUSTUP_HOME="/workspace/rustup-home" "/workspace/cargo-home/bin/cargo" "+nightly-2024-02-05" "generate-lockfile" "--manifest-path" "Cargo.toml", kill_on_drop: false }`
[INFO] [stderr]     Updating crates.io index
[INFO] running `Command { std: CARGO_HOME="/workspace/cargo-home" RUSTUP_HOME="/workspace/rustup-home" "/workspace/cargo-home/bin/cargo" "+nightly-2024-02-05" "fetch" "--manifest-path" "Cargo.toml", kill_on_drop: false }`
[INFO] running `Command { std: "docker" "create" "-v" "/var/lib/crater-agent-workspace/builds/worker-3-tc2/target:/opt/rustwide/target:rw,Z" "-v" "/var/lib/crater-agent-workspace/builds/worker-3-tc2/source:/opt/rustwide/workdir:ro,Z" "-v" "/var/lib/crater-agent-workspace/cargo-home:/opt/rustwide/cargo-home:ro,Z" "-v" "/var/lib/crater-agent-workspace/rustup-home:/opt/rustwide/rustup-home:ro,Z" "-e" "SOURCE_DIR=/opt/rustwide/workdir" "-e" "CARGO_TARGET_DIR=/opt/rustwide/target" "-e" "CARGO_HOME=/opt/rustwide/cargo-home" "-e" "RUSTUP_HOME=/opt/rustwide/rustup-home" "-w" "/opt/rustwide/workdir" "-m" "1610612736" "--user" "0:0" "--network" "none" "ghcr.io/rust-lang/crates-build-env/linux@sha256:2788e3201cd34a07e3172128adcd8b3090168a8e3bcc40d7c032b9dda1df7d1c" "/opt/rustwide/cargo-home/bin/cargo" "+nightly-2024-02-05" "metadata" "--no-deps" "--format-version=1", kill_on_drop: false }`
[INFO] [stdout] e2763df8d8b53aa055ae230005408cf508648dda285b7151f11612e3038f86a9
[INFO] running `Command { std: "docker" "start" "-a" "e2763df8d8b53aa055ae230005408cf508648dda285b7151f11612e3038f86a9", kill_on_drop: false }`
[INFO] running `Command { std: "docker" "inspect" "e2763df8d8b53aa055ae230005408cf508648dda285b7151f11612e3038f86a9", kill_on_drop: false }`
[INFO] running `Command { std: "docker" "rm" "-f" "e2763df8d8b53aa055ae230005408cf508648dda285b7151f11612e3038f86a9", kill_on_drop: false }`
[INFO] [stdout] e2763df8d8b53aa055ae230005408cf508648dda285b7151f11612e3038f86a9
[INFO] running `Command { std: "docker" "create" "-v" "/var/lib/crater-agent-workspace/builds/worker-3-tc2/target:/opt/rustwide/target:rw,Z" "-v" "/var/lib/crater-agent-workspace/builds/worker-3-tc2/source:/opt/rustwide/workdir:ro,Z" "-v" "/var/lib/crater-agent-workspace/cargo-home:/opt/rustwide/cargo-home:ro,Z" "-v" "/var/lib/crater-agent-workspace/rustup-home:/opt/rustwide/rustup-home:ro,Z" "-e" "SOURCE_DIR=/opt/rustwide/workdir" "-e" "CARGO_TARGET_DIR=/opt/rustwide/target" "-e" "CARGO_INCREMENTAL=0" "-e" "RUST_BACKTRACE=full" "-e" "RUSTFLAGS=--cap-lints=forbid -Dunexpected_cfgs" "-e" "RUSTDOCFLAGS=--cap-lints=forbid" "-e" "CARGO_HOME=/opt/rustwide/cargo-home" "-e" "RUSTUP_HOME=/opt/rustwide/rustup-home" "-w" "/opt/rustwide/workdir" "-m" "1610612736" "--user" "0:0" "--network" "none" "ghcr.io/rust-lang/crates-build-env/linux@sha256:2788e3201cd34a07e3172128adcd8b3090168a8e3bcc40d7c032b9dda1df7d1c" "/opt/rustwide/cargo-home/bin/cargo" "+nightly-2024-02-05" "check" "--frozen" "--all" "--all-targets" "--message-format=json" "-Zcheck-cfg", kill_on_drop: false }`
[INFO] [stdout] 1f11b0a4e766b65d998334557b6c2e42e13b92d3162a665003abb491b9bf3f67
[INFO] running `Command { std: "docker" "start" "-a" "1f11b0a4e766b65d998334557b6c2e42e13b92d3162a665003abb491b9bf3f67", kill_on_drop: false }`
[INFO] [stderr]    Compiling same-file v1.0.6
[INFO] [stderr]     Checking byte-tools v0.3.1
[INFO] [stderr]    Compiling syn v1.0.109
[INFO] [stderr]    Compiling async-trait v0.1.77
[INFO] [stderr]    Compiling unicode-segmentation v1.10.1
[INFO] [stderr]     Checking signature v1.6.4
[INFO] [stderr]     Checking byteorder v1.5.0
[INFO] [stderr]     Checking fake-simd v0.1.2
[INFO] [stderr]     Checking opaque-debug v0.2.3
[INFO] [stderr]     Checking strum v0.20.0
[INFO] [stderr]    Compiling libc v0.2.153
[INFO] [stderr]    Compiling syn v2.0.48
[INFO] [stderr]     Checking generic-array v0.12.4
[INFO] [stderr]     Checking bytes v0.5.6
[INFO] [stderr]     Checking base64 v0.12.3
[INFO] [stderr]     Checking chrono v0.4.33
[INFO] [stderr]     Checking block-padding v0.1.5
[INFO] [stderr]     Checking ed25519 v1.5.3
[INFO] [stderr]     Checking slice-ext v0.1.4
[INFO] [stderr]    Compiling walkdir v2.4.0
[INFO] [stderr]     Checking managed v0.7.2
[INFO] [stderr]     Checking digest v0.8.1
[INFO] [stderr]     Checking block-buffer v0.7.3
[INFO] [stderr]     Checking sha2 v0.8.2
[INFO] [stderr]    Compiling heck v0.3.3
[INFO] [stderr]    Compiling cc v1.0.83
[INFO] [stderr]    Compiling libsodium-sys v0.2.7
[INFO] [stderr]    Compiling strum_macros v0.20.1
[INFO] [stderr]    Compiling serde_derive v1.0.196
[INFO] [stderr]    Compiling thiserror-impl v1.0.56
[INFO] [stderr]     Checking thiserror v1.0.56
[INFO] [stderr]     Checking serde v1.0.196
[INFO] [stderr]     Checking sodiumoxide v0.2.7
[INFO] [stderr]     Checking dsf-core v0.2.0 (/opt/rustwide/workdir)
[INFO] [stdout] error: unexpected `cfg` condition value: `libc`
[INFO] [stdout]   --> src/lib.rs:10:7
[INFO] [stdout]    |
[INFO] [stdout] 10 | #[cfg(feature = "libc")]
[INFO] [stdout]    |       ^^^^^^^^^^^^^^^^
[INFO] [stdout]    |
[INFO] [stdout]    = note: expected values for `feature` are: `alloc`, `default`, `diesel`, `no-std-net`, `serde`, `std`, `strum`, `strum_macros`
[INFO] [stdout]    = help: consider adding `libc` as a feature in `Cargo.toml`
[INFO] [stdout]    = note: see <https://doc.rust-lang.org/nightly/cargo/reference/unstable.html#check-cfg> for more information about checking conditional configuration
[INFO] [stdout]    = note: requested on the command line with `-D unexpected-cfgs`
[INFO] [stdout] 
[INFO] [stdout] 
[INFO] [stdout] error: unexpected `cfg` condition value: `cty`
[INFO] [stdout]   --> src/lib.rs:13:7
[INFO] [stdout]    |
[INFO] [stdout] 13 | #[cfg(feature = "cty")]
[INFO] [stdout]    |       ^^^^^^^^^^^^^^^
[INFO] [stdout]    |
[INFO] [stdout]    = note: expected values for `feature` are: `alloc`, `default`, `diesel`, `no-std-net`, `serde`, `std`, `strum`, `strum_macros`
[INFO] [stdout]    = help: consider adding `cty` as a feature in `Cargo.toml`
[INFO] [stdout]    = note: see <https://doc.rust-lang.org/nightly/cargo/reference/unstable.html#check-cfg> for more information about checking conditional configuration
[INFO] [stdout] 
[INFO] [stdout] 
[INFO] [stdout] error: unexpected `cfg` condition value: `libc`
[INFO] [stdout]   --> src/lib.rs:10:7
[INFO] [stdout]    |
[INFO] [stdout] 10 | #[cfg(feature = "libc")]
[INFO] [stdout]    |       ^^^^^^^^^^^^^^^^
[INFO] [stdout]    |
[INFO] [stdout]    = note: expected values for `feature` are: `alloc`, `default`, `diesel`, `no-std-net`, `serde`, `std`, `strum`, `strum_macros`
[INFO] [stdout]    = help: consider adding `libc` as a feature in `Cargo.toml`
[INFO] [stdout]    = note: see <https://doc.rust-lang.org/nightly/cargo/reference/unstable.html#check-cfg> for more information about checking conditional configuration
[INFO] [stdout]    = note: requested on the command line with `-D unexpected-cfgs`
[INFO] [stdout] 
[INFO] [stdout] 
[INFO] [stdout] error: unexpected `cfg` condition value: `cty`
[INFO] [stdout]   --> src/lib.rs:13:7
[INFO] [stdout]    |
[INFO] [stdout] 13 | #[cfg(feature = "cty")]
[INFO] [stdout]    |       ^^^^^^^^^^^^^^^
[INFO] [stdout]    |
[INFO] [stdout]    = note: expected values for `feature` are: `alloc`, `default`, `diesel`, `no-std-net`, `serde`, `std`, `strum`, `strum_macros`
[INFO] [stdout]    = help: consider adding `cty` as a feature in `Cargo.toml`
[INFO] [stdout]    = note: see <https://doc.rust-lang.org/nightly/cargo/reference/unstable.html#check-cfg> for more information about checking conditional configuration
[INFO] [stdout] 
[INFO] [stdout] 
[INFO] [stdout] error: unexpected `cfg` condition value: `crypto-dalek`
[INFO] [stdout]  --> src/crypto/mod.rs:9:7
[INFO] [stdout]   |
[INFO] [stdout] 9 | #[cfg(feature = "crypto-dalek")]
[INFO] [stdout]   |       ^^^^^^^^^^^^^^^^^^^^^^^^
[INFO] [stdout]   |
[INFO] [stdout]   = note: expected values for `feature` are: `alloc`, `default`, `diesel`, `no-std-net`, `serde`, `std`, `strum`, `strum_macros`
[INFO] [stdout]   = help: consider adding `crypto-dalek` as a feature in `Cargo.toml`
[INFO] [stdout]   = note: see <https://doc.rust-lang.org/nightly/cargo/reference/unstable.html#check-cfg> for more information about checking conditional configuration
[INFO] [stdout] 
[INFO] [stdout] 
[INFO] [stdout] error: unexpected `cfg` condition value: `crypto-dalek`
[INFO] [stdout]  --> src/crypto/mod.rs:9:7
[INFO] [stdout]   |
[INFO] [stdout] 9 | #[cfg(feature = "crypto-dalek")]
[INFO] [stdout]   |       ^^^^^^^^^^^^^^^^^^^^^^^^
[INFO] [stdout]   |
[INFO] [stdout]   = note: expected values for `feature` are: `alloc`, `default`, `diesel`, `no-std-net`, `serde`, `std`, `strum`, `strum_macros`
[INFO] [stdout]   = help: consider adding `crypto-dalek` as a feature in `Cargo.toml`
[INFO] [stdout]   = note: see <https://doc.rust-lang.org/nightly/cargo/reference/unstable.html#check-cfg> for more information about checking conditional configuration
[INFO] [stdout] 
[INFO] [stdout] 
[INFO] [stdout] error: unexpected `cfg` condition name: `nope`
[INFO] [stdout]    --> src/net/request.rs:277:7
[INFO] [stdout]     |
[INFO] [stdout] 277 | #[cfg(nope)]
[INFO] [stdout]     |       ^^^^
[INFO] [stdout]     |
[INFO] [stdout]     = help: expected names are: `debug_assertions`, `doc`, `doctest`, `feature`, `miri`, `overflow_checks`, `panic`, `proc_macro`, `relocation_model`, `sanitize`, `sanitizer_cfi_generalize_pointers`, `sanitizer_cfi_normalize_integers`, `target_abi`, `target_arch`, `target_endian`, `target_env`, `target_family`, `target_feature`, `target_has_atomic`, `target_has_atomic_equal_alignment`, `target_has_atomic_load_store`, `target_os`, `target_pointer_width`, `target_thread_local`, `target_vendor`, `test`, `unix`, `windows`
[INFO] [stdout]     = help: consider using a Cargo feature instead or adding `println!("cargo:rustc-check-cfg=cfg(nope)");` to the top of a `build.rs`
[INFO] [stdout]     = note: see <https://doc.rust-lang.org/nightly/cargo/reference/unstable.html#check-cfg> for more information about checking conditional configuration
[INFO] [stdout] 
[INFO] [stdout] 
[INFO] [stdout] error: unexpected `cfg` condition name: `nope`
[INFO] [stdout]    --> src/net/response.rs:109:7
[INFO] [stdout]     |
[INFO] [stdout] 109 | #[cfg(nope)]
[INFO] [stdout]     |       ^^^^
[INFO] [stdout]     |
[INFO] [stdout]     = help: consider using a Cargo feature instead or adding `println!("cargo:rustc-check-cfg=cfg(nope)");` to the top of a `build.rs`
[INFO] [stdout]     = note: see <https://doc.rust-lang.org/nightly/cargo/reference/unstable.html#check-cfg> for more information about checking conditional configuration
[INFO] [stdout] 
[INFO] [stdout] 
[INFO] [stdout] error: unexpected `cfg` condition name: `nope`
[INFO] [stdout]    --> src/net/request.rs:277:7
[INFO] [stdout]     |
[INFO] [stdout] 277 | #[cfg(nope)]
[INFO] [stdout]     |       ^^^^
[INFO] [stdout]     |
[INFO] [stdout]     = help: expected names are: `debug_assertions`, `doc`, `doctest`, `feature`, `miri`, `overflow_checks`, `panic`, `proc_macro`, `relocation_model`, `sanitize`, `sanitizer_cfi_generalize_pointers`, `sanitizer_cfi_normalize_integers`, `target_abi`, `target_arch`, `target_endian`, `target_env`, `target_family`, `target_feature`, `target_has_atomic`, `target_has_atomic_equal_alignment`, `target_has_atomic_load_store`, `target_os`, `target_pointer_width`, `target_thread_local`, `target_vendor`, `test`, `unix`, `windows`
[INFO] [stdout]     = help: consider using a Cargo feature instead or adding `println!("cargo:rustc-check-cfg=cfg(nope)");` to the top of a `build.rs`
[INFO] [stdout]     = note: see <https://doc.rust-lang.org/nightly/cargo/reference/unstable.html#check-cfg> for more information about checking conditional configuration
[INFO] [stdout] 
[INFO] [stdout] 
[INFO] [stdout] error: unexpected `cfg` condition name: `nope`
[INFO] [stdout]    --> src/net/response.rs:109:7
[INFO] [stdout]     |
[INFO] [stdout] 109 | #[cfg(nope)]
[INFO] [stdout]     |       ^^^^
[INFO] [stdout]     |
[INFO] [stdout]     = help: consider using a Cargo feature instead or adding `println!("cargo:rustc-check-cfg=cfg(nope)");` to the top of a `build.rs`
[INFO] [stdout]     = note: see <https://doc.rust-lang.org/nightly/cargo/reference/unstable.html#check-cfg> for more information about checking conditional configuration
[INFO] [stdout] 
[INFO] [stdout] 
[INFO] [stdout] warning: use of deprecated method `chrono::TimeZone::timestamp`: use `timestamp_opt()` instead
[INFO] [stdout]   --> src/types/datetime.rs:27:21
[INFO] [stdout]    |
[INFO] [stdout] 27 |         let u = Utc.timestamp(self.0 as i64, 0);
[INFO] [stdout]    |                     ^^^^^^^^^
[INFO] [stdout]    |
[INFO] [stdout]    = note: `#[warn(deprecated)]` on by default
[INFO] [stdout] 
[INFO] [stdout] 
[INFO] [stdout] warning: use of deprecated method `chrono::TimeZone::timestamp`: use `timestamp_opt()` instead
[INFO] [stdout]   --> src/types/datetime.rs:34:21
[INFO] [stdout]    |
[INFO] [stdout] 34 |         let u = Utc.timestamp(self.0 as i64, 0);
[INFO] [stdout]    |                     ^^^^^^^^^
[INFO] [stdout] 
[INFO] [stdout] 
[INFO] [stdout] warning: use of deprecated method `chrono::TimeZone::timestamp`: use `timestamp_opt()` instead
[INFO] [stdout]   --> src/types/datetime.rs:42:21
[INFO] [stdout]    |
[INFO] [stdout] 42 |         let u = Utc.timestamp(self.0 as i64, 0);
[INFO] [stdout]    |                     ^^^^^^^^^
[INFO] [stdout] 
[INFO] [stdout] 
[INFO] [stdout] warning: use of deprecated method `chrono::TimeZone::timestamp`: use `timestamp_opt()` instead
[INFO] [stdout]   --> src/types/datetime.rs:27:21
[INFO] [stdout]    |
[INFO] [stdout] 27 |         let u = Utc.timestamp(self.0 as i64, 0);
[INFO] [stdout]    |                     ^^^^^^^^^
[INFO] [stdout]    |
[INFO] [stdout]    = note: `#[warn(deprecated)]` on by default
[INFO] [stdout] 
[INFO] [stdout] 
[INFO] [stdout] warning: use of deprecated method `chrono::TimeZone::timestamp`: use `timestamp_opt()` instead
[INFO] [stdout]   --> src/types/datetime.rs:34:21
[INFO] [stdout]    |
[INFO] [stdout] 34 |         let u = Utc.timestamp(self.0 as i64, 0);
[INFO] [stdout]    |                     ^^^^^^^^^
[INFO] [stdout] 
[INFO] [stdout] 
[INFO] [stdout] warning: use of deprecated method `chrono::TimeZone::timestamp`: use `timestamp_opt()` instead
[INFO] [stdout]   --> src/types/datetime.rs:42:21
[INFO] [stdout]    |
[INFO] [stdout] 42 |         let u = Utc.timestamp(self.0 as i64, 0);
[INFO] [stdout]    |                     ^^^^^^^^^
[INFO] [stdout] 
[INFO] [stdout] 
[INFO] [stdout] error[E0616]: field `0` of struct `sodiumoxide::crypto::sign::Signature` is private
[INFO] [stdout]   --> src/crypto/sodium.rs:31:12
[INFO] [stdout]    |
[INFO] [stdout] 31 |     Ok(sig.0.into())
[INFO] [stdout]    |            ^ private field
[INFO] [stdout] 
[INFO] [stdout] 
[INFO] [stdout] error[E0599]: no function or associated item named `from_slice` found for struct `sodiumoxide::crypto::sign::Signature` in the current scope
[INFO] [stdout]    --> src/crypto/sodium.rs:39:41
[INFO] [stdout]     |
[INFO] [stdout] 39  |     let sig = sign::ed25519::Signature::from_slice(signature).unwrap();
[INFO] [stdout]     |                                         ^^^^^^^^^^ function or associated item not found in `Signature`
[INFO] [stdout]     |
[INFO] [stdout] note: if you're trying to build a new `sodiumoxide::crypto::sign::Signature` consider using one of the following associated functions:
[INFO] [stdout]       sodiumoxide::crypto::sign::Signature::from_bytes
[INFO] [stdout]       sodiumoxide::crypto::sign::Signature::new
[INFO] [stdout]    --> /opt/rustwide/cargo-home/registry/src/index.crates.io-6f17d22bba15001f/ed25519-1.5.3/src/lib.rs:291:5
[INFO] [stdout]     |
[INFO] [stdout] 291 |     pub fn from_bytes(bytes: &[u8]) -> signature::Result<Self> {
[INFO] [stdout]     |     ^^^^^^^^^^^^^^^^^^^^^^^^^^^^^^^^^^^^^^^^^^^^^^^^^^^^^^^^^^
[INFO] [stdout] ...
[INFO] [stdout] 330 |     pub fn new(bytes: [u8; Self::BYTE_SIZE]) -> Self {
[INFO] [stdout]     |     ^^^^^^^^^^^^^^^^^^^^^^^^^^^^^^^^^^^^^^^^^^^^^^^^
[INFO] [stdout] 
[INFO] [stdout] 
[INFO] [stdout] error[E0616]: field `0` of struct `sodiumoxide::crypto::sign::Signature` is private
[INFO] [stdout]   --> src/crypto/sodium.rs:31:12
[INFO] [stdout]    |
[INFO] [stdout] 31 |     Ok(sig.0.into())
[INFO] [stdout]    |            ^ private field
[INFO] [stdout] 
[INFO] [stdout] 
[INFO] [stdout] error[E0599]: no function or associated item named `from_slice` found for struct `sodiumoxide::crypto::sign::Signature` in the current scope
[INFO] [stdout]    --> src/crypto/sodium.rs:39:41
[INFO] [stdout]     |
[INFO] [stdout] 39  |     let sig = sign::ed25519::Signature::from_slice(signature).unwrap();
[INFO] [stdout]     |                                         ^^^^^^^^^^ function or associated item not found in `Signature`
[INFO] [stdout]     |
[INFO] [stdout] note: if you're trying to build a new `sodiumoxide::crypto::sign::Signature` consider using one of the following associated functions:
[INFO] [stdout]       sodiumoxide::crypto::sign::Signature::from_bytes
[INFO] [stdout]       sodiumoxide::crypto::sign::Signature::new
[INFO] [stdout]    --> /opt/rustwide/cargo-home/registry/src/index.crates.io-6f17d22bba15001f/ed25519-1.5.3/src/lib.rs:291:5
[INFO] [stdout]     |
[INFO] [stdout] 291 |     pub fn from_bytes(bytes: &[u8]) -> signature::Result<Self> {
[INFO] [stdout]     |     ^^^^^^^^^^^^^^^^^^^^^^^^^^^^^^^^^^^^^^^^^^^^^^^^^^^^^^^^^^
[INFO] [stdout] ...
[INFO] [stdout] 330 |     pub fn new(bytes: [u8; Self::BYTE_SIZE]) -> Self {
[INFO] [stdout]     |     ^^^^^^^^^^^^^^^^^^^^^^^^^^^^^^^^^^^^^^^^^^^^^^^^
[INFO] [stdout] 
[INFO] [stdout] 
[INFO] [stdout] error: aborting due to 7 previous errors; 3 warnings emitted
[INFO] [stdout] 
[INFO] [stdout] 
[INFO] [stdout] Some errors have detailed explanations: E0599, E0616.
[INFO] [stdout] 
[INFO] [stdout] For more information about an error, try `rustc --explain E0599`.
[INFO] [stdout] 
[INFO] [stdout] error: aborting due to 7 previous errors; 3 warnings emitted
[INFO] [stdout] 
[INFO] [stdout] 
[INFO] [stdout] Some errors have detailed explanations: E0599, E0616.
[INFO] [stdout] 
[INFO] [stdout] For more information about an error, try `rustc --explain E0599`.
[INFO] [stdout] 
[INFO] [stderr] error: could not compile `dsf-core` (lib) due to 8 previous errors; 3 warnings emitted
[INFO] [stderr] warning: build failed, waiting for other jobs to finish...
[INFO] [stderr] error: could not compile `dsf-core` (lib test) due to 8 previous errors; 3 warnings emitted
[INFO] running `Command { std: "docker" "inspect" "1f11b0a4e766b65d998334557b6c2e42e13b92d3162a665003abb491b9bf3f67", kill_on_drop: false }`
[INFO] running `Command { std: "docker" "rm" "-f" "1f11b0a4e766b65d998334557b6c2e42e13b92d3162a665003abb491b9bf3f67", kill_on_drop: false }`
[INFO] [stdout] 1f11b0a4e766b65d998334557b6c2e42e13b92d3162a665003abb491b9bf3f67
