[INFO] fetching crate dropshot 0.9.0...
[INFO] checking dropshot-0.9.0 against nightly-2024-02-05 for check-cfg
[INFO] extracting crate dropshot 0.9.0 into /workspace/builds/worker-5-tc1/source
[INFO] validating manifest of crates.io crate dropshot 0.9.0 on toolchain nightly-2024-02-05
[INFO] running `Command { std: CARGO_HOME="/workspace/cargo-home" RUSTUP_HOME="/workspace/rustup-home" "/workspace/cargo-home/bin/cargo" "+nightly-2024-02-05" "metadata" "--manifest-path" "Cargo.toml" "--no-deps", kill_on_drop: false }`
[INFO] started tweaking crates.io crate dropshot 0.9.0
[INFO] finished tweaking crates.io crate dropshot 0.9.0
[INFO] tweaked toml for crates.io crate dropshot 0.9.0 written to /workspace/builds/worker-5-tc1/source/Cargo.toml
[INFO] crate crates.io crate dropshot 0.9.0 already has a lockfile, it will not be regenerated
[INFO] running `Command { std: CARGO_HOME="/workspace/cargo-home" RUSTUP_HOME="/workspace/rustup-home" "/workspace/cargo-home/bin/cargo" "+nightly-2024-02-05" "fetch" "--manifest-path" "Cargo.toml", kill_on_drop: false }`
[INFO] [stderr]     Updating crates.io index
[INFO] [stderr]  Downloading crates ...
[INFO] [stderr]   Downloaded schemars_derive v0.8.11
[INFO] [stderr]   Downloaded usdt v0.3.5
[INFO] [stderr]   Downloaded rcgen v0.10.0
[INFO] [stderr]   Downloaded yasna v0.5.1
[INFO] [stderr]   Downloaded cxxbridge-flags v1.0.87
[INFO] [stderr]   Downloaded cxxbridge-macro v1.0.87
[INFO] [stderr]   Downloaded usdt-macro v0.3.5
[INFO] [stderr]   Downloaded dyn-clone v1.0.10
[INFO] [stderr]   Downloaded schemars v0.8.11
[INFO] [stderr]   Downloaded cxx-build v1.0.87
[INFO] [stderr]   Downloaded subprocess v0.2.9
[INFO] [stderr]   Downloaded security-framework v2.8.0
[INFO] [stderr]   Downloaded openapiv3 v1.0.2
[INFO] [stderr]   Downloaded cxx v1.0.87
[INFO] [stderr]   Downloaded slog-bunyan v2.4.0
[INFO] [stderr]   Downloaded usdt-impl v0.3.5
[INFO] [stderr]   Downloaded pest_derive v2.5.3
[INFO] [stderr]   Downloaded pest_meta v2.5.3
[INFO] [stderr]   Downloaded async-trait v0.1.62
[INFO] [stderr]   Downloaded dropshot_endpoint v0.9.0
[INFO] [stderr]   Downloaded paste v1.0.11
[INFO] [stderr]   Downloaded pest_generator v2.5.3
[INFO] [stderr]   Downloaded rustversion v1.0.11
[INFO] [stderr]   Downloaded serde_tokenstream v0.1.6
[INFO] [stderr]   Downloaded usdt-attr-macro v0.3.5
[INFO] [stderr]   Downloaded dtrace-parser v0.1.14
[INFO] [stderr]   Downloaded hyper-staticfile v0.9.4
[INFO] [stderr]   Downloaded trybuild v1.0.76
[INFO] [stderr]   Downloaded expectorate v1.0.6
[INFO] running `Command { std: "docker" "create" "-v" "/var/lib/crater-agent-workspace/builds/worker-5-tc1/target:/opt/rustwide/target:rw,Z" "-v" "/var/lib/crater-agent-workspace/builds/worker-5-tc1/source:/opt/rustwide/workdir:ro,Z" "-v" "/var/lib/crater-agent-workspace/cargo-home:/opt/rustwide/cargo-home:ro,Z" "-v" "/var/lib/crater-agent-workspace/rustup-home:/opt/rustwide/rustup-home:ro,Z" "-e" "SOURCE_DIR=/opt/rustwide/workdir" "-e" "CARGO_TARGET_DIR=/opt/rustwide/target" "-e" "CARGO_HOME=/opt/rustwide/cargo-home" "-e" "RUSTUP_HOME=/opt/rustwide/rustup-home" "-w" "/opt/rustwide/workdir" "-m" "1610612736" "--user" "0:0" "--network" "none" "ghcr.io/rust-lang/crates-build-env/linux@sha256:2788e3201cd34a07e3172128adcd8b3090168a8e3bcc40d7c032b9dda1df7d1c" "/opt/rustwide/cargo-home/bin/cargo" "+nightly-2024-02-05" "metadata" "--no-deps" "--format-version=1", kill_on_drop: false }`
[INFO] [stdout] 8c0e4f6c45f02afc3c79ca220459dbd98c87af763da028e87526ebccd31660c7
[INFO] running `Command { std: "docker" "start" "-a" "8c0e4f6c45f02afc3c79ca220459dbd98c87af763da028e87526ebccd31660c7", kill_on_drop: false }`
[INFO] running `Command { std: "docker" "inspect" "8c0e4f6c45f02afc3c79ca220459dbd98c87af763da028e87526ebccd31660c7", kill_on_drop: false }`
[INFO] running `Command { std: "docker" "rm" "-f" "8c0e4f6c45f02afc3c79ca220459dbd98c87af763da028e87526ebccd31660c7", kill_on_drop: false }`
[INFO] [stdout] 8c0e4f6c45f02afc3c79ca220459dbd98c87af763da028e87526ebccd31660c7
[INFO] running `Command { std: "docker" "create" "-v" "/var/lib/crater-agent-workspace/builds/worker-5-tc1/target:/opt/rustwide/target:rw,Z" "-v" "/var/lib/crater-agent-workspace/builds/worker-5-tc1/source:/opt/rustwide/workdir:ro,Z" "-v" "/var/lib/crater-agent-workspace/cargo-home:/opt/rustwide/cargo-home:ro,Z" "-v" "/var/lib/crater-agent-workspace/rustup-home:/opt/rustwide/rustup-home:ro,Z" "-e" "SOURCE_DIR=/opt/rustwide/workdir" "-e" "CARGO_TARGET_DIR=/opt/rustwide/target" "-e" "CARGO_INCREMENTAL=0" "-e" "RUST_BACKTRACE=full" "-e" "RUSTFLAGS=--cap-lints=forbid" "-e" "RUSTDOCFLAGS=--cap-lints=forbid" "-e" "CARGO_HOME=/opt/rustwide/cargo-home" "-e" "RUSTUP_HOME=/opt/rustwide/rustup-home" "-w" "/opt/rustwide/workdir" "-m" "1610612736" "--user" "0:0" "--network" "none" "ghcr.io/rust-lang/crates-build-env/linux@sha256:2788e3201cd34a07e3172128adcd8b3090168a8e3bcc40d7c032b9dda1df7d1c" "/opt/rustwide/cargo-home/bin/cargo" "+nightly-2024-02-05" "check" "--frozen" "--all" "--all-targets" "--message-format=json", kill_on_drop: false }`
[INFO] [stdout] 01c1f53ea55251012d3a33b979b7945811899fff322555818550e26a7f2538a5
[INFO] running `Command { std: "docker" "start" "-a" "01c1f53ea55251012d3a33b979b7945811899fff322555818550e26a7f2538a5", kill_on_drop: false }`
[INFO] [stderr]    Compiling libc v0.2.139
[INFO] [stderr]    Compiling proc-macro2 v1.0.50
[INFO] [stderr]    Compiling syn v1.0.107
[INFO] [stderr]    Compiling serde v1.0.152
[INFO] [stderr]    Compiling futures-core v0.3.25
[INFO] [stderr]    Compiling lock_api v0.4.9
[INFO] [stderr]     Checking bytes v1.3.0
[INFO] [stderr]    Compiling parking_lot_core v0.9.6
[INFO] [stderr]    Compiling futures-task v0.3.25
[INFO] [stderr]     Checking futures-sink v0.3.25
[INFO] [stderr]    Compiling futures-channel v0.3.25
[INFO] [stderr]     Checking smallvec v1.10.0
[INFO] [stderr]    Compiling ring v0.16.20
[INFO] [stderr]    Compiling tokio v1.24.2
[INFO] [stderr]    Compiling futures-util v0.3.25
[INFO] [stderr]    Compiling generic-array v0.14.6
[INFO] [stderr]     Checking futures-io v0.3.25
[INFO] [stderr]    Compiling indexmap v1.9.2
[INFO] [stderr]     Checking spin v0.5.2
[INFO] [stderr]    Compiling time-core v0.1.0
[INFO] [stderr]     Checking untrusted v0.7.1
[INFO] [stderr]     Checking tracing-core v0.1.30
[INFO] [stderr]    Compiling time-macros v0.2.6
[INFO] [stderr]    Compiling unicase v2.6.0
[INFO] [stderr]    Compiling slog v2.7.0
[INFO] [stderr]     Checking percent-encoding v2.2.0
[INFO] [stderr]     Checking unicode-normalization v0.1.22
[INFO] [stderr]    Compiling rustls v0.20.8
[INFO] [stderr]     Checking unicode-bidi v0.3.10
[INFO] [stderr]     Checking form_urlencoded v1.1.0
[INFO] [stderr]     Checking want v0.3.0
[INFO] [stderr]     Checking base64 v0.21.0
[INFO] [stdout] error[E0422]: cannot find struct, variant or union type `LineColumn` in crate `proc_macro`
[INFO] [stdout]    --> /opt/rustwide/cargo-home/registry/src/index.crates.io-6f17d22bba15001f/proc-macro2-1.0.50/src/wrapper.rs:475:33
[INFO] [stdout]     |
[INFO] [stdout] 475 |                 let proc_macro::LineColumn { line, column } = s.start();
[INFO] [stdout]     |                                 ^^^^^^^^^^ not found in `proc_macro`
[INFO] [stdout]     |
[INFO] [stdout] help: consider importing this struct through its public re-export
[INFO] [stdout]     |
[INFO] [stdout] 1   + use crate::LineColumn;
[INFO] [stdout]     |
[INFO] [stdout] help: if you import `LineColumn`, refer to it directly
[INFO] [stdout]     |
[INFO] [stdout] 475 -                 let proc_macro::LineColumn { line, column } = s.start();
[INFO] [stdout] 475 +                 let LineColumn { line, column } = s.start();
[INFO] [stdout]     |
[INFO] [stdout] 
[INFO] [stdout] 
[INFO] [stdout] error[E0422]: cannot find struct, variant or union type `LineColumn` in crate `proc_macro`
[INFO] [stdout]    --> /opt/rustwide/cargo-home/registry/src/index.crates.io-6f17d22bba15001f/proc-macro2-1.0.50/src/wrapper.rs:489:33
[INFO] [stdout]     |
[INFO] [stdout] 489 |                 let proc_macro::LineColumn { line, column } = s.end();
[INFO] [stdout]     |                                 ^^^^^^^^^^ not found in `proc_macro`
[INFO] [stdout]     |
[INFO] [stdout] help: consider importing this struct through its public re-export
[INFO] [stdout]     |
[INFO] [stdout] 1   + use crate::LineColumn;
[INFO] [stdout]     |
[INFO] [stdout] help: if you import `LineColumn`, refer to it directly
[INFO] [stdout]     |
[INFO] [stdout] 489 -                 let proc_macro::LineColumn { line, column } = s.end();
[INFO] [stdout] 489 +                 let LineColumn { line, column } = s.end();
[INFO] [stdout]     |
[INFO] [stdout] 
[INFO] [stdout] 
[INFO] [stderr]     Checking cpufeatures v0.2.5
[INFO] [stdout] error[E0635]: unknown feature `proc_macro_span_shrink`
[INFO] [stdout]   --> /opt/rustwide/cargo-home/registry/src/index.crates.io-6f17d22bba15001f/proc-macro2-1.0.50/src/lib.rs:92:30
[INFO] [stdout]    |
[INFO] [stdout] 92 |     feature(proc_macro_span, proc_macro_span_shrink)
[INFO] [stdout]    |                              ^^^^^^^^^^^^^^^^^^^^^^
[INFO] [stdout] 
[INFO] [stdout] 
[INFO] [stderr]     Checking thread_local v1.1.4
[INFO] [stderr]    Compiling camino v1.1.2
[INFO] [stderr]    Compiling paste v1.0.11
[INFO] [stderr]     Checking tracing v0.1.37
[INFO] [stderr]     Checking http v0.2.8
[INFO] [stderr]    Compiling schemars v0.8.11
[INFO] [stderr]     Checking match_cfg v0.1.0
[INFO] [stdout] error: aborting due to 3 previous errors
[INFO] [stdout] 
[INFO] [stdout] 
[INFO] [stdout] Some errors have detailed explanations: E0422, E0635.
[INFO] [stdout] 
[INFO] [stdout] For more information about an error, try `rustc --explain E0422`.
[INFO] [stdout] 
[INFO] [stderr] error: could not compile `proc-macro2` (lib) due to 4 previous errors
[INFO] [stderr] warning: build failed, waiting for other jobs to finish...
[INFO] running `Command { std: "docker" "inspect" "01c1f53ea55251012d3a33b979b7945811899fff322555818550e26a7f2538a5", kill_on_drop: false }`
[INFO] running `Command { std: "docker" "rm" "-f" "01c1f53ea55251012d3a33b979b7945811899fff322555818550e26a7f2538a5", kill_on_drop: false }`
[INFO] [stdout] 01c1f53ea55251012d3a33b979b7945811899fff322555818550e26a7f2538a5
[INFO] checking dropshot-0.9.0 against nightly-2024-02-05+rustflags=-Dunexpected_cfgs+cargoflags=-Zcheck-cfg for check-cfg
[INFO] extracting crate dropshot 0.9.0 into /workspace/builds/worker-5-tc2/source
[INFO] validating manifest of crates.io crate dropshot 0.9.0 on toolchain nightly-2024-02-05
[INFO] running `Command { std: CARGO_HOME="/workspace/cargo-home" RUSTUP_HOME="/workspace/rustup-home" "/workspace/cargo-home/bin/cargo" "+nightly-2024-02-05" "metadata" "--manifest-path" "Cargo.toml" "--no-deps", kill_on_drop: false }`
[INFO] started tweaking crates.io crate dropshot 0.9.0
[INFO] finished tweaking crates.io crate dropshot 0.9.0
[INFO] tweaked toml for crates.io crate dropshot 0.9.0 written to /workspace/builds/worker-5-tc2/source/Cargo.toml
[INFO] crate crates.io crate dropshot 0.9.0 already has a lockfile, it will not be regenerated
[INFO] running `Command { std: CARGO_HOME="/workspace/cargo-home" RUSTUP_HOME="/workspace/rustup-home" "/workspace/cargo-home/bin/cargo" "+nightly-2024-02-05" "fetch" "--manifest-path" "Cargo.toml", kill_on_drop: false }`
[INFO] [stderr]     Blocking waiting for file lock on package cache
[INFO] [stderr]     Blocking waiting for file lock on package cache
[INFO] running `Command { std: "docker" "create" "-v" "/var/lib/crater-agent-workspace/builds/worker-5-tc2/target:/opt/rustwide/target:rw,Z" "-v" "/var/lib/crater-agent-workspace/builds/worker-5-tc2/source:/opt/rustwide/workdir:ro,Z" "-v" "/var/lib/crater-agent-workspace/cargo-home:/opt/rustwide/cargo-home:ro,Z" "-v" "/var/lib/crater-agent-workspace/rustup-home:/opt/rustwide/rustup-home:ro,Z" "-e" "SOURCE_DIR=/opt/rustwide/workdir" "-e" "CARGO_TARGET_DIR=/opt/rustwide/target" "-e" "CARGO_HOME=/opt/rustwide/cargo-home" "-e" "RUSTUP_HOME=/opt/rustwide/rustup-home" "-w" "/opt/rustwide/workdir" "-m" "1610612736" "--user" "0:0" "--network" "none" "ghcr.io/rust-lang/crates-build-env/linux@sha256:2788e3201cd34a07e3172128adcd8b3090168a8e3bcc40d7c032b9dda1df7d1c" "/opt/rustwide/cargo-home/bin/cargo" "+nightly-2024-02-05" "metadata" "--no-deps" "--format-version=1", kill_on_drop: false }`
[INFO] [stdout] 4304eae7a106ca876702f4b58b70bbd8aa9f1c88f27e3b0cf5890a1bd4da29f1
[INFO] running `Command { std: "docker" "start" "-a" "4304eae7a106ca876702f4b58b70bbd8aa9f1c88f27e3b0cf5890a1bd4da29f1", kill_on_drop: false }`
[INFO] running `Command { std: "docker" "inspect" "4304eae7a106ca876702f4b58b70bbd8aa9f1c88f27e3b0cf5890a1bd4da29f1", kill_on_drop: false }`
[INFO] running `Command { std: "docker" "rm" "-f" "4304eae7a106ca876702f4b58b70bbd8aa9f1c88f27e3b0cf5890a1bd4da29f1", kill_on_drop: false }`
[INFO] [stdout] 4304eae7a106ca876702f4b58b70bbd8aa9f1c88f27e3b0cf5890a1bd4da29f1
[INFO] running `Command { std: "docker" "create" "-v" "/var/lib/crater-agent-workspace/builds/worker-5-tc2/target:/opt/rustwide/target:rw,Z" "-v" "/var/lib/crater-agent-workspace/builds/worker-5-tc2/source:/opt/rustwide/workdir:ro,Z" "-v" "/var/lib/crater-agent-workspace/cargo-home:/opt/rustwide/cargo-home:ro,Z" "-v" "/var/lib/crater-agent-workspace/rustup-home:/opt/rustwide/rustup-home:ro,Z" "-e" "SOURCE_DIR=/opt/rustwide/workdir" "-e" "CARGO_TARGET_DIR=/opt/rustwide/target" "-e" "CARGO_INCREMENTAL=0" "-e" "RUST_BACKTRACE=full" "-e" "RUSTFLAGS=--cap-lints=forbid -Dunexpected_cfgs" "-e" "RUSTDOCFLAGS=--cap-lints=forbid" "-e" "CARGO_HOME=/opt/rustwide/cargo-home" "-e" "RUSTUP_HOME=/opt/rustwide/rustup-home" "-w" "/opt/rustwide/workdir" "-m" "1610612736" "--user" "0:0" "--network" "none" "ghcr.io/rust-lang/crates-build-env/linux@sha256:2788e3201cd34a07e3172128adcd8b3090168a8e3bcc40d7c032b9dda1df7d1c" "/opt/rustwide/cargo-home/bin/cargo" "+nightly-2024-02-05" "check" "--frozen" "--all" "--all-targets" "--message-format=json" "-Zcheck-cfg", kill_on_drop: false }`
[INFO] [stdout] d7425e493b9133c50925334c0ec6cfc178abfca235caf1af297f6eefd2e5a89d
[INFO] running `Command { std: "docker" "start" "-a" "d7425e493b9133c50925334c0ec6cfc178abfca235caf1af297f6eefd2e5a89d", kill_on_drop: false }`
[INFO] [stderr]    Compiling libc v0.2.139
[INFO] [stderr]    Compiling proc-macro2 v1.0.50
[INFO] [stderr]    Compiling syn v1.0.107
[INFO] [stderr]    Compiling futures-core v0.3.25
[INFO] [stderr]    Compiling serde v1.0.152
[INFO] [stderr]    Compiling lock_api v0.4.9
[INFO] [stderr]    Compiling parking_lot_core v0.9.6
[INFO] [stderr]     Checking bytes v1.3.0
[INFO] [stderr]     Checking smallvec v1.10.0
[INFO] [stderr]    Compiling futures-task v0.3.25
[INFO] [stderr]    Compiling futures-channel v0.3.25
[INFO] [stderr]     Checking futures-sink v0.3.25
[INFO] [stderr]    Compiling ring v0.16.20
[INFO] [stderr]    Compiling tokio v1.24.2
[INFO] [stderr]    Compiling futures-util v0.3.25
[INFO] [stderr]    Compiling generic-array v0.14.6
[INFO] [stderr]     Checking futures-io v0.3.25
[INFO] [stderr]    Compiling indexmap v1.9.2
[INFO] [stderr]     Checking spin v0.5.2
[INFO] [stderr]     Checking untrusted v0.7.1
[INFO] [stderr]    Compiling time-core v0.1.0
[INFO] [stderr]    Compiling time-macros v0.2.6
[INFO] [stderr]     Checking tracing-core v0.1.30
[INFO] [stderr]    Compiling unicase v2.6.0
[INFO] [stderr]    Compiling slog v2.7.0
[INFO] [stderr]     Checking percent-encoding v2.2.0
[INFO] [stderr]     Checking unicode-normalization v0.1.22
[INFO] [stderr]     Checking unicode-bidi v0.3.10
[INFO] [stderr]     Checking http v0.2.8
[INFO] [stderr]    Compiling rustls v0.20.8
[INFO] [stderr]     Checking form_urlencoded v1.1.0
[INFO] [stderr]     Checking want v0.3.0
[INFO] [stdout] error[E0422]: cannot find struct, variant or union type `LineColumn` in crate `proc_macro`
[INFO] [stdout]    --> /opt/rustwide/cargo-home/registry/src/index.crates.io-6f17d22bba15001f/proc-macro2-1.0.50/src/wrapper.rs:475:33
[INFO] [stdout]     |
[INFO] [stdout] 475 |                 let proc_macro::LineColumn { line, column } = s.start();
[INFO] [stdout]     |                                 ^^^^^^^^^^ not found in `proc_macro`
[INFO] [stdout]     |
[INFO] [stdout] help: consider importing this struct through its public re-export
[INFO] [stdout]     |
[INFO] [stdout] 1   + use crate::LineColumn;
[INFO] [stdout]     |
[INFO] [stdout] help: if you import `LineColumn`, refer to it directly
[INFO] [stdout]     |
[INFO] [stdout] 475 -                 let proc_macro::LineColumn { line, column } = s.start();
[INFO] [stdout] 475 +                 let LineColumn { line, column } = s.start();
[INFO] [stdout]     |
[INFO] [stdout] 
[INFO] [stdout] 
[INFO] [stdout] error[E0422]: cannot find struct, variant or union type `LineColumn` in crate `proc_macro`
[INFO] [stdout]    --> /opt/rustwide/cargo-home/registry/src/index.crates.io-6f17d22bba15001f/proc-macro2-1.0.50/src/wrapper.rs:489:33
[INFO] [stdout]     |
[INFO] [stdout] 489 |                 let proc_macro::LineColumn { line, column } = s.end();
[INFO] [stdout]     |                                 ^^^^^^^^^^ not found in `proc_macro`
[INFO] [stdout]     |
[INFO] [stdout] help: consider importing this struct through its public re-export
[INFO] [stdout]     |
[INFO] [stdout] 1   + use crate::LineColumn;
[INFO] [stdout]     |
[INFO] [stdout] help: if you import `LineColumn`, refer to it directly
[INFO] [stdout]     |
[INFO] [stdout] 489 -                 let proc_macro::LineColumn { line, column } = s.end();
[INFO] [stdout] 489 +                 let LineColumn { line, column } = s.end();
[INFO] [stdout]     |
[INFO] [stdout] 
[INFO] [stdout] 
[INFO] [stderr]     Checking cpufeatures v0.2.5
[INFO] [stdout] error[E0635]: unknown feature `proc_macro_span_shrink`
[INFO] [stdout]   --> /opt/rustwide/cargo-home/registry/src/index.crates.io-6f17d22bba15001f/proc-macro2-1.0.50/src/lib.rs:92:30
[INFO] [stdout]    |
[INFO] [stdout] 92 |     feature(proc_macro_span, proc_macro_span_shrink)
[INFO] [stdout]    |                              ^^^^^^^^^^^^^^^^^^^^^^
[INFO] [stdout] 
[INFO] [stdout] 
[INFO] [stderr]     Checking base64 v0.21.0
[INFO] [stderr]     Checking thread_local v1.1.4
[INFO] [stderr]     Checking tracing v0.1.37
[INFO] [stderr]    Compiling camino v1.1.2
[INFO] [stderr]    Compiling schemars v0.8.11
[INFO] [stderr]    Compiling mime_guess v2.0.4
[INFO] [stderr]     Checking match_cfg v0.1.0
[INFO] [stderr]    Compiling slog-async v2.7.0
[INFO] [stderr]     Checking rustls-pemfile v1.0.2
[INFO] [stderr]    Compiling paste v1.0.11
[INFO] [stderr]    Compiling async-trait v0.1.62
[INFO] [stderr]     Checking crossbeam-channel v0.5.6
[INFO] [stdout] error: aborting due to 3 previous errors
[INFO] [stdout] 
[INFO] [stdout] 
[INFO] [stdout] Some errors have detailed explanations: E0422, E0635.
[INFO] [stdout] 
[INFO] [stdout] For more information about an error, try `rustc --explain E0422`.
[INFO] [stdout] 
[INFO] [stderr] error: could not compile `proc-macro2` (lib) due to 4 previous errors
[INFO] [stderr] warning: build failed, waiting for other jobs to finish...
[INFO] running `Command { std: "docker" "inspect" "d7425e493b9133c50925334c0ec6cfc178abfca235caf1af297f6eefd2e5a89d", kill_on_drop: false }`
[INFO] running `Command { std: "docker" "rm" "-f" "d7425e493b9133c50925334c0ec6cfc178abfca235caf1af297f6eefd2e5a89d", kill_on_drop: false }`
[INFO] [stdout] d7425e493b9133c50925334c0ec6cfc178abfca235caf1af297f6eefd2e5a89d
