[INFO] fetching crate drawbridge-server 0.4.0...
[INFO] checking drawbridge-server-0.4.0 against nightly-2024-02-05 for check-cfg
[INFO] extracting crate drawbridge-server 0.4.0 into /workspace/builds/worker-5-tc1/source
[INFO] validating manifest of crates.io crate drawbridge-server 0.4.0 on toolchain nightly-2024-02-05
[INFO] running `Command { std: CARGO_HOME="/workspace/cargo-home" RUSTUP_HOME="/workspace/rustup-home" "/workspace/cargo-home/bin/cargo" "+nightly-2024-02-05" "metadata" "--manifest-path" "Cargo.toml" "--no-deps", kill_on_drop: false }`
[INFO] started tweaking crates.io crate drawbridge-server 0.4.0
[INFO] finished tweaking crates.io crate drawbridge-server 0.4.0
[INFO] tweaked toml for crates.io crate drawbridge-server 0.4.0 written to /workspace/builds/worker-5-tc1/source/Cargo.toml
[INFO] running `Command { std: CARGO_HOME="/workspace/cargo-home" RUSTUP_HOME="/workspace/rustup-home" "/workspace/cargo-home/bin/cargo" "+nightly-2024-02-05" "generate-lockfile" "--manifest-path" "Cargo.toml", kill_on_drop: false }`
[INFO] [stderr]     Updating crates.io index
[INFO] running `Command { std: CARGO_HOME="/workspace/cargo-home" RUSTUP_HOME="/workspace/rustup-home" "/workspace/cargo-home/bin/cargo" "+nightly-2024-02-05" "fetch" "--manifest-path" "Cargo.toml", kill_on_drop: false }`
[INFO] [stderr]  Downloading crates ...
[INFO] [stderr]   Downloaded maybe-owned v0.3.4
[INFO] [stderr]   Downloaded ambient-authority v0.0.1
[INFO] [stderr]   Downloaded axum-core v0.2.9
[INFO] [stderr]   Downloaded io-lifetimes v0.5.3
[INFO] [stderr]   Downloaded drawbridge-type v0.4.1
[INFO] [stderr]   Downloaded mediatype v0.19.18
[INFO] [stderr]   Downloaded tower-http v0.3.5
[INFO] [stderr]   Downloaded rustix v0.33.7
[INFO] [stderr]   Downloaded linux-raw-sys v0.0.42
[INFO] [stderr]   Downloaded axum v0.5.17
[INFO] [stderr]   Downloaded drawbridge-jose v0.4.0
[INFO] [stderr]   Downloaded openidconnect v2.5.1
[INFO] [stderr]   Downloaded drawbridge-byte v0.4.0
[INFO] [stderr]   Downloaded winx v0.31.0
[INFO] [stderr]   Downloaded fs-set-times v0.15.0
[INFO] [stderr]   Downloaded cap-async-std v0.24.4
[INFO] [stderr]   Downloaded io-extras v0.13.2
[INFO] [stderr]   Downloaded cap-primitives v0.24.4
[INFO] running `Command { std: "docker" "create" "-v" "/var/lib/crater-agent-workspace/builds/worker-5-tc1/target:/opt/rustwide/target:rw,Z" "-v" "/var/lib/crater-agent-workspace/builds/worker-5-tc1/source:/opt/rustwide/workdir:ro,Z" "-v" "/var/lib/crater-agent-workspace/cargo-home:/opt/rustwide/cargo-home:ro,Z" "-v" "/var/lib/crater-agent-workspace/rustup-home:/opt/rustwide/rustup-home:ro,Z" "-e" "SOURCE_DIR=/opt/rustwide/workdir" "-e" "CARGO_TARGET_DIR=/opt/rustwide/target" "-e" "CARGO_HOME=/opt/rustwide/cargo-home" "-e" "RUSTUP_HOME=/opt/rustwide/rustup-home" "-w" "/opt/rustwide/workdir" "-m" "1610612736" "--user" "0:0" "--network" "none" "ghcr.io/rust-lang/crates-build-env/linux@sha256:2788e3201cd34a07e3172128adcd8b3090168a8e3bcc40d7c032b9dda1df7d1c" "/opt/rustwide/cargo-home/bin/cargo" "+nightly-2024-02-05" "metadata" "--no-deps" "--format-version=1", kill_on_drop: false }`
[INFO] [stdout] f07fc185d7fad2902347f1e27c92a620c1e47f673fee812fef1da18333400133
[INFO] running `Command { std: "docker" "start" "-a" "f07fc185d7fad2902347f1e27c92a620c1e47f673fee812fef1da18333400133", kill_on_drop: false }`
[INFO] running `Command { std: "docker" "inspect" "f07fc185d7fad2902347f1e27c92a620c1e47f673fee812fef1da18333400133", kill_on_drop: false }`
[INFO] running `Command { std: "docker" "rm" "-f" "f07fc185d7fad2902347f1e27c92a620c1e47f673fee812fef1da18333400133", kill_on_drop: false }`
[INFO] [stdout] f07fc185d7fad2902347f1e27c92a620c1e47f673fee812fef1da18333400133
[INFO] running `Command { std: "docker" "create" "-v" "/var/lib/crater-agent-workspace/builds/worker-5-tc1/target:/opt/rustwide/target:rw,Z" "-v" "/var/lib/crater-agent-workspace/builds/worker-5-tc1/source:/opt/rustwide/workdir:ro,Z" "-v" "/var/lib/crater-agent-workspace/cargo-home:/opt/rustwide/cargo-home:ro,Z" "-v" "/var/lib/crater-agent-workspace/rustup-home:/opt/rustwide/rustup-home:ro,Z" "-e" "SOURCE_DIR=/opt/rustwide/workdir" "-e" "CARGO_TARGET_DIR=/opt/rustwide/target" "-e" "CARGO_INCREMENTAL=0" "-e" "RUST_BACKTRACE=full" "-e" "RUSTFLAGS=--cap-lints=forbid" "-e" "RUSTDOCFLAGS=--cap-lints=forbid" "-e" "CARGO_HOME=/opt/rustwide/cargo-home" "-e" "RUSTUP_HOME=/opt/rustwide/rustup-home" "-w" "/opt/rustwide/workdir" "-m" "1610612736" "--user" "0:0" "--network" "none" "ghcr.io/rust-lang/crates-build-env/linux@sha256:2788e3201cd34a07e3172128adcd8b3090168a8e3bcc40d7c032b9dda1df7d1c" "/opt/rustwide/cargo-home/bin/cargo" "+nightly-2024-02-05" "check" "--frozen" "--all" "--all-targets" "--message-format=json", kill_on_drop: false }`
[INFO] [stdout] 2768f3b0a45b2eb55cc789750a8496b132d651efca28a92642c385024d3492e7
[INFO] running `Command { std: "docker" "start" "-a" "2768f3b0a45b2eb55cc789750a8496b132d651efca28a92642c385024d3492e7", kill_on_drop: false }`
[INFO] [stderr]    Compiling syn v2.0.48
[INFO] [stderr]     Checking tracing v0.1.40
[INFO] [stderr]     Checking getrandom v0.2.12
[INFO] [stderr]    Compiling rustix v0.38.31
[INFO] [stderr]    Compiling syn v1.0.109
[INFO] [stderr]    Compiling ring v0.17.7
[INFO] [stderr]     Checking io-lifetimes v1.0.11
[INFO] [stderr]     Checking untrusted v0.9.0
[INFO] [stderr]     Checking spin v0.9.8
[INFO] [stderr]     Checking rustix v0.37.27
[INFO] [stderr]     Checking polling v2.8.0
[INFO] [stderr]     Checking socket2 v0.4.10
[INFO] [stderr]     Checking signal-hook-registry v1.4.1
[INFO] [stderr]    Compiling num-traits v0.2.17
[INFO] [stderr]     Checking blocking v1.5.1
[INFO] [stderr]     Checking futures-channel v0.3.30
[INFO] [stderr]     Checking event-listener v3.1.0
[INFO] [stderr]    Compiling serde_json v1.0.113
[INFO] [stderr]    Compiling ring v0.16.20
[INFO] [stderr]     Checking mio v0.8.10
[INFO] [stderr]     Checking socket2 v0.5.5
[INFO] [stderr]    Compiling io-lifetimes v0.5.3
[INFO] [stderr]     Checking tokio v1.36.0
[INFO] [stderr]    Compiling crc32fast v1.3.2
[INFO] [stderr]     Checking async-io v1.13.0
[INFO] [stderr]    Compiling ident_case v1.0.1
[INFO] [stderr]    Compiling strsim v0.10.0
[INFO] [stderr]    Compiling rustix v0.33.7
[INFO] [stderr]    Compiling rustls v0.21.10
[INFO] [stderr]     Checking base64 v0.13.1
[INFO] [stderr]     Checking miniz_oxide v0.7.2
[INFO] [stderr]     Checking rand_core v0.6.4
[INFO] [stderr]     Checking linux-raw-sys v0.0.42
[INFO] [stderr]    Compiling darling_core v0.13.4
[INFO] [stderr]    Compiling io-extras v0.13.2
[INFO] [stderr]     Checking rand_chacha v0.3.1
[INFO] [stderr]     Checking flate2 v1.0.28
[INFO] [stderr]    Compiling num-integer v0.1.45
[INFO] [stderr]     Checking sha1 v0.10.6
[INFO] [stderr]     Checking polling v3.4.0
[INFO] [stderr]     Checking sct v0.7.1
[INFO] [stderr]     Checking rustls-webpki v0.101.7
[INFO] [stderr]     Checking headers-core v0.2.0
[INFO] [stderr]    Compiling num-bigint v0.4.4
[INFO] [stderr]    Compiling camino v1.1.6
[INFO] [stderr]     Checking http-range-header v0.3.1
[INFO] [stderr]     Checking async-io v2.3.1
[INFO] [stderr]    Compiling rustls v0.20.9
[INFO] [stderr]     Checking webpki-roots v0.25.4
[INFO] [stderr]    Compiling semver v1.0.21
[INFO] [stderr]    Compiling anyhow v1.0.79
[INFO] [stderr]    Compiling cap-primitives v0.24.4
[INFO] [stderr]     Checking async-signal v0.2.5
[INFO] [stderr]     Checking async-global-executor v2.4.1
[INFO] [stderr]     Checking async-process v1.8.1
[INFO] [stderr]     Checking headers v0.3.9
[INFO] [stderr]     Checking webpki v0.22.4
[INFO] [stderr]    Compiling serde_derive v1.0.196
[INFO] [stderr]    Compiling futures-macro v0.3.30
[INFO] [stderr]    Compiling pin-project-internal v1.1.4
[INFO] [stderr]    Compiling thiserror-impl v1.0.56
[INFO] [stderr]    Compiling async-trait v0.1.77
[INFO] [stderr]    Compiling async-attributes v1.1.2
[INFO] [stderr]    Compiling darling_macro v0.13.4
[INFO] [stderr]     Checking futures-util v0.3.30
[INFO] [stderr]     Checking rand v0.8.5
[INFO] [stderr]     Checking async-std v1.12.0
[INFO] [stderr]     Checking pin-project v1.1.4
[INFO] [stderr]    Compiling darling v0.13.4
[INFO] [stderr]     Checking ordered-float v2.10.1
[INFO] [stderr]     Checking zeroize v1.7.0
[INFO] [stderr]    Compiling serde_with_macros v1.5.2
[INFO] [stderr]     Checking thiserror v1.0.56
[INFO] [stderr]     Checking maybe-owned v0.3.4
[INFO] [stderr]     Checking ambient-authority v0.0.1
[INFO] [stderr]     Checking subtle v2.5.0
[INFO] [stderr]     Checking tokio-util v0.7.10
[INFO] [stderr]     Checking uuid v1.7.0
[INFO] [stderr]     Checking serde v1.0.196
[INFO] [stderr]     Checking futures-rustls v0.22.2
[INFO] [stderr]     Checking tower v0.4.13
[INFO] [stderr]     Checking hyper v0.14.28
[INFO] [stderr]     Checking axum-core v0.2.9
[INFO] [stderr]     Checking futures v0.3.30
[INFO] [stderr]     Checking tower-http v0.3.5
[INFO] [stderr]     Checking fs-set-times v0.15.0
[INFO] [stdout] error[E0061]: this method takes 1 argument but 2 arguments were supplied
[INFO] [stdout]   --> /opt/rustwide/cargo-home/registry/src/index.crates.io-6f17d22bba15001f/cap-primitives-0.24.4/src/rustix/linux/fs/set_times_impl.rs:20:25
[INFO] [stdout]    |
[INFO] [stdout] 20 |             return file.set_times(
[INFO] [stdout]    |                         ^^^^^^^^^
[INFO] [stdout] 21 |                 atime.map(SystemTimeSpec::into_std),
[INFO] [stdout] 22 |                 mtime.map(SystemTimeSpec::into_std),
[INFO] [stdout]    |                 ----------------------------------- unexpected argument of type `Option<fs_set_times::SystemTimeSpec>`
[INFO] [stdout]    |
[INFO] [stdout] note: expected `FileTimes`, found `Option<SystemTimeSpec>`
[INFO] [stdout]   --> /opt/rustwide/cargo-home/registry/src/index.crates.io-6f17d22bba15001f/cap-primitives-0.24.4/src/rustix/linux/fs/set_times_impl.rs:21:17
[INFO] [stdout]    |
[INFO] [stdout] 21 |                 atime.map(SystemTimeSpec::into_std),
[INFO] [stdout]    |                 ^^^^^^^^^^^^^^^^^^^^^^^^^^^^^^^^^^^
[INFO] [stdout]    = note: expected struct `FileTimes`
[INFO] [stdout]                 found enum `Option<fs_set_times::SystemTimeSpec>`
[INFO] [stdout] note: method defined here
[INFO] [stdout]   --> /rustc/268dbbbc4b3fd71c5f360a4d0728295252430b5b/library/std/src/fs.rs:701:12
[INFO] [stdout] help: remove the extra argument
[INFO] [stdout]    |
[INFO] [stdout] 21 -                 atime.map(SystemTimeSpec::into_std),
[INFO] [stdout] 21 +                 /* FileTimes */,
[INFO] [stdout]    |
[INFO] [stdout] 
[INFO] [stdout] 
[INFO] [stdout] error[E0061]: this method takes 1 argument but 2 arguments were supplied
[INFO] [stdout]   --> /opt/rustwide/cargo-home/registry/src/index.crates.io-6f17d22bba15001f/cap-primitives-0.24.4/src/rustix/linux/fs/set_times_impl.rs:34:25
[INFO] [stdout]    |
[INFO] [stdout] 34 |             return file.set_times(
[INFO] [stdout]    |                         ^^^^^^^^^
[INFO] [stdout] 35 |                 atime.map(SystemTimeSpec::into_std),
[INFO] [stdout] 36 |                 mtime.map(SystemTimeSpec::into_std),
[INFO] [stdout]    |                 ----------------------------------- unexpected argument of type `Option<fs_set_times::SystemTimeSpec>`
[INFO] [stdout]    |
[INFO] [stdout] note: expected `FileTimes`, found `Option<SystemTimeSpec>`
[INFO] [stdout]   --> /opt/rustwide/cargo-home/registry/src/index.crates.io-6f17d22bba15001f/cap-primitives-0.24.4/src/rustix/linux/fs/set_times_impl.rs:35:17
[INFO] [stdout]    |
[INFO] [stdout] 35 |                 atime.map(SystemTimeSpec::into_std),
[INFO] [stdout]    |                 ^^^^^^^^^^^^^^^^^^^^^^^^^^^^^^^^^^^
[INFO] [stdout]    = note: expected struct `FileTimes`
[INFO] [stdout]                 found enum `Option<fs_set_times::SystemTimeSpec>`
[INFO] [stdout] note: method defined here
[INFO] [stdout]   --> /rustc/268dbbbc4b3fd71c5f360a4d0728295252430b5b/library/std/src/fs.rs:701:12
[INFO] [stdout] help: remove the extra argument
[INFO] [stdout]    |
[INFO] [stdout] 35 -                 atime.map(SystemTimeSpec::into_std),
[INFO] [stdout] 35 +                 /* FileTimes */,
[INFO] [stdout]    |
[INFO] [stdout] 
[INFO] [stdout] 
[INFO] [stdout] error: aborting due to 2 previous errors
[INFO] [stdout] 
[INFO] [stdout] 
[INFO] [stdout] For more information about this error, try `rustc --explain E0061`.
[INFO] [stdout] 
[INFO] [stderr] error: could not compile `cap-primitives` (lib) due to 3 previous errors
[INFO] [stderr] warning: build failed, waiting for other jobs to finish...
[INFO] running `Command { std: "docker" "inspect" "2768f3b0a45b2eb55cc789750a8496b132d651efca28a92642c385024d3492e7", kill_on_drop: false }`
[INFO] running `Command { std: "docker" "rm" "-f" "2768f3b0a45b2eb55cc789750a8496b132d651efca28a92642c385024d3492e7", kill_on_drop: false }`
[INFO] [stdout] 2768f3b0a45b2eb55cc789750a8496b132d651efca28a92642c385024d3492e7
[INFO] checking drawbridge-server-0.4.0 against nightly-2024-02-05+rustflags=-Dunexpected_cfgs+cargoflags=-Zcheck-cfg for check-cfg
[INFO] extracting crate drawbridge-server 0.4.0 into /workspace/builds/worker-5-tc2/source
[INFO] validating manifest of crates.io crate drawbridge-server 0.4.0 on toolchain nightly-2024-02-05
[INFO] running `Command { std: CARGO_HOME="/workspace/cargo-home" RUSTUP_HOME="/workspace/rustup-home" "/workspace/cargo-home/bin/cargo" "+nightly-2024-02-05" "metadata" "--manifest-path" "Cargo.toml" "--no-deps", kill_on_drop: false }`
[INFO] started tweaking crates.io crate drawbridge-server 0.4.0
[INFO] finished tweaking crates.io crate drawbridge-server 0.4.0
[INFO] tweaked toml for crates.io crate drawbridge-server 0.4.0 written to /workspace/builds/worker-5-tc2/source/Cargo.toml
[INFO] running `Command { std: CARGO_HOME="/workspace/cargo-home" RUSTUP_HOME="/workspace/rustup-home" "/workspace/cargo-home/bin/cargo" "+nightly-2024-02-05" "generate-lockfile" "--manifest-path" "Cargo.toml", kill_on_drop: false }`
[INFO] [stderr]     Updating crates.io index
[INFO] running `Command { std: CARGO_HOME="/workspace/cargo-home" RUSTUP_HOME="/workspace/rustup-home" "/workspace/cargo-home/bin/cargo" "+nightly-2024-02-05" "fetch" "--manifest-path" "Cargo.toml", kill_on_drop: false }`
[INFO] running `Command { std: "docker" "create" "-v" "/var/lib/crater-agent-workspace/builds/worker-5-tc2/target:/opt/rustwide/target:rw,Z" "-v" "/var/lib/crater-agent-workspace/builds/worker-5-tc2/source:/opt/rustwide/workdir:ro,Z" "-v" "/var/lib/crater-agent-workspace/cargo-home:/opt/rustwide/cargo-home:ro,Z" "-v" "/var/lib/crater-agent-workspace/rustup-home:/opt/rustwide/rustup-home:ro,Z" "-e" "SOURCE_DIR=/opt/rustwide/workdir" "-e" "CARGO_TARGET_DIR=/opt/rustwide/target" "-e" "CARGO_HOME=/opt/rustwide/cargo-home" "-e" "RUSTUP_HOME=/opt/rustwide/rustup-home" "-w" "/opt/rustwide/workdir" "-m" "1610612736" "--user" "0:0" "--network" "none" "ghcr.io/rust-lang/crates-build-env/linux@sha256:2788e3201cd34a07e3172128adcd8b3090168a8e3bcc40d7c032b9dda1df7d1c" "/opt/rustwide/cargo-home/bin/cargo" "+nightly-2024-02-05" "metadata" "--no-deps" "--format-version=1", kill_on_drop: false }`
[INFO] [stdout] 8ffabcb798d620b7ebe1569e61541526f70a68ac381eeb2b596dda217bd6772d
[INFO] running `Command { std: "docker" "start" "-a" "8ffabcb798d620b7ebe1569e61541526f70a68ac381eeb2b596dda217bd6772d", kill_on_drop: false }`
[INFO] running `Command { std: "docker" "inspect" "8ffabcb798d620b7ebe1569e61541526f70a68ac381eeb2b596dda217bd6772d", kill_on_drop: false }`
[INFO] running `Command { std: "docker" "rm" "-f" "8ffabcb798d620b7ebe1569e61541526f70a68ac381eeb2b596dda217bd6772d", kill_on_drop: false }`
[INFO] [stdout] 8ffabcb798d620b7ebe1569e61541526f70a68ac381eeb2b596dda217bd6772d
[INFO] running `Command { std: "docker" "create" "-v" "/var/lib/crater-agent-workspace/builds/worker-5-tc2/target:/opt/rustwide/target:rw,Z" "-v" "/var/lib/crater-agent-workspace/builds/worker-5-tc2/source:/opt/rustwide/workdir:ro,Z" "-v" "/var/lib/crater-agent-workspace/cargo-home:/opt/rustwide/cargo-home:ro,Z" "-v" "/var/lib/crater-agent-workspace/rustup-home:/opt/rustwide/rustup-home:ro,Z" "-e" "SOURCE_DIR=/opt/rustwide/workdir" "-e" "CARGO_TARGET_DIR=/opt/rustwide/target" "-e" "CARGO_INCREMENTAL=0" "-e" "RUST_BACKTRACE=full" "-e" "RUSTFLAGS=--cap-lints=forbid -Dunexpected_cfgs" "-e" "RUSTDOCFLAGS=--cap-lints=forbid" "-e" "CARGO_HOME=/opt/rustwide/cargo-home" "-e" "RUSTUP_HOME=/opt/rustwide/rustup-home" "-w" "/opt/rustwide/workdir" "-m" "1610612736" "--user" "0:0" "--network" "none" "ghcr.io/rust-lang/crates-build-env/linux@sha256:2788e3201cd34a07e3172128adcd8b3090168a8e3bcc40d7c032b9dda1df7d1c" "/opt/rustwide/cargo-home/bin/cargo" "+nightly-2024-02-05" "check" "--frozen" "--all" "--all-targets" "--message-format=json" "-Zcheck-cfg", kill_on_drop: false }`
[INFO] [stdout] 9896c47c1da2a7e1542170e4082bcd095570e09f94fa5467ddad122da496a17a
[INFO] running `Command { std: "docker" "start" "-a" "9896c47c1da2a7e1542170e4082bcd095570e09f94fa5467ddad122da496a17a", kill_on_drop: false }`
[INFO] [stderr]    Compiling syn v2.0.48
[INFO] [stderr]     Checking tracing v0.1.40
[INFO] [stderr]     Checking getrandom v0.2.12
[INFO] [stderr]    Compiling syn v1.0.109
[INFO] [stderr]    Compiling rustix v0.38.31
[INFO] [stderr]    Compiling ring v0.17.7
[INFO] [stderr]     Checking io-lifetimes v1.0.11
[INFO] [stderr]     Checking untrusted v0.9.0
[INFO] [stderr]     Checking spin v0.9.8
[INFO] [stderr]     Checking rustix v0.37.27
[INFO] [stderr]     Checking polling v2.8.0
[INFO] [stderr]     Checking signal-hook-registry v1.4.1
[INFO] [stderr]     Checking socket2 v0.4.10
[INFO] [stderr]    Compiling num-traits v0.2.17
[INFO] [stderr]     Checking blocking v1.5.1
[INFO] [stderr]     Checking futures-channel v0.3.30
[INFO] [stderr]     Checking event-listener v3.1.0
[INFO] [stderr]    Compiling serde_json v1.0.113
[INFO] [stderr]    Compiling ring v0.16.20
[INFO] [stderr]     Checking mio v0.8.10
[INFO] [stderr]     Checking socket2 v0.5.5
[INFO] [stderr]    Compiling io-lifetimes v0.5.3
[INFO] [stderr]     Checking tokio v1.36.0
[INFO] [stderr]    Compiling crc32fast v1.3.2
[INFO] [stderr]    Compiling strsim v0.10.0
[INFO] [stderr]     Checking async-io v1.13.0
[INFO] [stderr]    Compiling ident_case v1.0.1
[INFO] [stderr]    Compiling rustls v0.21.10
[INFO] [stderr]    Compiling rustix v0.33.7
[INFO] [stderr]     Checking base64 v0.13.1
[INFO] [stderr]     Checking miniz_oxide v0.7.2
[INFO] [stderr]     Checking rand_core v0.6.4
[INFO] [stderr]     Checking linux-raw-sys v0.0.42
[INFO] [stderr]    Compiling io-extras v0.13.2
[INFO] [stderr]    Compiling darling_core v0.13.4
[INFO] [stderr]     Checking rand_chacha v0.3.1
[INFO] [stderr]    Compiling num-integer v0.1.45
[INFO] [stderr]     Checking flate2 v1.0.28
[INFO] [stderr]     Checking sha1 v0.10.6
[INFO] [stderr]     Checking sct v0.7.1
[INFO] [stderr]     Checking rustls-webpki v0.101.7
[INFO] [stderr]     Checking headers-core v0.2.0
[INFO] [stderr]    Compiling num-bigint v0.4.4
[INFO] [stderr]     Checking polling v3.4.0
[INFO] [stderr]    Compiling anyhow v1.0.79
[INFO] [stderr]     Checking http-range-header v0.3.1
[INFO] [stderr]     Checking async-io v2.3.1
[INFO] [stderr]    Compiling cap-primitives v0.24.4
[INFO] [stderr]    Compiling semver v1.0.21
[INFO] [stderr]     Checking webpki-roots v0.25.4
[INFO] [stderr]    Compiling camino v1.1.6
[INFO] [stderr]    Compiling rustls v0.20.9
[INFO] [stderr]     Checking async-signal v0.2.5
[INFO] [stderr]     Checking async-global-executor v2.4.1
[INFO] [stderr]     Checking async-process v1.8.1
[INFO] [stderr]     Checking headers v0.3.9
[INFO] [stderr]     Checking webpki v0.22.4
[INFO] [stderr]     Checking rand v0.8.5
[INFO] [stderr]    Compiling serde_derive v1.0.196
[INFO] [stderr]    Compiling futures-macro v0.3.30
[INFO] [stderr]    Compiling pin-project-internal v1.1.4
[INFO] [stderr]    Compiling thiserror-impl v1.0.56
[INFO] [stderr]    Compiling async-trait v0.1.77
[INFO] [stderr]     Checking ordered-float v2.10.1
[INFO] [stderr]    Compiling async-attributes v1.1.2
[INFO] [stderr]    Compiling darling_macro v0.13.4
[INFO] [stderr]     Checking zeroize v1.7.0
[INFO] [stderr]     Checking maybe-owned v0.3.4
[INFO] [stderr]     Checking futures-util v0.3.30
[INFO] [stderr]     Checking ambient-authority v0.0.1
[INFO] [stderr]     Checking async-std v1.12.0
[INFO] [stderr]     Checking pin-project v1.1.4
[INFO] [stderr]    Compiling darling v0.13.4
[INFO] [stderr]    Compiling serde_with_macros v1.5.2
[INFO] [stderr]     Checking thiserror v1.0.56
[INFO] [stderr]     Checking subtle v2.5.0
[INFO] [stderr]     Checking tokio-util v0.7.10
[INFO] [stderr]     Checking uuid v1.7.0
[INFO] [stderr]     Checking serde v1.0.196
[INFO] [stderr]     Checking futures-rustls v0.22.2
[INFO] [stderr]     Checking tower v0.4.13
[INFO] [stderr]     Checking hyper v0.14.28
[INFO] [stderr]     Checking axum-core v0.2.9
[INFO] [stderr]     Checking futures v0.3.30
[INFO] [stderr]     Checking tower-http v0.3.5
[INFO] [stderr]     Checking fs-set-times v0.15.0
[INFO] [stdout] error[E0061]: this method takes 1 argument but 2 arguments were supplied
[INFO] [stdout]   --> /opt/rustwide/cargo-home/registry/src/index.crates.io-6f17d22bba15001f/cap-primitives-0.24.4/src/rustix/linux/fs/set_times_impl.rs:20:25
[INFO] [stdout]    |
[INFO] [stdout] 20 |             return file.set_times(
[INFO] [stdout]    |                         ^^^^^^^^^
[INFO] [stdout] 21 |                 atime.map(SystemTimeSpec::into_std),
[INFO] [stdout] 22 |                 mtime.map(SystemTimeSpec::into_std),
[INFO] [stdout]    |                 ----------------------------------- unexpected argument of type `Option<fs_set_times::SystemTimeSpec>`
[INFO] [stdout]    |
[INFO] [stdout] note: expected `FileTimes`, found `Option<SystemTimeSpec>`
[INFO] [stdout]   --> /opt/rustwide/cargo-home/registry/src/index.crates.io-6f17d22bba15001f/cap-primitives-0.24.4/src/rustix/linux/fs/set_times_impl.rs:21:17
[INFO] [stdout]    |
[INFO] [stdout] 21 |                 atime.map(SystemTimeSpec::into_std),
[INFO] [stdout]    |                 ^^^^^^^^^^^^^^^^^^^^^^^^^^^^^^^^^^^
[INFO] [stdout]    = note: expected struct `FileTimes`
[INFO] [stdout]                 found enum `Option<fs_set_times::SystemTimeSpec>`
[INFO] [stdout] note: method defined here
[INFO] [stdout]   --> /rustc/268dbbbc4b3fd71c5f360a4d0728295252430b5b/library/std/src/fs.rs:701:12
[INFO] [stdout] help: remove the extra argument
[INFO] [stdout]    |
[INFO] [stdout] 21 -                 atime.map(SystemTimeSpec::into_std),
[INFO] [stdout] 21 +                 /* FileTimes */,
[INFO] [stdout]    |
[INFO] [stdout] 
[INFO] [stdout] 
[INFO] [stdout] error[E0061]: this method takes 1 argument but 2 arguments were supplied
[INFO] [stdout]   --> /opt/rustwide/cargo-home/registry/src/index.crates.io-6f17d22bba15001f/cap-primitives-0.24.4/src/rustix/linux/fs/set_times_impl.rs:34:25
[INFO] [stdout]    |
[INFO] [stdout] 34 |             return file.set_times(
[INFO] [stdout]    |                         ^^^^^^^^^
[INFO] [stdout] 35 |                 atime.map(SystemTimeSpec::into_std),
[INFO] [stdout] 36 |                 mtime.map(SystemTimeSpec::into_std),
[INFO] [stdout]    |                 ----------------------------------- unexpected argument of type `Option<fs_set_times::SystemTimeSpec>`
[INFO] [stdout]    |
[INFO] [stdout] note: expected `FileTimes`, found `Option<SystemTimeSpec>`
[INFO] [stdout]   --> /opt/rustwide/cargo-home/registry/src/index.crates.io-6f17d22bba15001f/cap-primitives-0.24.4/src/rustix/linux/fs/set_times_impl.rs:35:17
[INFO] [stdout]    |
[INFO] [stdout] 35 |                 atime.map(SystemTimeSpec::into_std),
[INFO] [stdout]    |                 ^^^^^^^^^^^^^^^^^^^^^^^^^^^^^^^^^^^
[INFO] [stdout]    = note: expected struct `FileTimes`
[INFO] [stdout]                 found enum `Option<fs_set_times::SystemTimeSpec>`
[INFO] [stdout] note: method defined here
[INFO] [stdout]   --> /rustc/268dbbbc4b3fd71c5f360a4d0728295252430b5b/library/std/src/fs.rs:701:12
[INFO] [stdout] help: remove the extra argument
[INFO] [stdout]    |
[INFO] [stdout] 35 -                 atime.map(SystemTimeSpec::into_std),
[INFO] [stdout] 35 +                 /* FileTimes */,
[INFO] [stdout]    |
[INFO] [stdout] 
[INFO] [stdout] 
[INFO] [stdout] error: aborting due to 2 previous errors
[INFO] [stdout] 
[INFO] [stdout] 
[INFO] [stdout] For more information about this error, try `rustc --explain E0061`.
[INFO] [stdout] 
[INFO] [stderr] error: could not compile `cap-primitives` (lib) due to 3 previous errors
[INFO] [stderr] warning: build failed, waiting for other jobs to finish...
[INFO] running `Command { std: "docker" "inspect" "9896c47c1da2a7e1542170e4082bcd095570e09f94fa5467ddad122da496a17a", kill_on_drop: false }`
[INFO] running `Command { std: "docker" "rm" "-f" "9896c47c1da2a7e1542170e4082bcd095570e09f94fa5467ddad122da496a17a", kill_on_drop: false }`
[INFO] [stdout] 9896c47c1da2a7e1542170e4082bcd095570e09f94fa5467ddad122da496a17a
