[INFO] fetching crate double-ratchet-2 0.4.0-pre.2...
[INFO] checking double-ratchet-2-0.4.0-pre.2 against nightly-2024-02-05 for check-cfg
[INFO] extracting crate double-ratchet-2 0.4.0-pre.2 into /workspace/builds/worker-5-tc1/source
[INFO] validating manifest of crates.io crate double-ratchet-2 0.4.0-pre.2 on toolchain nightly-2024-02-05
[INFO] running `Command { std: CARGO_HOME="/workspace/cargo-home" RUSTUP_HOME="/workspace/rustup-home" "/workspace/cargo-home/bin/cargo" "+nightly-2024-02-05" "metadata" "--manifest-path" "Cargo.toml" "--no-deps", kill_on_drop: false }`
[INFO] started tweaking crates.io crate double-ratchet-2 0.4.0-pre.2
[INFO] finished tweaking crates.io crate double-ratchet-2 0.4.0-pre.2
[INFO] tweaked toml for crates.io crate double-ratchet-2 0.4.0-pre.2 written to /workspace/builds/worker-5-tc1/source/Cargo.toml
[INFO] running `Command { std: CARGO_HOME="/workspace/cargo-home" RUSTUP_HOME="/workspace/rustup-home" "/workspace/cargo-home/bin/cargo" "+nightly-2024-02-05" "generate-lockfile" "--manifest-path" "Cargo.toml", kill_on_drop: false }`
[INFO] [stderr]     Updating crates.io index
[INFO] running `Command { std: CARGO_HOME="/workspace/cargo-home" RUSTUP_HOME="/workspace/rustup-home" "/workspace/cargo-home/bin/cargo" "+nightly-2024-02-05" "fetch" "--manifest-path" "Cargo.toml", kill_on_drop: false }`
[INFO] [stderr]  Downloading crates ...
[INFO] [stderr]   Downloaded aes-gcm-siv v0.11.1
[INFO] running `Command { std: "docker" "create" "-v" "/var/lib/crater-agent-workspace/builds/worker-5-tc1/target:/opt/rustwide/target:rw,Z" "-v" "/var/lib/crater-agent-workspace/builds/worker-5-tc1/source:/opt/rustwide/workdir:ro,Z" "-v" "/var/lib/crater-agent-workspace/cargo-home:/opt/rustwide/cargo-home:ro,Z" "-v" "/var/lib/crater-agent-workspace/rustup-home:/opt/rustwide/rustup-home:ro,Z" "-e" "SOURCE_DIR=/opt/rustwide/workdir" "-e" "CARGO_TARGET_DIR=/opt/rustwide/target" "-e" "CARGO_HOME=/opt/rustwide/cargo-home" "-e" "RUSTUP_HOME=/opt/rustwide/rustup-home" "-w" "/opt/rustwide/workdir" "-m" "1610612736" "--user" "0:0" "--network" "none" "ghcr.io/rust-lang/crates-build-env/linux@sha256:2788e3201cd34a07e3172128adcd8b3090168a8e3bcc40d7c032b9dda1df7d1c" "/opt/rustwide/cargo-home/bin/cargo" "+nightly-2024-02-05" "metadata" "--no-deps" "--format-version=1", kill_on_drop: false }`
[INFO] [stdout] b97d88708715c93a4471c7aefa59770b90b8ac0b272d9ed20957ae9f3101b68a
[INFO] running `Command { std: "docker" "start" "-a" "b97d88708715c93a4471c7aefa59770b90b8ac0b272d9ed20957ae9f3101b68a", kill_on_drop: false }`
[INFO] running `Command { std: "docker" "inspect" "b97d88708715c93a4471c7aefa59770b90b8ac0b272d9ed20957ae9f3101b68a", kill_on_drop: false }`
[INFO] running `Command { std: "docker" "rm" "-f" "b97d88708715c93a4471c7aefa59770b90b8ac0b272d9ed20957ae9f3101b68a", kill_on_drop: false }`
[INFO] [stdout] b97d88708715c93a4471c7aefa59770b90b8ac0b272d9ed20957ae9f3101b68a
[INFO] running `Command { std: "docker" "create" "-v" "/var/lib/crater-agent-workspace/builds/worker-5-tc1/target:/opt/rustwide/target:rw,Z" "-v" "/var/lib/crater-agent-workspace/builds/worker-5-tc1/source:/opt/rustwide/workdir:ro,Z" "-v" "/var/lib/crater-agent-workspace/cargo-home:/opt/rustwide/cargo-home:ro,Z" "-v" "/var/lib/crater-agent-workspace/rustup-home:/opt/rustwide/rustup-home:ro,Z" "-e" "SOURCE_DIR=/opt/rustwide/workdir" "-e" "CARGO_TARGET_DIR=/opt/rustwide/target" "-e" "CARGO_INCREMENTAL=0" "-e" "RUST_BACKTRACE=full" "-e" "RUSTFLAGS=--cap-lints=forbid" "-e" "RUSTDOCFLAGS=--cap-lints=forbid" "-e" "CARGO_HOME=/opt/rustwide/cargo-home" "-e" "RUSTUP_HOME=/opt/rustwide/rustup-home" "-w" "/opt/rustwide/workdir" "-m" "1610612736" "--user" "0:0" "--network" "none" "ghcr.io/rust-lang/crates-build-env/linux@sha256:2788e3201cd34a07e3172128adcd8b3090168a8e3bcc40d7c032b9dda1df7d1c" "/opt/rustwide/cargo-home/bin/cargo" "+nightly-2024-02-05" "check" "--frozen" "--all" "--all-targets" "--message-format=json", kill_on_drop: false }`
[INFO] [stdout] f04e8eb2e083fee77e87c90342e0bd3bf6fe2aec0d002a9ab222d5e277a50381
[INFO] running `Command { std: "docker" "start" "-a" "f04e8eb2e083fee77e87c90342e0bd3bf6fe2aec0d002a9ab222d5e277a50381", kill_on_drop: false }`
[INFO] [stderr]    Compiling serde v1.0.196
[INFO] [stderr]    Compiling semver v1.0.21
[INFO] [stderr]    Compiling platforms v3.3.0
[INFO] [stderr]     Checking unicode-width v0.1.11
[INFO] [stderr]     Checking memchr v2.7.1
[INFO] [stderr]     Checking plotters-backend v0.3.5
[INFO] [stderr]     Checking getrandom v0.2.12
[INFO] [stderr]     Checking regex-syntax v0.8.2
[INFO] [stderr]     Checking cast v0.3.0
[INFO] [stderr]     Checking same-file v1.0.6
[INFO] [stderr]    Compiling syn v2.0.48
[INFO] [stderr]     Checking half v1.8.2
[INFO] [stderr]     Checking atty v0.2.14
[INFO] [stderr]     Checking oorandom v11.1.3
[INFO] [stderr]     Checking rayon v1.8.1
[INFO] [stderr]     Checking textwrap v0.11.0
[INFO] [stderr]     Checking walkdir v2.4.0
[INFO] [stderr]     Checking clap v2.34.0
[INFO] [stderr]     Checking rand_core v0.6.4
[INFO] [stderr]     Checking ahash v0.7.7
[INFO] [stderr]     Checking criterion-plot v0.4.5
[INFO] [stderr]     Checking plotters-svg v0.3.5
[INFO] [stderr]     Checking plotters v0.3.5
[INFO] [stderr]     Checking crypto-common v0.1.6
[INFO] [stderr]     Checking rand_chacha v0.3.1
[INFO] [stderr]    Compiling rustc_version v0.4.0
[INFO] [stderr]     Checking digest v0.10.7
[INFO] [stderr]     Checking cipher v0.4.4
[INFO] [stderr]     Checking universal-hash v0.5.1
[INFO] [stderr]     Checking aead v0.5.2
[INFO] [stderr]     Checking rand v0.8.5
[INFO] [stderr]     Checking hmac v0.12.1
[INFO] [stderr]     Checking sha2 v0.10.8
[INFO] [stderr]     Checking polyval v0.6.1
[INFO] [stderr]    Compiling curve25519-dalek v4.1.1
[INFO] [stderr]     Checking csv-core v0.1.11
[INFO] [stderr]     Checking hkdf v0.12.4
[INFO] [stderr]     Checking ctr v0.9.2
[INFO] [stderr]     Checking aes v0.8.3
[INFO] [stderr]     Checking regex-automata v0.4.5
[INFO] [stderr]     Checking regex v1.10.3
[INFO] [stderr]    Compiling serde_derive v1.0.196
[INFO] [stderr]    Compiling zeroize_derive v1.4.2
[INFO] [stderr]    Compiling curve25519-dalek-derive v0.1.1
[INFO] [stderr]     Checking zeroize v1.7.0
[INFO] [stderr]     Checking aes-gcm-siv v0.11.1
[INFO] [stderr]     Checking serde_json v1.0.113
[INFO] [stderr]     Checking csv v1.3.0
[INFO] [stderr]     Checking hashbrown v0.12.3
[INFO] [stderr]     Checking serde_cbor v0.11.2
[INFO] [stderr]     Checking bincode v1.3.3
[INFO] [stderr]     Checking tinytemplate v1.2.1
[INFO] [stderr]     Checking criterion v0.3.6
[INFO] [stderr]     Checking x25519-dalek v2.0.0
[INFO] [stderr]     Checking double-ratchet-2 v0.4.0-pre.2 (/opt/rustwide/workdir)
[INFO] [stdout] error[E0432]: unresolved import `x25519_dalek::StaticSecret`
[INFO] [stdout]    --> src/lib.rs:148:24
[INFO] [stdout]     |
[INFO] [stdout] 148 | pub use x25519_dalek::{StaticSecret, PublicKey};
[INFO] [stdout]     |                        ^^^^^^^^^^^^
[INFO] [stdout]     |                        |
[INFO] [stdout]     |                        no `StaticSecret` in the root
[INFO] [stdout]     |                        help: a similar name exists in the module: `SharedSecret`
[INFO] [stdout] 
[INFO] [stdout] 
[INFO] [stdout] error[E0433]: failed to resolve: could not find `StaticSecret` in `x25519_dalek`
[INFO] [stdout]   --> src/curve.rs:49:17
[INFO] [stdout]    |
[INFO] [stdout] 49 |         x25519_dalek::StaticSecret::new(rng)
[INFO] [stdout]    |                       ^^^^^^^^^^^^
[INFO] [stdout]    |                       |
[INFO] [stdout]    |                       could not find `StaticSecret` in `x25519_dalek`
[INFO] [stdout]    |                       help: a struct with a similar name exists: `SharedSecret`
[INFO] [stdout] 
[INFO] [stdout] 
[INFO] [stdout] error[E0433]: failed to resolve: could not find `StaticSecret` in `x25519_dalek`
[INFO] [stdout]   --> src/curve.rs:66:22
[INFO] [stdout]    |
[INFO] [stdout] 66 |         Some(x25519_dalek::StaticSecret::from(bytes))
[INFO] [stdout]    |                            ^^^^^^^^^^^^
[INFO] [stdout]    |                            |
[INFO] [stdout]    |                            could not find `StaticSecret` in `x25519_dalek`
[INFO] [stdout]    |                            help: a struct with a similar name exists: `SharedSecret`
[INFO] [stdout] 
[INFO] [stdout] 
[INFO] [stdout] error[E0412]: cannot find type `StaticSecret` in crate `x25519_dalek`
[INFO] [stdout]    --> src/curve.rs:44:35
[INFO] [stdout]     |
[INFO] [stdout] 44  | impl PrivateKey for x25519_dalek::StaticSecret {
[INFO] [stdout]     |                                   ^^^^^^^^^^^^ help: a struct with a similar name exists: `SharedSecret`
[INFO] [stdout]     |
[INFO] [stdout]    ::: /opt/rustwide/cargo-home/registry/src/index.crates.io-6f17d22bba15001f/x25519-dalek-2.0.0/src/x25519.rs:275:1
[INFO] [stdout]     |
[INFO] [stdout] 275 | pub struct SharedSecret(pub(crate) MontgomeryPoint);
[INFO] [stdout]     | ----------------------- similarly named struct `SharedSecret` defined here
[INFO] [stdout] 
[INFO] [stdout] 
[INFO] [stdout] error: aborting due to 4 previous errors
[INFO] [stdout] 
[INFO] [stdout] 
[INFO] [stdout] Some errors have detailed explanations: E0412, E0432, E0433.
[INFO] [stdout] 
[INFO] [stdout] For more information about an error, try `rustc --explain E0412`.
[INFO] [stdout] 
[INFO] [stderr] error: could not compile `double-ratchet-2` (lib) due to 5 previous errors
[INFO] [stderr] warning: build failed, waiting for other jobs to finish...
[INFO] running `Command { std: "docker" "inspect" "f04e8eb2e083fee77e87c90342e0bd3bf6fe2aec0d002a9ab222d5e277a50381", kill_on_drop: false }`
[INFO] running `Command { std: "docker" "rm" "-f" "f04e8eb2e083fee77e87c90342e0bd3bf6fe2aec0d002a9ab222d5e277a50381", kill_on_drop: false }`
[INFO] [stdout] f04e8eb2e083fee77e87c90342e0bd3bf6fe2aec0d002a9ab222d5e277a50381
[INFO] checking double-ratchet-2-0.4.0-pre.2 against nightly-2024-02-05+rustflags=-Dunexpected_cfgs+cargoflags=-Zcheck-cfg for check-cfg
[INFO] extracting crate double-ratchet-2 0.4.0-pre.2 into /workspace/builds/worker-5-tc2/source
[INFO] validating manifest of crates.io crate double-ratchet-2 0.4.0-pre.2 on toolchain nightly-2024-02-05
[INFO] running `Command { std: CARGO_HOME="/workspace/cargo-home" RUSTUP_HOME="/workspace/rustup-home" "/workspace/cargo-home/bin/cargo" "+nightly-2024-02-05" "metadata" "--manifest-path" "Cargo.toml" "--no-deps", kill_on_drop: false }`
[INFO] started tweaking crates.io crate double-ratchet-2 0.4.0-pre.2
[INFO] finished tweaking crates.io crate double-ratchet-2 0.4.0-pre.2
[INFO] tweaked toml for crates.io crate double-ratchet-2 0.4.0-pre.2 written to /workspace/builds/worker-5-tc2/source/Cargo.toml
[INFO] running `Command { std: CARGO_HOME="/workspace/cargo-home" RUSTUP_HOME="/workspace/rustup-home" "/workspace/cargo-home/bin/cargo" "+nightly-2024-02-05" "generate-lockfile" "--manifest-path" "Cargo.toml", kill_on_drop: false }`
[INFO] [stderr]     Updating crates.io index
[INFO] running `Command { std: CARGO_HOME="/workspace/cargo-home" RUSTUP_HOME="/workspace/rustup-home" "/workspace/cargo-home/bin/cargo" "+nightly-2024-02-05" "fetch" "--manifest-path" "Cargo.toml", kill_on_drop: false }`
[INFO] running `Command { std: "docker" "create" "-v" "/var/lib/crater-agent-workspace/builds/worker-5-tc2/target:/opt/rustwide/target:rw,Z" "-v" "/var/lib/crater-agent-workspace/builds/worker-5-tc2/source:/opt/rustwide/workdir:ro,Z" "-v" "/var/lib/crater-agent-workspace/cargo-home:/opt/rustwide/cargo-home:ro,Z" "-v" "/var/lib/crater-agent-workspace/rustup-home:/opt/rustwide/rustup-home:ro,Z" "-e" "SOURCE_DIR=/opt/rustwide/workdir" "-e" "CARGO_TARGET_DIR=/opt/rustwide/target" "-e" "CARGO_HOME=/opt/rustwide/cargo-home" "-e" "RUSTUP_HOME=/opt/rustwide/rustup-home" "-w" "/opt/rustwide/workdir" "-m" "1610612736" "--user" "0:0" "--network" "none" "ghcr.io/rust-lang/crates-build-env/linux@sha256:2788e3201cd34a07e3172128adcd8b3090168a8e3bcc40d7c032b9dda1df7d1c" "/opt/rustwide/cargo-home/bin/cargo" "+nightly-2024-02-05" "metadata" "--no-deps" "--format-version=1", kill_on_drop: false }`
[INFO] [stdout] ee0ab867cc7ec783cdebdcbb62ca3726f3c41645df0d9017b5b48bf8ca52de75
[INFO] running `Command { std: "docker" "start" "-a" "ee0ab867cc7ec783cdebdcbb62ca3726f3c41645df0d9017b5b48bf8ca52de75", kill_on_drop: false }`
[INFO] running `Command { std: "docker" "inspect" "ee0ab867cc7ec783cdebdcbb62ca3726f3c41645df0d9017b5b48bf8ca52de75", kill_on_drop: false }`
[INFO] running `Command { std: "docker" "rm" "-f" "ee0ab867cc7ec783cdebdcbb62ca3726f3c41645df0d9017b5b48bf8ca52de75", kill_on_drop: false }`
[INFO] [stdout] ee0ab867cc7ec783cdebdcbb62ca3726f3c41645df0d9017b5b48bf8ca52de75
[INFO] running `Command { std: "docker" "create" "-v" "/var/lib/crater-agent-workspace/builds/worker-5-tc2/target:/opt/rustwide/target:rw,Z" "-v" "/var/lib/crater-agent-workspace/builds/worker-5-tc2/source:/opt/rustwide/workdir:ro,Z" "-v" "/var/lib/crater-agent-workspace/cargo-home:/opt/rustwide/cargo-home:ro,Z" "-v" "/var/lib/crater-agent-workspace/rustup-home:/opt/rustwide/rustup-home:ro,Z" "-e" "SOURCE_DIR=/opt/rustwide/workdir" "-e" "CARGO_TARGET_DIR=/opt/rustwide/target" "-e" "CARGO_INCREMENTAL=0" "-e" "RUST_BACKTRACE=full" "-e" "RUSTFLAGS=--cap-lints=forbid -Dunexpected_cfgs" "-e" "RUSTDOCFLAGS=--cap-lints=forbid" "-e" "CARGO_HOME=/opt/rustwide/cargo-home" "-e" "RUSTUP_HOME=/opt/rustwide/rustup-home" "-w" "/opt/rustwide/workdir" "-m" "1610612736" "--user" "0:0" "--network" "none" "ghcr.io/rust-lang/crates-build-env/linux@sha256:2788e3201cd34a07e3172128adcd8b3090168a8e3bcc40d7c032b9dda1df7d1c" "/opt/rustwide/cargo-home/bin/cargo" "+nightly-2024-02-05" "check" "--frozen" "--all" "--all-targets" "--message-format=json" "-Zcheck-cfg", kill_on_drop: false }`
[INFO] [stdout] 790f64ccbfcfedcea661bfd73c9f8c53d3eb258578536ed299126b1d1f4f8ad4
[INFO] running `Command { std: "docker" "start" "-a" "790f64ccbfcfedcea661bfd73c9f8c53d3eb258578536ed299126b1d1f4f8ad4", kill_on_drop: false }`
[INFO] [stderr]    Compiling serde v1.0.196
[INFO] [stderr]    Compiling semver v1.0.21
[INFO] [stderr]    Compiling platforms v3.3.0
[INFO] [stderr]     Checking memchr v2.7.1
[INFO] [stderr]     Checking getrandom v0.2.12
[INFO] [stderr]     Checking plotters-backend v0.3.5
[INFO] [stderr]     Checking unicode-width v0.1.11
[INFO] [stderr]     Checking regex-syntax v0.8.2
[INFO] [stderr]     Checking half v1.8.2
[INFO] [stderr]     Checking cast v0.3.0
[INFO] [stderr]    Compiling syn v2.0.48
[INFO] [stderr]     Checking same-file v1.0.6
[INFO] [stderr]     Checking atty v0.2.14
[INFO] [stderr]     Checking oorandom v11.1.3
[INFO] [stderr]     Checking rayon v1.8.1
[INFO] [stderr]     Checking textwrap v0.11.0
[INFO] [stderr]     Checking walkdir v2.4.0
[INFO] [stderr]     Checking criterion-plot v0.4.5
[INFO] [stderr]     Checking rand_core v0.6.4
[INFO] [stderr]     Checking ahash v0.7.7
[INFO] [stderr]     Checking clap v2.34.0
[INFO] [stderr]     Checking plotters-svg v0.3.5
[INFO] [stderr]     Checking crypto-common v0.1.6
[INFO] [stderr]     Checking rand_chacha v0.3.1
[INFO] [stderr]     Checking plotters v0.3.5
[INFO] [stderr]     Checking cipher v0.4.4
[INFO] [stderr]     Checking digest v0.10.7
[INFO] [stderr]     Checking universal-hash v0.5.1
[INFO] [stderr]     Checking aead v0.5.2
[INFO] [stderr]     Checking rand v0.8.5
[INFO] [stderr]     Checking csv-core v0.1.11
[INFO] [stderr]     Checking polyval v0.6.1
[INFO] [stderr]    Compiling rustc_version v0.4.0
[INFO] [stderr]     Checking hmac v0.12.1
[INFO] [stderr]     Checking sha2 v0.10.8
[INFO] [stderr]     Checking aes v0.8.3
[INFO] [stderr]     Checking ctr v0.9.2
[INFO] [stderr]     Checking hkdf v0.12.4
[INFO] [stderr]    Compiling curve25519-dalek v4.1.1
[INFO] [stderr]     Checking regex-automata v0.4.5
[INFO] [stderr]     Checking regex v1.10.3
[INFO] [stderr]    Compiling serde_derive v1.0.196
[INFO] [stderr]    Compiling zeroize_derive v1.4.2
[INFO] [stderr]    Compiling curve25519-dalek-derive v0.1.1
[INFO] [stderr]     Checking zeroize v1.7.0
[INFO] [stderr]     Checking aes-gcm-siv v0.11.1
[INFO] [stderr]     Checking serde_json v1.0.113
[INFO] [stderr]     Checking bincode v1.3.3
[INFO] [stderr]     Checking hashbrown v0.12.3
[INFO] [stderr]     Checking csv v1.3.0
[INFO] [stderr]     Checking serde_cbor v0.11.2
[INFO] [stderr]     Checking tinytemplate v1.2.1
[INFO] [stderr]     Checking criterion v0.3.6
[INFO] [stderr]     Checking x25519-dalek v2.0.0
[INFO] [stderr]     Checking double-ratchet-2 v0.4.0-pre.2 (/opt/rustwide/workdir)
[INFO] [stdout] error[E0432]: unresolved import `x25519_dalek::StaticSecret`
[INFO] [stdout]    --> src/lib.rs:148:24
[INFO] [stdout]     |
[INFO] [stdout] 148 | pub use x25519_dalek::{StaticSecret, PublicKey};
[INFO] [stdout]     |                        ^^^^^^^^^^^^
[INFO] [stdout]     |                        |
[INFO] [stdout]     |                        no `StaticSecret` in the root
[INFO] [stdout]     |                        help: a similar name exists in the module: `SharedSecret`
[INFO] [stdout] 
[INFO] [stdout] 
[INFO] [stdout] error[E0433]: failed to resolve: could not find `StaticSecret` in `x25519_dalek`
[INFO] [stdout]   --> src/curve.rs:49:17
[INFO] [stdout]    |
[INFO] [stdout] 49 |         x25519_dalek::StaticSecret::new(rng)
[INFO] [stdout]    |                       ^^^^^^^^^^^^
[INFO] [stdout]    |                       |
[INFO] [stdout]    |                       could not find `StaticSecret` in `x25519_dalek`
[INFO] [stdout]    |                       help: a struct with a similar name exists: `SharedSecret`
[INFO] [stdout] 
[INFO] [stdout] 
[INFO] [stdout] error[E0433]: failed to resolve: could not find `StaticSecret` in `x25519_dalek`
[INFO] [stdout]   --> src/curve.rs:66:22
[INFO] [stdout]    |
[INFO] [stdout] 66 |         Some(x25519_dalek::StaticSecret::from(bytes))
[INFO] [stdout]    |                            ^^^^^^^^^^^^
[INFO] [stdout]    |                            |
[INFO] [stdout]    |                            could not find `StaticSecret` in `x25519_dalek`
[INFO] [stdout]    |                            help: a struct with a similar name exists: `SharedSecret`
[INFO] [stdout] 
[INFO] [stdout] 
[INFO] [stdout] error[E0412]: cannot find type `StaticSecret` in crate `x25519_dalek`
[INFO] [stdout]    --> src/curve.rs:44:35
[INFO] [stdout]     |
[INFO] [stdout] 44  | impl PrivateKey for x25519_dalek::StaticSecret {
[INFO] [stdout]     |                                   ^^^^^^^^^^^^ help: a struct with a similar name exists: `SharedSecret`
[INFO] [stdout]     |
[INFO] [stdout]    ::: /opt/rustwide/cargo-home/registry/src/index.crates.io-6f17d22bba15001f/x25519-dalek-2.0.0/src/x25519.rs:275:1
[INFO] [stdout]     |
[INFO] [stdout] 275 | pub struct SharedSecret(pub(crate) MontgomeryPoint);
[INFO] [stdout]     | ----------------------- similarly named struct `SharedSecret` defined here
[INFO] [stdout] 
[INFO] [stdout] 
[INFO] [stdout] error: aborting due to 4 previous errors
[INFO] [stdout] 
[INFO] [stdout] 
[INFO] [stdout] Some errors have detailed explanations: E0412, E0432, E0433.
[INFO] [stdout] 
[INFO] [stdout] For more information about an error, try `rustc --explain E0412`.
[INFO] [stdout] 
[INFO] [stderr] error: could not compile `double-ratchet-2` (lib) due to 5 previous errors
[INFO] [stderr] warning: build failed, waiting for other jobs to finish...
[INFO] running `Command { std: "docker" "inspect" "790f64ccbfcfedcea661bfd73c9f8c53d3eb258578536ed299126b1d1f4f8ad4", kill_on_drop: false }`
[INFO] running `Command { std: "docker" "rm" "-f" "790f64ccbfcfedcea661bfd73c9f8c53d3eb258578536ed299126b1d1f4f8ad4", kill_on_drop: false }`
[INFO] [stdout] 790f64ccbfcfedcea661bfd73c9f8c53d3eb258578536ed299126b1d1f4f8ad4
