[INFO] fetching crate dottools 0.1.0...
[INFO] checking dottools-0.1.0 against nightly-2024-02-05 for check-cfg
[INFO] extracting crate dottools 0.1.0 into /workspace/builds/worker-6-tc1/source
[INFO] validating manifest of crates.io crate dottools 0.1.0 on toolchain nightly-2024-02-05
[INFO] running `Command { std: CARGO_HOME="/workspace/cargo-home" RUSTUP_HOME="/workspace/rustup-home" "/workspace/cargo-home/bin/cargo" "+nightly-2024-02-05" "metadata" "--manifest-path" "Cargo.toml" "--no-deps", kill_on_drop: false }`
[INFO] started tweaking crates.io crate dottools 0.1.0
[INFO] finished tweaking crates.io crate dottools 0.1.0
[INFO] tweaked toml for crates.io crate dottools 0.1.0 written to /workspace/builds/worker-6-tc1/source/Cargo.toml
[INFO] running `Command { std: CARGO_HOME="/workspace/cargo-home" RUSTUP_HOME="/workspace/rustup-home" "/workspace/cargo-home/bin/cargo" "+nightly-2024-02-05" "generate-lockfile" "--manifest-path" "Cargo.toml", kill_on_drop: false }`
[INFO] [stderr]     Updating crates.io index
[INFO] running `Command { std: CARGO_HOME="/workspace/cargo-home" RUSTUP_HOME="/workspace/rustup-home" "/workspace/cargo-home/bin/cargo" "+nightly-2024-02-05" "fetch" "--manifest-path" "Cargo.toml", kill_on_drop: false }`
[INFO] [stderr]  Downloading crates ...
[INFO] [stderr]   Downloaded ordermap v0.3.5
[INFO] running `Command { std: "docker" "create" "-v" "/var/lib/crater-agent-workspace/builds/worker-6-tc1/target:/opt/rustwide/target:rw,Z" "-v" "/var/lib/crater-agent-workspace/builds/worker-6-tc1/source:/opt/rustwide/workdir:ro,Z" "-v" "/var/lib/crater-agent-workspace/cargo-home:/opt/rustwide/cargo-home:ro,Z" "-v" "/var/lib/crater-agent-workspace/rustup-home:/opt/rustwide/rustup-home:ro,Z" "-e" "SOURCE_DIR=/opt/rustwide/workdir" "-e" "CARGO_TARGET_DIR=/opt/rustwide/target" "-e" "CARGO_HOME=/opt/rustwide/cargo-home" "-e" "RUSTUP_HOME=/opt/rustwide/rustup-home" "-w" "/opt/rustwide/workdir" "-m" "1610612736" "--user" "0:0" "--network" "none" "ghcr.io/rust-lang/crates-build-env/linux@sha256:2788e3201cd34a07e3172128adcd8b3090168a8e3bcc40d7c032b9dda1df7d1c" "/opt/rustwide/cargo-home/bin/cargo" "+nightly-2024-02-05" "metadata" "--no-deps" "--format-version=1", kill_on_drop: false }`
[INFO] [stdout] 485a71380e9e3a40c2c57c79e141f07d64d5e382e75b0083b99c97eaf8b5e4be
[INFO] running `Command { std: "docker" "start" "-a" "485a71380e9e3a40c2c57c79e141f07d64d5e382e75b0083b99c97eaf8b5e4be", kill_on_drop: false }`
[INFO] running `Command { std: "docker" "inspect" "485a71380e9e3a40c2c57c79e141f07d64d5e382e75b0083b99c97eaf8b5e4be", kill_on_drop: false }`
[INFO] running `Command { std: "docker" "rm" "-f" "485a71380e9e3a40c2c57c79e141f07d64d5e382e75b0083b99c97eaf8b5e4be", kill_on_drop: false }`
[INFO] [stdout] 485a71380e9e3a40c2c57c79e141f07d64d5e382e75b0083b99c97eaf8b5e4be
[INFO] running `Command { std: "docker" "create" "-v" "/var/lib/crater-agent-workspace/builds/worker-6-tc1/target:/opt/rustwide/target:rw,Z" "-v" "/var/lib/crater-agent-workspace/builds/worker-6-tc1/source:/opt/rustwide/workdir:ro,Z" "-v" "/var/lib/crater-agent-workspace/cargo-home:/opt/rustwide/cargo-home:ro,Z" "-v" "/var/lib/crater-agent-workspace/rustup-home:/opt/rustwide/rustup-home:ro,Z" "-e" "SOURCE_DIR=/opt/rustwide/workdir" "-e" "CARGO_TARGET_DIR=/opt/rustwide/target" "-e" "CARGO_INCREMENTAL=0" "-e" "RUST_BACKTRACE=full" "-e" "RUSTFLAGS=--cap-lints=forbid" "-e" "RUSTDOCFLAGS=--cap-lints=forbid" "-e" "CARGO_HOME=/opt/rustwide/cargo-home" "-e" "RUSTUP_HOME=/opt/rustwide/rustup-home" "-w" "/opt/rustwide/workdir" "-m" "1610612736" "--user" "0:0" "--network" "none" "ghcr.io/rust-lang/crates-build-env/linux@sha256:2788e3201cd34a07e3172128adcd8b3090168a8e3bcc40d7c032b9dda1df7d1c" "/opt/rustwide/cargo-home/bin/cargo" "+nightly-2024-02-05" "check" "--frozen" "--all" "--all-targets" "--message-format=json", kill_on_drop: false }`
[INFO] [stdout] aa57c0b32dacea2887fb7c7895fb70bec2fa44c2746400bedd4d29e63dabff51
[INFO] running `Command { std: "docker" "start" "-a" "aa57c0b32dacea2887fb7c7895fb70bec2fa44c2746400bedd4d29e63dabff51", kill_on_drop: false }`
[INFO] [stderr]     Checking fixedbitset v0.1.9
[INFO] [stderr]     Checking ordermap v0.3.5
[INFO] [stderr]     Checking petgraph v0.4.13
[INFO] [stderr]     Checking dottools v0.1.0 (/opt/rustwide/workdir)
[INFO] [stdout] error[E0412]: cannot find type `LineColumn` in crate `proc_macro`
[INFO] [stdout]   --> src/lib.rs:62:23
[INFO] [stdout]    |
[INFO] [stdout] 62 | impl From<proc_macro::LineColumn> for LineColumn {
[INFO] [stdout]    |                       ^^^^^^^^^^ not found in `proc_macro`
[INFO] [stdout] 
[INFO] [stdout] 
[INFO] [stdout] error[E0412]: cannot find type `LineColumn` in crate `proc_macro`
[INFO] [stdout]   --> src/lib.rs:63:30
[INFO] [stdout]    |
[INFO] [stdout] 63 |     fn from(loc: proc_macro::LineColumn) -> Self {
[INFO] [stdout]    |                              ^^^^^^^^^^ not found in `proc_macro`
[INFO] [stdout] 
[INFO] [stdout] 
[INFO] [stdout] error[E0422]: cannot find struct, variant or union type `LineColumn` in crate `proc_macro`
[INFO] [stdout]   --> src/lib.rs:64:25
[INFO] [stdout]    |
[INFO] [stdout] 64 |         let proc_macro::LineColumn { line, column } = loc;
[INFO] [stdout]    |                         ^^^^^^^^^^ not found in `proc_macro`
[INFO] [stdout] 
[INFO] [stdout] 
[INFO] [stdout] error: aborting due to 3 previous errors
[INFO] [stdout] 
[INFO] [stdout] 
[INFO] [stdout] Some errors have detailed explanations: E0412, E0422.
[INFO] [stdout] 
[INFO] [stdout] For more information about an error, try `rustc --explain E0412`.
[INFO] [stdout] 
[INFO] [stderr] error: could not compile `dottools` (lib) due to 4 previous errors
[INFO] [stderr] warning: build failed, waiting for other jobs to finish...
[INFO] [stdout] error[E0412]: cannot find type `LineColumn` in crate `proc_macro`
[INFO] [stdout]   --> src/lib.rs:62:23
[INFO] [stdout]    |
[INFO] [stdout] 62 | impl From<proc_macro::LineColumn> for LineColumn {
[INFO] [stdout]    |                       ^^^^^^^^^^ not found in `proc_macro`
[INFO] [stdout] 
[INFO] [stdout] 
[INFO] [stdout] error[E0412]: cannot find type `LineColumn` in crate `proc_macro`
[INFO] [stdout]   --> src/lib.rs:63:30
[INFO] [stdout]    |
[INFO] [stdout] 63 |     fn from(loc: proc_macro::LineColumn) -> Self {
[INFO] [stdout]    |                              ^^^^^^^^^^ not found in `proc_macro`
[INFO] [stdout] 
[INFO] [stdout] 
[INFO] [stdout] error[E0422]: cannot find struct, variant or union type `LineColumn` in crate `proc_macro`
[INFO] [stdout]   --> src/lib.rs:64:25
[INFO] [stdout]    |
[INFO] [stdout] 64 |         let proc_macro::LineColumn { line, column } = loc;
[INFO] [stdout]    |                         ^^^^^^^^^^ not found in `proc_macro`
[INFO] [stdout] 
[INFO] [stdout] 
[INFO] [stdout] error: aborting due to 3 previous errors
[INFO] [stdout] 
[INFO] [stdout] 
[INFO] [stdout] Some errors have detailed explanations: E0412, E0422.
[INFO] [stdout] 
[INFO] [stdout] For more information about an error, try `rustc --explain E0412`.
[INFO] [stdout] 
[INFO] [stderr] error: could not compile `dottools` (lib test) due to 4 previous errors
[INFO] running `Command { std: "docker" "inspect" "aa57c0b32dacea2887fb7c7895fb70bec2fa44c2746400bedd4d29e63dabff51", kill_on_drop: false }`
[INFO] running `Command { std: "docker" "rm" "-f" "aa57c0b32dacea2887fb7c7895fb70bec2fa44c2746400bedd4d29e63dabff51", kill_on_drop: false }`
[INFO] [stdout] aa57c0b32dacea2887fb7c7895fb70bec2fa44c2746400bedd4d29e63dabff51
[INFO] checking dottools-0.1.0 against nightly-2024-02-05+rustflags=-Dunexpected_cfgs+cargoflags=-Zcheck-cfg for check-cfg
[INFO] extracting crate dottools 0.1.0 into /workspace/builds/worker-6-tc2/source
[INFO] validating manifest of crates.io crate dottools 0.1.0 on toolchain nightly-2024-02-05
[INFO] running `Command { std: CARGO_HOME="/workspace/cargo-home" RUSTUP_HOME="/workspace/rustup-home" "/workspace/cargo-home/bin/cargo" "+nightly-2024-02-05" "metadata" "--manifest-path" "Cargo.toml" "--no-deps", kill_on_drop: false }`
[INFO] started tweaking crates.io crate dottools 0.1.0
[INFO] finished tweaking crates.io crate dottools 0.1.0
[INFO] tweaked toml for crates.io crate dottools 0.1.0 written to /workspace/builds/worker-6-tc2/source/Cargo.toml
[INFO] running `Command { std: CARGO_HOME="/workspace/cargo-home" RUSTUP_HOME="/workspace/rustup-home" "/workspace/cargo-home/bin/cargo" "+nightly-2024-02-05" "generate-lockfile" "--manifest-path" "Cargo.toml", kill_on_drop: false }`
[INFO] [stderr]     Updating crates.io index
[INFO] running `Command { std: CARGO_HOME="/workspace/cargo-home" RUSTUP_HOME="/workspace/rustup-home" "/workspace/cargo-home/bin/cargo" "+nightly-2024-02-05" "fetch" "--manifest-path" "Cargo.toml", kill_on_drop: false }`
[INFO] running `Command { std: "docker" "create" "-v" "/var/lib/crater-agent-workspace/builds/worker-6-tc2/target:/opt/rustwide/target:rw,Z" "-v" "/var/lib/crater-agent-workspace/builds/worker-6-tc2/source:/opt/rustwide/workdir:ro,Z" "-v" "/var/lib/crater-agent-workspace/cargo-home:/opt/rustwide/cargo-home:ro,Z" "-v" "/var/lib/crater-agent-workspace/rustup-home:/opt/rustwide/rustup-home:ro,Z" "-e" "SOURCE_DIR=/opt/rustwide/workdir" "-e" "CARGO_TARGET_DIR=/opt/rustwide/target" "-e" "CARGO_HOME=/opt/rustwide/cargo-home" "-e" "RUSTUP_HOME=/opt/rustwide/rustup-home" "-w" "/opt/rustwide/workdir" "-m" "1610612736" "--user" "0:0" "--network" "none" "ghcr.io/rust-lang/crates-build-env/linux@sha256:2788e3201cd34a07e3172128adcd8b3090168a8e3bcc40d7c032b9dda1df7d1c" "/opt/rustwide/cargo-home/bin/cargo" "+nightly-2024-02-05" "metadata" "--no-deps" "--format-version=1", kill_on_drop: false }`
[INFO] [stdout] 2b93987449cde75403849517e26eaad81029d486572b2e035c48179fb44d31c4
[INFO] running `Command { std: "docker" "start" "-a" "2b93987449cde75403849517e26eaad81029d486572b2e035c48179fb44d31c4", kill_on_drop: false }`
[INFO] running `Command { std: "docker" "inspect" "2b93987449cde75403849517e26eaad81029d486572b2e035c48179fb44d31c4", kill_on_drop: false }`
[INFO] running `Command { std: "docker" "rm" "-f" "2b93987449cde75403849517e26eaad81029d486572b2e035c48179fb44d31c4", kill_on_drop: false }`
[INFO] [stdout] 2b93987449cde75403849517e26eaad81029d486572b2e035c48179fb44d31c4
[INFO] running `Command { std: "docker" "create" "-v" "/var/lib/crater-agent-workspace/builds/worker-6-tc2/target:/opt/rustwide/target:rw,Z" "-v" "/var/lib/crater-agent-workspace/builds/worker-6-tc2/source:/opt/rustwide/workdir:ro,Z" "-v" "/var/lib/crater-agent-workspace/cargo-home:/opt/rustwide/cargo-home:ro,Z" "-v" "/var/lib/crater-agent-workspace/rustup-home:/opt/rustwide/rustup-home:ro,Z" "-e" "SOURCE_DIR=/opt/rustwide/workdir" "-e" "CARGO_TARGET_DIR=/opt/rustwide/target" "-e" "CARGO_INCREMENTAL=0" "-e" "RUST_BACKTRACE=full" "-e" "RUSTFLAGS=--cap-lints=forbid -Dunexpected_cfgs" "-e" "RUSTDOCFLAGS=--cap-lints=forbid" "-e" "CARGO_HOME=/opt/rustwide/cargo-home" "-e" "RUSTUP_HOME=/opt/rustwide/rustup-home" "-w" "/opt/rustwide/workdir" "-m" "1610612736" "--user" "0:0" "--network" "none" "ghcr.io/rust-lang/crates-build-env/linux@sha256:2788e3201cd34a07e3172128adcd8b3090168a8e3bcc40d7c032b9dda1df7d1c" "/opt/rustwide/cargo-home/bin/cargo" "+nightly-2024-02-05" "check" "--frozen" "--all" "--all-targets" "--message-format=json" "-Zcheck-cfg", kill_on_drop: false }`
[INFO] [stdout] fa971f4ba9bd2a9e7f96c790f863ad05a78cf3ce47ab604ba204535866982f3f
[INFO] running `Command { std: "docker" "start" "-a" "fa971f4ba9bd2a9e7f96c790f863ad05a78cf3ce47ab604ba204535866982f3f", kill_on_drop: false }`
[INFO] [stderr]     Checking fixedbitset v0.1.9
[INFO] [stderr]     Checking ordermap v0.3.5
[INFO] [stderr]     Checking petgraph v0.4.13
[INFO] [stderr]     Checking dottools v0.1.0 (/opt/rustwide/workdir)
[INFO] [stdout] error[E0412]: cannot find type `LineColumn` in crate `proc_macro`
[INFO] [stdout]   --> src/lib.rs:62:23
[INFO] [stdout]    |
[INFO] [stdout] 62 | impl From<proc_macro::LineColumn> for LineColumn {
[INFO] [stdout]    |                       ^^^^^^^^^^ not found in `proc_macro`
[INFO] [stdout] 
[INFO] [stdout] 
[INFO] [stdout] error[E0412]: cannot find type `LineColumn` in crate `proc_macro`
[INFO] [stdout]   --> src/lib.rs:63:30
[INFO] [stdout]    |
[INFO] [stdout] 63 |     fn from(loc: proc_macro::LineColumn) -> Self {
[INFO] [stdout]    |                              ^^^^^^^^^^ not found in `proc_macro`
[INFO] [stdout] 
[INFO] [stdout] 
[INFO] [stdout] error[E0422]: cannot find struct, variant or union type `LineColumn` in crate `proc_macro`
[INFO] [stdout]   --> src/lib.rs:64:25
[INFO] [stdout]    |
[INFO] [stdout] 64 |         let proc_macro::LineColumn { line, column } = loc;
[INFO] [stdout]    |                         ^^^^^^^^^^ not found in `proc_macro`
[INFO] [stdout] 
[INFO] [stdout] 
[INFO] [stdout] error[E0412]: cannot find type `LineColumn` in crate `proc_macro`
[INFO] [stdout]   --> src/lib.rs:62:23
[INFO] [stdout]    |
[INFO] [stdout] 62 | impl From<proc_macro::LineColumn> for LineColumn {
[INFO] [stdout]    |                       ^^^^^^^^^^ not found in `proc_macro`
[INFO] [stdout] 
[INFO] [stdout] 
[INFO] [stdout] error[E0412]: cannot find type `LineColumn` in crate `proc_macro`
[INFO] [stdout]   --> src/lib.rs:63:30
[INFO] [stdout]    |
[INFO] [stdout] 63 |     fn from(loc: proc_macro::LineColumn) -> Self {
[INFO] [stdout]    |                              ^^^^^^^^^^ not found in `proc_macro`
[INFO] [stdout] 
[INFO] [stdout] 
[INFO] [stdout] error[E0422]: cannot find struct, variant or union type `LineColumn` in crate `proc_macro`
[INFO] [stdout]   --> src/lib.rs:64:25
[INFO] [stdout]    |
[INFO] [stdout] 64 |         let proc_macro::LineColumn { line, column } = loc;
[INFO] [stdout]    |                         ^^^^^^^^^^ not found in `proc_macro`
[INFO] [stdout] 
[INFO] [stdout] 
[INFO] [stdout] error: aborting due to 3 previous errors
[INFO] [stdout] 
[INFO] [stdout] 
[INFO] [stdout] Some errors have detailed explanations: E0412, E0422.
[INFO] [stdout] 
[INFO] [stdout] For more information about an error, try `rustc --explain E0412`.
[INFO] [stdout] 
[INFO] [stdout] error: aborting due to 3 previous errors
[INFO] [stdout] 
[INFO] [stdout] 
[INFO] [stdout] Some errors have detailed explanations: E0412, E0422.
[INFO] [stdout] 
[INFO] [stdout] For more information about an error, try `rustc --explain E0412`.
[INFO] [stdout] 
[INFO] [stderr] error: could not compile `dottools` (lib test) due to 4 previous errors
[INFO] [stderr] warning: build failed, waiting for other jobs to finish...
[INFO] [stderr] error: could not compile `dottools` (lib) due to 4 previous errors
[INFO] running `Command { std: "docker" "inspect" "fa971f4ba9bd2a9e7f96c790f863ad05a78cf3ce47ab604ba204535866982f3f", kill_on_drop: false }`
[INFO] running `Command { std: "docker" "rm" "-f" "fa971f4ba9bd2a9e7f96c790f863ad05a78cf3ce47ab604ba204535866982f3f", kill_on_drop: false }`
[INFO] [stdout] fa971f4ba9bd2a9e7f96c790f863ad05a78cf3ce47ab604ba204535866982f3f
