[INFO] fetching crate do-proxy 0.1.1...
[INFO] checking do-proxy-0.1.1 against nightly-2024-02-05 for check-cfg
[INFO] extracting crate do-proxy 0.1.1 into /workspace/builds/worker-5-tc1/source
[INFO] validating manifest of crates.io crate do-proxy 0.1.1 on toolchain nightly-2024-02-05
[INFO] running `Command { std: CARGO_HOME="/workspace/cargo-home" RUSTUP_HOME="/workspace/rustup-home" "/workspace/cargo-home/bin/cargo" "+nightly-2024-02-05" "metadata" "--manifest-path" "Cargo.toml" "--no-deps", kill_on_drop: false }`
[INFO] started tweaking crates.io crate do-proxy 0.1.1
[INFO] finished tweaking crates.io crate do-proxy 0.1.1
[INFO] tweaked toml for crates.io crate do-proxy 0.1.1 written to /workspace/builds/worker-5-tc1/source/Cargo.toml
[INFO] running `Command { std: CARGO_HOME="/workspace/cargo-home" RUSTUP_HOME="/workspace/rustup-home" "/workspace/cargo-home/bin/cargo" "+nightly-2024-02-05" "generate-lockfile" "--manifest-path" "Cargo.toml", kill_on_drop: false }`
[INFO] [stderr]     Blocking waiting for file lock on package cache
[INFO] [stderr]     Updating crates.io index
[INFO] running `Command { std: CARGO_HOME="/workspace/cargo-home" RUSTUP_HOME="/workspace/rustup-home" "/workspace/cargo-home/bin/cargo" "+nightly-2024-02-05" "fetch" "--manifest-path" "Cargo.toml", kill_on_drop: false }`
[INFO] [stderr]  Downloading crates ...
[INFO] [stderr]   Downloaded worker-macros v0.0.6
[INFO] [stderr]   Downloaded chrono-tz-build v0.0.3
[INFO] [stderr]   Downloaded worker-sys v0.0.6
[INFO] [stderr]   Downloaded worker-kv v0.5.1
[INFO] [stderr]   Downloaded matchit v0.4.6
[INFO] [stderr]   Downloaded chrono-tz v0.6.3
[INFO] [stderr]   Downloaded worker v0.0.12
[INFO] running `Command { std: "docker" "create" "-v" "/var/lib/crater-agent-workspace/builds/worker-5-tc1/target:/opt/rustwide/target:rw,Z" "-v" "/var/lib/crater-agent-workspace/builds/worker-5-tc1/source:/opt/rustwide/workdir:ro,Z" "-v" "/var/lib/crater-agent-workspace/cargo-home:/opt/rustwide/cargo-home:ro,Z" "-v" "/var/lib/crater-agent-workspace/rustup-home:/opt/rustwide/rustup-home:ro,Z" "-e" "SOURCE_DIR=/opt/rustwide/workdir" "-e" "CARGO_TARGET_DIR=/opt/rustwide/target" "-e" "CARGO_HOME=/opt/rustwide/cargo-home" "-e" "RUSTUP_HOME=/opt/rustwide/rustup-home" "-w" "/opt/rustwide/workdir" "-m" "1610612736" "--user" "0:0" "--network" "none" "ghcr.io/rust-lang/crates-build-env/linux@sha256:2788e3201cd34a07e3172128adcd8b3090168a8e3bcc40d7c032b9dda1df7d1c" "/opt/rustwide/cargo-home/bin/cargo" "+nightly-2024-02-05" "metadata" "--no-deps" "--format-version=1", kill_on_drop: false }`
[INFO] [stdout] e9c58d32fef3e6cf36a30bdb1ec01f66c535d2299301fc51b4b79372040b338a
[INFO] running `Command { std: "docker" "start" "-a" "e9c58d32fef3e6cf36a30bdb1ec01f66c535d2299301fc51b4b79372040b338a", kill_on_drop: false }`
[INFO] running `Command { std: "docker" "inspect" "e9c58d32fef3e6cf36a30bdb1ec01f66c535d2299301fc51b4b79372040b338a", kill_on_drop: false }`
[INFO] running `Command { std: "docker" "rm" "-f" "e9c58d32fef3e6cf36a30bdb1ec01f66c535d2299301fc51b4b79372040b338a", kill_on_drop: false }`
[INFO] [stdout] e9c58d32fef3e6cf36a30bdb1ec01f66c535d2299301fc51b4b79372040b338a
[INFO] running `Command { std: "docker" "create" "-v" "/var/lib/crater-agent-workspace/builds/worker-5-tc1/target:/opt/rustwide/target:rw,Z" "-v" "/var/lib/crater-agent-workspace/builds/worker-5-tc1/source:/opt/rustwide/workdir:ro,Z" "-v" "/var/lib/crater-agent-workspace/cargo-home:/opt/rustwide/cargo-home:ro,Z" "-v" "/var/lib/crater-agent-workspace/rustup-home:/opt/rustwide/rustup-home:ro,Z" "-e" "SOURCE_DIR=/opt/rustwide/workdir" "-e" "CARGO_TARGET_DIR=/opt/rustwide/target" "-e" "CARGO_INCREMENTAL=0" "-e" "RUST_BACKTRACE=full" "-e" "RUSTFLAGS=--cap-lints=forbid" "-e" "RUSTDOCFLAGS=--cap-lints=forbid" "-e" "CARGO_HOME=/opt/rustwide/cargo-home" "-e" "RUSTUP_HOME=/opt/rustwide/rustup-home" "-w" "/opt/rustwide/workdir" "-m" "1610612736" "--user" "0:0" "--network" "none" "ghcr.io/rust-lang/crates-build-env/linux@sha256:2788e3201cd34a07e3172128adcd8b3090168a8e3bcc40d7c032b9dda1df7d1c" "/opt/rustwide/cargo-home/bin/cargo" "+nightly-2024-02-05" "check" "--frozen" "--all" "--all-targets" "--message-format=json", kill_on_drop: false }`
[INFO] [stdout] 31814543b34acf2678f44e4cb796fa90380690f5b3bc9908ce514261bedf9a40
[INFO] running `Command { std: "docker" "start" "-a" "31814543b34acf2678f44e4cb796fa90380690f5b3bc9908ce514261bedf9a40", kill_on_drop: false }`
[INFO] [stderr]    Compiling wasm-bindgen v0.2.90
[INFO] [stderr]    Compiling uncased v0.9.10
[INFO] [stderr]    Compiling regex-syntax v0.8.2
[INFO] [stderr]     Checking futures-core v0.3.30
[INFO] [stderr]    Compiling async-trait v0.1.77
[INFO] [stderr]    Compiling syn v1.0.109
[INFO] [stderr]     Checking futures-io v0.3.30
[INFO] [stderr]     Checking futures-task v0.3.30
[INFO] [stderr]    Compiling syn v2.0.48
[INFO] [stderr]     Checking memchr v2.7.1
[INFO] [stderr]     Checking futures-sink v0.3.30
[INFO] [stderr]     Checking chrono v0.4.33
[INFO] [stderr]    Compiling paste v1.0.14
[INFO] [stderr]     Checking matchit v0.4.6
[INFO] [stderr]     Checking futures-channel v0.3.30
[INFO] [stderr]    Compiling phf_shared v0.11.2
[INFO] [stderr]     Checking phf v0.11.2
[INFO] [stderr]    Compiling phf_generator v0.11.2
[INFO] [stderr]    Compiling phf_codegen v0.11.2
[INFO] [stderr]    Compiling regex-automata v0.4.5
[INFO] [stderr]    Compiling regex v1.10.3
[INFO] [stderr]    Compiling wasm-bindgen-backend v0.2.90
[INFO] [stderr]    Compiling parse-zoneinfo v0.3.0
[INFO] [stderr]    Compiling chrono-tz-build v0.0.3
[INFO] [stderr]    Compiling serde_derive v1.0.196
[INFO] [stderr]    Compiling thiserror-impl v1.0.56
[INFO] [stderr]    Compiling futures-macro v0.3.30
[INFO] [stderr]    Compiling pin-project-internal v1.1.4
[INFO] [stderr]    Compiling chrono-tz v0.6.3
[INFO] [stderr]    Compiling wasm-bindgen-macro-support v0.2.90
[INFO] [stderr]     Checking futures-util v0.3.30
[INFO] [stderr]    Compiling wasm-bindgen-macro v0.2.90
[INFO] [stderr]     Checking thiserror v1.0.56
[INFO] [stderr]     Checking pin-project v1.1.4
[INFO] [stderr]    Compiling js-sys v0.3.67
[INFO] [stderr]     Checking serde v1.0.196
[INFO] [stderr]    Compiling web-sys v0.3.67
[INFO] [stderr]    Compiling wasm-bindgen-futures v0.4.40
[INFO] [stderr]     Checking serde_json v1.0.113
[INFO] [stderr]    Compiling worker-sys v0.0.6
[INFO] [stderr]    Compiling worker-macros v0.0.6
[INFO] [stdout] error[E0432]: unresolved imports `syn::FnArg`, `syn::ImplItem`, `syn::Item`
[INFO] [stdout]    --> /opt/rustwide/cargo-home/registry/src/index.crates.io-6f17d22bba15001f/worker-macros-0.0.6/src/durable_object.rs:3:36
[INFO] [stdout]     |
[INFO] [stdout] 3   | use syn::{spanned::Spanned, Error, FnArg, ImplItem, Item, Type, TypePath};
[INFO] [stdout]     |                                    ^^^^^  ^^^^^^^^  ^^^^ no `Item` in the root
[INFO] [stdout]     |                                    |      |
[INFO] [stdout]     |                                    |      no `ImplItem` in the root
[INFO] [stdout]     |                                    no `FnArg` in the root
[INFO] [stdout]     |
[INFO] [stdout] note: found an item that was configured out
[INFO] [stdout]    --> /opt/rustwide/cargo-home/registry/src/index.crates.io-6f17d22bba15001f/syn-1.0.109/src/lib.rs:363:5
[INFO] [stdout]     |
[INFO] [stdout] 363 |     FnArg, ForeignItem, ForeignItemFn, ForeignItemMacro, ForeignItemStatic, ForeignItemType,
[INFO] [stdout]     |     ^^^^^
[INFO] [stdout]     = note: the item is gated behind the `full` feature
[INFO] [stdout] note: found an item that was configured out
[INFO] [stdout]    --> /opt/rustwide/cargo-home/registry/src/index.crates.io-6f17d22bba15001f/syn-1.0.109/src/lib.rs:364:5
[INFO] [stdout]     |
[INFO] [stdout] 364 |     ImplItem, ImplItemConst, ImplItemMacro, ImplItemMethod, ImplItemType, Item, ItemConst,
[INFO] [stdout]     |     ^^^^^^^^
[INFO] [stdout]     = note: the item is gated behind the `full` feature
[INFO] [stdout] note: found an item that was configured out
[INFO] [stdout]    --> /opt/rustwide/cargo-home/registry/src/index.crates.io-6f17d22bba15001f/syn-1.0.109/src/lib.rs:364:75
[INFO] [stdout]     |
[INFO] [stdout] 364 |     ImplItem, ImplItemConst, ImplItemMacro, ImplItemMethod, ImplItemType, Item, ItemConst,
[INFO] [stdout]     |                                                                           ^^^^
[INFO] [stdout]     = note: the item is gated behind the `full` feature
[INFO] [stdout] 
[INFO] [stdout] 
[INFO] [stdout] error[E0432]: unresolved import `syn::ItemFn`
[INFO] [stdout]    --> /opt/rustwide/cargo-home/registry/src/index.crates.io-6f17d22bba15001f/worker-macros-0.0.6/src/event.rs:3:75
[INFO] [stdout]     |
[INFO] [stdout] 3   | use syn::{parse_macro_input, punctuated::Punctuated, token::Comma, Ident, ItemFn};
[INFO] [stdout]     |                                                                           ^^^^^^ no `ItemFn` in the root
[INFO] [stdout]     |
[INFO] [stdout] note: found an item that was configured out
[INFO] [stdout]    --> /opt/rustwide/cargo-home/registry/src/index.crates.io-6f17d22bba15001f/syn-1.0.109/src/lib.rs:365:32
[INFO] [stdout]     |
[INFO] [stdout] 365 |     ItemEnum, ItemExternCrate, ItemFn, ItemForeignMod, ItemImpl, ItemMacro, ItemMacro2, ItemMod,
[INFO] [stdout]     |                                ^^^^^^
[INFO] [stdout]     = note: the item is gated behind the `full` feature
[INFO] [stdout] 
[INFO] [stdout] 
[INFO] [stdout] error: aborting due to 2 previous errors
[INFO] [stdout] 
[INFO] [stdout] 
[INFO] [stdout] For more information about this error, try `rustc --explain E0432`.
[INFO] [stdout] 
[INFO] [stderr] error: could not compile `worker-macros` (lib) due to 3 previous errors
[INFO] [stderr] warning: build failed, waiting for other jobs to finish...
[INFO] running `Command { std: "docker" "inspect" "31814543b34acf2678f44e4cb796fa90380690f5b3bc9908ce514261bedf9a40", kill_on_drop: false }`
[INFO] running `Command { std: "docker" "rm" "-f" "31814543b34acf2678f44e4cb796fa90380690f5b3bc9908ce514261bedf9a40", kill_on_drop: false }`
[INFO] [stdout] 31814543b34acf2678f44e4cb796fa90380690f5b3bc9908ce514261bedf9a40
[INFO] checking do-proxy-0.1.1 against nightly-2024-02-05+rustflags=-Dunexpected_cfgs+cargoflags=-Zcheck-cfg for check-cfg
[INFO] extracting crate do-proxy 0.1.1 into /workspace/builds/worker-5-tc2/source
[INFO] validating manifest of crates.io crate do-proxy 0.1.1 on toolchain nightly-2024-02-05
[INFO] running `Command { std: CARGO_HOME="/workspace/cargo-home" RUSTUP_HOME="/workspace/rustup-home" "/workspace/cargo-home/bin/cargo" "+nightly-2024-02-05" "metadata" "--manifest-path" "Cargo.toml" "--no-deps", kill_on_drop: false }`
[INFO] started tweaking crates.io crate do-proxy 0.1.1
[INFO] finished tweaking crates.io crate do-proxy 0.1.1
[INFO] tweaked toml for crates.io crate do-proxy 0.1.1 written to /workspace/builds/worker-5-tc2/source/Cargo.toml
[INFO] running `Command { std: CARGO_HOME="/workspace/cargo-home" RUSTUP_HOME="/workspace/rustup-home" "/workspace/cargo-home/bin/cargo" "+nightly-2024-02-05" "generate-lockfile" "--manifest-path" "Cargo.toml", kill_on_drop: false }`
[INFO] [stderr]     Updating crates.io index
[INFO] running `Command { std: CARGO_HOME="/workspace/cargo-home" RUSTUP_HOME="/workspace/rustup-home" "/workspace/cargo-home/bin/cargo" "+nightly-2024-02-05" "fetch" "--manifest-path" "Cargo.toml", kill_on_drop: false }`
[INFO] running `Command { std: "docker" "create" "-v" "/var/lib/crater-agent-workspace/builds/worker-5-tc2/target:/opt/rustwide/target:rw,Z" "-v" "/var/lib/crater-agent-workspace/builds/worker-5-tc2/source:/opt/rustwide/workdir:ro,Z" "-v" "/var/lib/crater-agent-workspace/cargo-home:/opt/rustwide/cargo-home:ro,Z" "-v" "/var/lib/crater-agent-workspace/rustup-home:/opt/rustwide/rustup-home:ro,Z" "-e" "SOURCE_DIR=/opt/rustwide/workdir" "-e" "CARGO_TARGET_DIR=/opt/rustwide/target" "-e" "CARGO_HOME=/opt/rustwide/cargo-home" "-e" "RUSTUP_HOME=/opt/rustwide/rustup-home" "-w" "/opt/rustwide/workdir" "-m" "1610612736" "--user" "0:0" "--network" "none" "ghcr.io/rust-lang/crates-build-env/linux@sha256:2788e3201cd34a07e3172128adcd8b3090168a8e3bcc40d7c032b9dda1df7d1c" "/opt/rustwide/cargo-home/bin/cargo" "+nightly-2024-02-05" "metadata" "--no-deps" "--format-version=1", kill_on_drop: false }`
[INFO] [stdout] ca8615330ed5e04a8ca3c7c003008522ad39755b8fd5bd506e33059d9bf6e755
[INFO] running `Command { std: "docker" "start" "-a" "ca8615330ed5e04a8ca3c7c003008522ad39755b8fd5bd506e33059d9bf6e755", kill_on_drop: false }`
[INFO] running `Command { std: "docker" "inspect" "ca8615330ed5e04a8ca3c7c003008522ad39755b8fd5bd506e33059d9bf6e755", kill_on_drop: false }`
[INFO] running `Command { std: "docker" "rm" "-f" "ca8615330ed5e04a8ca3c7c003008522ad39755b8fd5bd506e33059d9bf6e755", kill_on_drop: false }`
[INFO] [stdout] ca8615330ed5e04a8ca3c7c003008522ad39755b8fd5bd506e33059d9bf6e755
[INFO] running `Command { std: "docker" "create" "-v" "/var/lib/crater-agent-workspace/builds/worker-5-tc2/target:/opt/rustwide/target:rw,Z" "-v" "/var/lib/crater-agent-workspace/builds/worker-5-tc2/source:/opt/rustwide/workdir:ro,Z" "-v" "/var/lib/crater-agent-workspace/cargo-home:/opt/rustwide/cargo-home:ro,Z" "-v" "/var/lib/crater-agent-workspace/rustup-home:/opt/rustwide/rustup-home:ro,Z" "-e" "SOURCE_DIR=/opt/rustwide/workdir" "-e" "CARGO_TARGET_DIR=/opt/rustwide/target" "-e" "CARGO_INCREMENTAL=0" "-e" "RUST_BACKTRACE=full" "-e" "RUSTFLAGS=--cap-lints=forbid -Dunexpected_cfgs" "-e" "RUSTDOCFLAGS=--cap-lints=forbid" "-e" "CARGO_HOME=/opt/rustwide/cargo-home" "-e" "RUSTUP_HOME=/opt/rustwide/rustup-home" "-w" "/opt/rustwide/workdir" "-m" "1610612736" "--user" "0:0" "--network" "none" "ghcr.io/rust-lang/crates-build-env/linux@sha256:2788e3201cd34a07e3172128adcd8b3090168a8e3bcc40d7c032b9dda1df7d1c" "/opt/rustwide/cargo-home/bin/cargo" "+nightly-2024-02-05" "check" "--frozen" "--all" "--all-targets" "--message-format=json" "-Zcheck-cfg", kill_on_drop: false }`
[INFO] [stdout] c16e12542df0a9beeaf02f7ecf40902a533d1987dfc695766dca6275acddf3de
[INFO] running `Command { std: "docker" "start" "-a" "c16e12542df0a9beeaf02f7ecf40902a533d1987dfc695766dca6275acddf3de", kill_on_drop: false }`
[INFO] [stderr]    Compiling wasm-bindgen v0.2.90
[INFO] [stderr]    Compiling uncased v0.9.10
[INFO] [stderr]    Compiling regex-syntax v0.8.2
[INFO] [stderr]    Compiling async-trait v0.1.77
[INFO] [stderr]     Checking futures-core v0.3.30
[INFO] [stderr]    Compiling syn v1.0.109
[INFO] [stderr]     Checking futures-io v0.3.30
[INFO] [stderr]    Compiling syn v2.0.48
[INFO] [stderr]     Checking futures-task v0.3.30
[INFO] [stderr]     Checking memchr v2.7.1
[INFO] [stderr]     Checking futures-sink v0.3.30
[INFO] [stderr]     Checking chrono v0.4.33
[INFO] [stderr]    Compiling paste v1.0.14
[INFO] [stderr]     Checking matchit v0.4.6
[INFO] [stderr]     Checking futures-channel v0.3.30
[INFO] [stderr]    Compiling phf_shared v0.11.2
[INFO] [stderr]     Checking phf v0.11.2
[INFO] [stderr]    Compiling phf_generator v0.11.2
[INFO] [stderr]    Compiling phf_codegen v0.11.2
[INFO] [stderr]    Compiling regex-automata v0.4.5
[INFO] [stderr]    Compiling wasm-bindgen-backend v0.2.90
[INFO] [stderr]    Compiling regex v1.10.3
[INFO] [stderr]    Compiling parse-zoneinfo v0.3.0
[INFO] [stderr]    Compiling serde_derive v1.0.196
[INFO] [stderr]    Compiling futures-macro v0.3.30
[INFO] [stderr]    Compiling thiserror-impl v1.0.56
[INFO] [stderr]    Compiling pin-project-internal v1.1.4
[INFO] [stderr]    Compiling chrono-tz-build v0.0.3
[INFO] [stderr]    Compiling wasm-bindgen-macro-support v0.2.90
[INFO] [stderr]    Compiling chrono-tz v0.6.3
[INFO] [stderr]    Compiling wasm-bindgen-macro v0.2.90
[INFO] [stderr]     Checking futures-util v0.3.30
[INFO] [stderr]     Checking thiserror v1.0.56
[INFO] [stderr]     Checking pin-project v1.1.4
[INFO] [stderr]    Compiling js-sys v0.3.67
[INFO] [stderr]     Checking serde v1.0.196
[INFO] [stderr]    Compiling web-sys v0.3.67
[INFO] [stderr]    Compiling wasm-bindgen-futures v0.4.40
[INFO] [stderr]     Checking serde_json v1.0.113
[INFO] [stderr]    Compiling worker-sys v0.0.6
[INFO] [stderr]    Compiling worker-macros v0.0.6
[INFO] [stdout] error[E0432]: unresolved imports `syn::FnArg`, `syn::ImplItem`, `syn::Item`
[INFO] [stdout]    --> /opt/rustwide/cargo-home/registry/src/index.crates.io-6f17d22bba15001f/worker-macros-0.0.6/src/durable_object.rs:3:36
[INFO] [stdout]     |
[INFO] [stdout] 3   | use syn::{spanned::Spanned, Error, FnArg, ImplItem, Item, Type, TypePath};
[INFO] [stdout]     |                                    ^^^^^  ^^^^^^^^  ^^^^ no `Item` in the root
[INFO] [stdout]     |                                    |      |
[INFO] [stdout]     |                                    |      no `ImplItem` in the root
[INFO] [stdout]     |                                    no `FnArg` in the root
[INFO] [stdout]     |
[INFO] [stdout] note: found an item that was configured out
[INFO] [stdout]    --> /opt/rustwide/cargo-home/registry/src/index.crates.io-6f17d22bba15001f/syn-1.0.109/src/lib.rs:363:5
[INFO] [stdout]     |
[INFO] [stdout] 363 |     FnArg, ForeignItem, ForeignItemFn, ForeignItemMacro, ForeignItemStatic, ForeignItemType,
[INFO] [stdout]     |     ^^^^^
[INFO] [stdout]     = note: the item is gated behind the `full` feature
[INFO] [stdout] note: found an item that was configured out
[INFO] [stdout]    --> /opt/rustwide/cargo-home/registry/src/index.crates.io-6f17d22bba15001f/syn-1.0.109/src/lib.rs:364:5
[INFO] [stdout]     |
[INFO] [stdout] 364 |     ImplItem, ImplItemConst, ImplItemMacro, ImplItemMethod, ImplItemType, Item, ItemConst,
[INFO] [stdout]     |     ^^^^^^^^
[INFO] [stdout]     = note: the item is gated behind the `full` feature
[INFO] [stdout] note: found an item that was configured out
[INFO] [stdout]    --> /opt/rustwide/cargo-home/registry/src/index.crates.io-6f17d22bba15001f/syn-1.0.109/src/lib.rs:364:75
[INFO] [stdout]     |
[INFO] [stdout] 364 |     ImplItem, ImplItemConst, ImplItemMacro, ImplItemMethod, ImplItemType, Item, ItemConst,
[INFO] [stdout]     |                                                                           ^^^^
[INFO] [stdout]     = note: the item is gated behind the `full` feature
[INFO] [stdout] 
[INFO] [stdout] 
[INFO] [stdout] error[E0432]: unresolved import `syn::ItemFn`
[INFO] [stdout]    --> /opt/rustwide/cargo-home/registry/src/index.crates.io-6f17d22bba15001f/worker-macros-0.0.6/src/event.rs:3:75
[INFO] [stdout]     |
[INFO] [stdout] 3   | use syn::{parse_macro_input, punctuated::Punctuated, token::Comma, Ident, ItemFn};
[INFO] [stdout]     |                                                                           ^^^^^^ no `ItemFn` in the root
[INFO] [stdout]     |
[INFO] [stdout] note: found an item that was configured out
[INFO] [stdout]    --> /opt/rustwide/cargo-home/registry/src/index.crates.io-6f17d22bba15001f/syn-1.0.109/src/lib.rs:365:32
[INFO] [stdout]     |
[INFO] [stdout] 365 |     ItemEnum, ItemExternCrate, ItemFn, ItemForeignMod, ItemImpl, ItemMacro, ItemMacro2, ItemMod,
[INFO] [stdout]     |                                ^^^^^^
[INFO] [stdout]     = note: the item is gated behind the `full` feature
[INFO] [stdout] 
[INFO] [stdout] 
[INFO] [stdout] error: aborting due to 2 previous errors
[INFO] [stdout] 
[INFO] [stdout] 
[INFO] [stdout] For more information about this error, try `rustc --explain E0432`.
[INFO] [stdout] 
[INFO] [stderr] error: could not compile `worker-macros` (lib) due to 3 previous errors
[INFO] [stderr] warning: build failed, waiting for other jobs to finish...
[INFO] running `Command { std: "docker" "inspect" "c16e12542df0a9beeaf02f7ecf40902a533d1987dfc695766dca6275acddf3de", kill_on_drop: false }`
[INFO] running `Command { std: "docker" "rm" "-f" "c16e12542df0a9beeaf02f7ecf40902a533d1987dfc695766dca6275acddf3de", kill_on_drop: false }`
[INFO] [stdout] c16e12542df0a9beeaf02f7ecf40902a533d1987dfc695766dca6275acddf3de
