[INFO] fetching crate dll-injector 0.1.2...
[INFO] checking dll-injector-0.1.2 against nightly-2024-02-05 for check-cfg
[INFO] extracting crate dll-injector 0.1.2 into /workspace/builds/worker-0-tc1/source
[INFO] validating manifest of crates.io crate dll-injector 0.1.2 on toolchain nightly-2024-02-05
[INFO] running `Command { std: CARGO_HOME="/workspace/cargo-home" RUSTUP_HOME="/workspace/rustup-home" "/workspace/cargo-home/bin/cargo" "+nightly-2024-02-05" "metadata" "--manifest-path" "Cargo.toml" "--no-deps", kill_on_drop: false }`
[INFO] started tweaking crates.io crate dll-injector 0.1.2
[INFO] finished tweaking crates.io crate dll-injector 0.1.2
[INFO] tweaked toml for crates.io crate dll-injector 0.1.2 written to /workspace/builds/worker-0-tc1/source/Cargo.toml
[INFO] running `Command { std: CARGO_HOME="/workspace/cargo-home" RUSTUP_HOME="/workspace/rustup-home" "/workspace/cargo-home/bin/cargo" "+nightly-2024-02-05" "generate-lockfile" "--manifest-path" "Cargo.toml", kill_on_drop: false }`
[INFO] [stderr]     Updating crates.io index
[INFO] running `Command { std: CARGO_HOME="/workspace/cargo-home" RUSTUP_HOME="/workspace/rustup-home" "/workspace/cargo-home/bin/cargo" "+nightly-2024-02-05" "fetch" "--manifest-path" "Cargo.toml", kill_on_drop: false }`
[INFO] [stderr]  Downloading crates ...
[INFO] [stderr]   Downloaded md-5 v0.9.1
[INFO] [stderr]   Downloaded iced-x86 v1.21.0
[INFO] [stderr]   Downloaded exe v0.4.6
[INFO] running `Command { std: "docker" "create" "-v" "/var/lib/crater-agent-workspace/builds/worker-0-tc1/target:/opt/rustwide/target:rw,Z" "-v" "/var/lib/crater-agent-workspace/builds/worker-0-tc1/source:/opt/rustwide/workdir:ro,Z" "-v" "/var/lib/crater-agent-workspace/cargo-home:/opt/rustwide/cargo-home:ro,Z" "-v" "/var/lib/crater-agent-workspace/rustup-home:/opt/rustwide/rustup-home:ro,Z" "-e" "SOURCE_DIR=/opt/rustwide/workdir" "-e" "CARGO_TARGET_DIR=/opt/rustwide/target" "-e" "CARGO_HOME=/opt/rustwide/cargo-home" "-e" "RUSTUP_HOME=/opt/rustwide/rustup-home" "-w" "/opt/rustwide/workdir" "-m" "1610612736" "--user" "0:0" "--network" "none" "ghcr.io/rust-lang/crates-build-env/linux@sha256:2788e3201cd34a07e3172128adcd8b3090168a8e3bcc40d7c032b9dda1df7d1c" "/opt/rustwide/cargo-home/bin/cargo" "+nightly-2024-02-05" "metadata" "--no-deps" "--format-version=1", kill_on_drop: false }`
[INFO] [stdout] 0a605f68acfaf1a56f914a6f0f92115af0cdd4a5c0941729edfcfb93307f1614
[INFO] running `Command { std: "docker" "start" "-a" "0a605f68acfaf1a56f914a6f0f92115af0cdd4a5c0941729edfcfb93307f1614", kill_on_drop: false }`
[INFO] running `Command { std: "docker" "inspect" "0a605f68acfaf1a56f914a6f0f92115af0cdd4a5c0941729edfcfb93307f1614", kill_on_drop: false }`
[INFO] running `Command { std: "docker" "rm" "-f" "0a605f68acfaf1a56f914a6f0f92115af0cdd4a5c0941729edfcfb93307f1614", kill_on_drop: false }`
[INFO] [stdout] 0a605f68acfaf1a56f914a6f0f92115af0cdd4a5c0941729edfcfb93307f1614
[INFO] running `Command { std: "docker" "create" "-v" "/var/lib/crater-agent-workspace/builds/worker-0-tc1/target:/opt/rustwide/target:rw,Z" "-v" "/var/lib/crater-agent-workspace/builds/worker-0-tc1/source:/opt/rustwide/workdir:ro,Z" "-v" "/var/lib/crater-agent-workspace/cargo-home:/opt/rustwide/cargo-home:ro,Z" "-v" "/var/lib/crater-agent-workspace/rustup-home:/opt/rustwide/rustup-home:ro,Z" "-e" "SOURCE_DIR=/opt/rustwide/workdir" "-e" "CARGO_TARGET_DIR=/opt/rustwide/target" "-e" "CARGO_INCREMENTAL=0" "-e" "RUST_BACKTRACE=full" "-e" "RUSTFLAGS=--cap-lints=forbid" "-e" "RUSTDOCFLAGS=--cap-lints=forbid" "-e" "CARGO_HOME=/opt/rustwide/cargo-home" "-e" "RUSTUP_HOME=/opt/rustwide/rustup-home" "-w" "/opt/rustwide/workdir" "-m" "1610612736" "--user" "0:0" "--network" "none" "ghcr.io/rust-lang/crates-build-env/linux@sha256:2788e3201cd34a07e3172128adcd8b3090168a8e3bcc40d7c032b9dda1df7d1c" "/opt/rustwide/cargo-home/bin/cargo" "+nightly-2024-02-05" "check" "--frozen" "--all" "--all-targets" "--message-format=json", kill_on_drop: false }`
[INFO] [stdout] 95c8c51f9d670c8c7cea56a1b9ba439efb97526ce6c886be3ac70d6852020db1
[INFO] running `Command { std: "docker" "start" "-a" "95c8c51f9d670c8c7cea56a1b9ba439efb97526ce6c886be3ac70d6852020db1", kill_on_drop: false }`
[INFO] [stderr]    Compiling version_check v0.9.4
[INFO] [stderr]    Compiling typenum v1.17.0
[INFO] [stderr]    Compiling proc-macro2 v1.0.78
[INFO] [stderr]    Compiling unicode-ident v1.0.12
[INFO] [stderr]    Compiling autocfg v1.1.0
[INFO] [stderr]     Checking opaque-debug v0.3.0
[INFO] [stderr]     Checking cfg-if v1.0.0
[INFO] [stderr]     Checking cpufeatures v0.2.12
[INFO] [stderr]    Compiling thiserror v1.0.56
[INFO] [stderr]    Compiling winapi v0.3.9
[INFO] [stderr]     Checking iana-time-zone v0.1.60
[INFO] [stderr]     Checking widestring v0.4.3
[INFO] [stderr]     Checking byteorder v1.5.0
[INFO] [stderr]     Checking bitflags v1.3.2
[INFO] [stderr]     Checking lazy_static v1.4.0
[INFO] [stderr]     Checking hex v0.4.3
[INFO] [stderr]    Compiling generic-array v0.14.7
[INFO] [stderr]    Compiling num-traits v0.2.17
[INFO] [stderr]     Checking iced-x86 v1.21.0
[INFO] [stderr]    Compiling quote v1.0.35
[INFO] [stderr]    Compiling syn v2.0.48
[INFO] [stderr]     Checking block-buffer v0.9.0
[INFO] [stderr]     Checking digest v0.9.0
[INFO] [stderr]     Checking sha-1 v0.9.8
[INFO] [stderr]     Checking sha2 v0.9.9
[INFO] [stderr]     Checking md-5 v0.9.1
[INFO] [stderr]     Checking chrono v0.4.33
[INFO] [stderr]     Checking exe v0.4.6
[INFO] [stderr]    Compiling thiserror-impl v1.0.56
[INFO] [stderr]     Checking dll-injector v0.1.2 (/opt/rustwide/workdir)
[INFO] [stdout] error[E0433]: failed to resolve: could not find `shared` in `winapi`
[INFO] [stdout]  --> src/injector.rs:4:13
[INFO] [stdout]   |
[INFO] [stdout] 4 | use winapi::shared::minwindef::{DWORD, LPCVOID, LPVOID};
[INFO] [stdout]   |             ^^^^^^ could not find `shared` in `winapi`
[INFO] [stdout] 
[INFO] [stdout] 
[INFO] [stdout] error[E0433]: failed to resolve: could not find `um` in `winapi`
[INFO] [stdout]  --> src/injector.rs:5:13
[INFO] [stdout]   |
[INFO] [stdout] 5 | use winapi::um::errhandlingapi::GetLastError;
[INFO] [stdout]   |             ^^ could not find `um` in `winapi`
[INFO] [stdout] 
[INFO] [stdout] 
[INFO] [stdout] error[E0433]: failed to resolve: could not find `um` in `winapi`
[INFO] [stdout]  --> src/injector.rs:6:13
[INFO] [stdout]   |
[INFO] [stdout] 6 | use winapi::um::handleapi::CloseHandle;
[INFO] [stdout]   |             ^^ could not find `um` in `winapi`
[INFO] [stdout] 
[INFO] [stdout] 
[INFO] [stdout] error[E0433]: failed to resolve: could not find `um` in `winapi`
[INFO] [stdout]  --> src/injector.rs:7:13
[INFO] [stdout]   |
[INFO] [stdout] 7 | use winapi::um::libloaderapi::{GetModuleHandleA, GetProcAddress};
[INFO] [stdout]   |             ^^ could not find `um` in `winapi`
[INFO] [stdout] 
[INFO] [stdout] 
[INFO] [stdout] error[E0433]: failed to resolve: could not find `um` in `winapi`
[INFO] [stdout]  --> src/injector.rs:8:13
[INFO] [stdout]   |
[INFO] [stdout] 8 | use winapi::um::memoryapi::{VirtualAllocEx, VirtualFreeEx, WriteProcessMemory};
[INFO] [stdout]   |             ^^ could not find `um` in `winapi`
[INFO] [stdout] 
[INFO] [stdout] 
[INFO] [stdout] error[E0433]: failed to resolve: could not find `um` in `winapi`
[INFO] [stdout]  --> src/injector.rs:9:13
[INFO] [stdout]   |
[INFO] [stdout] 9 | use winapi::um::processthreadsapi::{CreateRemoteThread, GetExitCodeThread, OpenProcess};
[INFO] [stdout]   |             ^^ could not find `um` in `winapi`
[INFO] [stdout] 
[INFO] [stdout] 
[INFO] [stdout] error[E0433]: failed to resolve: could not find `um` in `winapi`
[INFO] [stdout]   --> src/injector.rs:10:13
[INFO] [stdout]    |
[INFO] [stdout] 10 | use winapi::um::synchapi::WaitForSingleObject;
[INFO] [stdout]    |             ^^ could not find `um` in `winapi`
[INFO] [stdout] 
[INFO] [stdout] 
[INFO] [stdout] error[E0433]: failed to resolve: could not find `um` in `winapi`
[INFO] [stdout]   --> src/injector.rs:11:13
[INFO] [stdout]    |
[INFO] [stdout] 11 | use winapi::um::winbase::INFINITE;
[INFO] [stdout]    |             ^^ could not find `um` in `winapi`
[INFO] [stdout] 
[INFO] [stdout] 
[INFO] [stdout] error[E0433]: failed to resolve: could not find `um` in `winapi`
[INFO] [stdout]   --> src/injector.rs:12:13
[INFO] [stdout]    |
[INFO] [stdout] 12 | use winapi::um::winnt::{HANDLE, MEM_COMMIT, MEM_RELEASE, PAGE_EXECUTE_READWRITE, PAGE_READWRITE};
[INFO] [stdout]    |             ^^ could not find `um` in `winapi`
[INFO] [stdout] 
[INFO] [stdout] 
[INFO] [stdout] error[E0433]: failed to resolve: could not find `um` in `winapi`
[INFO] [stdout]  --> src/shellcode.rs:7:13
[INFO] [stdout]   |
[INFO] [stdout] 7 | use winapi::um::errhandlingapi::GetLastError;
[INFO] [stdout]   |             ^^ could not find `um` in `winapi`
[INFO] [stdout] 
[INFO] [stdout] 
[INFO] [stdout] error[E0433]: failed to resolve: could not find `um` in `winapi`
[INFO] [stdout]  --> src/shellcode.rs:8:13
[INFO] [stdout]   |
[INFO] [stdout] 8 | use winapi::um::libloaderapi::{GetModuleHandleA, GetProcAddress};
[INFO] [stdout]   |             ^^ could not find `um` in `winapi`
[INFO] [stdout] 
[INFO] [stdout] 
[INFO] [stdout] error[E0433]: failed to resolve: could not find `um` in `winapi`
[INFO] [stdout]  --> src/shellcode.rs:9:13
[INFO] [stdout]   |
[INFO] [stdout] 9 | use winapi::um::winnt::DLL_PROCESS_ATTACH;
[INFO] [stdout]   |             ^^ could not find `um` in `winapi`
[INFO] [stdout] 
[INFO] [stdout] 
[INFO] [stdout] error[E0433]: failed to resolve: could not find `shared` in `winapi`
[INFO] [stdout]  --> src/injector.rs:4:13
[INFO] [stdout]   |
[INFO] [stdout] 4 | use winapi::shared::minwindef::{DWORD, LPCVOID, LPVOID};
[INFO] [stdout]   |             ^^^^^^ could not find `shared` in `winapi`
[INFO] [stdout] 
[INFO] [stdout] 
[INFO] [stdout] error[E0433]: failed to resolve: could not find `um` in `winapi`
[INFO] [stdout]  --> src/injector.rs:5:13
[INFO] [stdout]   |
[INFO] [stdout] 5 | use winapi::um::errhandlingapi::GetLastError;
[INFO] [stdout]   |             ^^ could not find `um` in `winapi`
[INFO] [stdout] 
[INFO] [stdout] 
[INFO] [stdout] error[E0433]: failed to resolve: could not find `um` in `winapi`
[INFO] [stdout]  --> src/injector.rs:6:13
[INFO] [stdout]   |
[INFO] [stdout] 6 | use winapi::um::handleapi::CloseHandle;
[INFO] [stdout]   |             ^^ could not find `um` in `winapi`
[INFO] [stdout] 
[INFO] [stdout] 
[INFO] [stdout] error[E0433]: failed to resolve: could not find `um` in `winapi`
[INFO] [stdout]  --> src/injector.rs:7:13
[INFO] [stdout]   |
[INFO] [stdout] 7 | use winapi::um::libloaderapi::{GetModuleHandleA, GetProcAddress};
[INFO] [stdout]   |             ^^ could not find `um` in `winapi`
[INFO] [stdout] 
[INFO] [stdout] 
[INFO] [stdout] error[E0433]: failed to resolve: could not find `um` in `winapi`
[INFO] [stdout]  --> src/injector.rs:8:13
[INFO] [stdout]   |
[INFO] [stdout] 8 | use winapi::um::memoryapi::{VirtualAllocEx, VirtualFreeEx, WriteProcessMemory};
[INFO] [stdout]   |             ^^ could not find `um` in `winapi`
[INFO] [stdout] 
[INFO] [stdout] 
[INFO] [stdout] error[E0433]: failed to resolve: could not find `um` in `winapi`
[INFO] [stdout]  --> src/injector.rs:9:13
[INFO] [stdout]   |
[INFO] [stdout] 9 | use winapi::um::processthreadsapi::{CreateRemoteThread, GetExitCodeThread, OpenProcess};
[INFO] [stdout]   |             ^^ could not find `um` in `winapi`
[INFO] [stdout] 
[INFO] [stdout] 
[INFO] [stdout] error[E0433]: failed to resolve: could not find `um` in `winapi`
[INFO] [stdout]   --> src/injector.rs:10:13
[INFO] [stdout]    |
[INFO] [stdout] 10 | use winapi::um::synchapi::WaitForSingleObject;
[INFO] [stdout]    |             ^^ could not find `um` in `winapi`
[INFO] [stdout] 
[INFO] [stdout] 
[INFO] [stdout] error[E0433]: failed to resolve: could not find `um` in `winapi`
[INFO] [stdout]   --> src/injector.rs:11:13
[INFO] [stdout]    |
[INFO] [stdout] 11 | use winapi::um::winbase::INFINITE;
[INFO] [stdout]    |             ^^ could not find `um` in `winapi`
[INFO] [stdout] 
[INFO] [stdout] 
[INFO] [stdout] error[E0433]: failed to resolve: could not find `um` in `winapi`
[INFO] [stdout]   --> src/injector.rs:12:13
[INFO] [stdout]    |
[INFO] [stdout] 12 | use winapi::um::winnt::{HANDLE, MEM_COMMIT, MEM_RELEASE, PAGE_EXECUTE_READWRITE, PAGE_READWRITE};
[INFO] [stdout]    |             ^^ could not find `um` in `winapi`
[INFO] [stdout] 
[INFO] [stdout] 
[INFO] [stdout] error[E0433]: failed to resolve: could not find `um` in `winapi`
[INFO] [stdout]  --> src/shellcode.rs:7:13
[INFO] [stdout]   |
[INFO] [stdout] 7 | use winapi::um::errhandlingapi::GetLastError;
[INFO] [stdout]   |             ^^ could not find `um` in `winapi`
[INFO] [stdout] 
[INFO] [stdout] 
[INFO] [stdout] error[E0433]: failed to resolve: could not find `um` in `winapi`
[INFO] [stdout]  --> src/shellcode.rs:8:13
[INFO] [stdout]   |
[INFO] [stdout] 8 | use winapi::um::libloaderapi::{GetModuleHandleA, GetProcAddress};
[INFO] [stdout]   |             ^^ could not find `um` in `winapi`
[INFO] [stdout] 
[INFO] [stdout] 
[INFO] [stdout] error[E0433]: failed to resolve: could not find `um` in `winapi`
[INFO] [stdout]  --> src/shellcode.rs:9:13
[INFO] [stdout]   |
[INFO] [stdout] 9 | use winapi::um::winnt::DLL_PROCESS_ATTACH;
[INFO] [stdout]   |             ^^ could not find `um` in `winapi`
[INFO] [stdout] 
[INFO] [stdout] 
[INFO] [stdout] error[E0433]: failed to resolve: could not find `um` in `winapi`
[INFO] [stdout]   --> src/injector.rs:54:17
[INFO] [stdout]    |
[INFO] [stdout] 54 |         winapi::um::winnt::PROCESS_ALL_ACCESS,
[INFO] [stdout]    |                 ^^ could not find `um` in `winapi`
[INFO] [stdout] 
[INFO] [stdout] 
[INFO] [stdout] error[E0433]: failed to resolve: could not find `shared` in `winapi`
[INFO] [stdout]   --> src/injector.rs:55:17
[INFO] [stdout]    |
[INFO] [stdout] 55 |         winapi::shared::minwindef::FALSE,
[INFO] [stdout]    |                 ^^^^^^ could not find `shared` in `winapi`
[INFO] [stdout] 
[INFO] [stdout] 
[INFO] [stdout] error[E0433]: failed to resolve: could not find `um` in `winapi`
[INFO] [stdout]   --> src/injector.rs:54:17
[INFO] [stdout]    |
[INFO] [stdout] 54 |         winapi::um::winnt::PROCESS_ALL_ACCESS,
[INFO] [stdout]    |                 ^^ could not find `um` in `winapi`
[INFO] [stdout] 
[INFO] [stdout] 
[INFO] [stdout] error[E0433]: failed to resolve: could not find `shared` in `winapi`
[INFO] [stdout]   --> src/injector.rs:55:17
[INFO] [stdout]    |
[INFO] [stdout] 55 |         winapi::shared::minwindef::FALSE,
[INFO] [stdout]    |                 ^^^^^^ could not find `shared` in `winapi`
[INFO] [stdout] 
[INFO] [stdout] 
[INFO] [stdout] error: aborting due to 14 previous errors
[INFO] [stdout] 
[INFO] [stdout] 
[INFO] [stdout] For more information about this error, try `rustc --explain E0433`.
[INFO] [stdout] 
[INFO] [stderr] error: could not compile `dll-injector` (lib) due to 15 previous errors
[INFO] [stderr] warning: build failed, waiting for other jobs to finish...
[INFO] [stdout] error: aborting due to 14 previous errors
[INFO] [stdout] 
[INFO] [stdout] 
[INFO] [stdout] For more information about this error, try `rustc --explain E0433`.
[INFO] [stdout] 
[INFO] [stderr] error: could not compile `dll-injector` (lib test) due to 15 previous errors
[INFO] running `Command { std: "docker" "inspect" "95c8c51f9d670c8c7cea56a1b9ba439efb97526ce6c886be3ac70d6852020db1", kill_on_drop: false }`
[INFO] running `Command { std: "docker" "rm" "-f" "95c8c51f9d670c8c7cea56a1b9ba439efb97526ce6c886be3ac70d6852020db1", kill_on_drop: false }`
[INFO] [stdout] 95c8c51f9d670c8c7cea56a1b9ba439efb97526ce6c886be3ac70d6852020db1
