[INFO] fetching crate dkernel-card 0.0.0...
[INFO] checking dkernel-card-0.0.0 against nightly-2024-02-05 for check-cfg
[INFO] extracting crate dkernel-card 0.0.0 into /workspace/builds/worker-7-tc1/source
[INFO] validating manifest of crates.io crate dkernel-card 0.0.0 on toolchain nightly-2024-02-05
[INFO] running `Command { std: CARGO_HOME="/workspace/cargo-home" RUSTUP_HOME="/workspace/rustup-home" "/workspace/cargo-home/bin/cargo" "+nightly-2024-02-05" "metadata" "--manifest-path" "Cargo.toml" "--no-deps", kill_on_drop: false }`
[INFO] started tweaking crates.io crate dkernel-card 0.0.0
[INFO] finished tweaking crates.io crate dkernel-card 0.0.0
[INFO] tweaked toml for crates.io crate dkernel-card 0.0.0 written to /workspace/builds/worker-7-tc1/source/Cargo.toml
[INFO] running `Command { std: CARGO_HOME="/workspace/cargo-home" RUSTUP_HOME="/workspace/rustup-home" "/workspace/cargo-home/bin/cargo" "+nightly-2024-02-05" "generate-lockfile" "--manifest-path" "Cargo.toml", kill_on_drop: false }`
[INFO] [stderr]     Updating crates.io index
[INFO] running `Command { std: CARGO_HOME="/workspace/cargo-home" RUSTUP_HOME="/workspace/rustup-home" "/workspace/cargo-home/bin/cargo" "+nightly-2024-02-05" "fetch" "--manifest-path" "Cargo.toml", kill_on_drop: false }`
[INFO] [stderr]  Downloading crates ...
[INFO] [stderr]   Downloaded deskc-file v0.0.0
[INFO] [stderr]   Downloaded deskc-types v0.0.0
[INFO] [stderr]   Downloaded deskc-link v0.0.0
[INFO] [stderr]   Downloaded deskc-hir v0.0.0
[INFO] running `Command { std: "docker" "create" "-v" "/var/lib/crater-agent-workspace/builds/worker-7-tc1/target:/opt/rustwide/target:rw,Z" "-v" "/var/lib/crater-agent-workspace/builds/worker-7-tc1/source:/opt/rustwide/workdir:ro,Z" "-v" "/var/lib/crater-agent-workspace/cargo-home:/opt/rustwide/cargo-home:ro,Z" "-v" "/var/lib/crater-agent-workspace/rustup-home:/opt/rustwide/rustup-home:ro,Z" "-e" "SOURCE_DIR=/opt/rustwide/workdir" "-e" "CARGO_TARGET_DIR=/opt/rustwide/target" "-e" "CARGO_HOME=/opt/rustwide/cargo-home" "-e" "RUSTUP_HOME=/opt/rustwide/rustup-home" "-w" "/opt/rustwide/workdir" "-m" "1610612736" "--user" "0:0" "--network" "none" "ghcr.io/rust-lang/crates-build-env/linux@sha256:2788e3201cd34a07e3172128adcd8b3090168a8e3bcc40d7c032b9dda1df7d1c" "/opt/rustwide/cargo-home/bin/cargo" "+nightly-2024-02-05" "metadata" "--no-deps" "--format-version=1", kill_on_drop: false }`
[INFO] [stdout] a58279d2b97e0383ade8f7525214e2e80483ad2b88e86c4927ac57bd44125f0c
[INFO] running `Command { std: "docker" "start" "-a" "a58279d2b97e0383ade8f7525214e2e80483ad2b88e86c4927ac57bd44125f0c", kill_on_drop: false }`
[INFO] running `Command { std: "docker" "inspect" "a58279d2b97e0383ade8f7525214e2e80483ad2b88e86c4927ac57bd44125f0c", kill_on_drop: false }`
[INFO] running `Command { std: "docker" "rm" "-f" "a58279d2b97e0383ade8f7525214e2e80483ad2b88e86c4927ac57bd44125f0c", kill_on_drop: false }`
[INFO] [stdout] a58279d2b97e0383ade8f7525214e2e80483ad2b88e86c4927ac57bd44125f0c
[INFO] running `Command { std: "docker" "create" "-v" "/var/lib/crater-agent-workspace/builds/worker-7-tc1/target:/opt/rustwide/target:rw,Z" "-v" "/var/lib/crater-agent-workspace/builds/worker-7-tc1/source:/opt/rustwide/workdir:ro,Z" "-v" "/var/lib/crater-agent-workspace/cargo-home:/opt/rustwide/cargo-home:ro,Z" "-v" "/var/lib/crater-agent-workspace/rustup-home:/opt/rustwide/rustup-home:ro,Z" "-e" "SOURCE_DIR=/opt/rustwide/workdir" "-e" "CARGO_TARGET_DIR=/opt/rustwide/target" "-e" "CARGO_INCREMENTAL=0" "-e" "RUST_BACKTRACE=full" "-e" "RUSTFLAGS=--cap-lints=forbid" "-e" "RUSTDOCFLAGS=--cap-lints=forbid" "-e" "CARGO_HOME=/opt/rustwide/cargo-home" "-e" "RUSTUP_HOME=/opt/rustwide/rustup-home" "-w" "/opt/rustwide/workdir" "-m" "1610612736" "--user" "0:0" "--network" "none" "ghcr.io/rust-lang/crates-build-env/linux@sha256:2788e3201cd34a07e3172128adcd8b3090168a8e3bcc40d7c032b9dda1df7d1c" "/opt/rustwide/cargo-home/bin/cargo" "+nightly-2024-02-05" "check" "--frozen" "--all" "--all-targets" "--message-format=json", kill_on_drop: false }`
[INFO] [stdout] 3b25452977ed93b5421ad8b566d1d88e3c511150b8c0cb92f9f41ac13fee0f28
[INFO] running `Command { std: "docker" "start" "-a" "3b25452977ed93b5421ad8b566d1d88e3c511150b8c0cb92f9f41ac13fee0f28", kill_on_drop: false }`
[INFO] [stderr]     Checking uuid v0.8.2
[INFO] [stderr]     Checking deskc-file v0.0.0
[INFO] [stderr]     Checking deskc-types v0.0.0
[INFO] [stderr]     Checking deskc-link v0.0.0
[INFO] [stderr]     Checking deskc-hir v0.0.0
[INFO] [stderr]     Checking dkernel-card v0.0.0 (/opt/rustwide/workdir)
[INFO] [stdout] error[E0277]: the trait bound `Expr: Eq` is not satisfied
[INFO] [stdout]   --> src/flat_node.rs:15:5
[INFO] [stdout]    |
[INFO] [stdout] 10 | #[derive(Clone, Debug, PartialEq, Eq)]
[INFO] [stdout]    |                                   -- in this derive macro expansion
[INFO] [stdout] ...
[INFO] [stdout] 15 |     pub attributes: Attributes,
[INFO] [stdout]    |     ^^^^^^^^^^^^^^^^^^^^^^^^^^ the trait `Eq` is not implemented for `Expr`, which is required by `HashMap<AttributeKey, Expr>: Eq`
[INFO] [stdout]    |
[INFO] [stdout]    = help: the trait `Eq` is implemented for `HashMap<K, V, S>`
[INFO] [stdout]    = note: required for `HashMap<AttributeKey, Expr>` to implement `Eq`
[INFO] [stdout] note: required by a bound in `AssertParamIsEq`
[INFO] [stdout]   --> /rustc/268dbbbc4b3fd71c5f360a4d0728295252430b5b/library/core/src/cmp.rs:339:1
[INFO] [stdout]    = note: this error originates in the derive macro `Eq` (in Nightly builds, run with -Z macro-backtrace for more info)
[INFO] [stdout] 
[INFO] [stdout] 
[INFO] [stdout] error[E0277]: the trait bound `Expr: Eq` is not satisfied
[INFO] [stdout]   --> src/node.rs:15:5
[INFO] [stdout]    |
[INFO] [stdout] 11 | #[derive(Clone, Debug, PartialEq, Eq)]
[INFO] [stdout]    |                                   -- in this derive macro expansion
[INFO] [stdout] ...
[INFO] [stdout] 15 |     pub attributes: HashMap<AttributeKey, Expr>,
[INFO] [stdout]    |     ^^^^^^^^^^^^^^^^^^^^^^^^^^^^^^^^^^^^^^^^^^^ the trait `Eq` is not implemented for `Expr`, which is required by `HashMap<AttributeKey, Expr>: Eq`
[INFO] [stdout]    |
[INFO] [stdout]    = help: the trait `Eq` is implemented for `HashMap<K, V, S>`
[INFO] [stdout]    = note: required for `HashMap<AttributeKey, Expr>` to implement `Eq`
[INFO] [stdout] note: required by a bound in `AssertParamIsEq`
[INFO] [stdout]   --> /rustc/268dbbbc4b3fd71c5f360a4d0728295252430b5b/library/core/src/cmp.rs:339:1
[INFO] [stdout]    = note: this error originates in the derive macro `Eq` (in Nightly builds, run with -Z macro-backtrace for more info)
[INFO] [stdout] 
[INFO] [stdout] 
[INFO] [stdout] error[E0277]: the trait bound `Expr: Eq` is not satisfied
[INFO] [stdout]   --> src/flat_node.rs:15:5
[INFO] [stdout]    |
[INFO] [stdout] 10 | #[derive(Clone, Debug, PartialEq, Eq)]
[INFO] [stdout]    |                                   -- in this derive macro expansion
[INFO] [stdout] ...
[INFO] [stdout] 15 |     pub attributes: Attributes,
[INFO] [stdout]    |     ^^^^^^^^^^^^^^^^^^^^^^^^^^ the trait `Eq` is not implemented for `Expr`, which is required by `HashMap<AttributeKey, Expr>: Eq`
[INFO] [stdout]    |
[INFO] [stdout]    = help: the trait `Eq` is implemented for `HashMap<K, V, S>`
[INFO] [stdout]    = note: required for `HashMap<AttributeKey, Expr>` to implement `Eq`
[INFO] [stdout] note: required by a bound in `AssertParamIsEq`
[INFO] [stdout]   --> /rustc/268dbbbc4b3fd71c5f360a4d0728295252430b5b/library/core/src/cmp.rs:339:1
[INFO] [stdout]    = note: this error originates in the derive macro `Eq` (in Nightly builds, run with -Z macro-backtrace for more info)
[INFO] [stdout] 
[INFO] [stdout] 
[INFO] [stdout] error[E0277]: the trait bound `Expr: Eq` is not satisfied
[INFO] [stdout]   --> src/node.rs:15:5
[INFO] [stdout]    |
[INFO] [stdout] 11 | #[derive(Clone, Debug, PartialEq, Eq)]
[INFO] [stdout]    |                                   -- in this derive macro expansion
[INFO] [stdout] ...
[INFO] [stdout] 15 |     pub attributes: HashMap<AttributeKey, Expr>,
[INFO] [stdout]    |     ^^^^^^^^^^^^^^^^^^^^^^^^^^^^^^^^^^^^^^^^^^^ the trait `Eq` is not implemented for `Expr`, which is required by `HashMap<AttributeKey, Expr>: Eq`
[INFO] [stdout]    |
[INFO] [stdout]    = help: the trait `Eq` is implemented for `HashMap<K, V, S>`
[INFO] [stdout]    = note: required for `HashMap<AttributeKey, Expr>` to implement `Eq`
[INFO] [stdout] note: required by a bound in `AssertParamIsEq`
[INFO] [stdout]   --> /rustc/268dbbbc4b3fd71c5f360a4d0728295252430b5b/library/core/src/cmp.rs:339:1
[INFO] [stdout]    = note: this error originates in the derive macro `Eq` (in Nightly builds, run with -Z macro-backtrace for more info)
[INFO] [stdout] 
[INFO] [stdout] 
[INFO] [stdout] error[E0277]: the trait bound `Expr: Eq` is not satisfied
[INFO] [stdout]   --> src/patch/mod.rs:29:5
[INFO] [stdout]    |
[INFO] [stdout] 26 | #[derive(Debug, Clone, PartialEq, Eq)]
[INFO] [stdout]    |                                   -- in this derive macro expansion
[INFO] [stdout] ...
[INFO] [stdout] 29 |     pub value: Expr,
[INFO] [stdout]    |     ^^^^^^^^^^^^^^^ the trait `Eq` is not implemented for `Expr`
[INFO] [stdout]    |
[INFO] [stdout] note: required by a bound in `AssertParamIsEq`
[INFO] [stdout]   --> /rustc/268dbbbc4b3fd71c5f360a4d0728295252430b5b/library/core/src/cmp.rs:339:1
[INFO] [stdout]    = note: this error originates in the derive macro `Eq` (in Nightly builds, run with -Z macro-backtrace for more info)
[INFO] [stdout] 
[INFO] [stdout] 
[INFO] [stdout] error[E0277]: the trait bound `Expr: Eq` is not satisfied
[INFO] [stdout]   --> src/patch/mod.rs:29:5
[INFO] [stdout]    |
[INFO] [stdout] 26 | #[derive(Debug, Clone, PartialEq, Eq)]
[INFO] [stdout]    |                                   -- in this derive macro expansion
[INFO] [stdout] ...
[INFO] [stdout] 29 |     pub value: Expr,
[INFO] [stdout]    |     ^^^^^^^^^^^^^^^ the trait `Eq` is not implemented for `Expr`
[INFO] [stdout]    |
[INFO] [stdout] note: required by a bound in `AssertParamIsEq`
[INFO] [stdout]   --> /rustc/268dbbbc4b3fd71c5f360a4d0728295252430b5b/library/core/src/cmp.rs:339:1
[INFO] [stdout]    = note: this error originates in the derive macro `Eq` (in Nightly builds, run with -Z macro-backtrace for more info)
[INFO] [stdout] 
[INFO] [stdout] 
[INFO] [stdout] error: aborting due to 3 previous errors
[INFO] [stdout] 
[INFO] [stdout] 
[INFO] [stdout] For more information about this error, try `rustc --explain E0277`.
[INFO] [stdout] 
[INFO] [stdout] error: aborting due to 3 previous errors
[INFO] [stdout] 
[INFO] [stdout] 
[INFO] [stderr] error: could not compile `dkernel-card` (lib) due to 4 previous errors
[INFO] [stderr] warning: build failed, waiting for other jobs to finish...
[INFO] [stdout] For more information about this error, try `rustc --explain E0277`.
[INFO] [stdout] 
[INFO] [stderr] error: could not compile `dkernel-card` (lib test) due to 4 previous errors
[INFO] running `Command { std: "docker" "inspect" "3b25452977ed93b5421ad8b566d1d88e3c511150b8c0cb92f9f41ac13fee0f28", kill_on_drop: false }`
[INFO] running `Command { std: "docker" "rm" "-f" "3b25452977ed93b5421ad8b566d1d88e3c511150b8c0cb92f9f41ac13fee0f28", kill_on_drop: false }`
[INFO] [stdout] 3b25452977ed93b5421ad8b566d1d88e3c511150b8c0cb92f9f41ac13fee0f28
[INFO] checking dkernel-card-0.0.0 against nightly-2024-02-05+rustflags=-Dunexpected_cfgs+cargoflags=-Zcheck-cfg for check-cfg
[INFO] extracting crate dkernel-card 0.0.0 into /workspace/builds/worker-7-tc2/source
[INFO] validating manifest of crates.io crate dkernel-card 0.0.0 on toolchain nightly-2024-02-05
[INFO] running `Command { std: CARGO_HOME="/workspace/cargo-home" RUSTUP_HOME="/workspace/rustup-home" "/workspace/cargo-home/bin/cargo" "+nightly-2024-02-05" "metadata" "--manifest-path" "Cargo.toml" "--no-deps", kill_on_drop: false }`
[INFO] started tweaking crates.io crate dkernel-card 0.0.0
[INFO] finished tweaking crates.io crate dkernel-card 0.0.0
[INFO] tweaked toml for crates.io crate dkernel-card 0.0.0 written to /workspace/builds/worker-7-tc2/source/Cargo.toml
[INFO] running `Command { std: CARGO_HOME="/workspace/cargo-home" RUSTUP_HOME="/workspace/rustup-home" "/workspace/cargo-home/bin/cargo" "+nightly-2024-02-05" "generate-lockfile" "--manifest-path" "Cargo.toml", kill_on_drop: false }`
[INFO] [stderr]     Updating crates.io index
[INFO] running `Command { std: CARGO_HOME="/workspace/cargo-home" RUSTUP_HOME="/workspace/rustup-home" "/workspace/cargo-home/bin/cargo" "+nightly-2024-02-05" "fetch" "--manifest-path" "Cargo.toml", kill_on_drop: false }`
[INFO] running `Command { std: "docker" "create" "-v" "/var/lib/crater-agent-workspace/builds/worker-7-tc2/target:/opt/rustwide/target:rw,Z" "-v" "/var/lib/crater-agent-workspace/builds/worker-7-tc2/source:/opt/rustwide/workdir:ro,Z" "-v" "/var/lib/crater-agent-workspace/cargo-home:/opt/rustwide/cargo-home:ro,Z" "-v" "/var/lib/crater-agent-workspace/rustup-home:/opt/rustwide/rustup-home:ro,Z" "-e" "SOURCE_DIR=/opt/rustwide/workdir" "-e" "CARGO_TARGET_DIR=/opt/rustwide/target" "-e" "CARGO_HOME=/opt/rustwide/cargo-home" "-e" "RUSTUP_HOME=/opt/rustwide/rustup-home" "-w" "/opt/rustwide/workdir" "-m" "1610612736" "--user" "0:0" "--network" "none" "ghcr.io/rust-lang/crates-build-env/linux@sha256:2788e3201cd34a07e3172128adcd8b3090168a8e3bcc40d7c032b9dda1df7d1c" "/opt/rustwide/cargo-home/bin/cargo" "+nightly-2024-02-05" "metadata" "--no-deps" "--format-version=1", kill_on_drop: false }`
[INFO] [stdout] d937b7aa05307dc5d68e1f21fe93e404127f1a6ddb094afc8e2efe7ec4ed70a3
[INFO] running `Command { std: "docker" "start" "-a" "d937b7aa05307dc5d68e1f21fe93e404127f1a6ddb094afc8e2efe7ec4ed70a3", kill_on_drop: false }`
[INFO] running `Command { std: "docker" "inspect" "d937b7aa05307dc5d68e1f21fe93e404127f1a6ddb094afc8e2efe7ec4ed70a3", kill_on_drop: false }`
[INFO] running `Command { std: "docker" "rm" "-f" "d937b7aa05307dc5d68e1f21fe93e404127f1a6ddb094afc8e2efe7ec4ed70a3", kill_on_drop: false }`
[INFO] [stdout] d937b7aa05307dc5d68e1f21fe93e404127f1a6ddb094afc8e2efe7ec4ed70a3
[INFO] running `Command { std: "docker" "create" "-v" "/var/lib/crater-agent-workspace/builds/worker-7-tc2/target:/opt/rustwide/target:rw,Z" "-v" "/var/lib/crater-agent-workspace/builds/worker-7-tc2/source:/opt/rustwide/workdir:ro,Z" "-v" "/var/lib/crater-agent-workspace/cargo-home:/opt/rustwide/cargo-home:ro,Z" "-v" "/var/lib/crater-agent-workspace/rustup-home:/opt/rustwide/rustup-home:ro,Z" "-e" "SOURCE_DIR=/opt/rustwide/workdir" "-e" "CARGO_TARGET_DIR=/opt/rustwide/target" "-e" "CARGO_INCREMENTAL=0" "-e" "RUST_BACKTRACE=full" "-e" "RUSTFLAGS=--cap-lints=forbid -Dunexpected_cfgs" "-e" "RUSTDOCFLAGS=--cap-lints=forbid" "-e" "CARGO_HOME=/opt/rustwide/cargo-home" "-e" "RUSTUP_HOME=/opt/rustwide/rustup-home" "-w" "/opt/rustwide/workdir" "-m" "1610612736" "--user" "0:0" "--network" "none" "ghcr.io/rust-lang/crates-build-env/linux@sha256:2788e3201cd34a07e3172128adcd8b3090168a8e3bcc40d7c032b9dda1df7d1c" "/opt/rustwide/cargo-home/bin/cargo" "+nightly-2024-02-05" "check" "--frozen" "--all" "--all-targets" "--message-format=json" "-Zcheck-cfg", kill_on_drop: false }`
[INFO] [stdout] fdf79fcb74c191340a42b5d94045336dbd99bbc876509f35e51daa0e8b77de09
[INFO] running `Command { std: "docker" "start" "-a" "fdf79fcb74c191340a42b5d94045336dbd99bbc876509f35e51daa0e8b77de09", kill_on_drop: false }`
[INFO] [stderr]     Checking uuid v0.8.2
[INFO] [stderr]     Checking deskc-file v0.0.0
[INFO] [stderr]     Checking deskc-types v0.0.0
[INFO] [stderr]     Checking deskc-link v0.0.0
[INFO] [stderr]     Checking deskc-hir v0.0.0
[INFO] [stderr]     Checking dkernel-card v0.0.0 (/opt/rustwide/workdir)
[INFO] [stdout] error[E0277]: the trait bound `Expr: Eq` is not satisfied
[INFO] [stdout]   --> src/flat_node.rs:15:5
[INFO] [stdout]    |
[INFO] [stdout] 10 | #[derive(Clone, Debug, PartialEq, Eq)]
[INFO] [stdout]    |                                   -- in this derive macro expansion
[INFO] [stdout] ...
[INFO] [stdout] 15 |     pub attributes: Attributes,
[INFO] [stdout]    |     ^^^^^^^^^^^^^^^^^^^^^^^^^^ the trait `Eq` is not implemented for `Expr`, which is required by `HashMap<AttributeKey, Expr>: Eq`
[INFO] [stdout]    |
[INFO] [stdout]    = help: the trait `Eq` is implemented for `HashMap<K, V, S>`
[INFO] [stdout]    = note: required for `HashMap<AttributeKey, Expr>` to implement `Eq`
[INFO] [stdout] note: required by a bound in `AssertParamIsEq`
[INFO] [stdout]   --> /rustc/268dbbbc4b3fd71c5f360a4d0728295252430b5b/library/core/src/cmp.rs:339:1
[INFO] [stdout]    = note: this error originates in the derive macro `Eq` (in Nightly builds, run with -Z macro-backtrace for more info)
[INFO] [stdout] 
[INFO] [stdout] 
[INFO] [stdout] error[E0277]: the trait bound `Expr: Eq` is not satisfied
[INFO] [stdout]   --> src/flat_node.rs:15:5
[INFO] [stdout]    |
[INFO] [stdout] 10 | #[derive(Clone, Debug, PartialEq, Eq)]
[INFO] [stdout]    |                                   -- in this derive macro expansion
[INFO] [stdout] ...
[INFO] [stdout] 15 |     pub attributes: Attributes,
[INFO] [stdout]    |     ^^^^^^^^^^^^^^^^^^^^^^^^^^ the trait `Eq` is not implemented for `Expr`, which is required by `HashMap<AttributeKey, Expr>: Eq`
[INFO] [stdout]    |
[INFO] [stdout]    = help: the trait `Eq` is implemented for `HashMap<K, V, S>`
[INFO] [stdout]    = note: required for `HashMap<AttributeKey, Expr>` to implement `Eq`
[INFO] [stdout] note: required by a bound in `AssertParamIsEq`
[INFO] [stdout]   --> /rustc/268dbbbc4b3fd71c5f360a4d0728295252430b5b/library/core/src/cmp.rs:339:1
[INFO] [stdout]    = note: this error originates in the derive macro `Eq` (in Nightly builds, run with -Z macro-backtrace for more info)
[INFO] [stdout] 
[INFO] [stdout] 
[INFO] [stdout] error[E0277]: the trait bound `Expr: Eq` is not satisfied
[INFO] [stdout]   --> src/node.rs:15:5
[INFO] [stdout]    |
[INFO] [stdout] 11 | #[derive(Clone, Debug, PartialEq, Eq)]
[INFO] [stdout]    |                                   -- in this derive macro expansion
[INFO] [stdout] ...
[INFO] [stdout] 15 |     pub attributes: HashMap<AttributeKey, Expr>,
[INFO] [stdout]    |     ^^^^^^^^^^^^^^^^^^^^^^^^^^^^^^^^^^^^^^^^^^^ the trait `Eq` is not implemented for `Expr`, which is required by `HashMap<AttributeKey, Expr>: Eq`
[INFO] [stdout]    |
[INFO] [stdout]    = help: the trait `Eq` is implemented for `HashMap<K, V, S>`
[INFO] [stdout]    = note: required for `HashMap<AttributeKey, Expr>` to implement `Eq`
[INFO] [stdout] note: required by a bound in `AssertParamIsEq`
[INFO] [stdout]   --> /rustc/268dbbbc4b3fd71c5f360a4d0728295252430b5b/library/core/src/cmp.rs:339:1
[INFO] [stdout]    = note: this error originates in the derive macro `Eq` (in Nightly builds, run with -Z macro-backtrace for more info)
[INFO] [stdout] 
[INFO] [stdout] 
[INFO] [stdout] error[E0277]: the trait bound `Expr: Eq` is not satisfied
[INFO] [stdout]   --> src/node.rs:15:5
[INFO] [stdout]    |
[INFO] [stdout] 11 | #[derive(Clone, Debug, PartialEq, Eq)]
[INFO] [stdout]    |                                   -- in this derive macro expansion
[INFO] [stdout] ...
[INFO] [stdout] 15 |     pub attributes: HashMap<AttributeKey, Expr>,
[INFO] [stdout]    |     ^^^^^^^^^^^^^^^^^^^^^^^^^^^^^^^^^^^^^^^^^^^ the trait `Eq` is not implemented for `Expr`, which is required by `HashMap<AttributeKey, Expr>: Eq`
[INFO] [stdout]    |
[INFO] [stdout]    = help: the trait `Eq` is implemented for `HashMap<K, V, S>`
[INFO] [stdout]    = note: required for `HashMap<AttributeKey, Expr>` to implement `Eq`
[INFO] [stdout] note: required by a bound in `AssertParamIsEq`
[INFO] [stdout]   --> /rustc/268dbbbc4b3fd71c5f360a4d0728295252430b5b/library/core/src/cmp.rs:339:1
[INFO] [stdout]    = note: this error originates in the derive macro `Eq` (in Nightly builds, run with -Z macro-backtrace for more info)
[INFO] [stdout] 
[INFO] [stdout] 
[INFO] [stdout] error[E0277]: the trait bound `Expr: Eq` is not satisfied
[INFO] [stdout]   --> src/patch/mod.rs:29:5
[INFO] [stdout]    |
[INFO] [stdout] 26 | #[derive(Debug, Clone, PartialEq, Eq)]
[INFO] [stdout]    |                                   -- in this derive macro expansion
[INFO] [stdout] ...
[INFO] [stdout] 29 |     pub value: Expr,
[INFO] [stdout]    |     ^^^^^^^^^^^^^^^ the trait `Eq` is not implemented for `Expr`
[INFO] [stdout]    |
[INFO] [stdout] note: required by a bound in `AssertParamIsEq`
[INFO] [stdout]   --> /rustc/268dbbbc4b3fd71c5f360a4d0728295252430b5b/library/core/src/cmp.rs:339:1
[INFO] [stdout]    = note: this error originates in the derive macro `Eq` (in Nightly builds, run with -Z macro-backtrace for more info)
[INFO] [stdout] 
[INFO] [stdout] 
[INFO] [stdout] error[E0277]: the trait bound `Expr: Eq` is not satisfied
[INFO] [stdout]   --> src/patch/mod.rs:29:5
[INFO] [stdout]    |
[INFO] [stdout] 26 | #[derive(Debug, Clone, PartialEq, Eq)]
[INFO] [stdout]    |                                   -- in this derive macro expansion
[INFO] [stdout] ...
[INFO] [stdout] 29 |     pub value: Expr,
[INFO] [stdout]    |     ^^^^^^^^^^^^^^^ the trait `Eq` is not implemented for `Expr`
[INFO] [stdout]    |
[INFO] [stdout] note: required by a bound in `AssertParamIsEq`
[INFO] [stdout]   --> /rustc/268dbbbc4b3fd71c5f360a4d0728295252430b5b/library/core/src/cmp.rs:339:1
[INFO] [stdout]    = note: this error originates in the derive macro `Eq` (in Nightly builds, run with -Z macro-backtrace for more info)
[INFO] [stdout] 
[INFO] [stdout] 
[INFO] [stdout] error: aborting due to 3 previous errors
[INFO] [stdout] 
[INFO] [stdout] 
[INFO] [stdout] For more information about this error, try `rustc --explain E0277`.
[INFO] [stdout] 
[INFO] [stdout] error: aborting due to 3 previous errors
[INFO] [stdout] 
[INFO] [stdout] 
[INFO] [stdout] For more information about this error, try `rustc --explain E0277`.
[INFO] [stdout] 
[INFO] [stderr] error: could not compile `dkernel-card` (lib test) due to 4 previous errors
[INFO] [stderr] warning: build failed, waiting for other jobs to finish...
[INFO] [stderr] error: could not compile `dkernel-card` (lib) due to 4 previous errors
[INFO] running `Command { std: "docker" "inspect" "fdf79fcb74c191340a42b5d94045336dbd99bbc876509f35e51daa0e8b77de09", kill_on_drop: false }`
[INFO] running `Command { std: "docker" "rm" "-f" "fdf79fcb74c191340a42b5d94045336dbd99bbc876509f35e51daa0e8b77de09", kill_on_drop: false }`
[INFO] [stdout] fdf79fcb74c191340a42b5d94045336dbd99bbc876509f35e51daa0e8b77de09
