[INFO] fetching crate dioxus-material-icons 1.1.0...
[INFO] checking dioxus-material-icons-1.1.0 against nightly-2024-02-05 for check-cfg
[INFO] extracting crate dioxus-material-icons 1.1.0 into /workspace/builds/worker-4-tc1/source
[INFO] validating manifest of crates.io crate dioxus-material-icons 1.1.0 on toolchain nightly-2024-02-05
[INFO] running `Command { std: CARGO_HOME="/workspace/cargo-home" RUSTUP_HOME="/workspace/rustup-home" "/workspace/cargo-home/bin/cargo" "+nightly-2024-02-05" "metadata" "--manifest-path" "Cargo.toml" "--no-deps", kill_on_drop: false }`
[INFO] started tweaking crates.io crate dioxus-material-icons 1.1.0
[INFO] removed 0 missing examples
[INFO] finished tweaking crates.io crate dioxus-material-icons 1.1.0
[INFO] tweaked toml for crates.io crate dioxus-material-icons 1.1.0 written to /workspace/builds/worker-4-tc1/source/Cargo.toml
[INFO] crate crates.io crate dioxus-material-icons 1.1.0 already has a lockfile, it will not be regenerated
[INFO] running `Command { std: CARGO_HOME="/workspace/cargo-home" RUSTUP_HOME="/workspace/rustup-home" "/workspace/cargo-home/bin/cargo" "+nightly-2024-02-05" "fetch" "--manifest-path" "Cargo.toml", kill_on_drop: false }`
[INFO] [stderr]     Updating crates.io index
[INFO] [stderr]  Downloading crates ...
[INFO] [stderr]   Downloaded cssparser-macros v0.6.0
[INFO] [stderr]   Downloaded futures-io v0.3.25
[INFO] [stderr]   Downloaded dtoa-short v0.3.3
[INFO] [stderr]   Downloaded string_cache v0.8.4
[INFO] [stderr]   Downloaded dioxus-interpreter-js v0.3.0
[INFO] [stderr]   Downloaded webview2-com-macros v0.6.0
[INFO] [stderr]   Downloaded intmap v0.7.1
[INFO] [stderr]   Downloaded darling_macro v0.14.2
[INFO] [stderr]   Downloaded windows-tokens v0.39.0
[INFO] [stderr]   Downloaded to_method v1.1.0
[INFO] [stderr]   Downloaded windows-implement v0.39.0
[INFO] [stderr]   Downloaded dioxus v0.3.1
[INFO] [stderr]   Downloaded proc-macro-crate v1.2.1
[INFO] [stderr]   Downloaded webview2-com v0.19.1
[INFO] [stderr]   Downloaded futures-executor v0.3.25
[INFO] [stderr]   Downloaded dioxus-hooks v0.3.0
[INFO] [stderr]   Downloaded kuchiki v0.8.1
[INFO] [stderr]   Downloaded keyboard-types v0.6.2
[INFO] [stderr]   Downloaded dioxus-html v0.3.0
[INFO] [stderr]   Downloaded pest v2.5.3
[INFO] [stderr]   Downloaded glib v0.15.12
[INFO] [stderr]   Downloaded tokio v1.24.2
[INFO] [stderr]   Downloaded tao v0.15.8
[INFO] [stderr]   Downloaded wry v0.23.4
[INFO] [stderr]   Downloaded dioxus-desktop v0.3.0
[INFO] [stderr]   Downloaded interprocess v1.2.1
[INFO] [stderr]   Downloaded windows-metadata v0.39.0
[INFO] [stderr]   Downloaded gio v0.15.12
[INFO] [stderr]   Downloaded webview2-com-sys v0.19.0
[INFO] [stderr]   Downloaded dioxus-core v0.3.0
[INFO] [stderr]   Downloaded uuid v1.2.2
[INFO] [stderr]   Downloaded cairo-rs v0.15.12
[INFO] [stderr]   Downloaded enumset v1.0.12
[INFO] [stderr]   Downloaded webbrowser v0.8.4
[INFO] [stderr]   Downloaded unicode-bidi v0.3.10
[INFO] [stderr]   Downloaded cfb v0.7.3
[INFO] [stderr]   Downloaded webkit2gtk v0.18.2
[INFO] [stderr]   Downloaded internment v0.7.0
[INFO] [stderr]   Downloaded dioxus-rsx v0.0.2
[INFO] [stderr]   Downloaded async-trait v0.1.62
[INFO] [stderr]   Downloaded darling_core v0.14.2
[INFO] [stderr]   Downloaded cfg-expr v0.11.0
[INFO] [stderr]   Downloaded parking_lot_core v0.9.6
[INFO] [stderr]   Downloaded system-deps v6.0.3
[INFO] [stderr]   Downloaded infer v0.11.0
[INFO] [stderr]   Downloaded windows-bindgen v0.39.0
[INFO] [stderr]   Downloaded dioxus-core-macro v0.3.0
[INFO] [stderr]   Downloaded darling v0.14.2
[INFO] [stderr]   Downloaded spinning v0.1.0
[INFO] [stderr]   Downloaded dunce v1.0.3
[INFO] [stderr]   Downloaded enumset_derive v0.6.1
[INFO] [stderr]   Downloaded smallbox v0.8.1
[INFO] running `Command { std: "docker" "create" "-v" "/var/lib/crater-agent-workspace/builds/worker-4-tc1/target:/opt/rustwide/target:rw,Z" "-v" "/var/lib/crater-agent-workspace/builds/worker-4-tc1/source:/opt/rustwide/workdir:ro,Z" "-v" "/var/lib/crater-agent-workspace/cargo-home:/opt/rustwide/cargo-home:ro,Z" "-v" "/var/lib/crater-agent-workspace/rustup-home:/opt/rustwide/rustup-home:ro,Z" "-e" "SOURCE_DIR=/opt/rustwide/workdir" "-e" "CARGO_TARGET_DIR=/opt/rustwide/target" "-e" "CARGO_HOME=/opt/rustwide/cargo-home" "-e" "RUSTUP_HOME=/opt/rustwide/rustup-home" "-w" "/opt/rustwide/workdir" "-m" "1610612736" "--user" "0:0" "--network" "none" "ghcr.io/rust-lang/crates-build-env/linux@sha256:2788e3201cd34a07e3172128adcd8b3090168a8e3bcc40d7c032b9dda1df7d1c" "/opt/rustwide/cargo-home/bin/cargo" "+nightly-2024-02-05" "metadata" "--no-deps" "--format-version=1", kill_on_drop: false }`
[INFO] [stdout] 56692804732a478d277159c3f7a2c5d1c02f4694127c14b763e7686b75ff722a
[INFO] running `Command { std: "docker" "start" "-a" "56692804732a478d277159c3f7a2c5d1c02f4694127c14b763e7686b75ff722a", kill_on_drop: false }`
[INFO] running `Command { std: "docker" "inspect" "56692804732a478d277159c3f7a2c5d1c02f4694127c14b763e7686b75ff722a", kill_on_drop: false }`
[INFO] running `Command { std: "docker" "rm" "-f" "56692804732a478d277159c3f7a2c5d1c02f4694127c14b763e7686b75ff722a", kill_on_drop: false }`
[INFO] [stdout] 56692804732a478d277159c3f7a2c5d1c02f4694127c14b763e7686b75ff722a
[INFO] running `Command { std: "docker" "create" "-v" "/var/lib/crater-agent-workspace/builds/worker-4-tc1/target:/opt/rustwide/target:rw,Z" "-v" "/var/lib/crater-agent-workspace/builds/worker-4-tc1/source:/opt/rustwide/workdir:ro,Z" "-v" "/var/lib/crater-agent-workspace/cargo-home:/opt/rustwide/cargo-home:ro,Z" "-v" "/var/lib/crater-agent-workspace/rustup-home:/opt/rustwide/rustup-home:ro,Z" "-e" "SOURCE_DIR=/opt/rustwide/workdir" "-e" "CARGO_TARGET_DIR=/opt/rustwide/target" "-e" "CARGO_INCREMENTAL=0" "-e" "RUST_BACKTRACE=full" "-e" "RUSTFLAGS=--cap-lints=forbid" "-e" "RUSTDOCFLAGS=--cap-lints=forbid" "-e" "CARGO_HOME=/opt/rustwide/cargo-home" "-e" "RUSTUP_HOME=/opt/rustwide/rustup-home" "-w" "/opt/rustwide/workdir" "-m" "1610612736" "--user" "0:0" "--network" "none" "ghcr.io/rust-lang/crates-build-env/linux@sha256:2788e3201cd34a07e3172128adcd8b3090168a8e3bcc40d7c032b9dda1df7d1c" "/opt/rustwide/cargo-home/bin/cargo" "+nightly-2024-02-05" "check" "--frozen" "--all" "--all-targets" "--message-format=json", kill_on_drop: false }`
[INFO] [stdout] 52ea1bdf5b283b6ec0b7649568f228c2000a41fb892bc1d79392a79a1e985cf1
[INFO] running `Command { std: "docker" "start" "-a" "52ea1bdf5b283b6ec0b7649568f228c2000a41fb892bc1d79392a79a1e985cf1", kill_on_drop: false }`
[INFO] [stderr]    Compiling proc-macro2 v1.0.50
[INFO] [stderr]    Compiling quote v1.0.23
[INFO] [stderr]    Compiling unicode-ident v1.0.6
[INFO] [stderr]    Compiling syn v1.0.107
[INFO] [stderr]    Compiling serde_derive v1.0.152
[INFO] [stderr]    Compiling serde v1.0.152
[INFO] [stderr]    Compiling smallvec v1.10.0
[INFO] [stderr]    Compiling pkg-config v0.3.26
[INFO] [stderr]    Compiling heck v0.4.0
[INFO] [stderr]    Compiling cfg-expr v0.11.0
[INFO] [stderr]    Compiling version-compare v0.1.1
[INFO] [stderr]    Compiling libc v0.2.139
[INFO] [stderr]    Compiling futures-core v0.3.25
[INFO] [stderr]    Compiling slab v0.4.7
[INFO] [stderr]    Compiling thiserror v1.0.38
[INFO] [stdout] error[E0422]: cannot find struct, variant or union type `LineColumn` in crate `proc_macro`
[INFO] [stdout]    --> /opt/rustwide/cargo-home/registry/src/index.crates.io-6f17d22bba15001f/proc-macro2-1.0.50/src/wrapper.rs:475:33
[INFO] [stdout]     |
[INFO] [stdout] 475 |                 let proc_macro::LineColumn { line, column } = s.start();
[INFO] [stdout]     |                                 ^^^^^^^^^^ not found in `proc_macro`
[INFO] [stdout]     |
[INFO] [stdout] help: consider importing this struct through its public re-export
[INFO] [stdout]     |
[INFO] [stdout] 1   + use crate::LineColumn;
[INFO] [stdout]     |
[INFO] [stdout] help: if you import `LineColumn`, refer to it directly
[INFO] [stdout]     |
[INFO] [stdout] 475 -                 let proc_macro::LineColumn { line, column } = s.start();
[INFO] [stdout] 475 +                 let LineColumn { line, column } = s.start();
[INFO] [stdout]     |
[INFO] [stdout] 
[INFO] [stdout] 
[INFO] [stdout] error[E0422]: cannot find struct, variant or union type `LineColumn` in crate `proc_macro`
[INFO] [stdout]    --> /opt/rustwide/cargo-home/registry/src/index.crates.io-6f17d22bba15001f/proc-macro2-1.0.50/src/wrapper.rs:489:33
[INFO] [stdout]     |
[INFO] [stdout] 489 |                 let proc_macro::LineColumn { line, column } = s.end();
[INFO] [stdout]     |                                 ^^^^^^^^^^ not found in `proc_macro`
[INFO] [stdout]     |
[INFO] [stdout] help: consider importing this struct through its public re-export
[INFO] [stdout]     |
[INFO] [stdout] 1   + use crate::LineColumn;
[INFO] [stdout]     |
[INFO] [stdout] help: if you import `LineColumn`, refer to it directly
[INFO] [stdout]     |
[INFO] [stdout] 489 -                 let proc_macro::LineColumn { line, column } = s.end();
[INFO] [stdout] 489 +                 let LineColumn { line, column } = s.end();
[INFO] [stdout]     |
[INFO] [stdout] 
[INFO] [stdout] 
[INFO] [stdout] error[E0635]: unknown feature `proc_macro_span_shrink`
[INFO] [stdout]   --> /opt/rustwide/cargo-home/registry/src/index.crates.io-6f17d22bba15001f/proc-macro2-1.0.50/src/lib.rs:92:30
[INFO] [stdout]    |
[INFO] [stdout] 92 |     feature(proc_macro_span, proc_macro_span_shrink)
[INFO] [stdout]    |                              ^^^^^^^^^^^^^^^^^^^^^^
[INFO] [stdout] 
[INFO] [stdout] 
[INFO] [stderr]     Checking pin-project-lite v0.2.9
[INFO] [stderr]     Checking once_cell v1.17.0
[INFO] [stdout] error: aborting due to 3 previous errors
[INFO] [stdout] 
[INFO] [stdout] 
[INFO] [stdout] Some errors have detailed explanations: E0422, E0635.
[INFO] [stdout] 
[INFO] [stdout] For more information about an error, try `rustc --explain E0422`.
[INFO] [stdout] 
[INFO] [stderr] error: could not compile `proc-macro2` (lib) due to 4 previous errors
[INFO] [stderr] warning: build failed, waiting for other jobs to finish...
[INFO] running `Command { std: "docker" "inspect" "52ea1bdf5b283b6ec0b7649568f228c2000a41fb892bc1d79392a79a1e985cf1", kill_on_drop: false }`
[INFO] running `Command { std: "docker" "rm" "-f" "52ea1bdf5b283b6ec0b7649568f228c2000a41fb892bc1d79392a79a1e985cf1", kill_on_drop: false }`
[INFO] [stdout] 52ea1bdf5b283b6ec0b7649568f228c2000a41fb892bc1d79392a79a1e985cf1
