[INFO] fetching crate diesel-async 0.4.1...
[INFO] checking diesel-async-0.4.1 against nightly-2024-02-05 for check-cfg
[INFO] extracting crate diesel-async 0.4.1 into /workspace/builds/worker-7-tc1/source
[INFO] validating manifest of crates.io crate diesel-async 0.4.1 on toolchain nightly-2024-02-05
[INFO] running `Command { std: CARGO_HOME="/workspace/cargo-home" RUSTUP_HOME="/workspace/rustup-home" "/workspace/cargo-home/bin/cargo" "+nightly-2024-02-05" "metadata" "--manifest-path" "Cargo.toml" "--no-deps", kill_on_drop: false }`
[INFO] started tweaking crates.io crate diesel-async 0.4.1
[INFO] removed 0 missing tests
[INFO] finished tweaking crates.io crate diesel-async 0.4.1
[INFO] tweaked toml for crates.io crate diesel-async 0.4.1 written to /workspace/builds/worker-7-tc1/source/Cargo.toml
[INFO] running `Command { std: CARGO_HOME="/workspace/cargo-home" RUSTUP_HOME="/workspace/rustup-home" "/workspace/cargo-home/bin/cargo" "+nightly-2024-02-05" "generate-lockfile" "--manifest-path" "Cargo.toml", kill_on_drop: false }`
[INFO] [stderr]     Updating crates.io index
[INFO] running `Command { std: CARGO_HOME="/workspace/cargo-home" RUSTUP_HOME="/workspace/rustup-home" "/workspace/cargo-home/bin/cargo" "+nightly-2024-02-05" "fetch" "--manifest-path" "Cargo.toml", kill_on_drop: false }`
[INFO] [stderr]  Downloading crates ...
[INFO] [stderr]   Downloaded pem v2.0.1
[INFO] [stderr]   Downloaded frunk_derives v0.4.2
[INFO] [stderr]   Downloaded frunk_proc_macro_helpers v0.1.2
[INFO] [stderr]   Downloaded frunk_proc_macros v0.1.2
[INFO] [stderr]   Downloaded metrics-macros v0.5.1
[INFO] [stderr]   Downloaded mysql-common-derive v0.30.2
[INFO] [stderr]   Downloaded frunk_core v0.4.2
[INFO] [stderr]   Downloaded mysql_async v0.32.2
[INFO] [stderr]   Downloaded scoped-futures v0.1.3
[INFO] [stderr]   Downloaded saturating v0.1.0
[INFO] [stderr]   Downloaded migrations_macros v2.1.0
[INFO] [stderr]   Downloaded frunk v0.4.2
[INFO] [stderr]   Downloaded diesel_migrations v2.1.0
[INFO] [stderr]   Downloaded bb8 v0.8.3
[INFO] [stderr]   Downloaded migrations_internals v2.1.0
[INFO] [stderr]   Downloaded lexical v6.1.1
[INFO] [stderr]   Downloaded lru v0.10.1
[INFO] [stderr]   Downloaded metrics v0.18.1
[INFO] [stderr]   Downloaded bigdecimal v0.3.1
[INFO] [stderr]   Downloaded mobc v0.8.3
[INFO] [stderr]   Downloaded subprocess v0.2.9
[INFO] [stderr]   Downloaded lexical-write-float v0.8.5
[INFO] [stderr]   Downloaded lexical-parse-float v0.8.5
[INFO] [stderr]   Downloaded mysql_common v0.30.6
[INFO] [stderr]   Downloaded lexical-util v0.8.5
[INFO] [stderr]   Downloaded lexical-write-integer v0.8.5
[INFO] [stderr]   Downloaded lexical-parse-integer v0.8.6
[INFO] [stderr]   Downloaded lexical-core v0.8.5
[INFO] running `Command { std: "docker" "create" "-v" "/var/lib/crater-agent-workspace/builds/worker-7-tc1/target:/opt/rustwide/target:rw,Z" "-v" "/var/lib/crater-agent-workspace/builds/worker-7-tc1/source:/opt/rustwide/workdir:ro,Z" "-v" "/var/lib/crater-agent-workspace/cargo-home:/opt/rustwide/cargo-home:ro,Z" "-v" "/var/lib/crater-agent-workspace/rustup-home:/opt/rustwide/rustup-home:ro,Z" "-e" "SOURCE_DIR=/opt/rustwide/workdir" "-e" "CARGO_TARGET_DIR=/opt/rustwide/target" "-e" "CARGO_HOME=/opt/rustwide/cargo-home" "-e" "RUSTUP_HOME=/opt/rustwide/rustup-home" "-w" "/opt/rustwide/workdir" "-m" "1610612736" "--user" "0:0" "--network" "none" "ghcr.io/rust-lang/crates-build-env/linux@sha256:2788e3201cd34a07e3172128adcd8b3090168a8e3bcc40d7c032b9dda1df7d1c" "/opt/rustwide/cargo-home/bin/cargo" "+nightly-2024-02-05" "metadata" "--no-deps" "--format-version=1", kill_on_drop: false }`
[INFO] [stdout] b5f8cf3b6e3bd84b617f35384d748724aeaf3945d2067594051652e76dfbb668
[INFO] running `Command { std: "docker" "start" "-a" "b5f8cf3b6e3bd84b617f35384d748724aeaf3945d2067594051652e76dfbb668", kill_on_drop: false }`
[INFO] running `Command { std: "docker" "inspect" "b5f8cf3b6e3bd84b617f35384d748724aeaf3945d2067594051652e76dfbb668", kill_on_drop: false }`
[INFO] running `Command { std: "docker" "rm" "-f" "b5f8cf3b6e3bd84b617f35384d748724aeaf3945d2067594051652e76dfbb668", kill_on_drop: false }`
[INFO] [stdout] b5f8cf3b6e3bd84b617f35384d748724aeaf3945d2067594051652e76dfbb668
[INFO] running `Command { std: "docker" "create" "-v" "/var/lib/crater-agent-workspace/builds/worker-7-tc1/target:/opt/rustwide/target:rw,Z" "-v" "/var/lib/crater-agent-workspace/builds/worker-7-tc1/source:/opt/rustwide/workdir:ro,Z" "-v" "/var/lib/crater-agent-workspace/cargo-home:/opt/rustwide/cargo-home:ro,Z" "-v" "/var/lib/crater-agent-workspace/rustup-home:/opt/rustwide/rustup-home:ro,Z" "-e" "SOURCE_DIR=/opt/rustwide/workdir" "-e" "CARGO_TARGET_DIR=/opt/rustwide/target" "-e" "CARGO_INCREMENTAL=0" "-e" "RUST_BACKTRACE=full" "-e" "RUSTFLAGS=--cap-lints=forbid" "-e" "RUSTDOCFLAGS=--cap-lints=forbid" "-e" "CARGO_HOME=/opt/rustwide/cargo-home" "-e" "RUSTUP_HOME=/opt/rustwide/rustup-home" "-w" "/opt/rustwide/workdir" "-m" "1610612736" "--user" "0:0" "--network" "none" "ghcr.io/rust-lang/crates-build-env/linux@sha256:2788e3201cd34a07e3172128adcd8b3090168a8e3bcc40d7c032b9dda1df7d1c" "/opt/rustwide/cargo-home/bin/cargo" "+nightly-2024-02-05" "check" "--frozen" "--all" "--all-targets" "--message-format=json", kill_on_drop: false }`
[INFO] [stdout] 66b79ea89dc1e759ad385e7ef8a0ee6611bf83d558896049b4b180f47b594032
[INFO] running `Command { std: "docker" "start" "-a" "66b79ea89dc1e759ad385e7ef8a0ee6611bf83d558896049b4b180f47b594032", kill_on_drop: false }`
[INFO] [stderr]    Compiling serde v1.0.196
[INFO] [stderr]    Compiling equivalent v1.0.1
[INFO] [stderr]    Compiling hashbrown v0.14.3
[INFO] [stderr]    Compiling winnow v0.5.37
[INFO] [stderr]     Checking iana-time-zone v0.1.60
[INFO] [stderr]     Checking pin-utils v0.1.0
[INFO] [stderr]    Compiling async-trait v0.1.77
[INFO] [stderr]     Checking futures-task v0.3.30
[INFO] [stderr]    Compiling num-traits v0.2.17
[INFO] [stderr]    Compiling slab v0.4.9
[INFO] [stderr]     Checking futures-sink v0.3.30
[INFO] [stderr]    Compiling syn v2.0.48
[INFO] [stderr]     Checking futures-core v0.3.30
[INFO] [stderr]     Checking num_cpus v1.16.0
[INFO] [stderr]     Checking scoped-futures v0.1.3
[INFO] [stderr]     Checking futures-util v0.3.30
[INFO] [stderr]    Compiling indexmap v2.2.2
[INFO] [stderr]     Checking chrono v0.4.33
[INFO] [stderr]    Compiling diesel_table_macro_syntax v0.1.0
[INFO] [stderr]    Compiling serde_derive v1.0.196
[INFO] [stderr]    Compiling diesel_derives v2.1.2
[INFO] [stderr]    Compiling tokio-macros v2.2.0
[INFO] [stderr]     Checking tokio v1.36.0
[INFO] [stderr]     Checking diesel v2.1.4
[INFO] [stderr]     Checking serde_spanned v0.6.5
[INFO] [stderr]     Checking toml_datetime v0.6.5
[INFO] [stderr]     Checking toml_edit v0.19.15
[INFO] [stderr]     Checking toml v0.7.8
[INFO] [stderr]     Checking migrations_internals v2.1.0
[INFO] [stderr]    Compiling migrations_macros v2.1.0
[INFO] [stderr]     Checking diesel_migrations v2.1.0
[INFO] [stderr]     Checking diesel-async v0.4.1 (/opt/rustwide/workdir)
[INFO] [stdout] warning: field `cache` is never read
[INFO] [stdout]   --> src/stmt_cache.rs:11:5
[INFO] [stdout]    |
[INFO] [stdout] 10 | pub struct StmtCache<DB: Backend, S> {
[INFO] [stdout]    |            --------- field in this struct
[INFO] [stdout] 11 |     cache: HashMap<StatementCacheKey<DB>, S>,
[INFO] [stdout]    |     ^^^^^
[INFO] [stdout]    |
[INFO] [stdout]    = note: `#[warn(dead_code)]` on by default
[INFO] [stdout] 
[INFO] [stdout] 
[INFO] [stdout] warning: type alias `PrepareFuture` is never used
[INFO] [stdout]   --> src/stmt_cache.rs:14:6
[INFO] [stdout]    |
[INFO] [stdout] 14 | type PrepareFuture<'a, F, S> = future::Either<
[INFO] [stdout]    |      ^^^^^^^^^^^^^
[INFO] [stdout] 
[INFO] [stdout] 
[INFO] [stdout] warning: associated items `new` and `cached_prepared_statement` are never used
[INFO] [stdout]   --> src/stmt_cache.rs:30:12
[INFO] [stdout]    |
[INFO] [stdout] 29 | impl<S, DB: Backend> StmtCache<DB, S> {
[INFO] [stdout]    | ------------------------------------- associated items in this implementation
[INFO] [stdout] 30 |     pub fn new() -> Self {
[INFO] [stdout]    |            ^^^
[INFO] [stdout] ...
[INFO] [stdout] 36 |     pub fn cached_prepared_statement<'a, F>(
[INFO] [stdout]    |            ^^^^^^^^^^^^^^^^^^^^^^^^^
[INFO] [stdout] 
[INFO] [stdout] 
[INFO] [stdout] warning: 3 warnings emitted
[INFO] [stdout] 
[INFO] [stdout] 
[INFO] [stdout] error[E0432]: unresolved import `crate::TestConnection`
[INFO] [stdout]   --> tests/type_check.rs:1:25
[INFO] [stdout]    |
[INFO] [stdout] 1  | use crate::{connection, TestConnection};
[INFO] [stdout]    |                         ^^^^^^^^^^^^^^ no `TestConnection` in the root
[INFO] [stdout]    |
[INFO] [stdout] note: found an item that was configured out
[INFO] [stdout]   --> tests/lib.rs:91:6
[INFO] [stdout]    |
[INFO] [stdout] 91 | type TestConnection = AsyncMysqlConnection;
[INFO] [stdout]    |      ^^^^^^^^^^^^^^
[INFO] [stdout]    = note: the item is gated behind the `mysql` feature
[INFO] [stdout] note: found an item that was configured out
[INFO] [stdout]   --> tests/lib.rs:93:6
[INFO] [stdout]    |
[INFO] [stdout] 93 | type TestConnection = AsyncPgConnection;
[INFO] [stdout]    |      ^^^^^^^^^^^^^^
[INFO] [stdout]    = note: the item is gated behind the `postgres` feature
[INFO] [stdout] 
[INFO] [stdout] 
[INFO] [stdout] error[E0412]: cannot find type `TestConnection` in this scope
[INFO] [stdout]   --> tests/lib.rs:16:38
[INFO] [stdout]    |
[INFO] [stdout] 16 | async fn transaction_test(conn: &mut TestConnection) -> QueryResult<()> {
[INFO] [stdout]    |                                      ^^^^^^^^^^^^^^ not found in this scope
[INFO] [stdout] 
[INFO] [stdout] 
[INFO] [stdout] error[E0412]: cannot find type `TestConnection` in this scope
[INFO] [stdout]   --> tests/lib.rs:96:21
[INFO] [stdout]    |
[INFO] [stdout] 96 | type TestBackend = <TestConnection as AsyncConnection>::Backend;
[INFO] [stdout]    |                     ^^^^^^^^^^^^^^ not found in this scope
[INFO] [stdout] 
[INFO] [stdout] 
[INFO] [stdout] error[E0412]: cannot find type `TestConnection` in this scope
[INFO] [stdout]    --> tests/lib.rs:180:26
[INFO] [stdout]     |
[INFO] [stdout] 180 | async fn connection() -> TestConnection {
[INFO] [stdout]     |                          ^^^^^^^^^^^^^^ not found in this scope
[INFO] [stdout] 
[INFO] [stdout] 
[INFO] [stdout] error[E0277]: the trait bound `(i32, String): FromStaticSqlRow<(diesel::sql_types::Integer, diesel::sql_types::Text), _>` is not satisfied
[INFO] [stdout]   --> tests/lib.rs:20:53
[INFO] [stdout]    |
[INFO] [stdout] 20 |                 let users: Vec<User> = users::table.load(conn).await?;
[INFO] [stdout]    |                                                     ^^^^ the trait `FromStaticSqlRow<(diesel::sql_types::Integer, diesel::sql_types::Text), _>` is not implemented for `(i32, String)`, which is required by `table: diesel_async::methods::LoadQuery<'_, _, _>`
[INFO] [stdout]    |
[INFO] [stdout]    = help: the following other types implement trait `FromStaticSqlRow<ST, DB>`:
[INFO] [stdout]              <(T0,) as FromStaticSqlRow<(ST0,), __DB>>
[INFO] [stdout]              <(T1, T0) as FromStaticSqlRow<(ST1, ST0), __DB>>
[INFO] [stdout]              <(T1, T2, T0) as FromStaticSqlRow<(ST1, ST2, ST0), __DB>>
[INFO] [stdout]              <(T1, T2, T3, T0) as FromStaticSqlRow<(ST1, ST2, ST3, ST0), __DB>>
[INFO] [stdout]              <(T1, T2, T3, T4, T0) as FromStaticSqlRow<(ST1, ST2, ST3, ST4, ST0), __DB>>
[INFO] [stdout]              <(T1, T2, T3, T4, T5, T0) as FromStaticSqlRow<(ST1, ST2, ST3, ST4, ST5, ST0), __DB>>
[INFO] [stdout]              <(T1, T2, T3, T4, T5, T6, T0) as FromStaticSqlRow<(ST1, ST2, ST3, ST4, ST5, ST6, ST0), __DB>>
[INFO] [stdout]              <(T1, T2, T3, T4, T5, T6, T7, T0) as FromStaticSqlRow<(ST1, ST2, ST3, ST4, ST5, ST6, ST7, ST0), __DB>>
[INFO] [stdout]            and 8 others
[INFO] [stdout] note: required for `User` to implement `diesel::Queryable<(diesel::sql_types::Integer, diesel::sql_types::Text), _>`
[INFO] [stdout]   --> tests/lib.rs:78:5
[INFO] [stdout]    |
[INFO] [stdout] 78 |     diesel::Queryable,
[INFO] [stdout]    |     ^^^^^^^^^^^^^^^^^ unsatisfied trait bound introduced in this `derive` macro
[INFO] [stdout] ...
[INFO] [stdout] 85 | struct User {
[INFO] [stdout]    |        ^^^^
[INFO] [stdout]    = note: required for `User` to implement `FromSqlRow<(diesel::sql_types::Integer, diesel::sql_types::Text), _>`
[INFO] [stdout]    = note: required for `table` to implement `diesel_async::methods::LoadQuery<'_, _, User>`
[INFO] [stdout]    = note: this error originates in the derive macro `diesel::Queryable` (in Nightly builds, run with -Z macro-backtrace for more info)
[INFO] [stdout] 
[INFO] [stdout] 
[INFO] [stdout] error[E0277]: the trait bound `(i32, String): FromStaticSqlRow<(diesel::sql_types::Integer, diesel::sql_types::Text), _>` is not satisfied
[INFO] [stdout]    --> tests/lib.rs:20:58
[INFO] [stdout]     |
[INFO] [stdout] 20  |                 let users: Vec<User> = users::table.load(conn).await?;
[INFO] [stdout]     |                                                     ---- ^^^^ the trait `FromStaticSqlRow<(diesel::sql_types::Integer, diesel::sql_types::Text), _>` is not implemented for `(i32, String)`, which is required by `table: diesel_async::methods::LoadQuery<'_, _, _>`
[INFO] [stdout]     |                                                     |
[INFO] [stdout]     |                                                     required by a bound introduced by this call
[INFO] [stdout]     |
[INFO] [stdout]     = help: the following other types implement trait `FromStaticSqlRow<ST, DB>`:
[INFO] [stdout]               <(T0,) as FromStaticSqlRow<(ST0,), __DB>>
[INFO] [stdout]               <(T1, T0) as FromStaticSqlRow<(ST1, ST0), __DB>>
[INFO] [stdout]               <(T1, T2, T0) as FromStaticSqlRow<(ST1, ST2, ST0), __DB>>
[INFO] [stdout]               <(T1, T2, T3, T0) as FromStaticSqlRow<(ST1, ST2, ST3, ST0), __DB>>
[INFO] [stdout]               <(T1, T2, T3, T4, T0) as FromStaticSqlRow<(ST1, ST2, ST3, ST4, ST0), __DB>>
[INFO] [stdout]               <(T1, T2, T3, T4, T5, T0) as FromStaticSqlRow<(ST1, ST2, ST3, ST4, ST5, ST0), __DB>>
[INFO] [stdout]               <(T1, T2, T3, T4, T5, T6, T0) as FromStaticSqlRow<(ST1, ST2, ST3, ST4, ST5, ST6, ST0), __DB>>
[INFO] [stdout]               <(T1, T2, T3, T4, T5, T6, T7, T0) as FromStaticSqlRow<(ST1, ST2, ST3, ST4, ST5, ST6, ST7, ST0), __DB>>
[INFO] [stdout]             and 8 others
[INFO] [stdout] note: required for `User` to implement `diesel::Queryable<(diesel::sql_types::Integer, diesel::sql_types::Text), _>`
[INFO] [stdout]    --> tests/lib.rs:78:5
[INFO] [stdout]     |
[INFO] [stdout] 78  |     diesel::Queryable,
[INFO] [stdout]     |     ^^^^^^^^^^^^^^^^^ unsatisfied trait bound introduced in this `derive` macro
[INFO] [stdout] ...
[INFO] [stdout] 85  | struct User {
[INFO] [stdout]     |        ^^^^
[INFO] [stdout]     = note: required for `User` to implement `FromSqlRow<(diesel::sql_types::Integer, diesel::sql_types::Text), _>`
[INFO] [stdout]     = note: required for `table` to implement `diesel_async::methods::LoadQuery<'_, _, User>`
[INFO] [stdout] note: required by a bound in `diesel_async::RunQueryDsl::load`
[INFO] [stdout]    --> /opt/rustwide/workdir/src/run_query_dsl/mod.rs:338:15
[INFO] [stdout]     |
[INFO] [stdout] 331 |     fn load<'query, 'conn, U>(
[INFO] [stdout]     |        ---- required by a bound in this associated function
[INFO] [stdout] ...
[INFO] [stdout] 338 |         Self: methods::LoadQuery<'query, Conn, U> + 'query,
[INFO] [stdout]     |               ^^^^^^^^^^^^^^^^^^^^^^^^^^^^^^^^^^^ required by this bound in `RunQueryDsl::load`
[INFO] [stdout]     = note: this error originates in the derive macro `diesel::Queryable` (in Nightly builds, run with -Z macro-backtrace for more info)
[INFO] [stdout] 
[INFO] [stdout] 
[INFO] [stdout] error[E0277]: the trait bound `(i32, String): FromStaticSqlRow<(diesel::sql_types::Integer, diesel::sql_types::Text), _>` is not satisfied
[INFO] [stdout]   --> tests/lib.rs:24:64
[INFO] [stdout]    |
[INFO] [stdout] 24 |                 let user: Option<User> = users::table.find(42).first(conn).await.optional()?;
[INFO] [stdout]    |                                                                ^^^^^ the trait `FromStaticSqlRow<(diesel::sql_types::Integer, diesel::sql_types::Text), _>` is not implemented for `(i32, String)`, which is required by `SelectStatement<FromClause<table>, query_builder::select_clause::DefaultSelectClause<FromClause<table>>, query_builder::distinct_clause::NoDistinctClause, query_builder::where_clause::WhereClause<expression::grouped::Grouped<expression::operators::Eq<columns::id, expression::bound::Bound<diesel::sql_types::Integer, i32>>>>, query_builder::order_clause::NoOrderClause, LimitOffsetClause<LimitClause<expression::bound::Bound<BigInt, i64>>, NoOffsetClause>>: diesel_async::methods::LoadQuery<'_, _, _>`
[INFO] [stdout]    |
[INFO] [stdout]    = help: the following other types implement trait `FromStaticSqlRow<ST, DB>`:
[INFO] [stdout]              <(T0,) as FromStaticSqlRow<(ST0,), __DB>>
[INFO] [stdout]              <(T1, T0) as FromStaticSqlRow<(ST1, ST0), __DB>>
[INFO] [stdout]              <(T1, T2, T0) as FromStaticSqlRow<(ST1, ST2, ST0), __DB>>
[INFO] [stdout]              <(T1, T2, T3, T0) as FromStaticSqlRow<(ST1, ST2, ST3, ST0), __DB>>
[INFO] [stdout]              <(T1, T2, T3, T4, T0) as FromStaticSqlRow<(ST1, ST2, ST3, ST4, ST0), __DB>>
[INFO] [stdout]              <(T1, T2, T3, T4, T5, T0) as FromStaticSqlRow<(ST1, ST2, ST3, ST4, ST5, ST0), __DB>>
[INFO] [stdout]              <(T1, T2, T3, T4, T5, T6, T0) as FromStaticSqlRow<(ST1, ST2, ST3, ST4, ST5, ST6, ST0), __DB>>
[INFO] [stdout]              <(T1, T2, T3, T4, T5, T6, T7, T0) as FromStaticSqlRow<(ST1, ST2, ST3, ST4, ST5, ST6, ST7, ST0), __DB>>
[INFO] [stdout]            and 8 others
[INFO] [stdout] note: required for `User` to implement `diesel::Queryable<(diesel::sql_types::Integer, diesel::sql_types::Text), _>`
[INFO] [stdout]   --> tests/lib.rs:78:5
[INFO] [stdout]    |
[INFO] [stdout] 78 |     diesel::Queryable,
[INFO] [stdout]    |     ^^^^^^^^^^^^^^^^^ unsatisfied trait bound introduced in this `derive` macro
[INFO] [stdout] ...
[INFO] [stdout] 85 | struct User {
[INFO] [stdout]    |        ^^^^
[INFO] [stdout]    = note: required for `User` to implement `FromSqlRow<(diesel::sql_types::Integer, diesel::sql_types::Text), _>`
[INFO] [stdout]    = note: required for `SelectStatement<FromClause<table>, DefaultSelectClause<FromClause<table>>, NoDistinctClause, ..., ..., ...>` to implement `diesel_async::methods::LoadQuery<'_, _, User>`
[INFO] [stdout]    = note: the full type name has been written to '/opt/rustwide/target/debug/deps/integration_tests-ed93a6215961ed43.long-type-9358123862610473475.txt'
[INFO] [stdout]    = note: this error originates in the derive macro `diesel::Queryable` (in Nightly builds, run with -Z macro-backtrace for more info)
[INFO] [stdout] 
[INFO] [stdout] 
[INFO] [stdout] error[E0277]: the trait bound `(i32, String): FromStaticSqlRow<(diesel::sql_types::Integer, diesel::sql_types::Text), _>` is not satisfied
[INFO] [stdout]    --> tests/lib.rs:24:70
[INFO] [stdout]     |
[INFO] [stdout] 24  |                 let user: Option<User> = users::table.find(42).first(conn).await.optional()?;
[INFO] [stdout]     |                                                                ----- ^^^^ the trait `FromStaticSqlRow<(diesel::sql_types::Integer, diesel::sql_types::Text), _>` is not implemented for `(i32, String)`, which is required by `SelectStatement<FromClause<table>, query_builder::select_clause::DefaultSelectClause<FromClause<table>>, query_builder::distinct_clause::NoDistinctClause, query_builder::where_clause::WhereClause<expression::grouped::Grouped<expression::operators::Eq<columns::id, expression::bound::Bound<diesel::sql_types::Integer, i32>>>>, query_builder::order_clause::NoOrderClause, LimitOffsetClause<LimitClause<expression::bound::Bound<BigInt, i64>>, NoOffsetClause>>: diesel_async::methods::LoadQuery<'_, _, _>`
[INFO] [stdout]     |                                                                |
[INFO] [stdout]     |                                                                required by a bound introduced by this call
[INFO] [stdout]     |
[INFO] [stdout]     = help: the following other types implement trait `FromStaticSqlRow<ST, DB>`:
[INFO] [stdout]               <(T0,) as FromStaticSqlRow<(ST0,), __DB>>
[INFO] [stdout]               <(T1, T0) as FromStaticSqlRow<(ST1, ST0), __DB>>
[INFO] [stdout]               <(T1, T2, T0) as FromStaticSqlRow<(ST1, ST2, ST0), __DB>>
[INFO] [stdout]               <(T1, T2, T3, T0) as FromStaticSqlRow<(ST1, ST2, ST3, ST0), __DB>>
[INFO] [stdout]               <(T1, T2, T3, T4, T0) as FromStaticSqlRow<(ST1, ST2, ST3, ST4, ST0), __DB>>
[INFO] [stdout]               <(T1, T2, T3, T4, T5, T0) as FromStaticSqlRow<(ST1, ST2, ST3, ST4, ST5, ST0), __DB>>
[INFO] [stdout]               <(T1, T2, T3, T4, T5, T6, T0) as FromStaticSqlRow<(ST1, ST2, ST3, ST4, ST5, ST6, ST0), __DB>>
[INFO] [stdout]               <(T1, T2, T3, T4, T5, T6, T7, T0) as FromStaticSqlRow<(ST1, ST2, ST3, ST4, ST5, ST6, ST7, ST0), __DB>>
[INFO] [stdout]             and 8 others
[INFO] [stdout] note: required for `User` to implement `diesel::Queryable<(diesel::sql_types::Integer, diesel::sql_types::Text), _>`
[INFO] [stdout]    --> tests/lib.rs:78:5
[INFO] [stdout]     |
[INFO] [stdout] 78  |     diesel::Queryable,
[INFO] [stdout]     |     ^^^^^^^^^^^^^^^^^ unsatisfied trait bound introduced in this `derive` macro
[INFO] [stdout] ...
[INFO] [stdout] 85  | struct User {
[INFO] [stdout]     |        ^^^^
[INFO] [stdout]     = note: required for `User` to implement `FromSqlRow<(diesel::sql_types::Integer, diesel::sql_types::Text), _>`
[INFO] [stdout]     = note: required for `SelectStatement<FromClause<table>, DefaultSelectClause<FromClause<table>>, NoDistinctClause, ..., ..., ...>` to implement `diesel_async::methods::LoadQuery<'_, _, User>`
[INFO] [stdout]     = note: the full type name has been written to '/opt/rustwide/target/debug/deps/integration_tests-ed93a6215961ed43.long-type-9358123862610473475.txt'
[INFO] [stdout] note: required by a bound in `diesel_async::RunQueryDsl::first`
[INFO] [stdout]    --> /opt/rustwide/workdir/src/run_query_dsl/mod.rs:634:35
[INFO] [stdout]     |
[INFO] [stdout] 626 |     fn first<'query, 'conn, U>(
[INFO] [stdout]     |        ----- required by a bound in this associated function
[INFO] [stdout] ...
[INFO] [stdout] 634 |         diesel::dsl::Limit<Self>: methods::LoadQuery<'query, Conn, U> + Send + 'query,
[INFO] [stdout]     |                                   ^^^^^^^^^^^^^^^^^^^^^^^^^^^^^^^^^^^ required by this bound in `RunQueryDsl::first`
[INFO] [stdout]     = note: this error originates in the derive macro `diesel::Queryable` (in Nightly builds, run with -Z macro-backtrace for more info)
[INFO] [stdout] 
[INFO] [stdout] 
[INFO] [stdout] error[E0282]: type annotations needed for `&mut Conn`
[INFO] [stdout]   --> tests/lib.rs:18:56
[INFO] [stdout]    |
[INFO] [stdout] 18 |         .transaction::<i32, diesel::result::Error, _>(|conn| {
[INFO] [stdout]    |                                                        ^^^^
[INFO] [stdout] ...
[INFO] [stdout] 28 |                     .transaction::<_, diesel::result::Error, _>(|conn| {
[INFO] [stdout]    |                      ----------- type must be known at this point
[INFO] [stdout]    |
[INFO] [stdout] help: consider giving this closure parameter an explicit type, where the type for type parameter `Conn` is specified
[INFO] [stdout]    |
[INFO] [stdout] 18 |         .transaction::<i32, diesel::result::Error, _>(|conn: &mut Conn| {
[INFO] [stdout]    |                                                            +++++++++++
[INFO] [stdout] 
[INFO] [stdout] 
[INFO] [stdout] warning: field `cache` is never read
[INFO] [stdout]   --> src/stmt_cache.rs:11:5
[INFO] [stdout]    |
[INFO] [stdout] 10 | pub struct StmtCache<DB: Backend, S> {
[INFO] [stdout]    |            --------- field in this struct
[INFO] [stdout] 11 |     cache: HashMap<StatementCacheKey<DB>, S>,
[INFO] [stdout]    |     ^^^^^
[INFO] [stdout]    |
[INFO] [stdout]    = note: `#[warn(dead_code)]` on by default
[INFO] [stdout] 
[INFO] [stdout] 
[INFO] [stdout] warning: type alias `PrepareFuture` is never used
[INFO] [stdout]   --> src/stmt_cache.rs:14:6
[INFO] [stdout]    |
[INFO] [stdout] 14 | type PrepareFuture<'a, F, S> = future::Either<
[INFO] [stdout]    |      ^^^^^^^^^^^^^
[INFO] [stdout] 
[INFO] [stdout] 
[INFO] [stdout] warning: associated items `new` and `cached_prepared_statement` are never used
[INFO] [stdout]   --> src/stmt_cache.rs:30:12
[INFO] [stdout]    |
[INFO] [stdout] 29 | impl<S, DB: Backend> StmtCache<DB, S> {
[INFO] [stdout]    | ------------------------------------- associated items in this implementation
[INFO] [stdout] 30 |     pub fn new() -> Self {
[INFO] [stdout]    |            ^^^
[INFO] [stdout] ...
[INFO] [stdout] 36 |     pub fn cached_prepared_statement<'a, F>(
[INFO] [stdout]    |            ^^^^^^^^^^^^^^^^^^^^^^^^^
[INFO] [stdout] 
[INFO] [stdout] 
[INFO] [stdout] warning: 3 warnings emitted
[INFO] [stdout] 
[INFO] [stdout] 
[INFO] [stdout] error[E0277]: the trait bound `i64: FromSql<BigInt, _>` is not satisfied
[INFO] [stdout]   --> tests/lib.rs:34:62
[INFO] [stdout]    |
[INFO] [stdout] 34 | ...                   let count = users::table.count().get_result::<i64>(conn).await?;
[INFO] [stdout]    |                                                        ^^^^^^^^^^ the trait `FromSql<BigInt, _>` is not implemented for `i64`, which is required by `SelectStatement<FromClause<table>, query_builder::select_clause::SelectClause<CountStar>>: diesel_async::methods::LoadQuery<'_, _, i64>`
[INFO] [stdout]    |
[INFO] [stdout]    = help: the following other types implement trait `FromSql<A, DB>`:
[INFO] [stdout]              <Cow<'a, T> as FromSql<ST, DB>>
[INFO] [stdout]              <Vec<u8> as FromSql<ST, DB>>
[INFO] [stdout]              <String as FromSql<ST, DB>>
[INFO] [stdout]              <MigrationVersion<'a> as FromSql<diesel::sql_types::Text, DB>>
[INFO] [stdout]              <Option<T> as FromSql<Nullable<ST>, DB>>
[INFO] [stdout]    = note: required for `i64` to implement `diesel::Queryable<BigInt, _>`
[INFO] [stdout]    = note: required for `i64` to implement `FromSqlRow<BigInt, _>`
[INFO] [stdout]    = note: required for `SelectStatement<FromClause<table>, query_builder::select_clause::SelectClause<CountStar>>` to implement `diesel_async::methods::LoadQuery<'_, _, i64>`
[INFO] [stdout] 
[INFO] [stdout] 
[INFO] [stdout] error[E0277]: the trait bound `i64: FromSql<BigInt, _>` is not satisfied
[INFO] [stdout]    --> tests/lib.rs:34:80
[INFO] [stdout]     |
[INFO] [stdout] 34  | ...                   let count = users::table.count().get_result::<i64>(conn).await?;
[INFO] [stdout]     |                                                        ----------        ^^^^ the trait `FromSql<BigInt, _>` is not implemented for `i64`, which is required by `SelectStatement<FromClause<table>, query_builder::select_clause::SelectClause<CountStar>>: diesel_async::methods::LoadQuery<'_, _, i64>`
[INFO] [stdout]     |                                                        |
[INFO] [stdout]     |                                                        required by a bound introduced by this call
[INFO] [stdout]     |
[INFO] [stdout]     = help: the following other types implement trait `FromSql<A, DB>`:
[INFO] [stdout]               <Cow<'a, T> as FromSql<ST, DB>>
[INFO] [stdout]               <Vec<u8> as FromSql<ST, DB>>
[INFO] [stdout]               <String as FromSql<ST, DB>>
[INFO] [stdout]               <MigrationVersion<'a> as FromSql<diesel::sql_types::Text, DB>>
[INFO] [stdout]               <Option<T> as FromSql<Nullable<ST>, DB>>
[INFO] [stdout]     = note: required for `i64` to implement `diesel::Queryable<BigInt, _>`
[INFO] [stdout]     = note: required for `i64` to implement `FromSqlRow<BigInt, _>`
[INFO] [stdout]     = note: required for `SelectStatement<FromClause<table>, query_builder::select_clause::SelectClause<CountStar>>` to implement `diesel_async::methods::LoadQuery<'_, _, i64>`
[INFO] [stdout] note: required by a bound in `diesel_async::RunQueryDsl::get_result`
[INFO] [stdout]    --> /opt/rustwide/workdir/src/run_query_dsl/mod.rs:539:15
[INFO] [stdout]     |
[INFO] [stdout] 532 |     fn get_result<'query, 'conn, U>(
[INFO] [stdout]     |        ---------- required by a bound in this associated function
[INFO] [stdout] ...
[INFO] [stdout] 539 |         Self: methods::LoadQuery<'query, Conn, U> + 'query,
[INFO] [stdout]     |               ^^^^^^^^^^^^^^^^^^^^^^^^^^^^^^^^^^^ required by this bound in `RunQueryDsl::get_result`
[INFO] [stdout] 
[INFO] [stdout] 
[INFO] [stdout] error[E0277]: the trait bound `i64: FromSql<BigInt, _>` is not satisfied
[INFO] [stdout]   --> tests/lib.rs:42:50
[INFO] [stdout]    |
[INFO] [stdout] 42 |                 let count = users::table.count().get_result::<i64>(conn).await?;
[INFO] [stdout]    |                                                  ^^^^^^^^^^ the trait `FromSql<BigInt, _>` is not implemented for `i64`, which is required by `SelectStatement<FromClause<table>, query_builder::select_clause::SelectClause<CountStar>>: diesel_async::methods::LoadQuery<'_, _, i64>`
[INFO] [stdout]    |
[INFO] [stdout]    = help: the following other types implement trait `FromSql<A, DB>`:
[INFO] [stdout]              <Cow<'a, T> as FromSql<ST, DB>>
[INFO] [stdout]              <Vec<u8> as FromSql<ST, DB>>
[INFO] [stdout]              <String as FromSql<ST, DB>>
[INFO] [stdout]              <MigrationVersion<'a> as FromSql<diesel::sql_types::Text, DB>>
[INFO] [stdout]              <Option<T> as FromSql<Nullable<ST>, DB>>
[INFO] [stdout]    = note: required for `i64` to implement `diesel::Queryable<BigInt, _>`
[INFO] [stdout]    = note: required for `i64` to implement `FromSqlRow<BigInt, _>`
[INFO] [stdout]    = note: required for `SelectStatement<FromClause<table>, query_builder::select_clause::SelectClause<CountStar>>` to implement `diesel_async::methods::LoadQuery<'_, _, i64>`
[INFO] [stdout] 
[INFO] [stdout] 
[INFO] [stdout] error[E0277]: the trait bound `i64: FromSql<BigInt, _>` is not satisfied
[INFO] [stdout]    --> tests/lib.rs:42:68
[INFO] [stdout]     |
[INFO] [stdout] 42  |                 let count = users::table.count().get_result::<i64>(conn).await?;
[INFO] [stdout]     |                                                  ----------        ^^^^ the trait `FromSql<BigInt, _>` is not implemented for `i64`, which is required by `SelectStatement<FromClause<table>, query_builder::select_clause::SelectClause<CountStar>>: diesel_async::methods::LoadQuery<'_, _, i64>`
[INFO] [stdout]     |                                                  |
[INFO] [stdout]     |                                                  required by a bound introduced by this call
[INFO] [stdout]     |
[INFO] [stdout]     = help: the following other types implement trait `FromSql<A, DB>`:
[INFO] [stdout]               <Cow<'a, T> as FromSql<ST, DB>>
[INFO] [stdout]               <Vec<u8> as FromSql<ST, DB>>
[INFO] [stdout]               <String as FromSql<ST, DB>>
[INFO] [stdout]               <MigrationVersion<'a> as FromSql<diesel::sql_types::Text, DB>>
[INFO] [stdout]               <Option<T> as FromSql<Nullable<ST>, DB>>
[INFO] [stdout]     = note: required for `i64` to implement `diesel::Queryable<BigInt, _>`
[INFO] [stdout]     = note: required for `i64` to implement `FromSqlRow<BigInt, _>`
[INFO] [stdout]     = note: required for `SelectStatement<FromClause<table>, query_builder::select_clause::SelectClause<CountStar>>` to implement `diesel_async::methods::LoadQuery<'_, _, i64>`
[INFO] [stdout] note: required by a bound in `diesel_async::RunQueryDsl::get_result`
[INFO] [stdout]    --> /opt/rustwide/workdir/src/run_query_dsl/mod.rs:539:15
[INFO] [stdout]     |
[INFO] [stdout] 532 |     fn get_result<'query, 'conn, U>(
[INFO] [stdout]     |        ---------- required by a bound in this associated function
[INFO] [stdout] ...
[INFO] [stdout] 539 |         Self: methods::LoadQuery<'query, Conn, U> + 'query,
[INFO] [stdout]     |               ^^^^^^^^^^^^^^^^^^^^^^^^^^^^^^^^^^^ required by this bound in `RunQueryDsl::get_result`
[INFO] [stdout] 
[INFO] [stdout] 
[INFO] [stdout] error[E0277]: the trait bound `i64: FromSql<BigInt, _>` is not satisfied
[INFO] [stdout]   --> tests/lib.rs:51:50
[INFO] [stdout]    |
[INFO] [stdout] 51 |                 let count = users::table.count().get_result::<i64>(conn).await?;
[INFO] [stdout]    |                                                  ^^^^^^^^^^ the trait `FromSql<BigInt, _>` is not implemented for `i64`, which is required by `SelectStatement<FromClause<table>, query_builder::select_clause::SelectClause<CountStar>>: diesel_async::methods::LoadQuery<'_, _, i64>`
[INFO] [stdout]    |
[INFO] [stdout]    = help: the following other types implement trait `FromSql<A, DB>`:
[INFO] [stdout]              <Cow<'a, T> as FromSql<ST, DB>>
[INFO] [stdout]              <Vec<u8> as FromSql<ST, DB>>
[INFO] [stdout]              <String as FromSql<ST, DB>>
[INFO] [stdout]              <MigrationVersion<'a> as FromSql<diesel::sql_types::Text, DB>>
[INFO] [stdout]              <Option<T> as FromSql<Nullable<ST>, DB>>
[INFO] [stdout]    = note: required for `i64` to implement `diesel::Queryable<BigInt, _>`
[INFO] [stdout]    = note: required for `i64` to implement `FromSqlRow<BigInt, _>`
[INFO] [stdout]    = note: required for `SelectStatement<FromClause<table>, query_builder::select_clause::SelectClause<CountStar>>` to implement `diesel_async::methods::LoadQuery<'_, _, i64>`
[INFO] [stdout] 
[INFO] [stdout] 
[INFO] [stdout] error[E0277]: the trait bound `i64: FromSql<BigInt, _>` is not satisfied
[INFO] [stdout]    --> tests/lib.rs:51:68
[INFO] [stdout]     |
[INFO] [stdout] 51  |                 let count = users::table.count().get_result::<i64>(conn).await?;
[INFO] [stdout]     |                                                  ----------        ^^^^ the trait `FromSql<BigInt, _>` is not implemented for `i64`, which is required by `SelectStatement<FromClause<table>, query_builder::select_clause::SelectClause<CountStar>>: diesel_async::methods::LoadQuery<'_, _, i64>`
[INFO] [stdout]     |                                                  |
[INFO] [stdout]     |                                                  required by a bound introduced by this call
[INFO] [stdout]     |
[INFO] [stdout]     = help: the following other types implement trait `FromSql<A, DB>`:
[INFO] [stdout]               <Cow<'a, T> as FromSql<ST, DB>>
[INFO] [stdout]               <Vec<u8> as FromSql<ST, DB>>
[INFO] [stdout]               <String as FromSql<ST, DB>>
[INFO] [stdout]               <MigrationVersion<'a> as FromSql<diesel::sql_types::Text, DB>>
[INFO] [stdout]               <Option<T> as FromSql<Nullable<ST>, DB>>
[INFO] [stdout]     = note: required for `i64` to implement `diesel::Queryable<BigInt, _>`
[INFO] [stdout]     = note: required for `i64` to implement `FromSqlRow<BigInt, _>`
[INFO] [stdout]     = note: required for `SelectStatement<FromClause<table>, query_builder::select_clause::SelectClause<CountStar>>` to implement `diesel_async::methods::LoadQuery<'_, _, i64>`
[INFO] [stdout] note: required by a bound in `diesel_async::RunQueryDsl::get_result`
[INFO] [stdout]    --> /opt/rustwide/workdir/src/run_query_dsl/mod.rs:539:15
[INFO] [stdout]     |
[INFO] [stdout] 532 |     fn get_result<'query, 'conn, U>(
[INFO] [stdout]     |        ---------- required by a bound in this associated function
[INFO] [stdout] ...
[INFO] [stdout] 539 |         Self: methods::LoadQuery<'query, Conn, U> + 'query,
[INFO] [stdout]     |               ^^^^^^^^^^^^^^^^^^^^^^^^^^^^^^^^^^^ required by this bound in `RunQueryDsl::get_result`
[INFO] [stdout] 
[INFO] [stdout] 
[INFO] [stdout] error[E0277]: the trait bound `i64: FromSql<BigInt, _>` is not satisfied
[INFO] [stdout]   --> tests/lib.rs:64:38
[INFO] [stdout]    |
[INFO] [stdout] 64 |     let count = users::table.count().get_result::<i64>(conn).await?;
[INFO] [stdout]    |                                      ^^^^^^^^^^ the trait `FromSql<BigInt, _>` is not implemented for `i64`, which is required by `SelectStatement<FromClause<table>, query_builder::select_clause::SelectClause<CountStar>>: diesel_async::methods::LoadQuery<'_, _, i64>`
[INFO] [stdout]    |
[INFO] [stdout]    = help: the following other types implement trait `FromSql<A, DB>`:
[INFO] [stdout]              <Cow<'a, T> as FromSql<ST, DB>>
[INFO] [stdout]              <Vec<u8> as FromSql<ST, DB>>
[INFO] [stdout]              <String as FromSql<ST, DB>>
[INFO] [stdout]              <MigrationVersion<'a> as FromSql<diesel::sql_types::Text, DB>>
[INFO] [stdout]              <Option<T> as FromSql<Nullable<ST>, DB>>
[INFO] [stdout]    = note: required for `i64` to implement `diesel::Queryable<BigInt, _>`
[INFO] [stdout]    = note: required for `i64` to implement `FromSqlRow<BigInt, _>`
[INFO] [stdout]    = note: required for `SelectStatement<FromClause<table>, query_builder::select_clause::SelectClause<CountStar>>` to implement `diesel_async::methods::LoadQuery<'_, _, i64>`
[INFO] [stdout] 
[INFO] [stdout] 
[INFO] [stdout] error[E0277]: the trait bound `i64: FromSql<BigInt, _>` is not satisfied
[INFO] [stdout]    --> tests/lib.rs:64:56
[INFO] [stdout]     |
[INFO] [stdout] 64  |     let count = users::table.count().get_result::<i64>(conn).await?;
[INFO] [stdout]     |                                      ----------        ^^^^ the trait `FromSql<BigInt, _>` is not implemented for `i64`, which is required by `SelectStatement<FromClause<table>, query_builder::select_clause::SelectClause<CountStar>>: diesel_async::methods::LoadQuery<'_, _, i64>`
[INFO] [stdout]     |                                      |
[INFO] [stdout]     |                                      required by a bound introduced by this call
[INFO] [stdout]     |
[INFO] [stdout]     = help: the following other types implement trait `FromSql<A, DB>`:
[INFO] [stdout]               <Cow<'a, T> as FromSql<ST, DB>>
[INFO] [stdout]               <Vec<u8> as FromSql<ST, DB>>
[INFO] [stdout]               <String as FromSql<ST, DB>>
[INFO] [stdout]               <MigrationVersion<'a> as FromSql<diesel::sql_types::Text, DB>>
[INFO] [stdout]               <Option<T> as FromSql<Nullable<ST>, DB>>
[INFO] [stdout]     = note: required for `i64` to implement `diesel::Queryable<BigInt, _>`
[INFO] [stdout]     = note: required for `i64` to implement `FromSqlRow<BigInt, _>`
[INFO] [stdout]     = note: required for `SelectStatement<FromClause<table>, query_builder::select_clause::SelectClause<CountStar>>` to implement `diesel_async::methods::LoadQuery<'_, _, i64>`
[INFO] [stdout] note: required by a bound in `diesel_async::RunQueryDsl::get_result`
[INFO] [stdout]    --> /opt/rustwide/workdir/src/run_query_dsl/mod.rs:539:15
[INFO] [stdout]     |
[INFO] [stdout] 532 |     fn get_result<'query, 'conn, U>(
[INFO] [stdout]     |        ---------- required by a bound in this associated function
[INFO] [stdout] ...
[INFO] [stdout] 539 |         Self: methods::LoadQuery<'query, Conn, U> + 'query,
[INFO] [stdout]     |               ^^^^^^^^^^^^^^^^^^^^^^^^^^^^^^^^^^^ required by this bound in `RunQueryDsl::get_result`
[INFO] [stdout] 
[INFO] [stdout] 
[INFO] [stdout] error[E0433]: failed to resolve: use of undeclared type `TestConnection`
[INFO] [stdout]    --> tests/lib.rs:182:20
[INFO] [stdout]     |
[INFO] [stdout] 182 |     let mut conn = TestConnection::establish(&db_url).await.unwrap();
[INFO] [stdout]     |                    ^^^^^^^^^^^^^^ use of undeclared type `TestConnection`
[INFO] [stdout] 
[INFO] [stdout] 
[INFO] [stdout] error[E0425]: cannot find function `setup` in this scope
[INFO] [stdout]    --> tests/lib.rs:187:5
[INFO] [stdout]     |
[INFO] [stdout] 187 |     setup(&mut conn).await;
[INFO] [stdout]     |     ^^^^^ not found in this scope
[INFO] [stdout] 
[INFO] [stdout] 
[INFO] [stdout] error[E0277]: the trait bound `T: diesel::Queryable<ST, _>` is not satisfied
[INFO] [stdout]   --> tests/type_check.rs:29:10
[INFO] [stdout]    |
[INFO] [stdout] 29 |         .get_result::<T>(conn)
[INFO] [stdout]    |          ^^^^^^^^^^ the trait `diesel::Queryable<ST, _>` is not implemented for `T`, which is required by `SelectStatement<NoFromClause, query_builder::select_clause::SelectClause<<T as AsExpression<ST>>::Expression>>: diesel_async::methods::LoadQuery<'_, _, T>`
[INFO] [stdout]    |
[INFO] [stdout]    = help: the following other types implement trait `diesel::Queryable<ST, DB>`:
[INFO] [stdout]              <bool as diesel::Queryable<__ST, __DB>>
[INFO] [stdout]              <i8 as diesel::Queryable<__ST, __DB>>
[INFO] [stdout]              <i16 as diesel::Queryable<__ST, __DB>>
[INFO] [stdout]              <i32 as diesel::Queryable<__ST, __DB>>
[INFO] [stdout]              <i64 as diesel::Queryable<__ST, __DB>>
[INFO] [stdout]              <u8 as diesel::Queryable<__ST, __DB>>
[INFO] [stdout]              <u16 as diesel::Queryable<__ST, __DB>>
[INFO] [stdout]              <u32 as diesel::Queryable<__ST, __DB>>
[INFO] [stdout]            and 46 others
[INFO] [stdout]    = note: required for `T` to implement `FromSqlRow<ST, _>`
[INFO] [stdout]    = note: required for `SelectStatement<NoFromClause, query_builder::select_clause::SelectClause<<T as AsExpression<ST>>::Expression>>` to implement `diesel_async::methods::LoadQuery<'_, _, T>`
[INFO] [stdout] 
[INFO] [stdout] 
[INFO] [stdout] error[E0277]: the trait bound `T: diesel::Queryable<ST, _>` is not satisfied
[INFO] [stdout]    --> tests/type_check.rs:29:26
[INFO] [stdout]     |
[INFO] [stdout] 29  |         .get_result::<T>(conn)
[INFO] [stdout]     |          ----------      ^^^^ the trait `diesel::Queryable<ST, _>` is not implemented for `T`, which is required by `SelectStatement<NoFromClause, query_builder::select_clause::SelectClause<<T as AsExpression<ST>>::Expression>>: diesel_async::methods::LoadQuery<'_, _, T>`
[INFO] [stdout]     |          |
[INFO] [stdout]     |          required by a bound introduced by this call
[INFO] [stdout]     |
[INFO] [stdout]     = help: the following other types implement trait `diesel::Queryable<ST, DB>`:
[INFO] [stdout]               <bool as diesel::Queryable<__ST, __DB>>
[INFO] [stdout]               <i8 as diesel::Queryable<__ST, __DB>>
[INFO] [stdout]               <i16 as diesel::Queryable<__ST, __DB>>
[INFO] [stdout]               <i32 as diesel::Queryable<__ST, __DB>>
[INFO] [stdout]               <i64 as diesel::Queryable<__ST, __DB>>
[INFO] [stdout]               <u8 as diesel::Queryable<__ST, __DB>>
[INFO] [stdout]               <u16 as diesel::Queryable<__ST, __DB>>
[INFO] [stdout]               <u32 as diesel::Queryable<__ST, __DB>>
[INFO] [stdout]             and 46 others
[INFO] [stdout]     = note: required for `T` to implement `FromSqlRow<ST, _>`
[INFO] [stdout]     = note: required for `SelectStatement<NoFromClause, query_builder::select_clause::SelectClause<<T as AsExpression<ST>>::Expression>>` to implement `diesel_async::methods::LoadQuery<'_, _, T>`
[INFO] [stdout] note: required by a bound in `diesel_async::RunQueryDsl::get_result`
[INFO] [stdout]    --> /opt/rustwide/workdir/src/run_query_dsl/mod.rs:539:15
[INFO] [stdout]     |
[INFO] [stdout] 532 |     fn get_result<'query, 'conn, U>(
[INFO] [stdout]     |        ---------- required by a bound in this associated function
[INFO] [stdout] ...
[INFO] [stdout] 539 |         Self: methods::LoadQuery<'query, Conn, U> + 'query,
[INFO] [stdout]     |               ^^^^^^^^^^^^^^^^^^^^^^^^^^^^^^^^^^^ required by this bound in `RunQueryDsl::get_result`
[INFO] [stdout] 
[INFO] [stdout] 
[INFO] [stdout] error: aborting due to 21 previous errors
[INFO] [stdout] 
[INFO] [stdout] 
[INFO] [stdout] Some errors have detailed explanations: E0277, E0282, E0412, E0425, E0432, E0433.
[INFO] [stdout] 
[INFO] [stdout] For more information about an error, try `rustc --explain E0277`.
[INFO] [stdout] 
[INFO] [stderr] error: could not compile `diesel-async` (test "integration_tests") due to 22 previous errors
[INFO] running `Command { std: "docker" "inspect" "66b79ea89dc1e759ad385e7ef8a0ee6611bf83d558896049b4b180f47b594032", kill_on_drop: false }`
[INFO] running `Command { std: "docker" "rm" "-f" "66b79ea89dc1e759ad385e7ef8a0ee6611bf83d558896049b4b180f47b594032", kill_on_drop: false }`
[INFO] [stdout] 66b79ea89dc1e759ad385e7ef8a0ee6611bf83d558896049b4b180f47b594032
[INFO] checking diesel-async-0.4.1 against nightly-2024-02-05+rustflags=-Dunexpected_cfgs+cargoflags=-Zcheck-cfg for check-cfg
[INFO] extracting crate diesel-async 0.4.1 into /workspace/builds/worker-7-tc2/source
[INFO] validating manifest of crates.io crate diesel-async 0.4.1 on toolchain nightly-2024-02-05
[INFO] running `Command { std: CARGO_HOME="/workspace/cargo-home" RUSTUP_HOME="/workspace/rustup-home" "/workspace/cargo-home/bin/cargo" "+nightly-2024-02-05" "metadata" "--manifest-path" "Cargo.toml" "--no-deps", kill_on_drop: false }`
[INFO] started tweaking crates.io crate diesel-async 0.4.1
[INFO] removed 0 missing tests
[INFO] finished tweaking crates.io crate diesel-async 0.4.1
[INFO] tweaked toml for crates.io crate diesel-async 0.4.1 written to /workspace/builds/worker-7-tc2/source/Cargo.toml
[INFO] running `Command { std: CARGO_HOME="/workspace/cargo-home" RUSTUP_HOME="/workspace/rustup-home" "/workspace/cargo-home/bin/cargo" "+nightly-2024-02-05" "generate-lockfile" "--manifest-path" "Cargo.toml", kill_on_drop: false }`
[INFO] [stderr]     Updating crates.io index
[INFO] running `Command { std: CARGO_HOME="/workspace/cargo-home" RUSTUP_HOME="/workspace/rustup-home" "/workspace/cargo-home/bin/cargo" "+nightly-2024-02-05" "fetch" "--manifest-path" "Cargo.toml", kill_on_drop: false }`
[INFO] running `Command { std: "docker" "create" "-v" "/var/lib/crater-agent-workspace/builds/worker-7-tc2/target:/opt/rustwide/target:rw,Z" "-v" "/var/lib/crater-agent-workspace/builds/worker-7-tc2/source:/opt/rustwide/workdir:ro,Z" "-v" "/var/lib/crater-agent-workspace/cargo-home:/opt/rustwide/cargo-home:ro,Z" "-v" "/var/lib/crater-agent-workspace/rustup-home:/opt/rustwide/rustup-home:ro,Z" "-e" "SOURCE_DIR=/opt/rustwide/workdir" "-e" "CARGO_TARGET_DIR=/opt/rustwide/target" "-e" "CARGO_HOME=/opt/rustwide/cargo-home" "-e" "RUSTUP_HOME=/opt/rustwide/rustup-home" "-w" "/opt/rustwide/workdir" "-m" "1610612736" "--user" "0:0" "--network" "none" "ghcr.io/rust-lang/crates-build-env/linux@sha256:2788e3201cd34a07e3172128adcd8b3090168a8e3bcc40d7c032b9dda1df7d1c" "/opt/rustwide/cargo-home/bin/cargo" "+nightly-2024-02-05" "metadata" "--no-deps" "--format-version=1", kill_on_drop: false }`
[INFO] [stdout] 0a1d3bd7ea807576e18a3867d12354b8e993e34e8ecb39f961a4e0584ea60fca
[INFO] running `Command { std: "docker" "start" "-a" "0a1d3bd7ea807576e18a3867d12354b8e993e34e8ecb39f961a4e0584ea60fca", kill_on_drop: false }`
[INFO] running `Command { std: "docker" "inspect" "0a1d3bd7ea807576e18a3867d12354b8e993e34e8ecb39f961a4e0584ea60fca", kill_on_drop: false }`
[INFO] running `Command { std: "docker" "rm" "-f" "0a1d3bd7ea807576e18a3867d12354b8e993e34e8ecb39f961a4e0584ea60fca", kill_on_drop: false }`
[INFO] [stdout] 0a1d3bd7ea807576e18a3867d12354b8e993e34e8ecb39f961a4e0584ea60fca
[INFO] running `Command { std: "docker" "create" "-v" "/var/lib/crater-agent-workspace/builds/worker-7-tc2/target:/opt/rustwide/target:rw,Z" "-v" "/var/lib/crater-agent-workspace/builds/worker-7-tc2/source:/opt/rustwide/workdir:ro,Z" "-v" "/var/lib/crater-agent-workspace/cargo-home:/opt/rustwide/cargo-home:ro,Z" "-v" "/var/lib/crater-agent-workspace/rustup-home:/opt/rustwide/rustup-home:ro,Z" "-e" "SOURCE_DIR=/opt/rustwide/workdir" "-e" "CARGO_TARGET_DIR=/opt/rustwide/target" "-e" "CARGO_INCREMENTAL=0" "-e" "RUST_BACKTRACE=full" "-e" "RUSTFLAGS=--cap-lints=forbid -Dunexpected_cfgs" "-e" "RUSTDOCFLAGS=--cap-lints=forbid" "-e" "CARGO_HOME=/opt/rustwide/cargo-home" "-e" "RUSTUP_HOME=/opt/rustwide/rustup-home" "-w" "/opt/rustwide/workdir" "-m" "1610612736" "--user" "0:0" "--network" "none" "ghcr.io/rust-lang/crates-build-env/linux@sha256:2788e3201cd34a07e3172128adcd8b3090168a8e3bcc40d7c032b9dda1df7d1c" "/opt/rustwide/cargo-home/bin/cargo" "+nightly-2024-02-05" "check" "--frozen" "--all" "--all-targets" "--message-format=json" "-Zcheck-cfg", kill_on_drop: false }`
[INFO] [stdout] b0f267c5a2e0f30b317e9a37748cbc615da7e65c4a27686aa5c241b07c6dfeb1
[INFO] running `Command { std: "docker" "start" "-a" "b0f267c5a2e0f30b317e9a37748cbc615da7e65c4a27686aa5c241b07c6dfeb1", kill_on_drop: false }`
[INFO] [stderr]    Compiling serde v1.0.196
[INFO] [stderr]    Compiling hashbrown v0.14.3
[INFO] [stderr]    Compiling equivalent v1.0.1
[INFO] [stderr]    Compiling winnow v0.5.37
[INFO] [stderr]     Checking iana-time-zone v0.1.60
[INFO] [stderr]    Compiling async-trait v0.1.77
[INFO] [stderr]     Checking pin-utils v0.1.0
[INFO] [stderr]     Checking futures-sink v0.3.30
[INFO] [stderr]    Compiling num-traits v0.2.17
[INFO] [stderr]    Compiling slab v0.4.9
[INFO] [stderr]     Checking futures-core v0.3.30
[INFO] [stderr]    Compiling syn v2.0.48
[INFO] [stderr]     Checking futures-task v0.3.30
[INFO] [stderr]     Checking scoped-futures v0.1.3
[INFO] [stderr]     Checking futures-util v0.3.30
[INFO] [stderr]    Compiling indexmap v2.2.2
[INFO] [stderr]     Checking chrono v0.4.33
[INFO] [stderr]    Compiling diesel_table_macro_syntax v0.1.0
[INFO] [stderr]    Compiling serde_derive v1.0.196
[INFO] [stderr]    Compiling diesel_derives v2.1.2
[INFO] [stderr]    Compiling tokio-macros v2.2.0
[INFO] [stderr]     Checking tokio v1.36.0
[INFO] [stderr]     Checking diesel v2.1.4
[INFO] [stderr]     Checking toml_datetime v0.6.5
[INFO] [stderr]     Checking serde_spanned v0.6.5
[INFO] [stderr]     Checking toml_edit v0.19.15
[INFO] [stderr]     Checking toml v0.7.8
[INFO] [stderr]     Checking migrations_internals v2.1.0
[INFO] [stderr]    Compiling migrations_macros v2.1.0
[INFO] [stderr]     Checking diesel_migrations v2.1.0
[INFO] [stderr]     Checking diesel-async v0.4.1 (/opt/rustwide/workdir)
[INFO] [stdout] error: unexpected `cfg` condition name: `doc_cfg`
[INFO] [stdout]  --> src/lib.rs:1:13
[INFO] [stdout]   |
[INFO] [stdout] 1 | #![cfg_attr(doc_cfg, feature(doc_cfg, doc_auto_cfg))]
[INFO] [stdout]   |             ^^^^^^^
[INFO] [stdout]   |
[INFO] [stdout]   = help: expected names are: `debug_assertions`, `doc`, `doctest`, `feature`, `miri`, `overflow_checks`, `panic`, `proc_macro`, `relocation_model`, `sanitize`, `sanitizer_cfi_generalize_pointers`, `sanitizer_cfi_normalize_integers`, `target_abi`, `target_arch`, `target_endian`, `target_env`, `target_family`, `target_feature`, `target_has_atomic`, `target_has_atomic_equal_alignment`, `target_has_atomic_load_store`, `target_os`, `target_pointer_width`, `target_thread_local`, `target_vendor`, `test`, `unix`, `windows`
[INFO] [stdout]   = help: consider using a Cargo feature instead or adding `println!("cargo:rustc-check-cfg=cfg(doc_cfg)");` to the top of a `build.rs`
[INFO] [stdout]   = note: see <https://doc.rust-lang.org/nightly/cargo/reference/unstable.html#check-cfg> for more information about checking conditional configuration
[INFO] [stdout]   = note: requested on the command line with `-D unexpected-cfgs`
[INFO] [stdout] 
[INFO] [stdout] 
[INFO] [stdout] warning: field `cache` is never read
[INFO] [stdout]   --> src/stmt_cache.rs:11:5
[INFO] [stdout]    |
[INFO] [stdout] 10 | pub struct StmtCache<DB: Backend, S> {
[INFO] [stdout]    |            --------- field in this struct
[INFO] [stdout] 11 |     cache: HashMap<StatementCacheKey<DB>, S>,
[INFO] [stdout]    |     ^^^^^
[INFO] [stdout]    |
[INFO] [stdout]    = note: `#[warn(dead_code)]` on by default
[INFO] [stdout] 
[INFO] [stdout] 
[INFO] [stdout] warning: type alias `PrepareFuture` is never used
[INFO] [stdout]   --> src/stmt_cache.rs:14:6
[INFO] [stdout]    |
[INFO] [stdout] 14 | type PrepareFuture<'a, F, S> = future::Either<
[INFO] [stdout]    |      ^^^^^^^^^^^^^
[INFO] [stdout] 
[INFO] [stdout] 
[INFO] [stdout] warning: associated items `new` and `cached_prepared_statement` are never used
[INFO] [stdout]   --> src/stmt_cache.rs:30:12
[INFO] [stdout]    |
[INFO] [stdout] 29 | impl<S, DB: Backend> StmtCache<DB, S> {
[INFO] [stdout]    | ------------------------------------- associated items in this implementation
[INFO] [stdout] 30 |     pub fn new() -> Self {
[INFO] [stdout]    |            ^^^
[INFO] [stdout] ...
[INFO] [stdout] 36 |     pub fn cached_prepared_statement<'a, F>(
[INFO] [stdout]    |            ^^^^^^^^^^^^^^^^^^^^^^^^^
[INFO] [stdout] 
[INFO] [stdout] 
[INFO] [stdout] error: aborting due to 1 previous error; 3 warnings emitted
[INFO] [stdout] 
[INFO] [stdout] 
[INFO] [stderr] error: could not compile `diesel-async` (lib) due to 2 previous errors; 3 warnings emitted
[INFO] [stderr] warning: build failed, waiting for other jobs to finish...
[INFO] [stdout] error: unexpected `cfg` condition name: `doc_cfg`
[INFO] [stdout]  --> src/lib.rs:1:13
[INFO] [stdout]   |
[INFO] [stdout] 1 | #![cfg_attr(doc_cfg, feature(doc_cfg, doc_auto_cfg))]
[INFO] [stdout]   |             ^^^^^^^
[INFO] [stdout]   |
[INFO] [stdout]   = help: expected names are: `debug_assertions`, `doc`, `doctest`, `feature`, `miri`, `overflow_checks`, `panic`, `proc_macro`, `relocation_model`, `sanitize`, `sanitizer_cfi_generalize_pointers`, `sanitizer_cfi_normalize_integers`, `target_abi`, `target_arch`, `target_endian`, `target_env`, `target_family`, `target_feature`, `target_has_atomic`, `target_has_atomic_equal_alignment`, `target_has_atomic_load_store`, `target_os`, `target_pointer_width`, `target_thread_local`, `target_vendor`, `test`, `unix`, `windows`
[INFO] [stdout]   = help: consider using a Cargo feature instead or adding `println!("cargo:rustc-check-cfg=cfg(doc_cfg)");` to the top of a `build.rs`
[INFO] [stdout]   = note: see <https://doc.rust-lang.org/nightly/cargo/reference/unstable.html#check-cfg> for more information about checking conditional configuration
[INFO] [stdout]   = note: requested on the command line with `-D unexpected-cfgs`
[INFO] [stdout] 
[INFO] [stdout] 
[INFO] [stdout] warning: field `cache` is never read
[INFO] [stdout]   --> src/stmt_cache.rs:11:5
[INFO] [stdout]    |
[INFO] [stdout] 10 | pub struct StmtCache<DB: Backend, S> {
[INFO] [stdout]    |            --------- field in this struct
[INFO] [stdout] 11 |     cache: HashMap<StatementCacheKey<DB>, S>,
[INFO] [stdout]    |     ^^^^^
[INFO] [stdout]    |
[INFO] [stdout]    = note: `#[warn(dead_code)]` on by default
[INFO] [stdout] 
[INFO] [stdout] 
[INFO] [stdout] warning: type alias `PrepareFuture` is never used
[INFO] [stdout]   --> src/stmt_cache.rs:14:6
[INFO] [stdout]    |
[INFO] [stdout] 14 | type PrepareFuture<'a, F, S> = future::Either<
[INFO] [stdout]    |      ^^^^^^^^^^^^^
[INFO] [stdout] 
[INFO] [stdout] 
[INFO] [stdout] warning: associated items `new` and `cached_prepared_statement` are never used
[INFO] [stdout]   --> src/stmt_cache.rs:30:12
[INFO] [stdout]    |
[INFO] [stdout] 29 | impl<S, DB: Backend> StmtCache<DB, S> {
[INFO] [stdout]    | ------------------------------------- associated items in this implementation
[INFO] [stdout] 30 |     pub fn new() -> Self {
[INFO] [stdout]    |            ^^^
[INFO] [stdout] ...
[INFO] [stdout] 36 |     pub fn cached_prepared_statement<'a, F>(
[INFO] [stdout]    |            ^^^^^^^^^^^^^^^^^^^^^^^^^
[INFO] [stdout] 
[INFO] [stdout] 
[INFO] [stdout] error: aborting due to 1 previous error; 3 warnings emitted
[INFO] [stdout] 
[INFO] [stdout] 
[INFO] [stderr] error: could not compile `diesel-async` (lib test) due to 2 previous errors; 3 warnings emitted
[INFO] running `Command { std: "docker" "inspect" "b0f267c5a2e0f30b317e9a37748cbc615da7e65c4a27686aa5c241b07c6dfeb1", kill_on_drop: false }`
[INFO] running `Command { std: "docker" "rm" "-f" "b0f267c5a2e0f30b317e9a37748cbc615da7e65c4a27686aa5c241b07c6dfeb1", kill_on_drop: false }`
[INFO] [stdout] b0f267c5a2e0f30b317e9a37748cbc615da7e65c4a27686aa5c241b07c6dfeb1
