[INFO] fetching crate dialtone_common 0.1.0...
[INFO] checking dialtone_common-0.1.0 against nightly-2024-02-05 for check-cfg
[INFO] extracting crate dialtone_common 0.1.0 into /workspace/builds/worker-5-tc1/source
[INFO] validating manifest of crates.io crate dialtone_common 0.1.0 on toolchain nightly-2024-02-05
[INFO] running `Command { std: CARGO_HOME="/workspace/cargo-home" RUSTUP_HOME="/workspace/rustup-home" "/workspace/cargo-home/bin/cargo" "+nightly-2024-02-05" "metadata" "--manifest-path" "Cargo.toml" "--no-deps", kill_on_drop: false }`
[INFO] started tweaking crates.io crate dialtone_common 0.1.0
[INFO] finished tweaking crates.io crate dialtone_common 0.1.0
[INFO] tweaked toml for crates.io crate dialtone_common 0.1.0 written to /workspace/builds/worker-5-tc1/source/Cargo.toml
[INFO] running `Command { std: CARGO_HOME="/workspace/cargo-home" RUSTUP_HOME="/workspace/rustup-home" "/workspace/cargo-home/bin/cargo" "+nightly-2024-02-05" "generate-lockfile" "--manifest-path" "Cargo.toml", kill_on_drop: false }`
[INFO] [stderr]     Updating crates.io index
[INFO] running `Command { std: CARGO_HOME="/workspace/cargo-home" RUSTUP_HOME="/workspace/rustup-home" "/workspace/cargo-home/bin/cargo" "+nightly-2024-02-05" "fetch" "--manifest-path" "Cargo.toml", kill_on_drop: false }`
[INFO] [stderr]  Downloading crates ...
[INFO] [stderr]   Downloaded git-version-macro v0.3.9
[INFO] [stderr]   Downloaded git-version v0.3.9
[INFO] [stderr]   Downloaded const_format_proc_macros v0.2.32
[INFO] [stderr]   Downloaded serde_variant v0.1.2
[INFO] [stderr]   Downloaded const_format v0.2.32
[INFO] running `Command { std: "docker" "create" "-v" "/var/lib/crater-agent-workspace/builds/worker-5-tc1/target:/opt/rustwide/target:rw,Z" "-v" "/var/lib/crater-agent-workspace/builds/worker-5-tc1/source:/opt/rustwide/workdir:ro,Z" "-v" "/var/lib/crater-agent-workspace/cargo-home:/opt/rustwide/cargo-home:ro,Z" "-v" "/var/lib/crater-agent-workspace/rustup-home:/opt/rustwide/rustup-home:ro,Z" "-e" "SOURCE_DIR=/opt/rustwide/workdir" "-e" "CARGO_TARGET_DIR=/opt/rustwide/target" "-e" "CARGO_HOME=/opt/rustwide/cargo-home" "-e" "RUSTUP_HOME=/opt/rustwide/rustup-home" "-w" "/opt/rustwide/workdir" "-m" "1610612736" "--user" "0:0" "--network" "none" "ghcr.io/rust-lang/crates-build-env/linux@sha256:2788e3201cd34a07e3172128adcd8b3090168a8e3bcc40d7c032b9dda1df7d1c" "/opt/rustwide/cargo-home/bin/cargo" "+nightly-2024-02-05" "metadata" "--no-deps" "--format-version=1", kill_on_drop: false }`
[INFO] [stdout] 1b4c2c4f8873912945263880e2d09305a940b618a5a9e8b692d474867e599822
[INFO] running `Command { std: "docker" "start" "-a" "1b4c2c4f8873912945263880e2d09305a940b618a5a9e8b692d474867e599822", kill_on_drop: false }`
[INFO] running `Command { std: "docker" "inspect" "1b4c2c4f8873912945263880e2d09305a940b618a5a9e8b692d474867e599822", kill_on_drop: false }`
[INFO] running `Command { std: "docker" "rm" "-f" "1b4c2c4f8873912945263880e2d09305a940b618a5a9e8b692d474867e599822", kill_on_drop: false }`
[INFO] [stdout] 1b4c2c4f8873912945263880e2d09305a940b618a5a9e8b692d474867e599822
[INFO] running `Command { std: "docker" "create" "-v" "/var/lib/crater-agent-workspace/builds/worker-5-tc1/target:/opt/rustwide/target:rw,Z" "-v" "/var/lib/crater-agent-workspace/builds/worker-5-tc1/source:/opt/rustwide/workdir:ro,Z" "-v" "/var/lib/crater-agent-workspace/cargo-home:/opt/rustwide/cargo-home:ro,Z" "-v" "/var/lib/crater-agent-workspace/rustup-home:/opt/rustwide/rustup-home:ro,Z" "-e" "SOURCE_DIR=/opt/rustwide/workdir" "-e" "CARGO_TARGET_DIR=/opt/rustwide/target" "-e" "CARGO_INCREMENTAL=0" "-e" "RUST_BACKTRACE=full" "-e" "RUSTFLAGS=--cap-lints=forbid" "-e" "RUSTDOCFLAGS=--cap-lints=forbid" "-e" "CARGO_HOME=/opt/rustwide/cargo-home" "-e" "RUSTUP_HOME=/opt/rustwide/rustup-home" "-w" "/opt/rustwide/workdir" "-m" "1610612736" "--user" "0:0" "--network" "none" "ghcr.io/rust-lang/crates-build-env/linux@sha256:2788e3201cd34a07e3172128adcd8b3090168a8e3bcc40d7c032b9dda1df7d1c" "/opt/rustwide/cargo-home/bin/cargo" "+nightly-2024-02-05" "check" "--frozen" "--all" "--all-targets" "--message-format=json", kill_on_drop: false }`
[INFO] [stdout] 6ec1b8474c4727d5e93b736123182b5c79a91c9618d73724f6df8ded3851115d
[INFO] running `Command { std: "docker" "start" "-a" "6ec1b8474c4727d5e93b736123182b5c79a91c9618d73724f6df8ded3851115d", kill_on_drop: false }`
[INFO] [stderr]    Compiling unicode-xid v0.2.4
[INFO] [stderr]    Compiling git-version-macro v0.3.9
[INFO] [stderr]     Checking chrono v0.4.33
[INFO] [stderr]     Checking serde_variant v0.1.2
[INFO] [stderr]    Compiling const_format_proc_macros v0.2.32
[INFO] [stderr]     Checking git-version v0.3.9
[INFO] [stderr]     Checking const_format v0.2.32
[INFO] [stderr]     Checking dialtone_common v0.1.0 (/opt/rustwide/workdir)
[INFO] [stdout] error[E0433]: failed to resolve: use of undeclared crate or module `dialtone_test_util`
[INFO] [stdout]    --> src/ap/id.rs:211:9
[INFO] [stdout]     |
[INFO] [stdout] 211 |     use dialtone_test_util::test_constants::TEST_HOSTNAME;
[INFO] [stdout]     |         ^^^^^^^^^^^^^^^^^^ use of undeclared crate or module `dialtone_test_util`
[INFO] [stdout] 
[INFO] [stdout] 
[INFO] [stdout] error[E0433]: failed to resolve: use of undeclared crate or module `dialtone_test_util`
[INFO] [stdout]    --> src/ap/id.rs:212:9
[INFO] [stdout]     |
[INFO] [stdout] 212 |     use dialtone_test_util::test_constants::TEST_NOROLEUSER_PUN;
[INFO] [stdout]     |         ^^^^^^^^^^^^^^^^^^ use of undeclared crate or module `dialtone_test_util`
[INFO] [stdout] 
[INFO] [stdout] 
[INFO] [stdout] error[E0433]: failed to resolve: use of undeclared crate or module `dialtone_test_util`
[INFO] [stdout]   --> src/authz/host.rs:15:9
[INFO] [stdout]    |
[INFO] [stdout] 15 |     use dialtone_test_util::test_constants::{
[INFO] [stdout]    |         ^^^^^^^^^^^^^^^^^^ use of undeclared crate or module `dialtone_test_util`
[INFO] [stdout] 
[INFO] [stdout] 
[INFO] [stdout] error: aborting due to 3 previous errors
[INFO] [stdout] 
[INFO] [stdout] 
[INFO] [stdout] For more information about this error, try `rustc --explain E0433`.
[INFO] [stdout] 
[INFO] [stderr] error: could not compile `dialtone_common` (lib test) due to 4 previous errors
[INFO] [stderr] warning: build failed, waiting for other jobs to finish...
[INFO] running `Command { std: "docker" "inspect" "6ec1b8474c4727d5e93b736123182b5c79a91c9618d73724f6df8ded3851115d", kill_on_drop: false }`
[INFO] running `Command { std: "docker" "rm" "-f" "6ec1b8474c4727d5e93b736123182b5c79a91c9618d73724f6df8ded3851115d", kill_on_drop: false }`
[INFO] [stdout] 6ec1b8474c4727d5e93b736123182b5c79a91c9618d73724f6df8ded3851115d
